208.11.181.59 - - [22/Oct/1999:08:13:31 -0400] "GET /PRESIDENT/camp2000.gif HTTP/1.0" 200 7449 "http://www.selectsmart.com/PRESIDENT/" "Mozilla/4.61 [en] (Win95; U)"
163.231.230.197 - - [22/Oct/1999:08:13:31 -0400] "GET /BUSINESS/drop_v.jpg HTTP/1.0" 200 1963 "http://www.selectsmart.com/PRESIDENT/" "Mozilla/4.0 (compatible; MSIE 4.01; Windows 95)"
163.231.254.21 - - [22/Oct/1999:08:13:31 -0400] "GET /BUSINESS/16.gif HTTP/1.0" 200 6704 "http://www.selectsmart.com/PRESIDENT/" "Mozilla/4.0 (compatible; MSIE 4.01; Windows 95)"
163.231.254.21 - - [22/Oct/1999:08:13:31 -0400] "GET /BUSINESS/drop_h.jpg HTTP/1.0" 200 2034 "http://www.selectsmart.com/PRESIDENT/" "Mozilla/4.0 (compatible; MSIE 4.01; Windows 95)"
163.231.254.21 - - [22/Oct/1999:08:13:31 -0400] "GET /PRESIDENT/anecdote.gif HTTP/1.0" 200 6898 "http://www.selectsmart.com/PRESIDENT/" "Mozilla/4.0 (compatible; MSIE 4.01; Windows 95)"
163.231.254.21 - - [22/Oct/1999:08:13:32 -0400] "GET /PRESIDENT/packaging.gif HTTP/1.0" 200 10663 "http://www.selectsmart.com/PRESIDENT/" "Mozilla/4.0 (compatible; MSIE 4.01; Windows 95)"
163.231.237.21 - - [22/Oct/1999:08:13:31 -0400] "GET /PRESIDENT/campaigns.gif HTTP/1.0" 200 5835 "http://www.selectsmart.com/PRESIDENT/" "Mozilla/4.0 (compatible; MSIE 4.01; Windows 95)"
163.231.254.21 - - [22/Oct/1999:08:13:32 -0400] "GET /PRESIDENT/vidal.gif HTTP/1.0" 200 11342 "http://www.selectsmart.com/PRESIDENT/" "Mozilla/4.0 (compatible; MSIE 4.01; Windows 95)"
163.231.230.197 - - [22/Oct/1999:08:13:32 -0400] "GET /PRESIDENT/TR.gif HTTP/1.0" 200 5566 "http://www.selectsmart.com/PRESIDENT/" "Mozilla/4.0 (compatible; MSIE 4.01; Windows 95)"
163.231.237.21 - - [22/Oct/1999:08:13:32 -0400] "GET /PRESIDENT/camp2000.gif HTTP/1.0" 200 7449 "http://www.selectsmart.com/PRESIDENT/" "Mozilla/4.0 (compatible; MSIE 4.01; Windows 95)"
163.231.230.197 - - [22/Oct/1999:08:13:33 -0400] "GET /curt.jpg HTTP/1.0" 200 4228 "http://www.selectsmart.com/PRESIDENT/" "Mozilla/4.0 (compatible; MSIE 4.01; Windows 95)"
208.11.181.59 - - [22/Oct/1999:08:13:33 -0400] "GET /curt.jpg HTTP/1.0" 200 4228 "http://www.selectsmart.com/PRESIDENT/" "Mozilla/4.61 [en] (Win95; U)"
38.151.192.31 - - [22/Oct/1999:08:13:36 -0400] "GET /PRESIDENT/ HTTP/1.0" 200 29678 "-" "Mozilla/2.0 (compatible; MSIE 3.01; Windows 95)"
38.151.192.31 - - [22/Oct/1999:08:13:39 -0400] "GET /BUSINESS/drop_h.jpg HTTP/1.0" 200 2034 "http://www.selectsmart.com/PRESIDENT/" "Mozilla/2.0 (compatible; MSIE 3.01; Windows 95)"
38.149.75.52 - - [22/Oct/1999:08:13:39 -0400] "POST /PRESIDENT/results.php3 HTTP/1.0" 200 6627 "http://www.selectsmart.com/PRESIDENT/" "Mozilla/4.5 [en] (WinNT; I)"
199.66.1.5 - - [22/Oct/1999:08:13:40 -0400] "GET /PRESIDENT/define16.htm HTTP/1.0" 200 229 "-" "Mozilla/4.0 (compatible; MSIE 4.01; Windows 95)"
38.151.192.31 - - [22/Oct/1999:08:13:40 -0400] "GET /PRESIDENT/anecdote.gif HTTP/1.0" 200 6898 "http://www.selectsmart.com/PRESIDENT/" "Mozilla/2.0 (compatible; MSIE 3.01; Windows 95)"
38.151.192.31 - - [22/Oct/1999:08:13:40 -0400] "GET /PRESIDENT/campaigns.gif HTTP/1.0" 200 5835 "http://www.selectsmart.com/PRESIDENT/" "Mozilla/2.0 (compatible; MSIE 3.01; Windows 95)"
209.8.113.130 - - [22/Oct/1999:08:13:42 -0400] "GET /PRESIDENT/packaging.gif HTTP/1.0" 200 10663 "http://www.selectsmart.com/PRESIDENT/" "Mozilla/3.01Gold (Macintosh; I; PPC)"
38.151.192.31 - - [22/Oct/1999:08:13:45 -0400] "GET /PRESIDENT/packaging.gif HTTP/1.0" 200 10663 "http://www.selectsmart.com/PRESIDENT/" "Mozilla/2.0 (compatible; MSIE 3.01; Windows 95)"
38.151.192.31 - - [22/Oct/1999:08:13:45 -0400] "GET /BUSINESS/drop_v.jpg HTTP/1.0" 200 1963 "http://www.selectsmart.com/PRESIDENT/" "Mozilla/2.0 (compatible; MSIE 3.01; Windows 95)"
38.151.192.31 - - [22/Oct/1999:08:13:45 -0400] "GET /BUSINESS/16.gif HTTP/1.0" 200 6704 "http://www.selectsmart.com/PRESIDENT/" "Mozilla/2.0 (compatible; MSIE 3.01; Windows 95)"
38.151.192.31 - - [22/Oct/1999:08:13:45 -0400] "GET /PRESIDENT/vidal.gif HTTP/1.0" 200 11342 "http://www.selectsmart.com/PRESIDENT/" "Mozilla/2.0 (compatible; MSIE 3.01; Windows 95)"
38.151.192.31 - - [22/Oct/1999:08:13:49 -0400] "GET /PRESIDENT/TR.gif HTTP/1.0" 200 5566 "http://www.selectsmart.com/PRESIDENT/" "Mozilla/2.0 (compatible; MSIE 3.01; Windows 95)"
38.151.192.31 - - [22/Oct/1999:08:13:51 -0400] "GET /PRESIDENT/camp2000.gif HTTP/1.0" 200 7449 "http://www.selectsmart.com/PRESIDENT/" "Mozilla/2.0 (compatible; MSIE 3.01; Windows 95)"
209.8.113.130 - - [22/Oct/1999:08:13:53 -0400] "GET /PRESIDENT/vidal.gif HTTP/1.0" 200 11342 "http://www.selectsmart.com/PRESIDENT/" "Mozilla/3.01Gold (Macintosh; I; PPC)"
38.151.192.31 - - [22/Oct/1999:08:13:53 -0400] "GET /curt.jpg HTTP/1.0" 200 4228 "http://www.selectsmart.com/PRESIDENT/" "Mozilla/2.0 (compatible; MSIE 3.01; Windows 95)"
209.91.8.134 - - [22/Oct/1999:08:13:55 -0400] "GET /PRESIDENT/results.php3?more=now&mid=14 HTTP/1.0" 200 6606 "http://www.selectsmart.com/PRESIDENT/results.php3" "Mozilla/4.0 (compatible; MSIE 4.01; Windows 98)"
209.91.8.134 - - [22/Oct/1999:08:13:56 -0400] "GET /PRESIDENT/images/mccain.jpg HTTP/1.0" 200 2299 "http://www.selectsmart.com/PRESIDENT/results.php3?more=now&mid=14" "Mozilla/4.0 (compatible; MSIE 4.01; Windows 98)"
208.209.231.109 - - [22/Oct/1999:08:13:58 -0400] "GET /PRESIDENT/ HTTP/1.0" 200 29678 "-" "Mozilla/4.05 [en] (Win95; I ;Nav)"
208.209.231.109 - - [22/Oct/1999:08:13:58 -0400] "GET /BUSINESS/drop_h.jpg HTTP/1.0" 200 2034 "http://www.selectsmart.com/PRESIDENT/" "Mozilla/4.05 [en] (Win95; I ;Nav)"
208.209.231.109 - - [22/Oct/1999:08:13:58 -0400] "GET /BUSINESS/drop_v.jpg HTTP/1.0" 200 1963 "http://www.selectsmart.com/PRESIDENT/" "Mozilla/4.05 [en] (Win95; I ;Nav)"
208.209.231.109 - - [22/Oct/1999:08:13:58 -0400] "GET /BUSINESS/16.gif HTTP/1.0" 200 6704 "http://www.selectsmart.com/PRESIDENT/" "Mozilla/4.05 [en] (Win95; I ;Nav)"
208.209.231.109 - - [22/Oct/1999:08:13:58 -0400] "GET /PRESIDENT/anecdote.gif HTTP/1.0" 200 6898 "http://www.selectsmart.com/PRESIDENT/" "Mozilla/4.05 [en] (Win95; I ;Nav)"
208.209.231.109 - - [22/Oct/1999:08:13:58 -0400] "GET /curt.jpg HTTP/1.0" 200 4228 "http://www.selectsmart.com/PRESIDENT/" "Mozilla/4.05 [en] (Win95; I ;Nav)"
208.209.231.109 - - [22/Oct/1999:08:13:58 -0400] "GET /PRESIDENT/packaging.gif HTTP/1.0" 200 10663 "http://www.selectsmart.com/PRESIDENT/" "Mozilla/4.05 [en] (Win95; I ;Nav)"
208.209.231.109 - - [22/Oct/1999:08:13:58 -0400] "GET /PRESIDENT/TR.gif HTTP/1.0" 200 5566 "http://www.selectsmart.com/PRESIDENT/" "Mozilla/4.05 [en] (Win95; I ;Nav)"
208.209.231.109 - - [22/Oct/1999:08:13:58 -0400] "GET /PRESIDENT/vidal.gif HTTP/1.0" 200 11342 "http://www.selectsmart.com/PRESIDENT/" "Mozilla/4.05 [en] (Win95; I ;Nav)"
208.209.231.109 - - [22/Oct/1999:08:13:58 -0400] "GET /PRESIDENT/campaigns.gif HTTP/1.0" 200 5835 "http://www.selectsmart.com/PRESIDENT/" "Mozilla/4.05 [en] (Win95; I ;Nav)"
208.209.231.109 - - [22/Oct/1999:08:13:58 -0400] "GET /PRESIDENT/camp2000.gif HTTP/1.0" 200 7449 "http://www.selectsmart.com/PRESIDENT/" "Mozilla/4.05 [en] (Win95; I ;Nav)"
209.8.113.130 - - [22/Oct/1999:08:14:01 -0400] "GET /PRESIDENT/TR.gif HTTP/1.0" 200 5566 "http://www.selectsmart.com/PRESIDENT/" "Mozilla/3.01Gold (Macintosh; I; PPC)"
209.8.113.130 - - [22/Oct/1999:08:14:11 -0400] "GET /PRESIDENT/anecdote.gif HTTP/1.0" 200 6898 "http://www.selectsmart.com/PRESIDENT/" "Mozilla/3.01Gold (Macintosh; I; PPC)"
199.66.1.5 - - [22/Oct/1999:08:14:13 -0400] "POST /PRESIDENT/results.php3 HTTP/1.0" 200 6627 "http://www.selectsmart.com/PRESIDENT/" "Mozilla/4.0 (compatible; MSIE 4.01; Windows 95)"
206.3.62.2 - - [22/Oct/1999:08:14:18 -0400] "GET /PRESIDENT/ HTTP/1.0" 200 0 "-" "Mozilla/4.61 [en] (Win98; U)"
206.3.62.2 - - [22/Oct/1999:08:14:18 -0400] "GET /PRESIDENT/ HTTP/1.0" 200 29678 "-" "Mozilla/4.61 [en] (Win98; U)"
206.3.62.2 - - [22/Oct/1999:08:14:18 -0400] "GET /BUSINESS/drop_h.jpg HTTP/1.0" 200 2034 "http://www.selectsmart.com/PRESIDENT/" "Mozilla/4.61 [en] (Win98; U)"
206.3.62.2 - - [22/Oct/1999:08:14:18 -0400] "GET /BUSINESS/drop_v.jpg HTTP/1.0" 200 1963 "http://www.selectsmart.com/PRESIDENT/" "Mozilla/4.61 [en] (Win98; U)"
206.3.62.2 - - [22/Oct/1999:08:14:18 -0400] "GET /BUSINESS/16.gif HTTP/1.0" 200 6704 "http://www.selectsmart.com/PRESIDENT/" "Mozilla/4.61 [en] (Win98; U)"
206.3.62.2 - - [22/Oct/1999:08:14:19 -0400] "GET /PRESIDENT/anecdote.gif HTTP/1.0" 200 6898 "http://www.selectsmart.com/PRESIDENT/" "Mozilla/4.61 [en] (Win98; U)"
206.3.62.2 - - [22/Oct/1999:08:14:19 -0400] "GET /PRESIDENT/vidal.gif HTTP/1.0" 200 11342 "http://www.selectsmart.com/PRESIDENT/" "Mozilla/4.61 [en] (Win98; U)"
206.3.62.2 - - [22/Oct/1999:08:14:19 -0400] "GET /PRESIDENT/campaigns.gif HTTP/1.0" 200 5835 "http://www.selectsmart.com/PRESIDENT/" "Mozilla/4.61 [en] (Win98; U)"
206.3.62.2 - - [22/Oct/1999:08:14:19 -0400] "GET /curt.jpg HTTP/1.0" 200 4228 "http://www.selectsmart.com/PRESIDENT/" "Mozilla/4.61 [en] (Win98; U)"
207.172.244.150 - - [22/Oct/1999:08:14:19 -0400] "GET /PRESIDENT/ HTTP/1.0" 200 29678 "-" "Mozilla/4.61 [en] (Win95; U)"
206.3.62.2 - - [22/Oct/1999:08:14:19 -0400] "GET /PRESIDENT/camp2000.gif HTTP/1.0" 200 7449 "http://www.selectsmart.com/PRESIDENT/" "Mozilla/4.61 [en] (Win98; U)"
206.3.62.2 - - [22/Oct/1999:08:14:19 -0400] "GET /PRESIDENT/packaging.gif HTTP/1.0" 200 10663 "http://www.selectsmart.com/PRESIDENT/" "Mozilla/4.61 [en] (Win98; U)"
206.3.62.2 - - [22/Oct/1999:08:14:19 -0400] "GET /PRESIDENT/TR.gif HTTP/1.0" 200 5566 "http://www.selectsmart.com/PRESIDENT/" "Mozilla/4.61 [en] (Win98; U)"
209.8.113.130 - - [22/Oct/1999:08:14:20 -0400] "GET /curt.jpg HTTP/1.0" 200 4228 "http://www.selectsmart.com/PRESIDENT/" "Mozilla/3.01Gold (Macintosh; I; PPC)"
207.172.244.150 - - [22/Oct/1999:08:14:20 -0400] "GET /BUSINESS/drop_v.jpg HTTP/1.0" 200 1963 "http://www.selectsmart.com/PRESIDENT/" "Mozilla/4.61 [en] (Win95; U)"
209.8.113.130 - - [22/Oct/1999:08:14:20 -0400] "GET /PRESIDENT/campaigns.gif HTTP/1.0" 200 5835 "http://www.selectsmart.com/PRESIDENT/" "Mozilla/3.01Gold (Macintosh; I; PPC)"
207.172.244.150 - - [22/Oct/1999:08:14:20 -0400] "GET /BUSINESS/drop_h.jpg HTTP/1.0" 200 2034 "http://www.selectsmart.com/PRESIDENT/" "Mozilla/4.61 [en] (Win95; U)"
207.172.244.150 - - [22/Oct/1999:08:14:21 -0400] "GET /BUSINESS/16.gif HTTP/1.0" 200 6704 "http://www.selectsmart.com/PRESIDENT/" "Mozilla/4.61 [en] (Win95; U)"
208.209.231.109 - - [22/Oct/1999:08:14:23 -0400] "GET /PRESIDENT/define3.htm HTTP/1.0" 200 270 "http://www.selectsmart.com/PRESIDENT/" "Mozilla/4.05 [en] (Win95; I ;Nav)"
207.172.244.150 - - [22/Oct/1999:08:14:23 -0400] "GET /PRESIDENT/packaging.gif HTTP/1.0" 200 10663 "http://www.selectsmart.com/PRESIDENT/" "Mozilla/4.61 [en] (Win95; U)"
207.172.244.150 - - [22/Oct/1999:08:14:23 -0400] "GET /PRESIDENT/campaigns.gif HTTP/1.0" 200 5835 "http://www.selectsmart.com/PRESIDENT/" "Mozilla/4.61 [en] (Win95; U)"
207.172.244.150 - - [22/Oct/1999:08:14:23 -0400] "GET /PRESIDENT/camp2000.gif HTTP/1.0" 200 7449 "http://www.selectsmart.com/PRESIDENT/" "Mozilla/4.61 [en] (Win95; U)"
207.172.244.150 - - [22/Oct/1999:08:14:29 -0400] "GET /curt.jpg HTTP/1.0" 200 4228 "http://www.selectsmart.com/PRESIDENT/" "Mozilla/4.61 [en] (Win95; U)"
207.172.244.150 - - [22/Oct/1999:08:14:34 -0400] "GET /PRESIDENT/TR.gif HTTP/1.0" 200 5566 "http://www.selectsmart.com/PRESIDENT/" "Mozilla/4.61 [en] (Win95; U)"
207.172.244.150 - - [22/Oct/1999:08:14:36 -0400] "GET /PRESIDENT/anecdote.gif HTTP/1.0" 200 6898 "http://www.selectsmart.com/PRESIDENT/" "Mozilla/4.61 [en] (Win95; U)"
207.172.244.150 - - [22/Oct/1999:08:14:36 -0400] "GET /PRESIDENT/vidal.gif HTTP/1.0" 200 11342 "http://www.selectsmart.com/PRESIDENT/" "Mozilla/4.61 [en] (Win95; U)"
192.216.141.24 - - [22/Oct/1999:08:14:52 -0400] "POST /PRESIDENT/results.php3 HTTP/1.1" 200 6638 "http://www.selectsmart.com/PRESIDENT/" "Mozilla/4.0 (compatible; MSIE 5.0; Windows 98; DigExt)"
129.46.193.29 - - [22/Oct/1999:08:15:24 -0400] "POST /PRESIDENT/results.php3 HTTP/1.0" 200 6627 "http://www.selectsmart.com/PRESIDENT/" "Mozilla/4.04 [en] (WinNT; I ;Nav)"
128.194.113.188 - - [22/Oct/1999:08:15:41 -0400] "POST /PRESIDENT/results.php3 HTTP/1.0" 200 6628 "http://www.selectsmart.com/PRESIDENT/" "Mozilla/2.0 (compatible; MSIE 3.02; Win32)"
192.216.141.24 - - [22/Oct/1999:08:15:47 -0400] "POST /PRESIDENT/results.php3 HTTP/1.1" 200 6827 "http://www.selectsmart.com/PRESIDENT/results.php3" "Mozilla/4.0 (compatible; MSIE 5.0; Windows 98; DigExt)"
192.216.141.24 - - [22/Oct/1999:08:15:47 -0400] "GET /PRESIDENT/hatch.gif HTTP/1.1" 200 6423 "http://www.selectsmart.com/PRESIDENT/results.php3" "Mozilla/4.0 (compatible; MSIE 5.0; Windows 98; DigExt)"
152.163.189.162 - - [22/Oct/1999:08:15:54 -0400] "GET / HTTP/1.0" 200 1839 "-" "Mozilla/2.0 (compatible; MSIE 3.02; AK; AOL 4.0; Windows 95)"
152.163.189.162 - - [22/Oct/1999:08:15:56 -0400] "GET /sidepanel.html HTTP/1.0" 200 3890 "http://www.selectsmart.com/" "Mozilla/2.0 (compatible; MSIE 3.02; AK; AOL 4.0; Windows 95)"
152.163.189.98 - - [22/Oct/1999:08:15:56 -0400] "GET /indexa.html HTTP/1.0" 200 20372 "http://www.selectsmart.com/" "Mozilla/2.0 (compatible; MSIE 3.02; AK; AOL 4.0; Windows 95)"
167.78.36.139 - - [22/Oct/1999:08:16:03 -0400] "POST /PRESIDENT/results.php3 HTTP/1.1" 200 6639 "http://www.selectsmart.com/PRESIDENT/" "Mozilla/4.0 (compatible; MSIE 4.01; Windows 95)"
152.163.189.163 - - [22/Oct/1999:08:16:07 -0400] "GET /solid48.gif HTTP/1.0" 200 987 "http://www.selectsmart.com/sidepanel.html" "Mozilla/2.0 (compatible; MSIE 3.02; AK; AOL 4.0; Windows 95)"
152.163.189.66 - - [22/Oct/1999:08:16:08 -0400] "GET /solid17.gif HTTP/1.0" 200 988 "http://www.selectsmart.com/sidepanel.html" "Mozilla/2.0 (compatible; MSIE 3.02; AK; AOL 4.0; Windows 95)"
207.49.153.71 - - [22/Oct/1999:08:16:08 -0400] "POST /PRESIDENT/results.php3 HTTP/1.0" 200 6627 "http://www.selectsmart.com/PRESIDENT/" "Mozilla/4.0 (compatible; MSIE 4.01; Windows NT; 081998)"
152.163.189.194 - - [22/Oct/1999:08:16:09 -0400] "GET /solid41.gif HTTP/1.0" 200 987 "http://www.selectsmart.com/sidepanel.html" "Mozilla/2.0 (compatible; MSIE 3.02; AK; AOL 4.0; Windows 95)"
152.163.189.130 - - [22/Oct/1999:08:16:10 -0400] "GET /BUSINESS/14.gif HTTP/1.0" 200 6644 "http://www.selectsmart.com/indexa.html" "Mozilla/2.0 (compatible; MSIE 3.02; AK; AOL 4.0; Windows 95)"
152.163.189.65 - - [22/Oct/1999:08:16:12 -0400] "GET /solid11.gif HTTP/1.0" 200 1006 "http://www.selectsmart.com/indexa.html" "Mozilla/2.0 (compatible; MSIE 3.02; AK; AOL 4.0; Windows 95)"
152.163.189.99 - - [22/Oct/1999:08:16:12 -0400] "GET /solid28.gif HTTP/1.0" 200 972 "http://www.selectsmart.com/indexa.html" "Mozilla/2.0 (compatible; MSIE 3.02; AK; AOL 4.0; Windows 95)"
152.163.189.98 - - [22/Oct/1999:08:16:15 -0400] "GET /cooldogsiteselected.gif HTTP/1.0" 200 2982 "http://www.selectsmart.com/indexa.html" "Mozilla/2.0 (compatible; MSIE 3.02; AK; AOL 4.0; Windows 95)"
152.163.189.130 - - [22/Oct/1999:08:16:15 -0400] "GET /CoolAward2.gif HTTP/1.0" 200 5548 "http://www.selectsmart.com/indexa.html" "Mozilla/2.0 (compatible; MSIE 3.02; AK; AOL 4.0; Windows 95)"
152.163.189.162 - - [22/Oct/1999:08:16:16 -0400] "GET /sitename60_mining.gif HTTP/1.0" 200 2015 "http://www.selectsmart.com/indexa.html" "Mozilla/2.0 (compatible; MSIE 3.02; AK; AOL 4.0; Windows 95)"
152.163.189.97 - - [22/Oct/1999:08:16:17 -0400] "GET /cpetsitm.gif HTTP/1.0" 200 6269 "http://www.selectsmart.com/indexa.html" "Mozilla/2.0 (compatible; MSIE 3.02; AK; AOL 4.0; Windows 95)"
152.163.189.99 - - [22/Oct/1999:08:16:17 -0400] "GET /blkpaw.gif HTTP/1.0" 200 936 "http://www.selectsmart.com/indexa.html" "Mozilla/2.0 (compatible; MSIE 3.02; AK; AOL 4.0; Windows 95)"
209.8.113.130 - - [22/Oct/1999:08:16:20 -0400] "POST /PRESIDENT/results.php3 HTTP/1.0" 200 6624 "http://www.selectsmart.com/PRESIDENT/" "Mozilla/3.01Gold (Macintosh; I; PPC)"
208.209.231.109 - - [22/Oct/1999:08:16:20 -0400] "GET /PRESIDENT/define.htm HTTP/1.0" 200 151 "http://www.selectsmart.com/PRESIDENT/" "Mozilla/4.05 [en] (Win95; I ;Nav)"
208.209.231.109 - - [22/Oct/1999:08:16:25 -0400] "GET /PRESIDENT/define1.htm HTTP/1.0" 200 144 "http://www.selectsmart.com/PRESIDENT/" "Mozilla/4.05 [en] (Win95; I ;Nav)"
128.194.113.188 - - [22/Oct/1999:08:16:29 -0400] "POST /PRESIDENT/results.php3 HTTP/1.0" 200 19900 "http://www.selectsmart.com/PRESIDENT/results.php3" "Mozilla/2.0 (compatible; MSIE 3.02; Win32)"
128.194.113.188 - - [22/Oct/1999:08:16:29 -0400] "GET /PRESIDENT/images/bradley.jpg HTTP/1.0" 200 2294 "http://www.selectsmart.com/PRESIDENT/results.php3" "Mozilla/2.0 (compatible; MSIE 3.02; Win32)"
128.194.113.188 - - [22/Oct/1999:08:16:29 -0400] "GET /PRESIDENT/images/beatty.jpg HTTP/1.0" 200 5811 "http://www.selectsmart.com/PRESIDENT/results.php3" "Mozilla/2.0 (compatible; MSIE 3.02; Win32)"
128.194.113.188 - - [22/Oct/1999:08:16:29 -0400] "GET /PRESIDENT/images/bush.jpg HTTP/1.0" 200 2977 "http://www.selectsmart.com/PRESIDENT/results.php3" "Mozilla/2.0 (compatible; MSIE 3.02; Win32)"
128.194.113.188 - - [22/Oct/1999:08:16:29 -0400] "GET /PRESIDENT/images/gore.jpg HTTP/1.0" 200 2930 "http://www.selectsmart.com/PRESIDENT/results.php3" "Mozilla/2.0 (compatible; MSIE 3.02; Win32)"
163.231.254.21 - - [22/Oct/1999:08:16:31 -0400] "POST /PRESIDENT/results.php3 HTTP/1.0" 200 6624 "http://www.selectsmart.com/PRESIDENT/" "Mozilla/4.0 (compatible; MSIE 4.01; Windows 95)"
167.78.36.139 - - [22/Oct/1999:08:16:37 -0400] "POST /PRESIDENT/results.php3 HTTP/1.1" 200 12951 "http://www.selectsmart.com/PRESIDENT/results.php3" "Mozilla/4.0 (compatible; MSIE 4.01; Windows 95)"
167.78.36.139 - - [22/Oct/1999:08:16:37 -0400] "GET /PRESIDENT/images/bradley.jpg HTTP/1.1" 200 2294 "http://www.selectsmart.com/PRESIDENT/results.php3" "Mozilla/4.0 (compatible; MSIE 4.01; Windows 95)"
167.78.36.139 - - [22/Oct/1999:08:16:37 -0400] "GET /PRESIDENT/images/gore.jpg HTTP/1.1" 200 2930 "http://www.selectsmart.com/PRESIDENT/results.php3" "Mozilla/4.0 (compatible; MSIE 4.01; Windows 95)"
205.188.209.137 - - [22/Oct/1999:08:16:41 -0400] "GET /PRESIDENT/ HTTP/1.0" 304 - "-" "Mozilla/4.0 (compatible; MSIE 4.01; CS 2000; Windows 98)"
209.91.8.134 - - [22/Oct/1999:08:16:43 -0400] "POST /PRESIDENT/results.php3 HTTP/1.0" 200 6627 "http://www.selectsmart.com/PRESIDENT/" "Mozilla/4.0 (compatible; MSIE 5.0; Windows 98; DigExt)"
152.163.189.129 - - [22/Oct/1999:08:16:44 -0400] "GET /PRESIDENT/ HTTP/1.0" 200 29678 "http://www.selectsmart.com/indexa.html" "Mozilla/2.0 (compatible; MSIE 3.02; AK; AOL 4.0; Windows 95)"
205.188.209.138 - - [22/Oct/1999:08:16:44 -0400] "GET /BUSINESS/drop_h.jpg HTTP/1.0" 200 2034 "http://www.selectsmart.com/PRESIDENT/" "Mozilla/4.0 (compatible; MSIE 4.01; CS 2000; Windows 98)"
205.188.209.101 - - [22/Oct/1999:08:16:46 -0400] "GET /PRESIDENT/vidal.gif HTTP/1.0" 200 11342 "http://www.selectsmart.com/PRESIDENT/" "Mozilla/4.0 (compatible; MSIE 4.01; CS 2000; Windows 98)"
205.188.209.171 - - [22/Oct/1999:08:16:48 -0400] "GET /PRESIDENT/camp2000.gif HTTP/1.0" 304 - "http://www.selectsmart.com/PRESIDENT/" "Mozilla/4.0 (compatible; MSIE 4.01; CS 2000; Windows 98)"
209.91.8.134 - - [22/Oct/1999:08:17:07 -0400] "POST /PRESIDENT/results.php3 HTTP/1.0" 200 12930 "http://www.selectsmart.com/PRESIDENT/results.php3" "Mozilla/4.0 (compatible; MSIE 5.0; Windows 98; DigExt)"
209.91.8.134 - - [22/Oct/1999:08:17:08 -0400] "GET /PRESIDENT/images/bradley.jpg HTTP/1.0" 200 2294 "http://www.selectsmart.com/PRESIDENT/results.php3" "Mozilla/4.0 (compatible; MSIE 5.0; Windows 98; DigExt)"
209.91.8.134 - - [22/Oct/1999:08:17:08 -0400] "GET /PRESIDENT/images/gore.jpg HTTP/1.0" 200 2930 "http://www.selectsmart.com/PRESIDENT/results.php3" "Mozilla/4.0 (compatible; MSIE 5.0; Windows 98; DigExt)"
205.188.209.41 - - [22/Oct/1999:08:17:17 -0400] "GET /PRESIDENT HTTP/1.0" 301 241 "-" "Mozilla/4.0 (compatible; MSIE 4.01; AOL 4.0; Mac_PPC)"
205.188.209.70 - - [22/Oct/1999:08:17:19 -0400] "GET /PRESIDENT/ HTTP/1.0" 200 29678 "http://www.selectsmart.com/PRESIDENT" "Mozilla/4.0 (compatible; MSIE 4.01; AOL 4.0; Mac_PPC)"
38.250.149.188 - - [22/Oct/1999:08:17:22 -0400] "GET /PRESIDENT/ HTTP/1.1" 200 29678 "-" "Mozilla/4.0 (compatible; MSIE 4.01; Windows NT)"
38.250.149.188 - - [22/Oct/1999:08:17:23 -0400] "GET /PRESIDENT/anecdote.gif HTTP/1.1" 200 6898 "http://www.selectsmart.com/PRESIDENT/" "Mozilla/4.0 (compatible; MSIE 4.01; Windows NT)"
38.250.149.188 - - [22/Oct/1999:08:17:23 -0400] "GET /BUSINESS/16.gif HTTP/1.1" 200 6704 "http://www.selectsmart.com/PRESIDENT/" "Mozilla/4.0 (compatible; MSIE 4.01; Windows NT)"
38.250.149.188 - - [22/Oct/1999:08:17:23 -0400] "GET /BUSINESS/drop_v.jpg HTTP/1.1" 200 1963 "http://www.selectsmart.com/PRESIDENT/" "Mozilla/4.0 (compatible; MSIE 4.01; Windows NT)"
38.250.149.188 - - [22/Oct/1999:08:17:23 -0400] "GET /PRESIDENT/campaigns.gif HTTP/1.1" 200 5835 "http://www.selectsmart.com/PRESIDENT/" "Mozilla/4.0 (compatible; MSIE 4.01; Windows NT)"
38.250.149.188 - - [22/Oct/1999:08:17:23 -0400] "GET /PRESIDENT/packaging.gif HTTP/1.1" 200 10663 "http://www.selectsmart.com/PRESIDENT/" "Mozilla/4.0 (compatible; MSIE 4.01; Windows NT)"
38.250.149.188 - - [22/Oct/1999:08:17:24 -0400] "GET /BUSINESS/drop_h.jpg HTTP/1.1" 200 2034 "http://www.selectsmart.com/PRESIDENT/" "Mozilla/4.0 (compatible; MSIE 4.01; Windows NT)"
38.250.149.188 - - [22/Oct/1999:08:17:24 -0400] "GET /PRESIDENT/vidal.gif HTTP/1.1" 200 11342 "http://www.selectsmart.com/PRESIDENT/" "Mozilla/4.0 (compatible; MSIE 4.01; Windows NT)"
38.250.149.188 - - [22/Oct/1999:08:17:24 -0400] "GET /PRESIDENT/TR.gif HTTP/1.1" 200 5566 "http://www.selectsmart.com/PRESIDENT/" "Mozilla/4.0 (compatible; MSIE 4.01; Windows NT)"
38.250.149.188 - - [22/Oct/1999:08:17:24 -0400] "GET /PRESIDENT/camp2000.gif HTTP/1.1" 200 7449 "http://www.selectsmart.com/PRESIDENT/" "Mozilla/4.0 (compatible; MSIE 4.01; Windows NT)"
38.250.149.188 - - [22/Oct/1999:08:17:24 -0400] "GET /curt.jpg HTTP/1.1" 200 4228 "http://www.selectsmart.com/PRESIDENT/" "Mozilla/4.0 (compatible; MSIE 4.01; Windows NT)"
38.250.149.188 - - [22/Oct/1999:08:17:29 -0400] "GET /PRESIDENT/ HTTP/1.0" 200 29678 "-" "Lotus-Notes/4.5 ( Windows-NT )"
167.78.36.139 - - [22/Oct/1999:08:17:31 -0400] "GET /PRESIDENT/ HTTP/1.1" 304 - "http://209.185.240.250/cgi-bin/linkrd?_lang=&lah=046edab55e1e286762ddcb25ebf12d5a&lat=940594087&hm___action=http%3a%2f%2fwww%2eselectsmart%2ecom%2fPRESIDENT%2f" "Mozilla/4.0 (compatible; MSIE 4.01; Windows 95)"
167.78.36.139 - - [22/Oct/1999:08:17:31 -0400] "GET /PRESIDENT/anecdote.gif HTTP/1.1" 304 - "http://www.selectsmart.com/PRESIDENT/" "Mozilla/4.0 (compatible; MSIE 4.01; Windows 95)"
167.78.36.139 - - [22/Oct/1999:08:17:31 -0400] "GET /BUSINESS/16.gif HTTP/1.1" 304 - "http://www.selectsmart.com/PRESIDENT/" "Mozilla/4.0 (compatible; MSIE 4.01; Windows 95)"
167.78.36.139 - - [22/Oct/1999:08:17:31 -0400] "GET /BUSINESS/drop_v.jpg HTTP/1.1" 304 - "http://www.selectsmart.com/PRESIDENT/" "Mozilla/4.0 (compatible; MSIE 4.01; Windows 95)"
167.78.36.139 - - [22/Oct/1999:08:17:31 -0400] "GET /PRESIDENT/campaigns.gif HTTP/1.1" 304 - "http://www.selectsmart.com/PRESIDENT/" "Mozilla/4.0 (compatible; MSIE 4.01; Windows 95)"
167.78.36.139 - - [22/Oct/1999:08:17:31 -0400] "GET /PRESIDENT/packaging.gif HTTP/1.1" 304 - "http://www.selectsmart.com/PRESIDENT/" "Mozilla/4.0 (compatible; MSIE 4.01; Windows 95)"
167.78.36.139 - - [22/Oct/1999:08:17:31 -0400] "GET /BUSINESS/drop_h.jpg HTTP/1.1" 304 - "http://www.selectsmart.com/PRESIDENT/" "Mozilla/4.0 (compatible; MSIE 4.01; Windows 95)"
167.78.36.139 - - [22/Oct/1999:08:17:31 -0400] "GET /PRESIDENT/vidal.gif HTTP/1.1" 304 - "http://www.selectsmart.com/PRESIDENT/" "Mozilla/4.0 (compatible; MSIE 4.01; Windows 95)"
167.78.36.139 - - [22/Oct/1999:08:17:31 -0400] "GET /PRESIDENT/TR.gif HTTP/1.1" 304 - "http://www.selectsmart.com/PRESIDENT/" "Mozilla/4.0 (compatible; MSIE 4.01; Windows 95)"
167.78.36.139 - - [22/Oct/1999:08:17:31 -0400] "GET /PRESIDENT/camp2000.gif HTTP/1.1" 304 - "http://www.selectsmart.com/PRESIDENT/" "Mozilla/4.0 (compatible; MSIE 4.01; Windows 95)"
167.78.36.139 - - [22/Oct/1999:08:17:31 -0400] "GET /curt.jpg HTTP/1.1" 304 - "http://www.selectsmart.com/PRESIDENT/" "Mozilla/4.0 (compatible; MSIE 4.01; Windows 95)"
38.180.46.2 - - [22/Oct/1999:08:17:55 -0400] "GET /PRESIDENT/ HTTP/1.0" 200 29678 "-" "Mozilla/4.61 [en] (Win95; I)"
38.180.46.2 - - [22/Oct/1999:08:17:56 -0400] "GET /BUSINESS/16.gif HTTP/1.0" 200 6704 "http://www.selectsmart.com/PRESIDENT/" "Mozilla/4.61 [en] (Win95; I)"
38.180.46.2 - - [22/Oct/1999:08:17:57 -0400] "GET /BUSINESS/drop_v.jpg HTTP/1.0" 200 1963 "http://www.selectsmart.com/PRESIDENT/" "Mozilla/4.61 [en] (Win95; I)"
38.180.46.2 - - [22/Oct/1999:08:17:57 -0400] "GET /BUSINESS/drop_h.jpg HTTP/1.0" 200 2034 "http://www.selectsmart.com/PRESIDENT/" "Mozilla/4.61 [en] (Win95; I)"
38.180.46.2 - - [22/Oct/1999:08:17:58 -0400] "GET /PRESIDENT/anecdote.gif HTTP/1.0" 200 6898 "http://www.selectsmart.com/PRESIDENT/" "Mozilla/4.61 [en] (Win95; I)"
38.180.46.2 - - [22/Oct/1999:08:17:58 -0400] "GET /PRESIDENT/packaging.gif HTTP/1.0" 200 10663 "http://www.selectsmart.com/PRESIDENT/" "Mozilla/4.61 [en] (Win95; I)"
38.180.46.2 - - [22/Oct/1999:08:17:58 -0400] "GET /PRESIDENT/TR.gif HTTP/1.0" 200 5566 "http://www.selectsmart.com/PRESIDENT/" "Mozilla/4.61 [en] (Win95; I)"
38.180.46.2 - - [22/Oct/1999:08:17:58 -0400] "GET /PRESIDENT/campaigns.gif HTTP/1.0" 200 5835 "http://www.selectsmart.com/PRESIDENT/" "Mozilla/4.61 [en] (Win95; I)"
38.180.46.2 - - [22/Oct/1999:08:18:00 -0400] "GET /PRESIDENT/vidal.gif HTTP/1.0" 200 11342 "http://www.selectsmart.com/PRESIDENT/" "Mozilla/4.61 [en] (Win95; I)"
38.180.46.2 - - [22/Oct/1999:08:18:00 -0400] "GET /curt.jpg HTTP/1.0" 200 4228 "http://www.selectsmart.com/PRESIDENT/" "Mozilla/4.61 [en] (Win95; I)"
38.180.46.2 - - [22/Oct/1999:08:18:00 -0400] "GET /PRESIDENT/camp2000.gif HTTP/1.0" 200 7449 "http://www.selectsmart.com/PRESIDENT/" "Mozilla/4.61 [en] (Win95; I)"
209.91.8.134 - - [22/Oct/1999:08:18:04 -0400] "GET /PRESIDENT/define2.htm HTTP/1.0" 200 201 "-" "Mozilla/4.0 (compatible; MSIE 4.01; Windows 98)"
205.188.193.37 - - [22/Oct/1999:08:18:05 -0400] "POST /PRESIDENT/results.php3 HTTP/1.0" 200 6610 "http://www.selectsmart.com/PRESIDENT/" "Mozilla/4.0 (compatible; MSIE 5.0; AOL 5.0; Windows 98; DigExt)"
206.3.62.2 - - [22/Oct/1999:08:18:05 -0400] "POST /PRESIDENT/results.php3 HTTP/1.0" 200 6627 "http://www.selectsmart.com/PRESIDENT/" "Mozilla/4.61 [en] (Win98; U)"
38.151.192.31 - - [22/Oct/1999:08:18:07 -0400] "POST /PRESIDENT/results.php3 HTTP/1.0" 200 6626 "http://www.selectsmart.com/PRESIDENT/" "Mozilla/2.0 (compatible; MSIE 3.01; Windows 95)"
208.209.231.109 - - [22/Oct/1999:08:18:10 -0400] "GET /PRESIDENT/define16.htm HTTP/1.0" 200 229 "http://www.selectsmart.com/PRESIDENT/" "Mozilla/4.05 [en] (Win95; I ;Nav)"
163.231.237.21 - - [22/Oct/1999:08:18:15 -0400] "GET /PRESIDENT/ HTTP/1.0" 304 - "-" "Mozilla/4.0 (compatible; MSIE 4.01; Windows 95)"
163.231.254.21 - - [22/Oct/1999:08:18:16 -0400] "GET /BUSINESS/16.gif HTTP/1.0" 304 - "http://www.selectsmart.com/PRESIDENT/" "Mozilla/4.0 (compatible; MSIE 4.01; Windows 95)"
163.231.230.197 - - [22/Oct/1999:08:18:16 -0400] "GET /BUSINESS/drop_v.jpg HTTP/1.0" 304 - "http://www.selectsmart.com/PRESIDENT/" "Mozilla/4.0 (compatible; MSIE 4.01; Windows 95)"
163.231.254.21 - - [22/Oct/1999:08:18:16 -0400] "GET /BUSINESS/drop_h.jpg HTTP/1.0" 304 - "http://www.selectsmart.com/PRESIDENT/" "Mozilla/4.0 (compatible; MSIE 4.01; Windows 95)"
163.231.254.21 - - [22/Oct/1999:08:18:16 -0400] "GET /PRESIDENT/anecdote.gif HTTP/1.0" 304 - "http://www.selectsmart.com/PRESIDENT/" "Mozilla/4.0 (compatible; MSIE 4.01; Windows 95)"
163.231.237.21 - - [22/Oct/1999:08:18:16 -0400] "GET /PRESIDENT/campaigns.gif HTTP/1.0" 304 - "http://www.selectsmart.com/PRESIDENT/" "Mozilla/4.0 (compatible; MSIE 4.01; Windows 95)"
163.231.254.21 - - [22/Oct/1999:08:18:16 -0400] "GET /PRESIDENT/packaging.gif HTTP/1.0" 304 - "http://www.selectsmart.com/PRESIDENT/" "Mozilla/4.0 (compatible; MSIE 4.01; Windows 95)"
163.231.254.21 - - [22/Oct/1999:08:18:16 -0400] "GET /PRESIDENT/vidal.gif HTTP/1.0" 304 - "http://www.selectsmart.com/PRESIDENT/" "Mozilla/4.0 (compatible; MSIE 4.01; Windows 95)"
163.231.230.197 - - [22/Oct/1999:08:18:16 -0400] "GET /PRESIDENT/TR.gif HTTP/1.0" 304 - "http://www.selectsmart.com/PRESIDENT/" "Mozilla/4.0 (compatible; MSIE 4.01; Windows 95)"
163.231.237.21 - - [22/Oct/1999:08:18:16 -0400] "GET /PRESIDENT/camp2000.gif HTTP/1.0" 304 - "http://www.selectsmart.com/PRESIDENT/" "Mozilla/4.0 (compatible; MSIE 4.01; Windows 95)"
163.231.230.197 - - [22/Oct/1999:08:18:16 -0400] "GET /curt.jpg HTTP/1.0" 304 - "http://www.selectsmart.com/PRESIDENT/" "Mozilla/4.0 (compatible; MSIE 4.01; Windows 95)"
209.91.8.134 - - [22/Oct/1999:08:18:18 -0400] "GET /PRESIDENT/define3.htm HTTP/1.0" 200 270 "-" "Mozilla/4.0 (compatible; MSIE 4.01; Windows 98)"
156.46.99.76 - - [22/Oct/1999:08:18:20 -0400] "POST /PRESIDENT/results.php3 HTTP/1.1" 200 6638 "http://www.selectsmart.com/PRESIDENT/" "Mozilla/4.0 (compatible; MSIE 5.0; Windows 98; DigExt)"
204.242.125.93 - - [22/Oct/1999:08:18:20 -0400] "POST /PRESIDENT/results.php3 HTTP/1.0" 200 6626 "http://www.selectsmart.com/PRESIDENT/" "Mozilla/4.6 [en] (Win98; I)"
38.201.249.2 - - [22/Oct/1999:08:18:24 -0400] "GET /PRESIDENT/ HTTP/1.0" 200 29678 "-" "Mozilla/4.0 (compatible; MSIE 4.01; Windows NT)"
38.201.249.2 - - [22/Oct/1999:08:18:26 -0400] "GET /BUSINESS/16.gif HTTP/1.0" 200 6704 "http://www.selectsmart.com/PRESIDENT/" "Mozilla/4.0 (compatible; MSIE 4.01; Windows NT)"
38.201.249.2 - - [22/Oct/1999:08:18:26 -0400] "GET /PRESIDENT/anecdote.gif HTTP/1.0" 200 6898 "http://www.selectsmart.com/PRESIDENT/" "Mozilla/4.0 (compatible; MSIE 4.01; Windows NT)"
38.201.249.2 - - [22/Oct/1999:08:18:26 -0400] "GET /BUSINESS/drop_v.jpg HTTP/1.0" 200 1963 "http://www.selectsmart.com/PRESIDENT/" "Mozilla/4.0 (compatible; MSIE 4.01; Windows NT)"
38.201.249.2 - - [22/Oct/1999:08:18:26 -0400] "GET /BUSINESS/drop_h.jpg HTTP/1.0" 200 2034 "http://www.selectsmart.com/PRESIDENT/" "Mozilla/4.0 (compatible; MSIE 4.01; Windows NT)"
38.201.249.2 - - [22/Oct/1999:08:18:26 -0400] "GET /PRESIDENT/campaigns.gif HTTP/1.0" 200 5835 "http://www.selectsmart.com/PRESIDENT/" "Mozilla/4.0 (compatible; MSIE 4.01; Windows NT)"
38.201.249.2 - - [22/Oct/1999:08:18:26 -0400] "GET /PRESIDENT/packaging.gif HTTP/1.0" 200 10663 "http://www.selectsmart.com/PRESIDENT/" "Mozilla/4.0 (compatible; MSIE 4.01; Windows NT)"
38.201.249.2 - - [22/Oct/1999:08:18:26 -0400] "GET /PRESIDENT/vidal.gif HTTP/1.0" 200 11342 "http://www.selectsmart.com/PRESIDENT/" "Mozilla/4.0 (compatible; MSIE 4.01; Windows NT)"
38.201.249.2 - - [22/Oct/1999:08:18:26 -0400] "GET /PRESIDENT/TR.gif HTTP/1.0" 200 5566 "http://www.selectsmart.com/PRESIDENT/" "Mozilla/4.0 (compatible; MSIE 4.01; Windows NT)"
38.201.249.2 - - [22/Oct/1999:08:18:26 -0400] "GET /PRESIDENT/camp2000.gif HTTP/1.0" 200 7449 "http://www.selectsmart.com/PRESIDENT/" "Mozilla/4.0 (compatible; MSIE 4.01; Windows NT)"
38.201.249.2 - - [22/Oct/1999:08:18:26 -0400] "GET /curt.jpg HTTP/1.0" 200 4228 "http://www.selectsmart.com/PRESIDENT/" "Mozilla/4.0 (compatible; MSIE 4.01; Windows NT)"
208.11.181.59 - - [22/Oct/1999:08:18:32 -0400] "POST /PRESIDENT/results.php3 HTTP/1.0" 200 6626 "http://www.selectsmart.com/PRESIDENT/" "Mozilla/4.61 [en] (Win95; U)"
209.220.225.219 - - [22/Oct/1999:08:18:38 -0400] "GET /PRESIDENT/define16.htm HTTP/1.1" 200 229 "-" "Mozilla/4.0 (compatible; MSIE 5.0; Windows 98; DigExt)"
208.209.231.109 - - [22/Oct/1999:08:18:45 -0400] "POST /PRESIDENT/results.php3 HTTP/1.0" 200 6627 "http://www.selectsmart.com/PRESIDENT/" "Mozilla/4.05 [en] (Win95; I ;Nav)"
198.76.131.184 - - [22/Oct/1999:08:18:53 -0400] "GET /PRESIDENT/ HTTP/1.0" 200 29678 "-" "Mozilla/4.5 [en] (Win98; U)"
209.27.138.26 - - [22/Oct/1999:08:18:53 -0400] "POST /PRESIDENT/results.php3 HTTP/1.0" 200 6627 "http://www.selectsmart.com/PRESIDENT/" "Mozilla/4.0 (compatible; MSIE 4.01; Windows NT)"
198.76.131.184 - - [22/Oct/1999:08:18:54 -0400] "GET /BUSINESS/16.gif HTTP/1.0" 200 6704 "http://www.selectsmart.com/PRESIDENT/" "Mozilla/4.5 [en] (Win98; U)"
198.76.131.184 - - [22/Oct/1999:08:18:54 -0400] "GET /BUSINESS/drop_v.jpg HTTP/1.0" 200 1963 "http://www.selectsmart.com/PRESIDENT/" "Mozilla/4.5 [en] (Win98; U)"
198.76.131.184 - - [22/Oct/1999:08:18:54 -0400] "GET /BUSINESS/drop_h.jpg HTTP/1.0" 200 2034 "http://www.selectsmart.com/PRESIDENT/" "Mozilla/4.5 [en] (Win98; U)"
198.76.131.184 - - [22/Oct/1999:08:18:55 -0400] "GET /PRESIDENT/campaigns.gif HTTP/1.0" 200 5835 "http://www.selectsmart.com/PRESIDENT/" "Mozilla/4.5 [en] (Win98; U)"
198.76.131.184 - - [22/Oct/1999:08:18:55 -0400] "GET /PRESIDENT/anecdote.gif HTTP/1.0" 200 6898 "http://www.selectsmart.com/PRESIDENT/" "Mozilla/4.5 [en] (Win98; U)"
198.76.131.184 - - [22/Oct/1999:08:18:55 -0400] "GET /PRESIDENT/packaging.gif HTTP/1.0" 200 10663 "http://www.selectsmart.com/PRESIDENT/" "Mozilla/4.5 [en] (Win98; U)"
198.76.131.184 - - [22/Oct/1999:08:18:55 -0400] "GET /PRESIDENT/vidal.gif HTTP/1.0" 200 11342 "http://www.selectsmart.com/PRESIDENT/" "Mozilla/4.5 [en] (Win98; U)"
198.76.131.184 - - [22/Oct/1999:08:18:55 -0400] "GET /PRESIDENT/camp2000.gif HTTP/1.0" 200 7449 "http://www.selectsmart.com/PRESIDENT/" "Mozilla/4.5 [en] (Win98; U)"
198.76.131.184 - - [22/Oct/1999:08:18:55 -0400] "GET /PRESIDENT/TR.gif HTTP/1.0" 200 5566 "http://www.selectsmart.com/PRESIDENT/" "Mozilla/4.5 [en] (Win98; U)"
198.76.131.184 - - [22/Oct/1999:08:18:55 -0400] "GET /curt.jpg HTTP/1.0" 200 4228 "http://www.selectsmart.com/PRESIDENT/" "Mozilla/4.5 [en] (Win98; U)"
207.251.201.123 - - [22/Oct/1999:08:19:04 -0400] "GET /PRESIDENT/camp2000.gif HTTP/1.0" 304 - "-" "Mozilla/3.01 (compatible;)"
204.242.125.93 - - [22/Oct/1999:08:19:32 -0400] "POST /PRESIDENT/results.php3 HTTP/1.0" 200 15509 "http://www.selectsmart.com/PRESIDENT/results.php3" "Mozilla/4.6 [en] (Win98; I)"
204.242.125.93 - - [22/Oct/1999:08:19:33 -0400] "GET /PRESIDENT/images/bradley.jpg HTTP/1.0" 200 2294 "http://www.selectsmart.com/PRESIDENT/results.php3" "Mozilla/4.6 [en] (Win98; I)"
204.242.125.93 - - [22/Oct/1999:08:19:33 -0400] "GET /PRESIDENT/images/gore.jpg HTTP/1.0" 200 2930 "http://www.selectsmart.com/PRESIDENT/results.php3" "Mozilla/4.6 [en] (Win98; I)"
204.242.125.93 - - [22/Oct/1999:08:19:34 -0400] "GET /PRESIDENT/images/mcreynolds.jpg HTTP/1.0" 200 4631 "http://www.selectsmart.com/PRESIDENT/results.php3" "Mozilla/4.6 [en] (Win98; I)"
209.220.225.219 - - [22/Oct/1999:08:19:38 -0400] "POST /PRESIDENT/results.php3 HTTP/1.1" 200 6640 "http://www.selectsmart.com/PRESIDENT/" "Mozilla/4.0 (compatible; MSIE 5.0; Windows 98; DigExt)"
208.209.231.109 - - [22/Oct/1999:08:19:51 -0400] "GET /PRESIDENT/poll.htm HTTP/1.0" 200 4489 "http://www.selectsmart.com/PRESIDENT/" "Mozilla/4.05 [en] (Win95; I ;Nav)"
159.19.66.50 - - [22/Oct/1999:08:20:17 -0400] "GET /PRESIDENT/ HTTP/1.1" 200 29678 "-" "Mozilla/4.0 (compatible; MSIE 5.0; Windows 98; DigExt)"
209.219.72.166 - - [22/Oct/1999:08:20:18 -0400] "GET /PRESIDENT/ HTTP/1.0" 200 29678 "-" "Mozilla/4.7 [en] (Win95; I)"
159.19.66.50 - - [22/Oct/1999:08:20:19 -0400] "GET /PRESIDENT/anecdote.gif HTTP/1.1" 200 6898 "http://www.selectsmart.com/PRESIDENT/" "Mozilla/4.0 (compatible; MSIE 5.0; Windows 98; DigExt)"
159.19.66.50 - - [22/Oct/1999:08:20:19 -0400] "GET /PRESIDENT/campaigns.gif HTTP/1.1" 200 5835 "http://www.selectsmart.com/PRESIDENT/" "Mozilla/4.0 (compatible; MSIE 5.0; Windows 98; DigExt)"
159.19.66.50 - - [22/Oct/1999:08:20:19 -0400] "GET /BUSINESS/16.gif HTTP/1.1" 200 6704 "http://www.selectsmart.com/PRESIDENT/" "Mozilla/4.0 (compatible; MSIE 5.0; Windows 98; DigExt)"
159.19.66.50 - - [22/Oct/1999:08:20:19 -0400] "GET /BUSINESS/drop_v.jpg HTTP/1.1" 200 1963 "http://www.selectsmart.com/PRESIDENT/" "Mozilla/4.0 (compatible; MSIE 5.0; Windows 98; DigExt)"
209.219.72.166 - - [22/Oct/1999:08:20:19 -0400] "GET /BUSINESS/drop_h.jpg HTTP/1.0" 200 2034 "http://www.selectsmart.com/PRESIDENT/" "Mozilla/4.7 [en] (Win95; I)"
209.219.72.166 - - [22/Oct/1999:08:20:19 -0400] "GET /BUSINESS/drop_v.jpg HTTP/1.0" 200 1963 "http://www.selectsmart.com/PRESIDENT/" "Mozilla/4.7 [en] (Win95; I)"
209.219.72.166 - - [22/Oct/1999:08:20:19 -0400] "GET /BUSINESS/16.gif HTTP/1.0" 200 6704 "http://www.selectsmart.com/PRESIDENT/" "Mozilla/4.7 [en] (Win95; I)"
159.19.66.50 - - [22/Oct/1999:08:20:19 -0400] "GET /BUSINESS/drop_h.jpg HTTP/1.1" 200 2034 "http://www.selectsmart.com/PRESIDENT/" "Mozilla/4.0 (compatible; MSIE 5.0; Windows 98; DigExt)"
159.19.66.50 - - [22/Oct/1999:08:20:19 -0400] "GET /PRESIDENT/vidal.gif HTTP/1.1" 200 11342 "http://www.selectsmart.com/PRESIDENT/" "Mozilla/4.0 (compatible; MSIE 5.0; Windows 98; DigExt)"
159.19.66.50 - - [22/Oct/1999:08:20:19 -0400] "GET /PRESIDENT/packaging.gif HTTP/1.1" 200 10663 "http://www.selectsmart.com/PRESIDENT/" "Mozilla/4.0 (compatible; MSIE 5.0; Windows 98; DigExt)"
209.219.72.166 - - [22/Oct/1999:08:20:20 -0400] "GET /PRESIDENT/anecdote.gif HTTP/1.0" 200 6898 "http://www.selectsmart.com/PRESIDENT/" "Mozilla/4.7 [en] (Win95; I)"
209.219.72.166 - - [22/Oct/1999:08:20:20 -0400] "GET /PRESIDENT/TR.gif HTTP/1.0" 200 5566 "http://www.selectsmart.com/PRESIDENT/" "Mozilla/4.7 [en] (Win95; I)"
209.219.72.166 - - [22/Oct/1999:08:20:20 -0400] "GET /PRESIDENT/packaging.gif HTTP/1.0" 200 10663 "http://www.selectsmart.com/PRESIDENT/" "Mozilla/4.7 [en] (Win95; I)"
159.19.66.50 - - [22/Oct/1999:08:20:20 -0400] "GET /PRESIDENT/TR.gif HTTP/1.1" 200 5566 "http://www.selectsmart.com/PRESIDENT/" "Mozilla/4.0 (compatible; MSIE 5.0; Windows 98; DigExt)"
159.19.66.50 - - [22/Oct/1999:08:20:20 -0400] "GET /PRESIDENT/camp2000.gif HTTP/1.1" 200 7449 "http://www.selectsmart.com/PRESIDENT/" "Mozilla/4.0 (compatible; MSIE 5.0; Windows 98; DigExt)"
209.219.72.166 - - [22/Oct/1999:08:20:20 -0400] "GET /PRESIDENT/vidal.gif HTTP/1.0" 200 11342 "http://www.selectsmart.com/PRESIDENT/" "Mozilla/4.7 [en] (Win95; I)"
209.219.72.166 - - [22/Oct/1999:08:20:20 -0400] "GET /curt.jpg HTTP/1.0" 200 4228 "http://www.selectsmart.com/PRESIDENT/" "Mozilla/4.7 [en] (Win95; I)"
159.19.66.50 - - [22/Oct/1999:08:20:20 -0400] "GET /curt.jpg HTTP/1.1" 200 4228 "http://www.selectsmart.com/PRESIDENT/" "Mozilla/4.0 (compatible; MSIE 5.0; Windows 98; DigExt)"
209.219.72.166 - - [22/Oct/1999:08:20:21 -0400] "GET /PRESIDENT/campaigns.gif HTTP/1.0" 200 5835 "http://www.selectsmart.com/PRESIDENT/" "Mozilla/4.7 [en] (Win95; I)"
209.219.72.166 - - [22/Oct/1999:08:20:21 -0400] "GET /PRESIDENT/camp2000.gif HTTP/1.0" 200 7449 "http://www.selectsmart.com/PRESIDENT/" "Mozilla/4.7 [en] (Win95; I)"
209.122.214.199 - - [22/Oct/1999:08:20:27 -0400] "GET /BUSINESS/16.gif HTTP/1.0" 200 6704 "http://www.selectsmart.com/PRESIDENT/" "Mozilla/4.01aC-DIAL (Macintosh; U; PPC)"
209.122.214.199 - - [22/Oct/1999:08:20:27 -0400] "GET /BUSINESS/drop_v.jpg HTTP/1.0" 200 1963 "http://www.selectsmart.com/PRESIDENT/" "Mozilla/4.01aC-DIAL (Macintosh; U; PPC)"
209.122.214.199 - - [22/Oct/1999:08:20:28 -0400] "GET /BUSINESS/drop_h.jpg HTTP/1.0" 200 2034 "http://www.selectsmart.com/PRESIDENT/" "Mozilla/4.01aC-DIAL (Macintosh; U; PPC)"
209.122.214.199 - - [22/Oct/1999:08:20:28 -0400] "GET /PRESIDENT/ HTTP/1.0" 200 29678 "-" "Mozilla/4.01aC-DIAL (Macintosh; U; PPC)"
209.91.8.134 - - [22/Oct/1999:08:20:29 -0400] "GET /PRESIDENT/results.php3?more=now&mid=17 HTTP/1.0" 200 3287 "http://www.selectsmart.com/PRESIDENT/results.php3" "Mozilla/4.0 (compatible; MSIE 5.0; Windows 98; DigExt)"
209.91.8.134 - - [22/Oct/1999:08:20:29 -0400] "GET /PRESIDENT/trump.gif HTTP/1.0" 200 6064 "http://www.selectsmart.com/PRESIDENT/results.php3?more=now&mid=17" "Mozilla/4.0 (compatible; MSIE 5.0; Windows 98; DigExt)"
12.5.163.20 - - [22/Oct/1999:08:20:34 -0400] "GET /PRESIDENT/ HTTP/1.0" 200 29678 "-" "Mozilla/4.0 (compatible; MSIE 4.01; Windows 95)"
12.5.163.20 - - [22/Oct/1999:08:20:34 -0400] "GET /BUSINESS/16.gif HTTP/1.0" 200 6704 "http://www.selectsmart.com/PRESIDENT/" "Mozilla/4.0 (compatible; MSIE 4.01; Windows 95)"
12.5.163.20 - - [22/Oct/1999:08:20:35 -0400] "GET /BUSINESS/drop_v.jpg HTTP/1.0" 200 1963 "http://www.selectsmart.com/PRESIDENT/" "Mozilla/4.0 (compatible; MSIE 4.01; Windows 95)"
12.5.163.20 - - [22/Oct/1999:08:20:35 -0400] "GET /BUSINESS/drop_h.jpg HTTP/1.0" 200 2034 "http://www.selectsmart.com/PRESIDENT/" "Mozilla/4.0 (compatible; MSIE 4.01; Windows 95)"
12.5.163.20 - - [22/Oct/1999:08:20:36 -0400] "GET /PRESIDENT/anecdote.gif HTTP/1.0" 200 6898 "http://www.selectsmart.com/PRESIDENT/" "Mozilla/4.0 (compatible; MSIE 4.01; Windows 95)"
12.5.163.20 - - [22/Oct/1999:08:20:36 -0400] "GET /PRESIDENT/campaigns.gif HTTP/1.0" 200 5835 "http://www.selectsmart.com/PRESIDENT/" "Mozilla/4.0 (compatible; MSIE 4.01; Windows 95)"
12.5.163.20 - - [22/Oct/1999:08:20:36 -0400] "GET /PRESIDENT/packaging.gif HTTP/1.0" 200 10663 "http://www.selectsmart.com/PRESIDENT/" "Mozilla/4.0 (compatible; MSIE 4.01; Windows 95)"
12.5.163.20 - - [22/Oct/1999:08:20:37 -0400] "GET /PRESIDENT/vidal.gif HTTP/1.0" 200 11342 "http://www.selectsmart.com/PRESIDENT/" "Mozilla/4.0 (compatible; MSIE 4.01; Windows 95)"
12.5.163.20 - - [22/Oct/1999:08:20:38 -0400] "GET /PRESIDENT/TR.gif HTTP/1.0" 200 5566 "http://www.selectsmart.com/PRESIDENT/" "Mozilla/4.0 (compatible; MSIE 4.01; Windows 95)"
209.122.214.199 - - [22/Oct/1999:08:20:38 -0400] "GET /PRESIDENT/anecdote.gif HTTP/1.0" 200 6898 "http://www.selectsmart.com/PRESIDENT/" "Mozilla/4.01aC-DIAL (Macintosh; U; PPC)"
12.5.163.20 - - [22/Oct/1999:08:20:38 -0400] "GET /PRESIDENT/camp2000.gif HTTP/1.0" 200 7449 "http://www.selectsmart.com/PRESIDENT/" "Mozilla/4.0 (compatible; MSIE 4.01; Windows 95)"
12.5.163.20 - - [22/Oct/1999:08:20:38 -0400] "GET /curt.jpg HTTP/1.0" 200 4228 "http://www.selectsmart.com/PRESIDENT/" "Mozilla/4.0 (compatible; MSIE 4.01; Windows 95)"
216.12.2.94 - - [22/Oct/1999:08:20:41 -0400] "GET /PRESIDENT/ HTTP/1.0" 200 29678 "-" "Mozilla/4.0 (compatible; MSIE 5.0; Windows 95; DigExt)"
216.12.2.94 - - [22/Oct/1999:08:20:42 -0400] "GET /BUSINESS/16.gif HTTP/1.0" 200 6704 "http://www.selectsmart.com/PRESIDENT/" "Mozilla/4.0 (compatible; MSIE 5.0; Windows 95; DigExt)"
209.122.214.199 - - [22/Oct/1999:08:20:42 -0400] "GET /PRESIDENT/packaging.gif HTTP/1.0" 200 10663 "http://www.selectsmart.com/PRESIDENT/" "Mozilla/4.01aC-DIAL (Macintosh; U; PPC)"
209.122.214.199 - - [22/Oct/1999:08:20:42 -0400] "GET /PRESIDENT/campaigns.gif HTTP/1.0" 200 5835 "http://www.selectsmart.com/PRESIDENT/" "Mozilla/4.01aC-DIAL (Macintosh; U; PPC)"
216.12.2.94 - - [22/Oct/1999:08:20:42 -0400] "GET /BUSINESS/drop_v.jpg HTTP/1.0" 200 1963 "http://www.selectsmart.com/PRESIDENT/" "Mozilla/4.0 (compatible; MSIE 5.0; Windows 95; DigExt)"
216.12.2.94 - - [22/Oct/1999:08:20:43 -0400] "GET /BUSINESS/drop_h.jpg HTTP/1.0" 200 2034 "http://www.selectsmart.com/PRESIDENT/" "Mozilla/4.0 (compatible; MSIE 5.0; Windows 95; DigExt)"
209.122.214.199 - - [22/Oct/1999:08:20:43 -0400] "GET /PRESIDENT/vidal.gif HTTP/1.0" 200 11342 "http://www.selectsmart.com/PRESIDENT/" "Mozilla/4.01aC-DIAL (Macintosh; U; PPC)"
216.12.2.94 - - [22/Oct/1999:08:20:43 -0400] "GET /PRESIDENT/anecdote.gif HTTP/1.0" 200 6898 "http://www.selectsmart.com/PRESIDENT/" "Mozilla/4.0 (compatible; MSIE 5.0; Windows 95; DigExt)"
216.12.2.94 - - [22/Oct/1999:08:20:44 -0400] "GET /PRESIDENT/campaigns.gif HTTP/1.0" 200 5835 "http://www.selectsmart.com/PRESIDENT/" "Mozilla/4.0 (compatible; MSIE 5.0; Windows 95; DigExt)"
216.12.2.94 - - [22/Oct/1999:08:20:45 -0400] "GET /PRESIDENT/packaging.gif HTTP/1.0" 200 10663 "http://www.selectsmart.com/PRESIDENT/" "Mozilla/4.0 (compatible; MSIE 5.0; Windows 95; DigExt)"
216.12.2.94 - - [22/Oct/1999:08:20:46 -0400] "GET /PRESIDENT/vidal.gif HTTP/1.0" 200 11342 "http://www.selectsmart.com/PRESIDENT/" "Mozilla/4.0 (compatible; MSIE 5.0; Windows 95; DigExt)"
216.12.2.94 - - [22/Oct/1999:08:20:47 -0400] "GET /PRESIDENT/TR.gif HTTP/1.0" 200 5566 "http://www.selectsmart.com/PRESIDENT/" "Mozilla/4.0 (compatible; MSIE 5.0; Windows 95; DigExt)"
216.12.2.94 - - [22/Oct/1999:08:20:47 -0400] "GET /PRESIDENT/camp2000.gif HTTP/1.0" 200 7449 "http://www.selectsmart.com/PRESIDENT/" "Mozilla/4.0 (compatible; MSIE 5.0; Windows 95; DigExt)"
216.12.2.94 - - [22/Oct/1999:08:20:48 -0400] "GET /curt.jpg HTTP/1.0" 200 4228 "http://www.selectsmart.com/PRESIDENT/" "Mozilla/4.0 (compatible; MSIE 5.0; Windows 95; DigExt)"
209.122.214.199 - - [22/Oct/1999:08:20:50 -0400] "GET /PRESIDENT/TR.gif HTTP/1.0" 200 5566 "http://www.selectsmart.com/PRESIDENT/" "Mozilla/4.01aC-DIAL (Macintosh; U; PPC)"
209.122.214.199 - - [22/Oct/1999:08:20:51 -0400] "GET /curt.jpg HTTP/1.0" 200 4228 "http://www.selectsmart.com/PRESIDENT/" "Mozilla/4.01aC-DIAL (Macintosh; U; PPC)"
209.122.214.199 - - [22/Oct/1999:08:20:52 -0400] "GET /PRESIDENT/camp2000.gif HTTP/1.0" 200 7449 "http://www.selectsmart.com/PRESIDENT/" "Mozilla/4.01aC-DIAL (Macintosh; U; PPC)"
192.216.141.186 - - [22/Oct/1999:08:21:09 -0400] "GET / HTTP/1.1" 200 1839 "-" "Mozilla/4.0 (compatible; MSIE 4.01; Windows 98)"
192.216.141.186 - - [22/Oct/1999:08:21:09 -0400] "GET /sidepanel.html HTTP/1.1" 200 3890 "http://www.selectsmart.com/" "Mozilla/4.0 (compatible; MSIE 4.01; Windows 98)"
192.216.141.186 - - [22/Oct/1999:08:21:10 -0400] "GET /indexa.html HTTP/1.1" 200 20372 "http://www.selectsmart.com/" "Mozilla/4.0 (compatible; MSIE 4.01; Windows 98)"
192.216.141.186 - - [22/Oct/1999:08:21:10 -0400] "GET /solid52.gif HTTP/1.1" 200 980 "http://www.selectsmart.com/sidepanel.html" "Mozilla/4.0 (compatible; MSIE 4.01; Windows 98)"
192.216.141.186 - - [22/Oct/1999:08:21:10 -0400] "GET /solid59.gif HTTP/1.1" 200 977 "http://www.selectsmart.com/sidepanel.html" "Mozilla/4.0 (compatible; MSIE 4.01; Windows 98)"
192.216.141.186 - - [22/Oct/1999:08:21:10 -0400] "GET /thnkyell.jpg HTTP/1.1" 200 23337 "http://www.selectsmart.com/sidepanel.html" "Mozilla/4.0 (compatible; MSIE 4.01; Windows 98)"
192.216.141.186 - - [22/Oct/1999:08:21:10 -0400] "GET /AMAZON/amzn-buy.gif HTTP/1.1" 200 3051 "http://www.selectsmart.com/sidepanel.html" "Mozilla/4.0 (compatible; MSIE 4.01; Windows 98)"
192.216.141.186 - - [22/Oct/1999:08:21:10 -0400] "GET /solid17.gif HTTP/1.1" 200 988 "http://www.selectsmart.com/sidepanel.html" "Mozilla/4.0 (compatible; MSIE 4.01; Windows 98)"
192.216.141.186 - - [22/Oct/1999:08:21:10 -0400] "GET /solid48.gif HTTP/1.1" 200 987 "http://www.selectsmart.com/sidepanel.html" "Mozilla/4.0 (compatible; MSIE 4.01; Windows 98)"
192.216.141.186 - - [22/Oct/1999:08:21:10 -0400] "GET /solid17.gif HTTP/1.1" 200 988 "http://www.selectsmart.com/sidepanel.html" "Mozilla/4.0 (compatible; MSIE 4.01; Windows 98)"
192.216.141.186 - - [22/Oct/1999:08:21:10 -0400] "GET /solid41.gif HTTP/1.1" 200 987 "http://www.selectsmart.com/sidepanel.html" "Mozilla/4.0 (compatible; MSIE 4.01; Windows 98)"
192.216.141.186 - - [22/Oct/1999:08:21:10 -0400] "GET /BUSINESS/14.gif HTTP/1.1" 200 6644 "http://www.selectsmart.com/indexa.html" "Mozilla/4.0 (compatible; MSIE 4.01; Windows 98)"
192.216.141.186 - - [22/Oct/1999:08:21:10 -0400] "GET /up.jpg HTTP/1.1" 200 2511 "http://www.selectsmart.com/sidepanel.html" "Mozilla/4.0 (compatible; MSIE 4.01; Windows 98)"
192.216.141.186 - - [22/Oct/1999:08:21:10 -0400] "GET /BUSINESS/drop_v.jpg HTTP/1.1" 200 1963 "http://www.selectsmart.com/indexa.html" "Mozilla/4.0 (compatible; MSIE 4.01; Windows 98)"
192.216.141.186 - - [22/Oct/1999:08:21:10 -0400] "GET /curt.jpg HTTP/1.1" 200 4228 "http://www.selectsmart.com/sidepanel.html" "Mozilla/4.0 (compatible; MSIE 4.01; Windows 98)"
192.216.141.186 - - [22/Oct/1999:08:21:11 -0400] "GET /BUSINESS/drop_h.jpg HTTP/1.1" 200 2034 "http://www.selectsmart.com/indexa.html" "Mozilla/4.0 (compatible; MSIE 4.01; Windows 98)"
192.216.141.186 - - [22/Oct/1999:08:21:11 -0400] "GET /cooltools.gif HTTP/1.1" 200 3810 "http://www.selectsmart.com/indexa.html" "Mozilla/4.0 (compatible; MSIE 4.01; Windows 98)"
192.216.141.186 - - [22/Oct/1999:08:21:11 -0400] "GET /solid6.gif HTTP/1.1" 200 993 "http://www.selectsmart.com/indexa.html" "Mozilla/4.0 (compatible; MSIE 4.01; Windows 98)"
192.216.141.186 - - [22/Oct/1999:08:21:11 -0400] "GET /cooldogsiteselected.gif HTTP/1.1" 200 2982 "http://www.selectsmart.com/indexa.html" "Mozilla/4.0 (compatible; MSIE 4.01; Windows 98)"
209.219.72.166 - - [22/Oct/1999:08:21:11 -0400] "GET /PRESIDENT/poll.htm HTTP/1.0" 200 4489 "http://www.selectsmart.com/PRESIDENT/" "Mozilla/4.7 [en] (Win95; I)"
192.216.141.186 - - [22/Oct/1999:08:21:11 -0400] "GET /solid28.gif HTTP/1.1" 200 972 "http://www.selectsmart.com/indexa.html" "Mozilla/4.0 (compatible; MSIE 4.01; Windows 98)"
192.216.141.186 - - [22/Oct/1999:08:21:11 -0400] "GET /carolin2.gif HTTP/1.1" 200 3241 "http://www.selectsmart.com/indexa.html" "Mozilla/4.0 (compatible; MSIE 4.01; Windows 98)"
192.216.141.186 - - [22/Oct/1999:08:21:11 -0400] "GET /CoolAward2.gif HTTP/1.1" 200 5548 "http://www.selectsmart.com/indexa.html" "Mozilla/4.0 (compatible; MSIE 4.01; Windows 98)"
192.216.141.186 - - [22/Oct/1999:08:21:11 -0400] "GET /solid48.gif HTTP/1.1" 200 987 "http://www.selectsmart.com/indexa.html" "Mozilla/4.0 (compatible; MSIE 4.01; Windows 98)"
192.216.141.186 - - [22/Oct/1999:08:21:11 -0400] "GET /sitename60_mining.gif HTTP/1.1" 200 2015 "http://www.selectsmart.com/indexa.html" "Mozilla/4.0 (compatible; MSIE 4.01; Windows 98)"
192.216.141.186 - - [22/Oct/1999:08:21:11 -0400] "GET /cpetsitm.gif HTTP/1.1" 200 6269 "http://www.selectsmart.com/indexa.html" "Mozilla/4.0 (compatible; MSIE 4.01; Windows 98)"
192.216.141.186 - - [22/Oct/1999:08:21:11 -0400] "GET /exclaim.jpg HTTP/1.1" 200 7859 "http://www.selectsmart.com/indexa.html" "Mozilla/4.0 (compatible; MSIE 4.01; Windows 98)"
192.216.141.186 - - [22/Oct/1999:08:21:11 -0400] "GET /solid11.gif HTTP/1.1" 200 1006 "http://www.selectsmart.com/indexa.html" "Mozilla/4.0 (compatible; MSIE 4.01; Windows 98)"
192.216.141.186 - - [22/Oct/1999:08:21:11 -0400] "GET /blkpaw.gif HTTP/1.1" 200 936 "http://www.selectsmart.com/indexa.html" "Mozilla/4.0 (compatible; MSIE 4.01; Windows 98)"
