192.216.141.186 - - [22/Oct/1999:08:21:11 -0400] "GET /planetclick.gif HTTP/1.1" 200 4949 "http://www.selectsmart.com/indexa.html" "Mozilla/4.0 (compatible; MSIE 4.01; Windows 98)"
192.216.141.186 - - [22/Oct/1999:08:21:11 -0400] "GET /sltrib.gif HTTP/1.1" 200 5673 "http://www.selectsmart.com/indexa.html" "Mozilla/4.0 (compatible; MSIE 4.01; Windows 98)"
192.216.141.186 - - [22/Oct/1999:08:21:13 -0400] "GET /PRESIDENT/ HTTP/1.1" 200 29678 "http://www.selectsmart.com/indexa.html" "Mozilla/4.0 (compatible; MSIE 4.01; Windows 98)"
192.216.141.186 - - [22/Oct/1999:08:21:14 -0400] "GET /BUSINESS/drop_v.jpg HTTP/1.1" 304 - "http://www.selectsmart.com/PRESIDENT/" "Mozilla/4.0 (compatible; MSIE 4.01; Windows 98)"
192.216.141.186 - - [22/Oct/1999:08:21:14 -0400] "GET /BUSINESS/16.gif HTTP/1.1" 200 6704 "http://www.selectsmart.com/PRESIDENT/" "Mozilla/4.0 (compatible; MSIE 4.01; Windows 98)"
192.216.141.186 - - [22/Oct/1999:08:21:14 -0400] "GET /PRESIDENT/anecdote.gif HTTP/1.1" 200 6898 "http://www.selectsmart.com/PRESIDENT/" "Mozilla/4.0 (compatible; MSIE 4.01; Windows 98)"
192.216.141.186 - - [22/Oct/1999:08:21:14 -0400] "GET /BUSINESS/drop_h.jpg HTTP/1.1" 304 - "http://www.selectsmart.com/PRESIDENT/" "Mozilla/4.0 (compatible; MSIE 4.01; Windows 98)"
192.216.141.186 - - [22/Oct/1999:08:21:14 -0400] "GET /PRESIDENT/packaging.gif HTTP/1.1" 200 10663 "http://www.selectsmart.com/PRESIDENT/" "Mozilla/4.0 (compatible; MSIE 4.01; Windows 98)"
192.216.141.186 - - [22/Oct/1999:08:21:14 -0400] "GET /PRESIDENT/campaigns.gif HTTP/1.1" 200 5835 "http://www.selectsmart.com/PRESIDENT/" "Mozilla/4.0 (compatible; MSIE 4.01; Windows 98)"
192.216.141.186 - - [22/Oct/1999:08:21:14 -0400] "GET /PRESIDENT/vidal.gif HTTP/1.1" 200 11342 "http://www.selectsmart.com/PRESIDENT/" "Mozilla/4.0 (compatible; MSIE 4.01; Windows 98)"
192.216.141.186 - - [22/Oct/1999:08:21:14 -0400] "GET /PRESIDENT/TR.gif HTTP/1.1" 200 5566 "http://www.selectsmart.com/PRESIDENT/" "Mozilla/4.0 (compatible; MSIE 4.01; Windows 98)"
192.216.141.186 - - [22/Oct/1999:08:21:14 -0400] "GET /PRESIDENT/camp2000.gif HTTP/1.1" 200 7449 "http://www.selectsmart.com/PRESIDENT/" "Mozilla/4.0 (compatible; MSIE 4.01; Windows 98)"
209.91.8.134 - - [22/Oct/1999:08:21:16 -0400] "GET /PRESIDENT/results.php3?more=now&mid=8 HTTP/1.0" 200 6966 "http://www.selectsmart.com/PRESIDENT/results.php3" "Mozilla/4.0 (compatible; MSIE 5.0; Windows 98; DigExt)"
151.200.96.6 - - [22/Oct/1999:08:21:18 -0400] "GET /PRESIDENT/ HTTP/1.0" 200 29678 "-" "Mozilla/4.06 [en] (WinNT; U)"
151.200.96.6 - - [22/Oct/1999:08:21:21 -0400] "GET /BUSINESS/drop_h.jpg HTTP/1.0" 200 2034 "http://www.selectsmart.com/PRESIDENT/" "Mozilla/4.06 [en] (WinNT; U)"
151.200.96.6 - - [22/Oct/1999:08:21:21 -0400] "GET /BUSINESS/16.gif HTTP/1.0" 200 6704 "http://www.selectsmart.com/PRESIDENT/" "Mozilla/4.06 [en] (WinNT; U)"
151.200.96.6 - - [22/Oct/1999:08:21:21 -0400] "GET /BUSINESS/drop_v.jpg HTTP/1.0" 200 1963 "http://www.selectsmart.com/PRESIDENT/" "Mozilla/4.06 [en] (WinNT; U)"
151.200.96.6 - - [22/Oct/1999:08:21:21 -0400] "GET /PRESIDENT/anecdote.gif HTTP/1.0" 200 6898 "http://www.selectsmart.com/PRESIDENT/" "Mozilla/4.06 [en] (WinNT; U)"
158.72.200.34 - - [22/Oct/1999:08:21:21 -0400] "GET /PRESIDENT/ HTTP/1.0" 200 29678 "-" "Mozilla/4.05 [en] (WinNT; I)"
151.200.96.6 - - [22/Oct/1999:08:21:21 -0400] "GET /PRESIDENT/TR.gif HTTP/1.0" 200 5566 "http://www.selectsmart.com/PRESIDENT/" "Mozilla/4.06 [en] (WinNT; U)"
151.200.96.6 - - [22/Oct/1999:08:21:21 -0400] "GET /PRESIDENT/packaging.gif HTTP/1.0" 200 10663 "http://www.selectsmart.com/PRESIDENT/" "Mozilla/4.06 [en] (WinNT; U)"
151.200.96.6 - - [22/Oct/1999:08:21:21 -0400] "GET /PRESIDENT/campaigns.gif HTTP/1.0" 200 5835 "http://www.selectsmart.com/PRESIDENT/" "Mozilla/4.06 [en] (WinNT; U)"
151.200.96.6 - - [22/Oct/1999:08:21:21 -0400] "GET /curt.jpg HTTP/1.0" 200 4228 "http://www.selectsmart.com/PRESIDENT/" "Mozilla/4.06 [en] (WinNT; U)"
151.200.96.6 - - [22/Oct/1999:08:21:21 -0400] "GET /PRESIDENT/vidal.gif HTTP/1.0" 200 11342 "http://www.selectsmart.com/PRESIDENT/" "Mozilla/4.06 [en] (WinNT; U)"
151.200.96.6 - - [22/Oct/1999:08:21:21 -0400] "GET /PRESIDENT/camp2000.gif HTTP/1.0" 200 7449 "http://www.selectsmart.com/PRESIDENT/" "Mozilla/4.06 [en] (WinNT; U)"
158.72.200.34 - - [22/Oct/1999:08:21:23 -0400] "GET /BUSINESS/16.gif HTTP/1.0" 200 6704 "http://www.selectsmart.com/PRESIDENT/" "Mozilla/4.05 [en] (WinNT; I)"
158.72.200.34 - - [22/Oct/1999:08:21:23 -0400] "GET /BUSINESS/drop_h.jpg HTTP/1.0" 200 2034 "http://www.selectsmart.com/PRESIDENT/" "Mozilla/4.05 [en] (WinNT; I)"
158.72.200.34 - - [22/Oct/1999:08:21:23 -0400] "GET /BUSINESS/drop_v.jpg HTTP/1.0" 200 1963 "http://www.selectsmart.com/PRESIDENT/" "Mozilla/4.05 [en] (WinNT; I)"
158.72.200.34 - - [22/Oct/1999:08:21:25 -0400] "GET /PRESIDENT/anecdote.gif HTTP/1.0" 200 6898 "http://www.selectsmart.com/PRESIDENT/" "Mozilla/4.05 [en] (WinNT; I)"
158.72.200.34 - - [22/Oct/1999:08:21:25 -0400] "GET /PRESIDENT/packaging.gif HTTP/1.0" 200 10663 "http://www.selectsmart.com/PRESIDENT/" "Mozilla/4.05 [en] (WinNT; I)"
158.72.200.34 - - [22/Oct/1999:08:21:25 -0400] "GET /PRESIDENT/campaigns.gif HTTP/1.0" 200 5835 "http://www.selectsmart.com/PRESIDENT/" "Mozilla/4.05 [en] (WinNT; I)"
158.72.200.34 - - [22/Oct/1999:08:21:25 -0400] "GET /PRESIDENT/vidal.gif HTTP/1.0" 200 11342 "http://www.selectsmart.com/PRESIDENT/" "Mozilla/4.05 [en] (WinNT; I)"
158.72.200.34 - - [22/Oct/1999:08:21:25 -0400] "GET /PRESIDENT/camp2000.gif HTTP/1.0" 200 7449 "http://www.selectsmart.com/PRESIDENT/" "Mozilla/4.05 [en] (WinNT; I)"
158.72.200.34 - - [22/Oct/1999:08:21:25 -0400] "GET /PRESIDENT/TR.gif HTTP/1.0" 200 5566 "http://www.selectsmart.com/PRESIDENT/" "Mozilla/4.05 [en] (WinNT; I)"
158.72.200.34 - - [22/Oct/1999:08:21:26 -0400] "GET /curt.jpg HTTP/1.0" 200 4228 "http://www.selectsmart.com/PRESIDENT/" "Mozilla/4.05 [en] (WinNT; I)"
143.231.24.4 - - [22/Oct/1999:08:21:59 -0400] "GET /PRESIDENT HTTP/1.0" 301 241 "-" "Mozilla/3.01 (Win95; I)"
143.231.24.4 - - [22/Oct/1999:08:21:59 -0400] "GET /PRESIDENT/ HTTP/1.0" 200 29678 "-" "Mozilla/3.01 (Win95; I)"
143.231.24.4 - - [22/Oct/1999:08:22:00 -0400] "GET /PRESIDENT/camp2000.gif HTTP/1.0" 200 7449 "http://www.selectsmart.com/PRESIDENT/" "Mozilla/3.01 (Win95; I)"
143.231.24.4 - - [22/Oct/1999:08:22:00 -0400] "GET /BUSINESS/drop_h.jpg HTTP/1.0" 200 2034 "http://www.selectsmart.com/PRESIDENT/" "Mozilla/3.01 (Win95; I)"
143.231.24.4 - - [22/Oct/1999:08:22:00 -0400] "GET /BUSINESS/drop_v.jpg HTTP/1.0" 200 1963 "http://www.selectsmart.com/PRESIDENT/" "Mozilla/3.01 (Win95; I)"
143.231.24.4 - - [22/Oct/1999:08:22:00 -0400] "GET /BUSINESS/16.gif HTTP/1.0" 200 6704 "http://www.selectsmart.com/PRESIDENT/" "Mozilla/3.01 (Win95; I)"
143.231.24.4 - - [22/Oct/1999:08:22:00 -0400] "GET /curt.jpg HTTP/1.0" 200 4228 "http://www.selectsmart.com/PRESIDENT/" "Mozilla/3.01 (Win95; I)"
143.231.24.4 - - [22/Oct/1999:08:22:00 -0400] "GET /PRESIDENT/TR.gif HTTP/1.0" 200 5566 "http://www.selectsmart.com/PRESIDENT/" "Mozilla/3.01 (Win95; I)"
143.231.24.4 - - [22/Oct/1999:08:22:00 -0400] "GET /PRESIDENT/packaging.gif HTTP/1.0" 200 10663 "http://www.selectsmart.com/PRESIDENT/" "Mozilla/3.01 (Win95; I)"
143.231.24.4 - - [22/Oct/1999:08:22:00 -0400] "GET /PRESIDENT/vidal.gif HTTP/1.0" 200 11342 "http://www.selectsmart.com/PRESIDENT/" "Mozilla/3.01 (Win95; I)"
143.231.24.4 - - [22/Oct/1999:08:22:00 -0400] "GET /PRESIDENT/anecdote.gif HTTP/1.0" 200 6898 "http://www.selectsmart.com/PRESIDENT/" "Mozilla/3.01 (Win95; I)"
143.231.24.4 - - [22/Oct/1999:08:22:00 -0400] "GET /PRESIDENT/campaigns.gif HTTP/1.0" 200 5835 "http://www.selectsmart.com/PRESIDENT/" "Mozilla/3.01 (Win95; I)"
204.68.140.35 - - [22/Oct/1999:08:22:02 -0400] "GET /PRESIDENT/ HTTP/1.0" 200 0 "-" "Mozilla/4.04 [en] (Win95; U)"
204.68.140.35 - - [22/Oct/1999:08:22:02 -0400] "GET /PRESIDENT/ HTTP/1.0" 200 29678 "-" "Mozilla/4.04 [en] (Win95; U)"
204.68.140.35 - - [22/Oct/1999:08:22:03 -0400] "GET /BUSINESS/drop_v.jpg HTTP/1.0" 200 1963 "http://www.selectsmart.com/PRESIDENT/" "Mozilla/4.04 [en] (Win95; U)"
204.68.140.35 - - [22/Oct/1999:08:22:03 -0400] "GET /BUSINESS/drop_h.jpg HTTP/1.0" 200 2034 "http://www.selectsmart.com/PRESIDENT/" "Mozilla/4.04 [en] (Win95; U)"
204.68.140.35 - - [22/Oct/1999:08:22:05 -0400] "GET /PRESIDENT/anecdote.gif HTTP/1.0" 200 6898 "http://www.selectsmart.com/PRESIDENT/" "Mozilla/4.04 [en] (Win95; U)"
204.68.140.35 - - [22/Oct/1999:08:22:05 -0400] "GET /PRESIDENT/packaging.gif HTTP/1.0" 200 10663 "http://www.selectsmart.com/PRESIDENT/" "Mozilla/4.04 [en] (Win95; U)"
204.68.140.35 - - [22/Oct/1999:08:22:05 -0400] "GET /PRESIDENT/TR.gif HTTP/1.0" 200 5566 "http://www.selectsmart.com/PRESIDENT/" "Mozilla/4.04 [en] (Win95; U)"
205.188.198.154 - - [22/Oct/1999:08:22:06 -0400] "POST /PRESIDENT/results.php3 HTTP/1.0" 200 6625 "http://www.selectsmart.com/PRESIDENT/" "Mozilla/4.0 (compatible; MSIE 4.01; AOL 4.0; Mac_PPC)"
204.68.140.35 - - [22/Oct/1999:08:22:06 -0400] "GET /BUSINESS/16.gif HTTP/1.0" 200 6704 "http://www.selectsmart.com/PRESIDENT/" "Mozilla/4.04 [en] (Win95; U)"
204.68.140.35 - - [22/Oct/1999:08:22:07 -0400] "GET /PRESIDENT/campaigns.gif HTTP/1.0" 200 5835 "http://www.selectsmart.com/PRESIDENT/" "Mozilla/4.04 [en] (Win95; U)"
204.68.140.35 - - [22/Oct/1999:08:22:07 -0400] "GET /PRESIDENT/vidal.gif HTTP/1.0" 200 11342 "http://www.selectsmart.com/PRESIDENT/" "Mozilla/4.04 [en] (Win95; U)"
204.68.140.35 - - [22/Oct/1999:08:22:08 -0400] "GET /curt.jpg HTTP/1.0" 200 4228 "http://www.selectsmart.com/PRESIDENT/" "Mozilla/4.04 [en] (Win95; U)"
204.68.140.35 - - [22/Oct/1999:08:22:08 -0400] "GET /PRESIDENT/camp2000.gif HTTP/1.0" 200 7449 "http://www.selectsmart.com/PRESIDENT/" "Mozilla/4.04 [en] (Win95; U)"
156.46.23.82 - - [22/Oct/1999:08:22:13 -0400] "GET / HTTP/1.0" 200 1839 "-" "Mozilla/4.08 [en] (WinNT; U ;Nav)"
156.46.23.82 - - [22/Oct/1999:08:22:13 -0400] "GET /sidepanel.html HTTP/1.0" 200 3890 "-" "Mozilla/4.08 [en] (WinNT; U ;Nav)"
156.46.23.82 - - [22/Oct/1999:08:22:13 -0400] "GET /indexa.html HTTP/1.0" 200 20372 "-" "Mozilla/4.08 [en] (WinNT; U ;Nav)"
156.46.23.82 - - [22/Oct/1999:08:22:13 -0400] "GET /solid52.gif HTTP/1.0" 200 980 "http://www.selectsmart.com/sidepanel.html" "Mozilla/4.08 [en] (WinNT; U ;Nav)"
156.46.23.82 - - [22/Oct/1999:08:22:13 -0400] "GET /solid59.gif HTTP/1.0" 200 977 "http://www.selectsmart.com/sidepanel.html" "Mozilla/4.08 [en] (WinNT; U ;Nav)"
156.46.23.82 - - [22/Oct/1999:08:22:13 -0400] "GET /BUSINESS/14.gif HTTP/1.0" 200 6644 "http://www.selectsmart.com/indexa.html" "Mozilla/4.08 [en] (WinNT; U ;Nav)"
156.46.23.82 - - [22/Oct/1999:08:22:13 -0400] "GET /BUSINESS/drop_v.jpg HTTP/1.0" 200 1963 "http://www.selectsmart.com/indexa.html" "Mozilla/4.08 [en] (WinNT; U ;Nav)"
156.46.23.82 - - [22/Oct/1999:08:22:13 -0400] "GET /BUSINESS/drop_h.jpg HTTP/1.0" 200 2034 "http://www.selectsmart.com/indexa.html" "Mozilla/4.08 [en] (WinNT; U ;Nav)"
156.46.23.82 - - [22/Oct/1999:08:22:13 -0400] "GET /thnkyell.jpg HTTP/1.0" 200 23337 "http://www.selectsmart.com/sidepanel.html" "Mozilla/4.08 [en] (WinNT; U ;Nav)"
156.46.23.82 - - [22/Oct/1999:08:22:14 -0400] "GET /solid17.gif HTTP/1.0" 200 988 "http://www.selectsmart.com/sidepanel.html" "Mozilla/4.08 [en] (WinNT; U ;Nav)"
156.46.23.82 - - [22/Oct/1999:08:22:14 -0400] "GET /solid28.gif HTTP/1.0" 200 972 "http://www.selectsmart.com/indexa.html" "Mozilla/4.08 [en] (WinNT; U ;Nav)"
156.46.23.82 - - [22/Oct/1999:08:22:14 -0400] "GET /solid48.gif HTTP/1.0" 200 987 "http://www.selectsmart.com/indexa.html" "Mozilla/4.08 [en] (WinNT; U ;Nav)"
156.46.23.82 - - [22/Oct/1999:08:22:14 -0400] "GET /up.jpg HTTP/1.0" 200 2511 "http://www.selectsmart.com/sidepanel.html" "Mozilla/4.08 [en] (WinNT; U ;Nav)"
156.46.23.82 - - [22/Oct/1999:08:22:14 -0400] "GET /solid6.gif HTTP/1.0" 200 993 "http://www.selectsmart.com/indexa.html" "Mozilla/4.08 [en] (WinNT; U ;Nav)"
156.46.23.82 - - [22/Oct/1999:08:22:14 -0400] "GET /solid11.gif HTTP/1.0" 200 1006 "http://www.selectsmart.com/indexa.html" "Mozilla/4.08 [en] (WinNT; U ;Nav)"
156.46.23.82 - - [22/Oct/1999:08:22:14 -0400] "GET /solid17.gif HTTP/1.0" 200 988 "http://www.selectsmart.com/sidepanel.html" "Mozilla/4.08 [en] (WinNT; U ;Nav)"
156.46.23.82 - - [22/Oct/1999:08:22:14 -0400] "GET /curt.jpg HTTP/1.0" 200 4228 "http://www.selectsmart.com/sidepanel.html" "Mozilla/4.08 [en] (WinNT; U ;Nav)"
156.46.23.82 - - [22/Oct/1999:08:22:14 -0400] "GET /solid41.gif HTTP/1.0" 200 987 "http://www.selectsmart.com/sidepanel.html" "Mozilla/4.08 [en] (WinNT; U ;Nav)"
156.46.23.82 - - [22/Oct/1999:08:22:14 -0400] "GET /solid48.gif HTTP/1.0" 200 987 "http://www.selectsmart.com/sidepanel.html" "Mozilla/4.08 [en] (WinNT; U ;Nav)"
156.46.23.82 - - [22/Oct/1999:08:22:15 -0400] "GET /exclaim.jpg HTTP/1.0" 200 7859 "http://www.selectsmart.com/indexa.html" "Mozilla/4.08 [en] (WinNT; U ;Nav)"
156.46.23.82 - - [22/Oct/1999:08:22:15 -0400] "GET /planetclick.gif HTTP/1.0" 200 4949 "http://www.selectsmart.com/indexa.html" "Mozilla/4.08 [en] (WinNT; U ;Nav)"
156.46.23.82 - - [22/Oct/1999:08:22:15 -0400] "GET /cooltools.gif HTTP/1.0" 200 3810 "http://www.selectsmart.com/indexa.html" "Mozilla/4.08 [en] (WinNT; U ;Nav)"
156.46.23.82 - - [22/Oct/1999:08:22:15 -0400] "GET /carolin2.gif HTTP/1.0" 200 3241 "http://www.selectsmart.com/indexa.html" "Mozilla/4.08 [en] (WinNT; U ;Nav)"
156.46.23.82 - - [22/Oct/1999:08:22:15 -0400] "GET /sltrib.gif HTTP/1.0" 200 5673 "http://www.selectsmart.com/indexa.html" "Mozilla/4.08 [en] (WinNT; U ;Nav)"
156.46.23.82 - - [22/Oct/1999:08:22:15 -0400] "GET /sitename60_mining.gif HTTP/1.0" 200 2015 "http://www.selectsmart.com/indexa.html" "Mozilla/4.08 [en] (WinNT; U ;Nav)"
156.46.23.82 - - [22/Oct/1999:08:22:15 -0400] "GET /blkpaw.gif HTTP/1.0" 200 936 "http://www.selectsmart.com/indexa.html" "Mozilla/4.08 [en] (WinNT; U ;Nav)"
156.46.23.82 - - [22/Oct/1999:08:22:15 -0400] "GET /cpetsitm.gif HTTP/1.0" 200 6269 "http://www.selectsmart.com/indexa.html" "Mozilla/4.08 [en] (WinNT; U ;Nav)"
156.46.23.82 - - [22/Oct/1999:08:22:15 -0400] "GET /CoolAward2.gif HTTP/1.0" 200 5548 "http://www.selectsmart.com/indexa.html" "Mozilla/4.08 [en] (WinNT; U ;Nav)"
156.46.23.82 - - [22/Oct/1999:08:22:15 -0400] "GET /cooldogsiteselected.gif HTTP/1.0" 200 2982 "http://www.selectsmart.com/indexa.html" "Mozilla/4.08 [en] (WinNT; U ;Nav)"
156.46.23.82 - - [22/Oct/1999:08:22:16 -0400] "GET /AMAZON/amzn-buy.gif HTTP/1.0" 200 3051 "http://www.selectsmart.com/sidepanel.html" "Mozilla/4.08 [en] (WinNT; U ;Nav)"
63.22.138.21 - - [22/Oct/1999:08:22:21 -0400] "GET /BUSINESS/drop_h.jpg HTTP/1.0" 200 2034 "http://www.selectsmart.com/PRESIDENT/" "Mozilla/4.04 [en] (Win95; I)"
63.22.138.21 - - [22/Oct/1999:08:22:21 -0400] "GET /BUSINESS/drop_v.jpg HTTP/1.0" 200 1963 "http://www.selectsmart.com/PRESIDENT/" "Mozilla/4.04 [en] (Win95; I)"
63.22.138.21 - - [22/Oct/1999:08:22:22 -0400] "GET /BUSINESS/16.gif HTTP/1.0" 200 6704 "http://www.selectsmart.com/PRESIDENT/" "Mozilla/4.04 [en] (Win95; I)"
208.244.102.34 - - [22/Oct/1999:08:22:24 -0400] "GET /PRESIDENT/ HTTP/1.1" 200 29678 "-" "Mozilla/4.0 (compatible; MSIE 4.01; Windows 95)"
63.22.138.21 - - [22/Oct/1999:08:22:24 -0400] "GET /PRESIDENT/ HTTP/1.0" 200 29678 "-" "Mozilla/4.04 [en] (Win95; I)"
208.244.102.34 - - [22/Oct/1999:08:22:26 -0400] "GET /PRESIDENT/anecdote.gif HTTP/1.1" 200 6898 "http://www.selectsmart.com/PRESIDENT/" "Mozilla/4.0 (compatible; MSIE 4.01; Windows 95)"
208.244.102.34 - - [22/Oct/1999:08:22:26 -0400] "GET /BUSINESS/16.gif HTTP/1.1" 200 6704 "http://www.selectsmart.com/PRESIDENT/" "Mozilla/4.0 (compatible; MSIE 4.01; Windows 95)"
208.244.102.34 - - [22/Oct/1999:08:22:26 -0400] "GET /BUSINESS/drop_v.jpg HTTP/1.1" 200 1963 "http://www.selectsmart.com/PRESIDENT/" "Mozilla/4.0 (compatible; MSIE 4.01; Windows 95)"
208.244.102.34 - - [22/Oct/1999:08:22:26 -0400] "GET /PRESIDENT/campaigns.gif HTTP/1.1" 200 5835 "http://www.selectsmart.com/PRESIDENT/" "Mozilla/4.0 (compatible; MSIE 4.01; Windows 95)"
208.244.102.34 - - [22/Oct/1999:08:22:26 -0400] "GET /BUSINESS/drop_h.jpg HTTP/1.1" 200 2034 "http://www.selectsmart.com/PRESIDENT/" "Mozilla/4.0 (compatible; MSIE 4.01; Windows 95)"
208.244.102.34 - - [22/Oct/1999:08:22:26 -0400] "GET /PRESIDENT/packaging.gif HTTP/1.1" 200 10663 "http://www.selectsmart.com/PRESIDENT/" "Mozilla/4.0 (compatible; MSIE 4.01; Windows 95)"
208.244.102.34 - - [22/Oct/1999:08:22:27 -0400] "GET /PRESIDENT/vidal.gif HTTP/1.1" 200 11342 "http://www.selectsmart.com/PRESIDENT/" "Mozilla/4.0 (compatible; MSIE 4.01; Windows 95)"
208.244.102.34 - - [22/Oct/1999:08:22:27 -0400] "GET /PRESIDENT/TR.gif HTTP/1.1" 200 5566 "http://www.selectsmart.com/PRESIDENT/" "Mozilla/4.0 (compatible; MSIE 4.01; Windows 95)"
208.244.102.34 - - [22/Oct/1999:08:22:27 -0400] "GET /PRESIDENT/camp2000.gif HTTP/1.1" 200 7449 "http://www.selectsmart.com/PRESIDENT/" "Mozilla/4.0 (compatible; MSIE 4.01; Windows 95)"
208.244.102.34 - - [22/Oct/1999:08:22:27 -0400] "GET /curt.jpg HTTP/1.1" 200 4228 "http://www.selectsmart.com/PRESIDENT/" "Mozilla/4.0 (compatible; MSIE 4.01; Windows 95)"
143.231.24.4 - - [22/Oct/1999:08:22:31 -0400] "GET /PRESIDENT/poll.htm HTTP/1.0" 200 4489 "-" "Mozilla/3.01 (Win95; I)"
38.201.249.2 - - [22/Oct/1999:08:22:31 -0400] "POST /PRESIDENT/results.php3 HTTP/1.0" 200 6625 "http://www.selectsmart.com/PRESIDENT/" "Mozilla/4.0 (compatible; MSIE 4.01; Windows NT)"
63.22.138.21 - - [22/Oct/1999:08:22:36 -0400] "GET /PRESIDENT/anecdote.gif HTTP/1.0" 200 6898 "http://www.selectsmart.com/PRESIDENT/" "Mozilla/4.04 [en] (Win95; I)"
198.76.131.184 - - [22/Oct/1999:08:22:37 -0400] "POST /PRESIDENT/results.php3 HTTP/1.0" 200 6625 "http://www.selectsmart.com/PRESIDENT/" "Mozilla/4.5 [en] (Win98; U)"
167.78.36.139 - - [22/Oct/1999:08:22:38 -0400] "GET /PRESIDENT/ HTTP/1.1" 200 29678 "-" "Mozilla/4.0 (compatible; MSIE 4.01; Windows 95)"
167.78.36.139 - - [22/Oct/1999:08:22:38 -0400] "GET /BUSINESS/drop_v.jpg HTTP/1.1" 200 1963 "http://www.selectsmart.com/PRESIDENT/" "Mozilla/4.0 (compatible; MSIE 4.01; Windows 95)"
167.78.36.139 - - [22/Oct/1999:08:22:38 -0400] "GET /BUSINESS/16.gif HTTP/1.1" 200 6704 "http://www.selectsmart.com/PRESIDENT/" "Mozilla/4.0 (compatible; MSIE 4.01; Windows 95)"
167.78.36.139 - - [22/Oct/1999:08:22:39 -0400] "GET /BUSINESS/drop_h.jpg HTTP/1.1" 200 2034 "http://www.selectsmart.com/PRESIDENT/" "Mozilla/4.0 (compatible; MSIE 4.01; Windows 95)"
167.78.36.139 - - [22/Oct/1999:08:22:39 -0400] "GET /PRESIDENT/campaigns.gif HTTP/1.1" 200 5835 "http://www.selectsmart.com/PRESIDENT/" "Mozilla/4.0 (compatible; MSIE 4.01; Windows 95)"
167.78.36.139 - - [22/Oct/1999:08:22:39 -0400] "GET /PRESIDENT/anecdote.gif HTTP/1.1" 200 6898 "http://www.selectsmart.com/PRESIDENT/" "Mozilla/4.0 (compatible; MSIE 4.01; Windows 95)"
167.78.36.139 - - [22/Oct/1999:08:22:39 -0400] "GET /PRESIDENT/packaging.gif HTTP/1.1" 200 10663 "http://www.selectsmart.com/PRESIDENT/" "Mozilla/4.0 (compatible; MSIE 4.01; Windows 95)"
167.78.36.139 - - [22/Oct/1999:08:22:39 -0400] "GET /PRESIDENT/vidal.gif HTTP/1.1" 200 11342 "http://www.selectsmart.com/PRESIDENT/" "Mozilla/4.0 (compatible; MSIE 4.01; Windows 95)"
167.78.36.139 - - [22/Oct/1999:08:22:39 -0400] "GET /PRESIDENT/TR.gif HTTP/1.1" 200 5566 "http://www.selectsmart.com/PRESIDENT/" "Mozilla/4.0 (compatible; MSIE 4.01; Windows 95)"
167.78.36.139 - - [22/Oct/1999:08:22:39 -0400] "GET /PRESIDENT/camp2000.gif HTTP/1.1" 200 7449 "http://www.selectsmart.com/PRESIDENT/" "Mozilla/4.0 (compatible; MSIE 4.01; Windows 95)"
167.78.36.139 - - [22/Oct/1999:08:22:39 -0400] "GET /curt.jpg HTTP/1.1" 200 4228 "http://www.selectsmart.com/PRESIDENT/" "Mozilla/4.0 (compatible; MSIE 4.01; Windows 95)"
192.216.141.186 - - [22/Oct/1999:08:22:40 -0400] "POST /PRESIDENT/results.php3 HTTP/1.1" 200 6639 "http://www.selectsmart.com/PRESIDENT/" "Mozilla/4.0 (compatible; MSIE 4.01; Windows 98)"
63.22.138.21 - - [22/Oct/1999:08:22:41 -0400] "GET /PRESIDENT/campaigns.gif HTTP/1.0" 200 5835 "http://www.selectsmart.com/PRESIDENT/" "Mozilla/4.04 [en] (Win95; I)"
216.12.2.94 - - [22/Oct/1999:08:22:47 -0400] "GET /PRESIDENT/define8.htm HTTP/1.0" 200 322 "-" "Mozilla/4.0 (compatible; MSIE 5.0; Windows 95; DigExt)"
216.79.105.22 - - [22/Oct/1999:08:22:50 -0400] "GET /PRESIDENT/ HTTP/1.1" 200 29678 "-" "Mozilla/4.0 (compatible; MSIE 4.01; Windows NT)"
216.79.105.22 - - [22/Oct/1999:08:22:50 -0400] "GET /PRESIDENT/anecdote.gif HTTP/1.1" 200 6898 "http://www.selectsmart.com/PRESIDENT/" "Mozilla/4.0 (compatible; MSIE 4.01; Windows NT)"
216.79.105.22 - - [22/Oct/1999:08:22:50 -0400] "GET /PRESIDENT/campaigns.gif HTTP/1.1" 200 5835 "http://www.selectsmart.com/PRESIDENT/" "Mozilla/4.0 (compatible; MSIE 4.01; Windows NT)"
216.79.105.22 - - [22/Oct/1999:08:22:50 -0400] "GET /BUSINESS/16.gif HTTP/1.1" 200 6704 "http://www.selectsmart.com/PRESIDENT/" "Mozilla/4.0 (compatible; MSIE 4.01; Windows NT)"
216.79.105.22 - - [22/Oct/1999:08:22:50 -0400] "GET /BUSINESS/drop_v.jpg HTTP/1.1" 200 1963 "http://www.selectsmart.com/PRESIDENT/" "Mozilla/4.0 (compatible; MSIE 4.01; Windows NT)"
216.79.105.22 - - [22/Oct/1999:08:22:51 -0400] "GET /PRESIDENT/packaging.gif HTTP/1.1" 200 10663 "http://www.selectsmart.com/PRESIDENT/" "Mozilla/4.0 (compatible; MSIE 4.01; Windows NT)"
216.79.105.22 - - [22/Oct/1999:08:22:51 -0400] "GET /BUSINESS/drop_h.jpg HTTP/1.1" 200 2034 "http://www.selectsmart.com/PRESIDENT/" "Mozilla/4.0 (compatible; MSIE 4.01; Windows NT)"
216.79.105.22 - - [22/Oct/1999:08:22:51 -0400] "GET /PRESIDENT/vidal.gif HTTP/1.1" 200 11342 "http://www.selectsmart.com/PRESIDENT/" "Mozilla/4.0 (compatible; MSIE 4.01; Windows NT)"
216.79.105.22 - - [22/Oct/1999:08:22:51 -0400] "GET /PRESIDENT/TR.gif HTTP/1.1" 200 5566 "http://www.selectsmart.com/PRESIDENT/" "Mozilla/4.0 (compatible; MSIE 4.01; Windows NT)"
216.79.105.22 - - [22/Oct/1999:08:22:51 -0400] "GET /PRESIDENT/camp2000.gif HTTP/1.1" 200 7449 "http://www.selectsmart.com/PRESIDENT/" "Mozilla/4.0 (compatible; MSIE 4.01; Windows NT)"
216.79.105.22 - - [22/Oct/1999:08:22:51 -0400] "GET /curt.jpg HTTP/1.1" 200 4228 "http://www.selectsmart.com/PRESIDENT/" "Mozilla/4.0 (compatible; MSIE 4.01; Windows NT)"
63.22.138.21 - - [22/Oct/1999:08:22:59 -0400] "GET /PRESIDENT/packaging.gif HTTP/1.0" 200 10663 "http://www.selectsmart.com/PRESIDENT/" "Mozilla/4.04 [en] (Win95; I)"
206.97.64.162 - - [22/Oct/1999:08:23:00 -0400] "GET /PRESIDENT/ HTTP/1.0" 200 29678 "-" "Mozilla/4.5 [en] (Win98; I)"
206.97.64.162 - - [22/Oct/1999:08:23:01 -0400] "GET /BUSINESS/16.gif HTTP/1.0" 200 6704 "http://www.selectsmart.com/PRESIDENT/" "Mozilla/4.5 [en] (Win98; I)"
206.97.64.162 - - [22/Oct/1999:08:23:01 -0400] "GET /BUSINESS/drop_v.jpg HTTP/1.0" 200 1963 "http://www.selectsmart.com/PRESIDENT/" "Mozilla/4.5 [en] (Win98; I)"
206.97.64.162 - - [22/Oct/1999:08:23:01 -0400] "GET /BUSINESS/drop_h.jpg HTTP/1.0" 200 2034 "http://www.selectsmart.com/PRESIDENT/" "Mozilla/4.5 [en] (Win98; I)"
216.12.2.94 - - [22/Oct/1999:08:23:02 -0400] "GET /PRESIDENT/define8a.htm HTTP/1.0" 200 193 "-" "Mozilla/4.0 (compatible; MSIE 5.0; Windows 95; DigExt)"
63.22.138.21 - - [22/Oct/1999:08:23:03 -0400] "GET /PRESIDENT/vidal.gif HTTP/1.0" 200 11342 "http://www.selectsmart.com/PRESIDENT/" "Mozilla/4.04 [en] (Win95; I)"
206.97.64.162 - - [22/Oct/1999:08:23:04 -0400] "GET /PRESIDENT/TR.gif HTTP/1.0" 200 5566 "http://www.selectsmart.com/PRESIDENT/" "Mozilla/4.5 [en] (Win98; I)"
206.97.64.162 - - [22/Oct/1999:08:23:04 -0400] "GET /PRESIDENT/campaigns.gif HTTP/1.0" 200 5835 "http://www.selectsmart.com/PRESIDENT/" "Mozilla/4.5 [en] (Win98; I)"
206.97.64.162 - - [22/Oct/1999:08:23:04 -0400] "GET /PRESIDENT/anecdote.gif HTTP/1.0" 200 6898 "http://www.selectsmart.com/PRESIDENT/" "Mozilla/4.5 [en] (Win98; I)"
206.97.64.162 - - [22/Oct/1999:08:23:05 -0400] "GET /PRESIDENT/vidal.gif HTTP/1.0" 200 11342 "http://www.selectsmart.com/PRESIDENT/" "Mozilla/4.5 [en] (Win98; I)"
206.97.64.162 - - [22/Oct/1999:08:23:06 -0400] "GET /PRESIDENT/camp2000.gif HTTP/1.0" 200 7449 "http://www.selectsmart.com/PRESIDENT/" "Mozilla/4.5 [en] (Win98; I)"
206.97.64.162 - - [22/Oct/1999:08:23:07 -0400] "GET /PRESIDENT/packaging.gif HTTP/1.0" 200 10663 "http://www.selectsmart.com/PRESIDENT/" "Mozilla/4.5 [en] (Win98; I)"
192.216.141.186 - - [22/Oct/1999:08:23:07 -0400] "GET /PRESIDENT/results.php3?more=now&mid=18 HTTP/1.1" 200 3774 "http://www.selectsmart.com/PRESIDENT/results.php3" "Mozilla/4.0 (compatible; MSIE 4.01; Windows 98)"
192.216.141.186 - - [22/Oct/1999:08:23:08 -0400] "GET /PRESIDENT/images/mcreynolds.jpg HTTP/1.1" 200 4631 "http://www.selectsmart.com/PRESIDENT/results.php3?more=now&mid=18" "Mozilla/4.0 (compatible; MSIE 4.01; Windows 98)"
167.78.36.139 - - [22/Oct/1999:08:23:08 -0400] "GET /PRESIDENT/ HTTP/1.1" 304 - "-" "Mozilla/4.0 (compatible; MSIE 4.01; Windows 95)"
167.78.36.139 - - [22/Oct/1999:08:23:08 -0400] "GET /PRESIDENT/anecdote.gif HTTP/1.1" 304 - "http://www.selectsmart.com/PRESIDENT/" "Mozilla/4.0 (compatible; MSIE 4.01; Windows 95)"
167.78.36.139 - - [22/Oct/1999:08:23:08 -0400] "GET /BUSINESS/16.gif HTTP/1.1" 304 - "http://www.selectsmart.com/PRESIDENT/" "Mozilla/4.0 (compatible; MSIE 4.01; Windows 95)"
167.78.36.139 - - [22/Oct/1999:08:23:08 -0400] "GET /BUSINESS/drop_v.jpg HTTP/1.1" 304 - "http://www.selectsmart.com/PRESIDENT/" "Mozilla/4.0 (compatible; MSIE 4.01; Windows 95)"
167.78.36.139 - - [22/Oct/1999:08:23:08 -0400] "GET /PRESIDENT/packaging.gif HTTP/1.1" 304 - "http://www.selectsmart.com/PRESIDENT/" "Mozilla/4.0 (compatible; MSIE 4.01; Windows 95)"
167.78.36.139 - - [22/Oct/1999:08:23:08 -0400] "GET /PRESIDENT/campaigns.gif HTTP/1.1" 304 - "http://www.selectsmart.com/PRESIDENT/" "Mozilla/4.0 (compatible; MSIE 4.01; Windows 95)"
167.78.36.139 - - [22/Oct/1999:08:23:08 -0400] "GET /BUSINESS/drop_h.jpg HTTP/1.1" 304 - "http://www.selectsmart.com/PRESIDENT/" "Mozilla/4.0 (compatible; MSIE 4.01; Windows 95)"
167.78.36.139 - - [22/Oct/1999:08:23:08 -0400] "GET /PRESIDENT/vidal.gif HTTP/1.1" 304 - "http://www.selectsmart.com/PRESIDENT/" "Mozilla/4.0 (compatible; MSIE 4.01; Windows 95)"
167.78.36.139 - - [22/Oct/1999:08:23:08 -0400] "GET /PRESIDENT/TR.gif HTTP/1.1" 304 - "http://www.selectsmart.com/PRESIDENT/" "Mozilla/4.0 (compatible; MSIE 4.01; Windows 95)"
167.78.36.139 - - [22/Oct/1999:08:23:08 -0400] "GET /curt.jpg HTTP/1.1" 304 - "http://www.selectsmart.com/PRESIDENT/" "Mozilla/4.0 (compatible; MSIE 4.01; Windows 95)"
167.78.36.139 - - [22/Oct/1999:08:23:08 -0400] "GET /PRESIDENT/camp2000.gif HTTP/1.1" 304 - "http://www.selectsmart.com/PRESIDENT/" "Mozilla/4.0 (compatible; MSIE 4.01; Windows 95)"
63.22.138.21 - - [22/Oct/1999:08:23:08 -0400] "GET /PRESIDENT/camp2000.gif HTTP/1.0" 200 7449 "http://www.selectsmart.com/PRESIDENT/" "Mozilla/4.04 [en] (Win95; I)"
206.97.64.162 - - [22/Oct/1999:08:23:08 -0400] "GET /curt.jpg HTTP/1.0" 200 4228 "http://www.selectsmart.com/PRESIDENT/" "Mozilla/4.5 [en] (Win98; I)"
63.22.138.21 - - [22/Oct/1999:08:23:12 -0400] "GET /PRESIDENT/TR.gif HTTP/1.0" 200 5566 "http://www.selectsmart.com/PRESIDENT/" "Mozilla/4.04 [en] (Win95; I)"
205.188.198.154 - - [22/Oct/1999:08:23:17 -0400] "POST /PRESIDENT/results.php3 HTTP/1.0" 200 17736 "http://www.selectsmart.com/PRESIDENT/results.php3" "Mozilla/4.0 (compatible; MSIE 4.01; AOL 4.0; Mac_PPC)"
38.180.46.2 - - [22/Oct/1999:08:23:20 -0400] "POST /PRESIDENT/results.php3 HTTP/1.0" 200 6627 "http://www.selectsmart.com/PRESIDENT/" "Mozilla/4.61 [en] (Win95; I)"
38.29.28.88 - - [22/Oct/1999:08:23:20 -0400] "GET / HTTP/1.1" 200 1839 "-" "Mozilla/4.0 (compatible; MSIE 4.01; Windows 95; SI400B01)"
38.29.28.88 - - [22/Oct/1999:08:23:21 -0400] "GET /sidepanel.html HTTP/1.1" 200 3890 "http://www.selectsmart.com/" "Mozilla/4.0 (compatible; MSIE 4.01; Windows 95; SI400B01)"
38.29.28.88 - - [22/Oct/1999:08:23:22 -0400] "GET /AMAZON/amzn-buy.gif HTTP/1.1" 200 3051 "http://www.selectsmart.com/sidepanel.html" "Mozilla/4.0 (compatible; MSIE 4.01; Windows 95; SI400B01)"
38.29.28.88 - - [22/Oct/1999:08:23:22 -0400] "GET /solid52.gif HTTP/1.1" 200 980 "http://www.selectsmart.com/sidepanel.html" "Mozilla/4.0 (compatible; MSIE 4.01; Windows 95; SI400B01)"
38.29.28.88 - - [22/Oct/1999:08:23:24 -0400] "GET /thnkyell.jpg HTTP/1.1" 200 23337 "http://www.selectsmart.com/sidepanel.html" "Mozilla/4.0 (compatible; MSIE 4.01; Windows 95; SI400B01)"
38.180.46.2 - - [22/Oct/1999:08:23:25 -0400] "POST /PRESIDENT/results.php3 HTTP/1.0" 200 6627 "http://www.selectsmart.com/PRESIDENT/" "Mozilla/4.61 [en] (Win95; I)"
38.29.28.88 - - [22/Oct/1999:08:23:25 -0400] "GET /solid59.gif HTTP/1.1" 200 977 "http://www.selectsmart.com/sidepanel.html" "Mozilla/4.0 (compatible; MSIE 4.01; Windows 95; SI400B01)"
38.29.28.88 - - [22/Oct/1999:08:23:26 -0400] "GET /indexa.html HTTP/1.1" 200 20372 "http://www.selectsmart.com/" "Mozilla/4.0 (compatible; MSIE 4.01; Windows 95; SI400B01)"
207.113.14.142 - - [22/Oct/1999:08:23:29 -0400] "GET /BUSINESS/drop_v.jpg HTTP/1.1" 200 1963 "http://www.selectsmart.com/PRESIDENT/" "Mozilla/4.0 (compatible; MSIE 5.0; Windows 98; DigExt)"
207.113.14.142 - - [22/Oct/1999:08:23:29 -0400] "GET /BUSINESS/16.gif HTTP/1.1" 200 6704 "http://www.selectsmart.com/PRESIDENT/" "Mozilla/4.0 (compatible; MSIE 5.0; Windows 98; DigExt)"
207.113.14.142 - - [22/Oct/1999:08:23:29 -0400] "GET /BUSINESS/drop_h.jpg HTTP/1.1" 200 2034 "http://www.selectsmart.com/PRESIDENT/" "Mozilla/4.0 (compatible; MSIE 5.0; Windows 98; DigExt)"
38.29.28.88 - - [22/Oct/1999:08:23:29 -0400] "GET /solid17.gif HTTP/1.1" 200 988 "http://www.selectsmart.com/sidepanel.html" "Mozilla/4.0 (compatible; MSIE 4.01; Windows 95; SI400B01)"
207.113.14.142 - - [22/Oct/1999:08:23:29 -0400] "GET /PRESIDENT/ HTTP/1.1" 200 29678 "-" "Mozilla/4.0 (compatible; MSIE 5.0; Windows 98; DigExt)"
207.113.14.142 - - [22/Oct/1999:08:23:29 -0400] "GET /PRESIDENT/anecdote.gif HTTP/1.1" 200 6898 "http://www.selectsmart.com/PRESIDENT/" "Mozilla/4.0 (compatible; MSIE 5.0; Windows 98; DigExt)"
207.113.14.142 - - [22/Oct/1999:08:23:30 -0400] "GET /PRESIDENT/campaigns.gif HTTP/1.1" 200 5835 "http://www.selectsmart.com/PRESIDENT/" "Mozilla/4.0 (compatible; MSIE 5.0; Windows 98; DigExt)"
207.113.14.142 - - [22/Oct/1999:08:23:30 -0400] "GET /PRESIDENT/packaging.gif HTTP/1.1" 200 10663 "http://www.selectsmart.com/PRESIDENT/" "Mozilla/4.0 (compatible; MSIE 5.0; Windows 98; DigExt)"
207.113.14.142 - - [22/Oct/1999:08:23:31 -0400] "GET /PRESIDENT/vidal.gif HTTP/1.1" 200 11342 "http://www.selectsmart.com/PRESIDENT/" "Mozilla/4.0 (compatible; MSIE 5.0; Windows 98; DigExt)"
209.168.2.2 - - [22/Oct/1999:08:23:31 -0400] "GET /PRESIDENT/ HTTP/1.0" 200 29678 "-" "Mozilla/4.04 [en] (WinNT; U ;Nav)"
209.168.2.2 - - [22/Oct/1999:08:23:31 -0400] "GET /PRESIDENT/camp2000.gif HTTP/1.0" 200 7449 "-" "Mozilla/3.01 (compatible;)"
209.168.2.2 - - [22/Oct/1999:08:23:31 -0400] "GET /PRESIDENT/campaigns.gif HTTP/1.0" 304 - "http://www.selectsmart.com/PRESIDENT/" "Mozilla/4.04 [en] (WinNT; U ;Nav)"
209.168.2.2 - - [22/Oct/1999:08:23:31 -0400] "GET /PRESIDENT/vidal.gif HTTP/1.0" 304 - "http://www.selectsmart.com/PRESIDENT/" "Mozilla/4.04 [en] (WinNT; U ;Nav)"
207.113.14.142 - - [22/Oct/1999:08:23:31 -0400] "GET /PRESIDENT/TR.gif HTTP/1.1" 200 5566 "http://www.selectsmart.com/PRESIDENT/" "Mozilla/4.0 (compatible; MSIE 5.0; Windows 98; DigExt)"
209.168.2.2 - - [22/Oct/1999:08:23:31 -0400] "GET /PRESIDENT/packaging.gif HTTP/1.0" 304 - "http://www.selectsmart.com/PRESIDENT/" "Mozilla/4.04 [en] (WinNT; U ;Nav)"
207.113.14.142 - - [22/Oct/1999:08:23:31 -0400] "GET /PRESIDENT/camp2000.gif HTTP/1.1" 200 7449 "http://www.selectsmart.com/PRESIDENT/" "Mozilla/4.0 (compatible; MSIE 5.0; Windows 98; DigExt)"
209.168.2.2 - - [22/Oct/1999:08:23:31 -0400] "GET /PRESIDENT/TR.gif HTTP/1.0" 304 - "http://www.selectsmart.com/PRESIDENT/" "Mozilla/4.04 [en] (WinNT; U ;Nav)"
38.29.28.88 - - [22/Oct/1999:08:23:32 -0400] "GET /BUSINESS/14.gif HTTP/1.1" 200 6644 "http://www.selectsmart.com/indexa.html" "Mozilla/4.0 (compatible; MSIE 4.01; Windows 95; SI400B01)"
38.29.28.88 - - [22/Oct/1999:08:23:32 -0400] "GET /solid41.gif HTTP/1.1" 200 987 "http://www.selectsmart.com/sidepanel.html" "Mozilla/4.0 (compatible; MSIE 4.01; Windows 95; SI400B01)"
207.113.14.142 - - [22/Oct/1999:08:23:32 -0400] "GET /curt.jpg HTTP/1.1" 200 4228 "http://www.selectsmart.com/PRESIDENT/" "Mozilla/4.0 (compatible; MSIE 5.0; Windows 98; DigExt)"
38.29.28.88 - - [22/Oct/1999:08:23:33 -0400] "GET /solid17.gif HTTP/1.1" 200 988 "http://www.selectsmart.com/sidepanel.html" "Mozilla/4.0 (compatible; MSIE 4.01; Windows 95; SI400B01)"
207.251.201.123 - - [22/Oct/1999:08:23:33 -0400] "GET /indexa.html HTTP/1.0" 304 - "-" "Mozilla/3.01 (compatible;)"
38.29.28.88 - - [22/Oct/1999:08:23:33 -0400] "GET /BUSINESS/drop_v.jpg HTTP/1.1" 200 1963 "http://www.selectsmart.com/indexa.html" "Mozilla/4.0 (compatible; MSIE 4.01; Windows 95; SI400B01)"
38.29.28.88 - - [22/Oct/1999:08:23:34 -0400] "GET /BUSINESS/drop_h.jpg HTTP/1.1" 200 2034 "http://www.selectsmart.com/indexa.html" "Mozilla/4.0 (compatible; MSIE 4.01; Windows 95; SI400B01)"
38.29.28.88 - - [22/Oct/1999:08:23:35 -0400] "GET /up.jpg HTTP/1.1" 200 2511 "http://www.selectsmart.com/sidepanel.html" "Mozilla/4.0 (compatible; MSIE 4.01; Windows 95; SI400B01)"
38.29.28.88 - - [22/Oct/1999:08:23:35 -0400] "GET /solid6.gif HTTP/1.1" 200 993 "http://www.selectsmart.com/indexa.html" "Mozilla/4.0 (compatible; MSIE 4.01; Windows 95; SI400B01)"
38.29.28.88 - - [22/Oct/1999:08:23:36 -0400] "GET /solid11.gif HTTP/1.1" 200 1006 "http://www.selectsmart.com/indexa.html" "Mozilla/4.0 (compatible; MSIE 4.01; Windows 95; SI400B01)"
38.29.28.88 - - [22/Oct/1999:08:23:37 -0400] "GET /curt.jpg HTTP/1.1" 200 4228 "http://www.selectsmart.com/sidepanel.html" "Mozilla/4.0 (compatible; MSIE 4.01; Windows 95; SI400B01)"
38.29.28.88 - - [22/Oct/1999:08:23:37 -0400] "GET /solid28.gif HTTP/1.1" 200 972 "http://www.selectsmart.com/indexa.html" "Mozilla/4.0 (compatible; MSIE 4.01; Windows 95; SI400B01)"
38.29.28.88 - - [22/Oct/1999:08:23:38 -0400] "GET /solid48.gif HTTP/1.1" 200 987 "http://www.selectsmart.com/indexa.html" "Mozilla/4.0 (compatible; MSIE 4.01; Windows 95; SI400B01)"
38.29.28.88 - - [22/Oct/1999:08:23:39 -0400] "GET /solid48.gif HTTP/1.1" 200 987 "http://www.selectsmart.com/sidepanel.html" "Mozilla/4.0 (compatible; MSIE 4.01; Windows 95; SI400B01)"
38.29.28.88 - - [22/Oct/1999:08:23:39 -0400] "GET /exclaim.jpg HTTP/1.1" 200 7859 "http://www.selectsmart.com/indexa.html" "Mozilla/4.0 (compatible; MSIE 4.01; Windows 95; SI400B01)"
38.29.28.88 - - [22/Oct/1999:08:23:40 -0400] "GET /sltrib.gif HTTP/1.1" 200 5673 "http://www.selectsmart.com/indexa.html" "Mozilla/4.0 (compatible; MSIE 4.01; Windows 95; SI400B01)"
38.29.28.88 - - [22/Oct/1999:08:23:41 -0400] "GET /planetclick.gif HTTP/1.1" 200 4949 "http://www.selectsmart.com/indexa.html" "Mozilla/4.0 (compatible; MSIE 4.01; Windows 95; SI400B01)"
38.29.28.88 - - [22/Oct/1999:08:23:42 -0400] "GET /cooltools.gif HTTP/1.1" 200 3810 "http://www.selectsmart.com/indexa.html" "Mozilla/4.0 (compatible; MSIE 4.01; Windows 95; SI400B01)"
38.29.28.88 - - [22/Oct/1999:08:23:45 -0400] "GET /cooldogsiteselected.gif HTTP/1.1" 200 2982 "http://www.selectsmart.com/indexa.html" "Mozilla/4.0 (compatible; MSIE 4.01; Windows 95; SI400B01)"
38.29.28.88 - - [22/Oct/1999:08:23:46 -0400] "GET /carolin2.gif HTTP/1.1" 200 3241 "http://www.selectsmart.com/indexa.html" "Mozilla/4.0 (compatible; MSIE 4.01; Windows 95; SI400B01)"
38.29.28.88 - - [22/Oct/1999:08:23:47 -0400] "GET /CoolAward2.gif HTTP/1.1" 200 5548 "http://www.selectsmart.com/indexa.html" "Mozilla/4.0 (compatible; MSIE 4.01; Windows 95; SI400B01)"
38.29.28.88 - - [22/Oct/1999:08:23:48 -0400] "GET /sitename60_mining.gif HTTP/1.1" 200 2015 "http://www.selectsmart.com/indexa.html" "Mozilla/4.0 (compatible; MSIE 4.01; Windows 95; SI400B01)"
38.29.28.88 - - [22/Oct/1999:08:23:49 -0400] "GET /cpetsitm.gif HTTP/1.1" 200 6269 "http://www.selectsmart.com/indexa.html" "Mozilla/4.0 (compatible; MSIE 4.01; Windows 95; SI400B01)"
38.29.28.88 - - [22/Oct/1999:08:23:50 -0400] "GET /blkpaw.gif HTTP/1.1" 200 936 "http://www.selectsmart.com/indexa.html" "Mozilla/4.0 (compatible; MSIE 4.01; Windows 95; SI400B01)"
63.22.138.21 - - [22/Oct/1999:08:24:04 -0400] "GET /curt.jpg HTTP/1.0" 200 4228 "http://www.selectsmart.com/PRESIDENT/" "Mozilla/4.04 [en] (Win95; I)"
151.200.96.6 - - [22/Oct/1999:08:24:20 -0400] "POST /PRESIDENT/results.php3 HTTP/1.0" 200 6627 "http://www.selectsmart.com/PRESIDENT/" "Mozilla/4.06 [en] (WinNT; U)"
12.5.163.20 - - [22/Oct/1999:08:24:23 -0400] "POST /PRESIDENT/results.php3 HTTP/1.0" 200 6627 "http://www.selectsmart.com/PRESIDENT/" "Mozilla/4.0 (compatible; MSIE 4.01; Windows 95)"
204.68.140.35 - - [22/Oct/1999:08:24:26 -0400] "POST /PRESIDENT/results.php3 HTTP/1.0" 200 6625 "http://www.selectsmart.com/PRESIDENT/" "Mozilla/4.04 [en] (Win95; U)"
38.180.46.2 - - [22/Oct/1999:08:24:28 -0400] "POST /PRESIDENT/results.php3 HTTP/1.0" 200 1376 "http://www.selectsmart.com/PRESIDENT/results.php3" "Mozilla/4.61 [en] (Win95; I)"
151.200.96.6 - - [22/Oct/1999:08:24:38 -0400] "POST /PRESIDENT/results.php3 HTTP/1.0" 200 8020 "http://www.selectsmart.com/PRESIDENT/results.php3" "Mozilla/4.06 [en] (WinNT; U)"
151.200.96.6 - - [22/Oct/1999:08:24:38 -0400] "GET /PRESIDENT/images/bradley.jpg HTTP/1.0" 200 2294 "http://www.selectsmart.com/PRESIDENT/results.php3" "Mozilla/4.06 [en] (WinNT; U)"
38.180.46.2 - - [22/Oct/1999:08:24:38 -0400] "GET /PRESIDENT/index.html HTTP/1.0" 200 29678 "http://www.selectsmart.com/PRESIDENT/results.php3" "Mozilla/4.61 [en] (Win95; I)"
206.97.64.162 - - [22/Oct/1999:08:24:42 -0400] "GET /PRESIDENT/define8.htm HTTP/1.0" 200 322 "http://www.selectsmart.com/PRESIDENT/" "Mozilla/4.5 [en] (Win98; I)"
12.5.163.20 - - [22/Oct/1999:08:24:44 -0400] "POST /PRESIDENT/results.php3 HTTP/1.0" 200 12930 "http://www.selectsmart.com/PRESIDENT/results.php3" "Mozilla/4.0 (compatible; MSIE 4.01; Windows 95)"
12.5.163.20 - - [22/Oct/1999:08:24:45 -0400] "GET /PRESIDENT/images/bradley.jpg HTTP/1.0" 200 2294 "http://www.selectsmart.com/PRESIDENT/results.php3" "Mozilla/4.0 (compatible; MSIE 4.01; Windows 95)"
143.231.165.83 - - [22/Oct/1999:08:24:45 -0400] "GET /PRESIDENT/ HTTP/1.0" 200 29678 "-" "Mozilla/4.51 [en] (WinNT; U)"
12.5.163.20 - - [22/Oct/1999:08:24:45 -0400] "GET /PRESIDENT/images/gore.jpg HTTP/1.0" 200 2930 "http://www.selectsmart.com/PRESIDENT/results.php3" "Mozilla/4.0 (compatible; MSIE 4.01; Windows 95)"
143.231.165.83 - - [22/Oct/1999:08:24:45 -0400] "GET /BUSINESS/drop_h.jpg HTTP/1.0" 200 2034 "http://www.selectsmart.com/PRESIDENT/" "Mozilla/4.51 [en] (WinNT; U)"
143.231.165.83 - - [22/Oct/1999:08:24:45 -0400] "GET /BUSINESS/16.gif HTTP/1.0" 200 6704 "http://www.selectsmart.com/PRESIDENT/" "Mozilla/4.51 [en] (WinNT; U)"
143.231.165.83 - - [22/Oct/1999:08:24:45 -0400] "GET /BUSINESS/drop_v.jpg HTTP/1.0" 200 1963 "http://www.selectsmart.com/PRESIDENT/" "Mozilla/4.51 [en] (WinNT; U)"
143.231.165.83 - - [22/Oct/1999:08:24:46 -0400] "GET /PRESIDENT/anecdote.gif HTTP/1.0" 200 6898 "http://www.selectsmart.com/PRESIDENT/" "Mozilla/4.51 [en] (WinNT; U)"
143.231.165.83 - - [22/Oct/1999:08:24:46 -0400] "GET /PRESIDENT/packaging.gif HTTP/1.0" 200 10663 "http://www.selectsmart.com/PRESIDENT/" "Mozilla/4.51 [en] (WinNT; U)"
143.231.165.83 - - [22/Oct/1999:08:24:46 -0400] "GET /PRESIDENT/vidal.gif HTTP/1.0" 200 11342 "http://www.selectsmart.com/PRESIDENT/" "Mozilla/4.51 [en] (WinNT; U)"
143.231.165.83 - - [22/Oct/1999:08:24:46 -0400] "GET /PRESIDENT/TR.gif HTTP/1.0" 200 5566 "http://www.selectsmart.com/PRESIDENT/" "Mozilla/4.51 [en] (WinNT; U)"
143.231.165.83 - - [22/Oct/1999:08:24:46 -0400] "GET /PRESIDENT/campaigns.gif HTTP/1.0" 200 5835 "http://www.selectsmart.com/PRESIDENT/" "Mozilla/4.51 [en] (WinNT; U)"
143.231.165.83 - - [22/Oct/1999:08:24:46 -0400] "GET /PRESIDENT/camp2000.gif HTTP/1.0" 200 7449 "http://www.selectsmart.com/PRESIDENT/" "Mozilla/4.51 [en] (WinNT; U)"
143.231.165.83 - - [22/Oct/1999:08:24:46 -0400] "GET /curt.jpg HTTP/1.0" 200 4228 "http://www.selectsmart.com/PRESIDENT/" "Mozilla/4.51 [en] (WinNT; U)"
209.91.8.134 - - [22/Oct/1999:08:25:00 -0400] "GET /PRESIDENT/define16.htm HTTP/1.0" 200 229 "-" "Mozilla/4.0 (compatible; MSIE 4.01; Windows 98)"
205.188.209.41 - - [22/Oct/1999:08:25:01 -0400] "GET /PRESIDENT HTTP/1.0" 301 241 "-" "Mozilla/4.0 (compatible; MSIE 4.01; AOL 4.0; Mac_PPC)"
198.8.34.101 - - [22/Oct/1999:08:25:01 -0400] "GET /BUSINESS/16.gif HTTP/1.1" 200 6704 "http://www.selectsmart.com/PRESIDENT/" "Mozilla/4.0 (compatible; MSIE 4.01; Windows 98)"
198.8.34.101 - - [22/Oct/1999:08:25:01 -0400] "GET /BUSINESS/drop_v.jpg HTTP/1.1" 200 1963 "http://www.selectsmart.com/PRESIDENT/" "Mozilla/4.0 (compatible; MSIE 4.01; Windows 98)"
198.8.34.101 - - [22/Oct/1999:08:25:01 -0400] "GET /PRESIDENT/ HTTP/1.1" 200 29678 "http://www.delphi.com/n/mb/message.asp?webtag=1stAmendment&msg=718.1" "Mozilla/4.0 (compatible; MSIE 4.01; Windows 98)"
198.8.34.101 - - [22/Oct/1999:08:25:01 -0400] "GET /BUSINESS/drop_h.jpg HTTP/1.1" 200 2034 "http://www.selectsmart.com/PRESIDENT/" "Mozilla/4.0 (compatible; MSIE 4.01; Windows 98)"
198.8.34.101 - - [22/Oct/1999:08:25:02 -0400] "GET /PRESIDENT/anecdote.gif HTTP/1.1" 200 6898 "http://www.selectsmart.com/PRESIDENT/" "Mozilla/4.0 (compatible; MSIE 4.01; Windows 98)"
198.8.34.101 - - [22/Oct/1999:08:25:02 -0400] "GET /PRESIDENT/campaigns.gif HTTP/1.1" 200 5835 "http://www.selectsmart.com/PRESIDENT/" "Mozilla/4.0 (compatible; MSIE 4.01; Windows 98)"
198.8.34.101 - - [22/Oct/1999:08:25:02 -0400] "GET /PRESIDENT/packaging.gif HTTP/1.1" 200 10663 "http://www.selectsmart.com/PRESIDENT/" "Mozilla/4.0 (compatible; MSIE 4.01; Windows 98)"
198.8.34.101 - - [22/Oct/1999:08:25:02 -0400] "GET /PRESIDENT/vidal.gif HTTP/1.1" 200 11342 "http://www.selectsmart.com/PRESIDENT/" "Mozilla/4.0 (compatible; MSIE 4.01; Windows 98)"
198.8.34.101 - - [22/Oct/1999:08:25:02 -0400] "GET /PRESIDENT/TR.gif HTTP/1.1" 200 5566 "http://www.selectsmart.com/PRESIDENT/" "Mozilla/4.0 (compatible; MSIE 4.01; Windows 98)"
198.8.34.101 - - [22/Oct/1999:08:25:02 -0400] "GET /PRESIDENT/camp2000.gif HTTP/1.1" 200 7449 "http://www.selectsmart.com/PRESIDENT/" "Mozilla/4.0 (compatible; MSIE 4.01; Windows 98)"
198.8.34.101 - - [22/Oct/1999:08:25:02 -0400] "GET /curt.jpg HTTP/1.1" 200 4228 "http://www.selectsmart.com/PRESIDENT/" "Mozilla/4.0 (compatible; MSIE 4.01; Windows 98)"
206.97.64.162 - - [22/Oct/1999:08:25:27 -0400] "GET /PRESIDENT/define10b.htm HTTP/1.0" 200 160 "http://www.selectsmart.com/PRESIDENT/" "Mozilla/4.5 [en] (Win98; I)"
216.12.2.94 - - [22/Oct/1999:08:25:27 -0400] "POST /PRESIDENT/results.php3 HTTP/1.0" 200 6627 "http://www.selectsmart.com/PRESIDENT/" "Mozilla/4.0 (compatible; MSIE 5.0; Windows 95; DigExt)"
206.97.64.162 - - [22/Oct/1999:08:25:49 -0400] "GET /PRESIDENT/define.htm HTTP/1.0" 200 151 "http://www.selectsmart.com/PRESIDENT/" "Mozilla/4.5 [en] (Win98; I)"
152.163.207.82 - - [22/Oct/1999:08:25:52 -0400] "POST /PRESIDENT/results.php3 HTTP/1.0" 200 6627 "http://www.selectsmart.com/PRESIDENT/" "Mozilla/2.0 (compatible; MSIE 3.02; AK; AOL 4.0; Windows 95)"
206.97.64.162 - - [22/Oct/1999:08:25:56 -0400] "GET /PRESIDENT/define1.htm HTTP/1.0" 200 144 "http://www.selectsmart.com/PRESIDENT/" "Mozilla/4.5 [en] (Win98; I)"
209.91.8.134 - - [22/Oct/1999:08:26:09 -0400] "POST /PRESIDENT/results.php3 HTTP/1.0" 200 6626 "http://www.selectsmart.com/PRESIDENT/" "Mozilla/4.0 (compatible; MSIE 4.01; Windows 98)"
209.8.113.130 - - [22/Oct/1999:08:26:17 -0400] "GET /PRESIDENT/define8.htm HTTP/1.0" 200 322 "http://www.selectsmart.com/PRESIDENT/" "Mozilla/4.05 (Macintosh; U; PPC)"
38.250.149.188 - - [22/Oct/1999:08:26:19 -0400] "POST /PRESIDENT/results.php3 HTTP/1.1" 200 6640 "http://www.selectsmart.com/PRESIDENT/" "Mozilla/4.0 (compatible; MSIE 4.01; Windows NT)"
207.201.208.230 - - [22/Oct/1999:08:26:20 -0400] "GET /PRESIDENT HTTP/1.1" 301 253 "http://www.selectsmart.com/PRESIDENT" "Mozilla/4.0 (compatible; MSIE 4.01; Windows 95)"
38.250.149.188 - - [22/Oct/1999:08:26:21 -0400] "GET /PRESIDENT/results.php3 HTTP/1.0" 200 2503 "-" "Lotus-Notes/4.5 ( Windows-NT )"
207.201.208.230 - - [22/Oct/1999:08:26:22 -0400] "GET /PRESIDENT/ HTTP/1.1" 200 29678 "http://www.selectsmart.com/PRESIDENT" "Mozilla/4.0 (compatible; MSIE 4.01; Windows 95)"
207.201.208.230 - - [22/Oct/1999:08:26:22 -0400] "GET /BUSINESS/16.gif HTTP/1.1" 200 6704 "http://www.selectsmart.com/PRESIDENT/" "Mozilla/4.0 (compatible; MSIE 4.01; Windows 95)"
207.201.208.230 - - [22/Oct/1999:08:26:22 -0400] "GET /BUSINESS/drop_v.jpg HTTP/1.1" 200 1963 "http://www.selectsmart.com/PRESIDENT/" "Mozilla/4.0 (compatible; MSIE 4.01; Windows 95)"
207.201.208.230 - - [22/Oct/1999:08:26:23 -0400] "GET /BUSINESS/drop_h.jpg HTTP/1.1" 200 2034 "http://www.selectsmart.com/PRESIDENT/" "Mozilla/4.0 (compatible; MSIE 4.01; Windows 95)"
207.201.208.230 - - [22/Oct/1999:08:26:24 -0400] "GET /PRESIDENT/anecdote.gif HTTP/1.1" 200 6898 "http://www.selectsmart.com/PRESIDENT/" "Mozilla/4.0 (compatible; MSIE 4.01; Windows 95)"
207.201.208.230 - - [22/Oct/1999:08:26:24 -0400] "GET /PRESIDENT/campaigns.gif HTTP/1.1" 200 5835 "http://www.selectsmart.com/PRESIDENT/" "Mozilla/4.0 (compatible; MSIE 4.01; Windows 95)"
207.201.208.230 - - [22/Oct/1999:08:26:26 -0400] "GET /PRESIDENT/packaging.gif HTTP/1.1" 200 10663 "http://www.selectsmart.com/PRESIDENT/" "Mozilla/4.0 (compatible; MSIE 4.01; Windows 95)"
158.72.200.34 - - [22/Oct/1999:08:26:28 -0400] "POST /PRESIDENT/results.php3 HTTP/1.0" 200 6627 "http://www.selectsmart.com/PRESIDENT/" "Mozilla/4.05 [en] (WinNT; I)"
159.19.66.50 - - [22/Oct/1999:08:26:29 -0400] "POST /PRESIDENT/results.php3 HTTP/1.1" 200 6639 "http://www.selectsmart.com/PRESIDENT/" "Mozilla/4.0 (compatible; MSIE 5.0; Windows 98; DigExt)"
207.201.208.230 - - [22/Oct/1999:08:26:29 -0400] "GET /PRESIDENT/vidal.gif HTTP/1.1" 200 11342 "http://www.selectsmart.com/PRESIDENT/" "Mozilla/4.0 (compatible; MSIE 4.01; Windows 95)"
207.201.208.230 - - [22/Oct/1999:08:26:29 -0400] "GET /PRESIDENT/TR.gif HTTP/1.1" 200 5566 "http://www.selectsmart.com/PRESIDENT/" "Mozilla/4.0 (compatible; MSIE 4.01; Windows 95)"
207.201.208.230 - - [22/Oct/1999:08:26:32 -0400] "GET /PRESIDENT/camp2000.gif HTTP/1.1" 200 7449 "http://www.selectsmart.com/PRESIDENT/" "Mozilla/4.0 (compatible; MSIE 4.01; Windows 95)"
207.201.208.230 - - [22/Oct/1999:08:26:33 -0400] "GET /curt.jpg HTTP/1.1" 200 4228 "http://www.selectsmart.com/PRESIDENT/" "Mozilla/4.0 (compatible; MSIE 4.01; Windows 95)"
209.216.221.85 - - [22/Oct/1999:08:26:33 -0400] "GET /BUSINESS/16.gif HTTP/1.1" 200 6704 "http://www.selectsmart.com/PRESIDENT/" "Mozilla/4.0 (compatible; MSIE 4.01; Windows 98)"
209.216.221.85 - - [22/Oct/1999:08:26:33 -0400] "GET /BUSINESS/drop_v.jpg HTTP/1.1" 200 1963 "http://www.selectsmart.com/PRESIDENT/" "Mozilla/4.0 (compatible; MSIE 4.01; Windows 98)"
209.91.8.134 - - [22/Oct/1999:08:26:33 -0400] "GET /PRESIDENT/results.php3?more=now&mid=8 HTTP/1.0" 200 6966 "http://www.selectsmart.com/PRESIDENT/results.php3" "Mozilla/4.0 (compatible; MSIE 4.01; Windows 98)"
209.216.221.85 - - [22/Oct/1999:08:26:33 -0400] "GET /PRESIDENT/ HTTP/1.1" 200 29678 "-" "Mozilla/4.0 (compatible; MSIE 4.01; Windows 98)"
209.168.2.2 - - [22/Oct/1999:08:26:40 -0400] "POST /PRESIDENT/results.php3 HTTP/1.0" 200 6627 "http://www.selectsmart.com/PRESIDENT/" "Mozilla/4.04 [en] (WinNT; U ;Nav)"
209.219.72.166 - - [22/Oct/1999:08:26:42 -0400] "POST /PRESIDENT/results.php3 HTTP/1.0" 200 6627 "http://www.selectsmart.com/PRESIDENT/" "Mozilla/4.7 [en] (Win95; I)"
209.216.221.85 - - [22/Oct/1999:08:26:44 -0400] "GET /PRESIDENT/anecdote.gif HTTP/1.1" 200 6898 "http://www.selectsmart.com/PRESIDENT/" "Mozilla/4.0 (compatible; MSIE 4.01; Windows 98)"
198.8.34.101 - - [22/Oct/1999:08:26:45 -0400] "POST /PRESIDENT/results.php3 HTTP/1.1" 200 6639 "http://www.selectsmart.com/PRESIDENT/" "Mozilla/4.0 (compatible; MSIE 4.01; Windows 98)"
143.231.64.69 - - [22/Oct/1999:08:26:52 -0400] "GET /PRESIDENT/ HTTP/1.1" 200 29678 "-" "Mozilla/4.0 (compatible; MSIE 4.01; Windows 95; ACS_IQ)"
129.46.193.29 - - [22/Oct/1999:08:26:53 -0400] "-" 408 - "-" "-"
159.19.66.50 - - [22/Oct/1999:08:26:53 -0400] "GET /PRESIDENT/results.php3?more=now&mid=9 HTTP/1.1" 200 6106 "http://www.selectsmart.com/PRESIDENT/results.php3" "Mozilla/4.0 (compatible; MSIE 5.0; Windows 98; DigExt)"
159.19.66.50 - - [22/Oct/1999:08:26:53 -0400] "GET /PRESIDENT/images/gore.jpg HTTP/1.1" 200 2930 "http://www.selectsmart.com/PRESIDENT/results.php3?more=now&mid=9" "Mozilla/4.0 (compatible; MSIE 5.0; Windows 98; DigExt)"
143.231.64.69 - - [22/Oct/1999:08:26:54 -0400] "GET /PRESIDENT/anecdote.gif HTTP/1.1" 200 6898 "http://www.selectsmart.com/PRESIDENT/" "Mozilla/4.0 (compatible; MSIE 4.01; Windows 95; ACS_IQ)"
143.231.64.69 - - [22/Oct/1999:08:26:54 -0400] "GET /BUSINESS/16.gif HTTP/1.1" 200 6704 "http://www.selectsmart.com/PRESIDENT/" "Mozilla/4.0 (compatible; MSIE 4.01; Windows 95; ACS_IQ)"
143.231.64.69 - - [22/Oct/1999:08:26:54 -0400] "GET /BUSINESS/drop_v.jpg HTTP/1.1" 200 1963 "http://www.selectsmart.com/PRESIDENT/" "Mozilla/4.0 (compatible; MSIE 4.01; Windows 95; ACS_IQ)"
143.231.64.69 - - [22/Oct/1999:08:26:54 -0400] "GET /PRESIDENT/campaigns.gif HTTP/1.1" 200 5835 "http://www.selectsmart.com/PRESIDENT/" "Mozilla/4.0 (compatible; MSIE 4.01; Windows 95; ACS_IQ)"
143.231.64.69 - - [22/Oct/1999:08:26:54 -0400] "GET /BUSINESS/drop_h.jpg HTTP/1.1" 200 2034 "http://www.selectsmart.com/PRESIDENT/" "Mozilla/4.0 (compatible; MSIE 4.01; Windows 95; ACS_IQ)"
143.231.64.69 - - [22/Oct/1999:08:26:54 -0400] "GET /PRESIDENT/packaging.gif HTTP/1.1" 200 10663 "http://www.selectsmart.com/PRESIDENT/" "Mozilla/4.0 (compatible; MSIE 4.01; Windows 95; ACS_IQ)"
143.231.64.69 - - [22/Oct/1999:08:26:54 -0400] "GET /PRESIDENT/vidal.gif HTTP/1.1" 200 11342 "http://www.selectsmart.com/PRESIDENT/" "Mozilla/4.0 (compatible; MSIE 4.01; Windows 95; ACS_IQ)"
