165.236.189.201 - - [22/Oct/1999:00:21:11 -0400] "GET /DOG/images/havahead.gif HTTP/1.0" 200 1864 "http://www.selectsmart.com/DOG/description2.htm" "Mozilla/4.0 (compatible; MSIE 5.0; Windows 95; DigExt)"
165.236.189.201 - - [22/Oct/1999:00:21:11 -0400] "GET /DOG/images/IWS.jpg HTTP/1.0" 200 1593 "http://www.selectsmart.com/DOG/description2.htm" "Mozilla/4.0 (compatible; MSIE 5.0; Windows 95; DigExt)"
165.236.189.201 - - [22/Oct/1999:00:21:14 -0400] "GET /DOG/images/JACKruss.jpg HTTP/1.0" 200 1448 "http://www.selectsmart.com/DOG/description2.htm" "Mozilla/4.0 (compatible; MSIE 5.0; Windows 95; DigExt)"
165.236.189.201 - - [22/Oct/1999:00:21:14 -0400] "GET /DOG/images/spinoni.jpg HTTP/1.0" 200 1272 "http://www.selectsmart.com/DOG/description2.htm" "Mozilla/4.0 (compatible; MSIE 5.0; Windows 95; DigExt)"
165.236.189.201 - - [22/Oct/1999:00:21:16 -0400] "GET /DOG/images/keeshond.jpg HTTP/1.0" 304 - "http://www.selectsmart.com/DOG/description2.htm" "Mozilla/4.0 (compatible; MSIE 5.0; Windows 95; DigExt)"
165.236.189.201 - - [22/Oct/1999:00:21:16 -0400] "GET /DOG/images/kira.jpg HTTP/1.0" 200 1337 "http://www.selectsmart.com/DOG/description2.htm" "Mozilla/4.0 (compatible; MSIE 5.0; Windows 95; DigExt)"
206.109.29.87 - - [22/Oct/1999:00:21:17 -0400] "POST /PRESIDENT/results.php3 HTTP/1.0" 200 17736 "http://www.selectsmart.com/PRESIDENT/results.php3" "Mozilla/4.51 [en] (Win98; I)"
165.236.189.201 - - [22/Oct/1999:00:21:18 -0400] "GET /DOG/images/lab3.jpg HTTP/1.0" 200 1396 "http://www.selectsmart.com/DOG/description2.htm" "Mozilla/4.0 (compatible; MSIE 5.0; Windows 95; DigExt)"
206.109.29.87 - - [22/Oct/1999:00:21:19 -0400] "GET /PRESIDENT/images/bradley.jpg HTTP/1.0" 200 2294 "http://www.selectsmart.com/PRESIDENT/results.php3" "Mozilla/4.51 [en] (Win98; I)"
165.236.189.201 - - [22/Oct/1999:00:21:20 -0400] "GET /DOG/images/mastiff.jpg HTTP/1.0" 200 1403 "http://www.selectsmart.com/DOG/description2.htm" "Mozilla/4.0 (compatible; MSIE 5.0; Windows 95; DigExt)"
206.109.29.87 - - [22/Oct/1999:00:21:20 -0400] "GET /PRESIDENT/images/bush.jpg HTTP/1.0" 200 2977 "http://www.selectsmart.com/PRESIDENT/results.php3" "Mozilla/4.51 [en] (Win98; I)"
165.236.189.201 - - [22/Oct/1999:00:21:20 -0400] "GET /DOG/images/lab1.jpg HTTP/1.0" 200 1467 "http://www.selectsmart.com/DOG/description2.htm" "Mozilla/4.0 (compatible; MSIE 5.0; Windows 95; DigExt)"
206.109.29.87 - - [22/Oct/1999:00:21:20 -0400] "GET /PRESIDENT/images/gore.jpg HTTP/1.0" 200 2930 "http://www.selectsmart.com/PRESIDENT/results.php3" "Mozilla/4.51 [en] (Win98; I)"
165.236.189.201 - - [22/Oct/1999:00:21:21 -0400] "GET /DOG/images/minpin.jpg HTTP/1.0" 200 1849 "http://www.selectsmart.com/DOG/description2.htm" "Mozilla/4.0 (compatible; MSIE 5.0; Windows 95; DigExt)"
165.236.189.201 - - [22/Oct/1999:00:21:21 -0400] "GET /DOG/images/minschnauz.jpg HTTP/1.0" 200 1305 "http://www.selectsmart.com/DOG/description2.htm" "Mozilla/4.0 (compatible; MSIE 5.0; Windows 95; DigExt)"
165.134.110.26 - - [22/Oct/1999:00:21:22 -0400] "POST /PRESIDENT/results.php3 HTTP/1.0" 200 6627 "http://www.selectsmart.com/PRESIDENT/" "Mozilla/4.51 (Macintosh; I; PPC)"
63.15.198.196 - - [22/Oct/1999:00:21:22 -0400] "GET /beta_dog/index.html HTTP/1.0" 200 24154 "http://www.selectsmart.com/beta_dog/results.php3" "Mozilla/4.6 [en] (Win98; I)"
165.236.189.201 - - [22/Oct/1999:00:21:23 -0400] "GET /DOG/images/otter.jpg HTTP/1.0" 200 1206 "http://www.selectsmart.com/DOG/description2.htm" "Mozilla/4.0 (compatible; MSIE 5.0; Windows 95; DigExt)"
165.236.189.201 - - [22/Oct/1999:00:21:24 -0400] "GET /DOG/images/elkhound.jpg HTTP/1.0" 200 1687 "http://www.selectsmart.com/DOG/description2.htm" "Mozilla/4.0 (compatible; MSIE 5.0; Windows 95; DigExt)"
165.236.189.201 - - [22/Oct/1999:00:21:55 -0400] "GET /DOG/description3A.htm HTTP/1.0" 200 27358 "http://www.selectsmart.com/cgi-bin/dog/rdog.cgi" "Mozilla/4.0 (compatible; MSIE 5.0; Windows 95; DigExt)"
207.251.201.123 - - [22/Oct/1999:00:21:56 -0400] "GET /indexa.html HTTP/1.0" 304 - "-" "Mozilla/3.01 (compatible;)"
165.236.189.201 - - [22/Oct/1999:00:21:58 -0400] "GET /DOG/images/schipperke.jpg HTTP/1.0" 200 1429 "http://www.selectsmart.com/DOG/description3A.htm" "Mozilla/4.0 (compatible; MSIE 5.0; Windows 95; DigExt)"
165.236.189.201 - - [22/Oct/1999:00:22:00 -0400] "GET /DOG/images/sheltie.jpg HTTP/1.0" 200 1210 "http://www.selectsmart.com/DOG/description3A.htm" "Mozilla/4.0 (compatible; MSIE 5.0; Windows 95; DigExt)"
165.236.189.201 - - [22/Oct/1999:00:22:01 -0400] "GET /DOG/images/shiba.jpg HTTP/1.0" 200 1285 "http://www.selectsmart.com/DOG/description3A.htm" "Mozilla/4.0 (compatible; MSIE 5.0; Windows 95; DigExt)"
165.236.189.201 - - [22/Oct/1999:00:22:02 -0400] "GET /DOG/images/husky.jpg HTTP/1.0" 200 1215 "http://www.selectsmart.com/DOG/description3A.htm" "Mozilla/4.0 (compatible; MSIE 5.0; Windows 95; DigExt)"
165.236.189.201 - - [22/Oct/1999:00:22:02 -0400] "GET /DOG/images/scwt.jpg HTTP/1.0" 200 1553 "http://www.selectsmart.com/DOG/description3A.htm" "Mozilla/4.0 (compatible; MSIE 5.0; Windows 95; DigExt)"
152.202.177.196 - - [22/Oct/1999:00:22:03 -0400] "GET /PRESIDENT/ HTTP/1.1" 304 - "http://www.altavista.com/cgi-bin/query?pg=q&kl=XX&stype=stext&q=www.selectsmart.com%2Fpresident%2F&search.x=24&search.y=8" "Mozilla/4.0 (compatible; MSIE 4.01; Windows 98)"
165.236.189.201 - - [22/Oct/1999:00:22:03 -0400] "GET /DOG/images/staffy2.jpg HTTP/1.0" 200 1663 "http://www.selectsmart.com/DOG/description3A.htm" "Mozilla/4.0 (compatible; MSIE 5.0; Windows 95; DigExt)"
152.163.232.23 - - [22/Oct/1999:00:22:04 -0400] "POST /PRESIDENT/results.php3 HTTP/1.0" 200 6610 "http://www.selectsmart.com/PRESIDENT/" "Mozilla/4.0 (compatible; MSIE 5.0; AOL 4.0; Windows 98; DigExt)"
152.202.177.196 - - [22/Oct/1999:00:22:04 -0400] "GET /PRESIDENT/anecdote.gif HTTP/1.1" 304 - "http://www.selectsmart.com/PRESIDENT/" "Mozilla/4.0 (compatible; MSIE 4.01; Windows 98)"
152.202.177.196 - - [22/Oct/1999:00:22:04 -0400] "GET /BUSINESS/16.gif HTTP/1.1" 304 - "http://www.selectsmart.com/PRESIDENT/" "Mozilla/4.0 (compatible; MSIE 4.01; Windows 98)"
152.202.177.196 - - [22/Oct/1999:00:22:04 -0400] "GET /BUSINESS/drop_v.jpg HTTP/1.1" 304 - "http://www.selectsmart.com/PRESIDENT/" "Mozilla/4.0 (compatible; MSIE 4.01; Windows 98)"
152.202.177.196 - - [22/Oct/1999:00:22:04 -0400] "GET /PRESIDENT/campaigns.gif HTTP/1.1" 304 - "http://www.selectsmart.com/PRESIDENT/" "Mozilla/4.0 (compatible; MSIE 4.01; Windows 98)"
152.202.177.196 - - [22/Oct/1999:00:22:04 -0400] "GET /PRESIDENT/packaging.gif HTTP/1.1" 304 - "http://www.selectsmart.com/PRESIDENT/" "Mozilla/4.0 (compatible; MSIE 4.01; Windows 98)"
165.236.189.201 - - [22/Oct/1999:00:22:04 -0400] "GET /DOG/images/sschnauz.jpg HTTP/1.0" 200 1439 "http://www.selectsmart.com/DOG/description3A.htm" "Mozilla/4.0 (compatible; MSIE 5.0; Windows 95; DigExt)"
152.202.177.196 - - [22/Oct/1999:00:22:04 -0400] "GET /BUSINESS/drop_h.jpg HTTP/1.1" 304 - "http://www.selectsmart.com/PRESIDENT/" "Mozilla/4.0 (compatible; MSIE 4.01; Windows 98)"
152.202.177.196 - - [22/Oct/1999:00:22:05 -0400] "GET /PRESIDENT/camp2000.gif HTTP/1.1" 304 - "http://www.selectsmart.com/PRESIDENT/" "Mozilla/4.0 (compatible; MSIE 4.01; Windows 98)"
152.202.177.196 - - [22/Oct/1999:00:22:05 -0400] "GET /PRESIDENT/TR.gif HTTP/1.1" 304 - "http://www.selectsmart.com/PRESIDENT/" "Mozilla/4.0 (compatible; MSIE 4.01; Windows 98)"
152.202.177.196 - - [22/Oct/1999:00:22:05 -0400] "GET /PRESIDENT/vidal.gif HTTP/1.1" 304 - "http://www.selectsmart.com/PRESIDENT/" "Mozilla/4.0 (compatible; MSIE 4.01; Windows 98)"
152.202.177.196 - - [22/Oct/1999:00:22:05 -0400] "GET /curt.jpg HTTP/1.1" 304 - "http://www.selectsmart.com/PRESIDENT/" "Mozilla/4.0 (compatible; MSIE 4.01; Windows 98)"
165.236.189.201 - - [22/Oct/1999:00:22:05 -0400] "GET /DOG/images/vizsla.jpg HTTP/1.0" 200 2508 "http://www.selectsmart.com/DOG/description3A.htm" "Mozilla/4.0 (compatible; MSIE 5.0; Windows 95; DigExt)"
165.236.189.201 - - [22/Oct/1999:00:22:06 -0400] "GET /DOG/images/weim.jpg HTTP/1.0" 200 1637 "http://www.selectsmart.com/DOG/description3A.htm" "Mozilla/4.0 (compatible; MSIE 5.0; Windows 95; DigExt)"
165.236.189.201 - - [22/Oct/1999:00:22:07 -0400] "GET /DOG/images/cardigan.jpg HTTP/1.0" 200 1808 "http://www.selectsmart.com/DOG/description3A.htm" "Mozilla/4.0 (compatible; MSIE 5.0; Windows 95; DigExt)"
165.236.189.201 - - [22/Oct/1999:00:22:08 -0400] "GET /DOG/images/pcorgi.jpg HTTP/1.0" 200 1333 "http://www.selectsmart.com/DOG/description3A.htm" "Mozilla/4.0 (compatible; MSIE 5.0; Windows 95; DigExt)"
165.134.110.26 - - [22/Oct/1999:00:22:31 -0400] "POST /PRESIDENT/results.php3 HTTP/1.0" 200 17736 "http://www.selectsmart.com/PRESIDENT/results.php3" "Mozilla/4.51 (Macintosh; I; PPC)"
152.202.177.196 - - [22/Oct/1999:00:22:35 -0400] "GET /PRESIDENT/poll.htm HTTP/1.1" 304 - "-" "Mozilla/4.0 (compatible; MSIE 4.01; Windows 98)"
165.134.110.26 - - [22/Oct/1999:00:22:35 -0400] "GET /PRESIDENT/images/bradley.jpg HTTP/1.0" 200 2294 "http://www.selectsmart.com/PRESIDENT/results.php3" "Mozilla/4.51 (Macintosh; I; PPC)"
165.134.110.26 - - [22/Oct/1999:00:22:37 -0400] "GET /PRESIDENT/images/bush.jpg HTTP/1.0" 200 2977 "http://www.selectsmart.com/PRESIDENT/results.php3" "Mozilla/4.51 (Macintosh; I; PPC)"
165.134.110.26 - - [22/Oct/1999:00:22:39 -0400] "GET /PRESIDENT/images/gore.jpg HTTP/1.0" 200 2930 "http://www.selectsmart.com/PRESIDENT/results.php3" "Mozilla/4.51 (Macintosh; I; PPC)"
206.109.29.87 - - [22/Oct/1999:00:22:44 -0400] "GET /PRESIDENT/images/bradley.jpg HTTP/1.0" 304 - "http://www.selectsmart.com/PRESIDENT/results.php3" "Mozilla/4.51 [en] (Win98; I)"
206.109.29.87 - - [22/Oct/1999:00:22:45 -0400] "GET /PRESIDENT/images/bush.jpg HTTP/1.0" 304 - "http://www.selectsmart.com/PRESIDENT/results.php3" "Mozilla/4.51 [en] (Win98; I)"
206.109.29.87 - - [22/Oct/1999:00:22:45 -0400] "GET /PRESIDENT/images/bradley.jpg HTTP/1.0" 304 - "http://www.selectsmart.com/PRESIDENT/results.php3" "Mozilla/4.51 [en] (Win98; I)"
206.109.29.87 - - [22/Oct/1999:00:22:48 -0400] "GET /PRESIDENT/images/gore.jpg HTTP/1.0" 304 - "http://www.selectsmart.com/PRESIDENT/results.php3" "Mozilla/4.51 [en] (Win98; I)"
206.109.29.87 - - [22/Oct/1999:00:22:48 -0400] "GET /PRESIDENT/images/gore.jpg HTTP/1.0" 304 - "http://www.selectsmart.com/PRESIDENT/results.php3" "Mozilla/4.51 [en] (Win98; I)"
206.109.29.87 - - [22/Oct/1999:00:22:48 -0400] "GET /PRESIDENT/images/bush.jpg HTTP/1.0" 304 - "http://www.selectsmart.com/PRESIDENT/results.php3" "Mozilla/4.51 [en] (Win98; I)"
206.109.29.87 - - [22/Oct/1999:00:22:48 -0400] "GET /PRESIDENT/images/bush.jpg HTTP/1.0" 304 - "http://www.selectsmart.com/PRESIDENT/results.php3" "Mozilla/4.51 [en] (Win98; I)"
206.109.29.87 - - [22/Oct/1999:00:22:48 -0400] "GET /PRESIDENT/images/bradley.jpg HTTP/1.0" 304 - "http://www.selectsmart.com/PRESIDENT/results.php3" "Mozilla/4.51 [en] (Win98; I)"
206.109.29.87 - - [22/Oct/1999:00:22:48 -0400] "GET /PRESIDENT/images/gore.jpg HTTP/1.0" 304 - "http://www.selectsmart.com/PRESIDENT/results.php3" "Mozilla/4.51 [en] (Win98; I)"
206.109.29.87 - - [22/Oct/1999:00:22:48 -0400] "GET /PRESIDENT/images/bradley.jpg HTTP/1.0" 304 - "http://www.selectsmart.com/PRESIDENT/results.php3" "Mozilla/4.51 [en] (Win98; I)"
206.109.29.87 - - [22/Oct/1999:00:22:49 -0400] "GET /PRESIDENT/images/gore.jpg HTTP/1.0" 304 - "http://www.selectsmart.com/PRESIDENT/results.php3" "Mozilla/4.51 [en] (Win98; I)"
206.109.29.87 - - [22/Oct/1999:00:22:49 -0400] "GET /PRESIDENT/images/bush.jpg HTTP/1.0" 304 - "http://www.selectsmart.com/PRESIDENT/results.php3" "Mozilla/4.51 [en] (Win98; I)"
129.133.252.117 - - [22/Oct/1999:00:23:00 -0400] "POST /PRESIDENT/results.php3 HTTP/1.0" 200 10662 "http://www.selectsmart.com/PRESIDENT/results.php3" "Mozilla/4.7 (Macintosh; U; PPC)"
129.133.252.117 - - [22/Oct/1999:00:23:01 -0400] "GET /PRESIDENT/images/gore.jpg HTTP/1.0" 200 2930 "http://www.selectsmart.com/PRESIDENT/results.php3" "Mozilla/4.7 (Macintosh; U; PPC)"
129.133.252.117 - - [22/Oct/1999:00:23:02 -0400] "GET /PRESIDENT/larouche.gif HTTP/1.0" 200 7990 "http://www.selectsmart.com/PRESIDENT/results.php3" "Mozilla/4.7 (Macintosh; U; PPC)"
129.133.252.117 - - [22/Oct/1999:00:23:03 -0400] "GET /PRESIDENT/images/mcreynolds.jpg HTTP/1.0" 200 4631 "http://www.selectsmart.com/PRESIDENT/results.php3" "Mozilla/4.7 (Macintosh; U; PPC)"
207.206.157.47 - - [22/Oct/1999:00:23:11 -0400] "GET /BUSINESS/16.gif HTTP/1.1" 200 6704 "http://www.selectsmart.com/PRESIDENT/" "Mozilla/4.0 (compatible; MSIE 5.0; MSN 2.5; Windows 98; DigExt)"
207.206.157.47 - - [22/Oct/1999:00:23:11 -0400] "GET /BUSINESS/drop_v.jpg HTTP/1.1" 200 1963 "http://www.selectsmart.com/PRESIDENT/" "Mozilla/4.0 (compatible; MSIE 5.0; MSN 2.5; Windows 98; DigExt)"
207.206.157.47 - - [22/Oct/1999:00:23:11 -0400] "GET /PRESIDENT/ HTTP/1.1" 200 29678 "http://www.selectsmart.com/PRESIDENT/" "Mozilla/4.0 (compatible; MSIE 5.0; MSN 2.5; Windows 98; DigExt)"
207.206.157.47 - - [22/Oct/1999:00:23:13 -0400] "GET /BUSINESS/drop_h.jpg HTTP/1.1" 200 2034 "http://www.selectsmart.com/PRESIDENT/" "Mozilla/4.0 (compatible; MSIE 5.0; MSN 2.5; Windows 98; DigExt)"
207.206.157.47 - - [22/Oct/1999:00:23:13 -0400] "GET /PRESIDENT/anecdote.gif HTTP/1.1" 200 6898 "http://www.selectsmart.com/PRESIDENT/" "Mozilla/4.0 (compatible; MSIE 5.0; MSN 2.5; Windows 98; DigExt)"
207.206.157.47 - - [22/Oct/1999:00:23:14 -0400] "GET /PRESIDENT/packaging.gif HTTP/1.1" 200 10663 "http://www.selectsmart.com/PRESIDENT/" "Mozilla/4.0 (compatible; MSIE 5.0; MSN 2.5; Windows 98; DigExt)"
207.206.157.47 - - [22/Oct/1999:00:23:17 -0400] "GET /PRESIDENT/vidal.gif HTTP/1.1" 200 11342 "http://www.selectsmart.com/PRESIDENT/" "Mozilla/4.0 (compatible; MSIE 5.0; MSN 2.5; Windows 98; DigExt)"
207.206.157.47 - - [22/Oct/1999:00:23:21 -0400] "GET /PRESIDENT/campaigns.gif HTTP/1.1" 200 5835 "http://www.selectsmart.com/PRESIDENT/" "Mozilla/4.0 (compatible; MSIE 5.0; MSN 2.5; Windows 98; DigExt)"
207.206.157.47 - - [22/Oct/1999:00:23:21 -0400] "GET /PRESIDENT/TR.gif HTTP/1.1" 200 5566 "http://www.selectsmart.com/PRESIDENT/" "Mozilla/4.0 (compatible; MSIE 5.0; MSN 2.5; Windows 98; DigExt)"
207.206.157.47 - - [22/Oct/1999:00:23:22 -0400] "GET /curt.jpg HTTP/1.1" 200 4228 "http://www.selectsmart.com/PRESIDENT/" "Mozilla/4.0 (compatible; MSIE 5.0; MSN 2.5; Windows 98; DigExt)"
207.206.157.47 - - [22/Oct/1999:00:23:23 -0400] "GET /PRESIDENT/camp2000.gif HTTP/1.1" 200 7449 "http://www.selectsmart.com/PRESIDENT/" "Mozilla/4.0 (compatible; MSIE 5.0; MSN 2.5; Windows 98; DigExt)"
207.251.201.123 - - [22/Oct/1999:00:23:28 -0400] "GET /PRESIDENT/TR.gif HTTP/1.0" 304 - "-" "Mozilla/3.01 (compatible;)"
209.67.247.202 - - [22/Oct/1999:00:23:31 -0400] "GET /DOG/description1A.htm HTTP/1.0" 200 23586 "-" "FAST-WebCrawler/0.5 (crawler@fast.no; http://www.fast.no/faq/faqfastwebsearch/faqfastwebcrawler.html)"
209.86.203.237 - - [22/Oct/1999:00:23:42 -0400] "GET /BUSINESS/drop_h.jpg HTTP/1.0" 200 2034 "http://www.selectsmart.com/PRESIDENT/" "Mozilla/4.61 [en] (Win98; I)"
209.86.203.237 - - [22/Oct/1999:00:23:42 -0400] "GET /BUSINESS/drop_v.jpg HTTP/1.0" 200 1963 "http://www.selectsmart.com/PRESIDENT/" "Mozilla/4.61 [en] (Win98; I)"
209.86.203.237 - - [22/Oct/1999:00:23:42 -0400] "GET /BUSINESS/16.gif HTTP/1.0" 200 6704 "http://www.selectsmart.com/PRESIDENT/" "Mozilla/4.61 [en] (Win98; I)"
209.86.203.237 - - [22/Oct/1999:00:23:42 -0400] "GET /PRESIDENT/ HTTP/1.0" 200 29678 "http://www.FreeRepublic.com/forum/a380fd23a2489.htm" "Mozilla/4.61 [en] (Win98; I)"
209.86.203.237 - - [22/Oct/1999:00:23:45 -0400] "GET /PRESIDENT/TR.gif HTTP/1.0" 200 5566 "http://www.selectsmart.com/PRESIDENT/" "Mozilla/4.61 [en] (Win98; I)"
209.86.203.237 - - [22/Oct/1999:00:23:45 -0400] "GET /PRESIDENT/anecdote.gif HTTP/1.0" 200 6898 "http://www.selectsmart.com/PRESIDENT/" "Mozilla/4.61 [en] (Win98; I)"
209.86.203.237 - - [22/Oct/1999:00:23:46 -0400] "GET /PRESIDENT/packaging.gif HTTP/1.0" 200 10663 "http://www.selectsmart.com/PRESIDENT/" "Mozilla/4.61 [en] (Win98; I)"
209.86.203.237 - - [22/Oct/1999:00:23:47 -0400] "GET /PRESIDENT/campaigns.gif HTTP/1.0" 200 5835 "http://www.selectsmart.com/PRESIDENT/" "Mozilla/4.61 [en] (Win98; I)"
209.86.203.237 - - [22/Oct/1999:00:23:50 -0400] "GET /PRESIDENT/vidal.gif HTTP/1.0" 200 11342 "http://www.selectsmart.com/PRESIDENT/" "Mozilla/4.61 [en] (Win98; I)"
207.251.201.123 - - [22/Oct/1999:00:23:50 -0400] "GET /PRESIDENT/anecdote.gif HTTP/1.0" 304 - "-" "Mozilla/3.01 (compatible;)"
209.86.203.237 - - [22/Oct/1999:00:23:51 -0400] "GET /curt.jpg HTTP/1.0" 200 4228 "http://www.selectsmart.com/PRESIDENT/" "Mozilla/4.61 [en] (Win98; I)"
209.86.203.237 - - [22/Oct/1999:00:23:55 -0400] "GET /PRESIDENT/camp2000.gif HTTP/1.0" 200 7449 "http://www.selectsmart.com/PRESIDENT/" "Mozilla/4.61 [en] (Win98; I)"
207.251.201.123 - - [22/Oct/1999:00:24:04 -0400] "GET /PRESIDENT/vidal.gif HTTP/1.0" 304 - "-" "Mozilla/3.01 (compatible;)"
207.251.201.123 - - [22/Oct/1999:00:24:08 -0400] "GET /PRESIDENT/campaigns.gif HTTP/1.0" 304 - "-" "Mozilla/3.01 (compatible;)"
207.93.148.139 - - [22/Oct/1999:00:24:14 -0400] "POST /PRESIDENT/results.php3 HTTP/1.0" 200 6627 "http://www.selectsmart.com/PRESIDENT/" "Mozilla/4.61 [en] (Win98; I)"
209.214.107.201 - - [22/Oct/1999:00:24:25 -0400] "POST /PRESIDENT/results.php3 HTTP/1.1" 200 6640 "http://www.selectsmart.com/PRESIDENT/index.html" "Mozilla/4.0 (compatible; MSIE 4.01; Windows 98)"
209.86.203.237 - - [22/Oct/1999:00:24:45 -0400] "GET /PRESIDENT/define3.htm HTTP/1.0" 200 270 "http://www.selectsmart.com/PRESIDENT/" "Mozilla/4.61 [en] (Win98; I)"
24.31.3.9 - - [22/Oct/1999:00:25:00 -0400] "GET /PRESIDENT/ HTTP/1.0" 200 29678 "XXXX:+++++++++++++++++++++++++++++++++++++++++" "Mozilla/4.0 (compatible; MSIE 5.0; Windows 95; DigExt)"
24.31.3.9 - - [22/Oct/1999:00:25:03 -0400] "GET /BUSINESS/16.gif HTTP/1.0" 200 6704 "http://www.selectsmart.com/PRESIDENT/" "Mozilla/4.0 (compatible; MSIE 5.0; Windows 95; DigExt)"
24.31.3.9 - - [22/Oct/1999:00:25:06 -0400] "GET /BUSINESS/drop_v.jpg HTTP/1.0" 200 1963 "http://www.selectsmart.com/PRESIDENT/" "Mozilla/4.0 (compatible; MSIE 5.0; Windows 95; DigExt)"
208.165.117.36 - - [22/Oct/1999:00:25:06 -0400] "GET /PRESIDENT/ HTTP/1.1" 304 - "http://www.selectsmart.com/PRESIDENT/" "Mozilla/4.0 (compatible; MSIE 4.01; Windows 95)"
24.31.3.9 - - [22/Oct/1999:00:25:07 -0400] "GET /BUSINESS/drop_h.jpg HTTP/1.0" 200 2034 "http://www.selectsmart.com/PRESIDENT/" "Mozilla/4.0 (compatible; MSIE 5.0; Windows 95; DigExt)"
24.31.3.9 - - [22/Oct/1999:00:25:08 -0400] "GET /PRESIDENT/anecdote.gif HTTP/1.0" 200 6898 "http://www.selectsmart.com/PRESIDENT/" "Mozilla/4.0 (compatible; MSIE 5.0; Windows 95; DigExt)"
24.31.3.9 - - [22/Oct/1999:00:25:09 -0400] "GET /PRESIDENT/campaigns.gif HTTP/1.0" 200 5835 "http://www.selectsmart.com/PRESIDENT/" "Mozilla/4.0 (compatible; MSIE 5.0; Windows 95; DigExt)"
208.165.117.36 - - [22/Oct/1999:00:25:10 -0400] "GET /PRESIDENT/anecdote.gif HTTP/1.1" 206 3668 "http://www.selectsmart.com/PRESIDENT/" "Mozilla/4.0 (compatible; MSIE 4.01; Windows 95)"
208.165.117.36 - - [22/Oct/1999:00:25:10 -0400] "GET /BUSINESS/16.gif HTTP/1.1" 206 2014 "http://www.selectsmart.com/PRESIDENT/" "Mozilla/4.0 (compatible; MSIE 4.01; Windows 95)"
208.165.117.36 - - [22/Oct/1999:00:25:10 -0400] "GET /BUSINESS/drop_v.jpg HTTP/1.1" 304 - "http://www.selectsmart.com/PRESIDENT/" "Mozilla/4.0 (compatible; MSIE 4.01; Windows 95)"
24.31.3.9 - - [22/Oct/1999:00:25:10 -0400] "GET /PRESIDENT/packaging.gif HTTP/1.0" 200 10663 "http://www.selectsmart.com/PRESIDENT/" "Mozilla/4.0 (compatible; MSIE 5.0; Windows 95; DigExt)"
208.165.117.36 - - [22/Oct/1999:00:25:12 -0400] "GET /PRESIDENT/packaging.gif HTTP/1.1" 206 6561 "http://www.selectsmart.com/PRESIDENT/" "Mozilla/4.0 (compatible; MSIE 4.01; Windows 95)"
24.31.3.9 - - [22/Oct/1999:00:25:12 -0400] "GET /PRESIDENT/vidal.gif HTTP/1.0" 200 11342 "http://www.selectsmart.com/PRESIDENT/" "Mozilla/4.0 (compatible; MSIE 5.0; Windows 95; DigExt)"
208.165.117.36 - - [22/Oct/1999:00:25:13 -0400] "GET /BUSINESS/drop_h.jpg HTTP/1.1" 304 - "http://www.selectsmart.com/PRESIDENT/" "Mozilla/4.0 (compatible; MSIE 4.01; Windows 95)"
208.165.117.36 - - [22/Oct/1999:00:25:13 -0400] "GET /PRESIDENT/campaigns.gif HTTP/1.1" 304 - "http://www.selectsmart.com/PRESIDENT/" "Mozilla/4.0 (compatible; MSIE 4.01; Windows 95)"
24.31.3.9 - - [22/Oct/1999:00:25:13 -0400] "GET /PRESIDENT/TR.gif HTTP/1.0" 200 5566 "http://www.selectsmart.com/PRESIDENT/" "Mozilla/4.0 (compatible; MSIE 5.0; Windows 95; DigExt)"
24.31.3.9 - - [22/Oct/1999:00:25:15 -0400] "GET /PRESIDENT/camp2000.gif HTTP/1.0" 200 7449 "http://www.selectsmart.com/PRESIDENT/" "Mozilla/4.0 (compatible; MSIE 5.0; Windows 95; DigExt)"
208.165.117.36 - - [22/Oct/1999:00:25:16 -0400] "GET /PRESIDENT/vidal.gif HTTP/1.1" 200 11342 "http://www.selectsmart.com/PRESIDENT/" "Mozilla/4.0 (compatible; MSIE 4.01; Windows 95)"
24.31.3.9 - - [22/Oct/1999:00:25:16 -0400] "GET /curt.jpg HTTP/1.0" 200 4228 "http://www.selectsmart.com/PRESIDENT/" "Mozilla/4.0 (compatible; MSIE 5.0; Windows 95; DigExt)"
208.165.117.36 - - [22/Oct/1999:00:25:16 -0400] "GET /PRESIDENT/TR.gif HTTP/1.1" 200 5566 "http://www.selectsmart.com/PRESIDENT/" "Mozilla/4.0 (compatible; MSIE 4.01; Windows 95)"
208.165.117.36 - - [22/Oct/1999:00:25:22 -0400] "GET /PRESIDENT/camp2000.gif HTTP/1.1" 200 7449 "http://www.selectsmart.com/PRESIDENT/" "Mozilla/4.0 (compatible; MSIE 4.01; Windows 95)"
208.165.117.36 - - [22/Oct/1999:00:25:26 -0400] "GET /curt.jpg HTTP/1.1" 304 - "http://www.selectsmart.com/PRESIDENT/" "Mozilla/4.0 (compatible; MSIE 4.01; Windows 95)"
209.214.107.201 - - [22/Oct/1999:00:25:28 -0400] "GET /PRESIDENT/results.php3?more=now&mid=4 HTTP/1.1" 200 6056 "http://www.selectsmart.com/PRESIDENT/results.php3" "Mozilla/4.0 (compatible; MSIE 4.01; Windows 98)"
209.214.107.201 - - [22/Oct/1999:00:25:30 -0400] "GET /PRESIDENT/images/browne.jpg HTTP/1.1" 200 2199 "http://www.selectsmart.com/PRESIDENT/results.php3?more=now&mid=4" "Mozilla/4.0 (compatible; MSIE 4.01; Windows 98)"
24.4.252.17 - - [22/Oct/1999:00:26:10 -0400] "GET /PRESIDENT/ HTTP/1.0" 200 29678 "-" "Mozilla/4.5 [en]C-AtHome0405 (Win98; U)"
24.4.252.16 - - [22/Oct/1999:00:26:10 -0400] "GET /BUSINESS/drop_v.jpg HTTP/1.0" 200 1963 "http://www.selectsmart.com/PRESIDENT/" "Mozilla/4.5 [en]C-AtHome0405 (Win98; U)"
24.4.252.18 - - [22/Oct/1999:00:26:10 -0400] "GET /PRESIDENT/campaigns.gif HTTP/1.0" 200 5835 "http://www.selectsmart.com/PRESIDENT/" "Mozilla/4.5 [en]C-AtHome0405 (Win98; U)"
24.4.252.18 - - [22/Oct/1999:00:26:10 -0400] "GET /PRESIDENT/packaging.gif HTTP/1.0" 200 10663 "http://www.selectsmart.com/PRESIDENT/" "Mozilla/4.5 [en]C-AtHome0405 (Win98; U)"
24.4.252.18 - - [22/Oct/1999:00:26:17 -0400] "GET /curt.jpg HTTP/1.0" 304 - "http://www.selectsmart.com/PRESIDENT/" "Mozilla/4.5 [en]C-AtHome0405 (Win98; U)"
209.214.107.201 - - [22/Oct/1999:00:26:18 -0400] "GET /PRESIDENT/results.php3?more=now&mid=1 HTTP/1.1" 200 7187 "http://www.selectsmart.com/PRESIDENT/results.php3" "Mozilla/4.0 (compatible; MSIE 4.01; Windows 98)"
209.214.107.201 - - [22/Oct/1999:00:26:19 -0400] "GET /PRESIDENT/images/bauer.jpg HTTP/1.1" 200 2154 "http://www.selectsmart.com/PRESIDENT/results.php3?more=now&mid=1" "Mozilla/4.0 (compatible; MSIE 4.01; Windows 98)"
209.214.107.201 - - [22/Oct/1999:00:26:57 -0400] "GET /PRESIDENT/poll.htm HTTP/1.1" 200 4489 "-" "Mozilla/4.0 (compatible; MSIE 4.01; Windows 98)"
204.210.20.106 - - [22/Oct/1999:00:27:33 -0400] "POST /PRESIDENT/results.php3 HTTP/1.1" 200 6638 "http://www.selectsmart.com/PRESIDENT/" "Mozilla/4.0 (compatible; MSIE 5.0; Windows 95; DigExt)"
207.212.80.179 - - [22/Oct/1999:00:27:39 -0400] "GET /PRESIDENT/ HTTP/1.0" 200 29678 "-" "Mozilla/3.01-C-MACOS8 (Macintosh; I; PPC)"
207.212.80.179 - - [22/Oct/1999:00:27:40 -0400] "GET /BUSINESS/16.gif HTTP/1.0" 200 6704 "http://www.selectsmart.com/PRESIDENT/" "Mozilla/3.01-C-MACOS8 (Macintosh; I; PPC)"
207.212.80.179 - - [22/Oct/1999:00:27:42 -0400] "GET /BUSINESS/drop_v.jpg HTTP/1.0" 200 1963 "http://www.selectsmart.com/PRESIDENT/" "Mozilla/3.01-C-MACOS8 (Macintosh; I; PPC)"
207.212.80.179 - - [22/Oct/1999:00:27:43 -0400] "GET /BUSINESS/drop_h.jpg HTTP/1.0" 200 2034 "http://www.selectsmart.com/PRESIDENT/" "Mozilla/3.01-C-MACOS8 (Macintosh; I; PPC)"
171.219.15.175 - - [22/Oct/1999:00:27:44 -0400] "GET /BUSINESS/16.gif HTTP/1.0" 200 6704 "http://www.selectsmart.com/PRESIDENT/" "Mozilla/4.61 [en] (Win95; U)"
171.219.15.175 - - [22/Oct/1999:00:27:44 -0400] "GET /BUSINESS/drop_h.jpg HTTP/1.0" 200 2034 "http://www.selectsmart.com/PRESIDENT/" "Mozilla/4.61 [en] (Win95; U)"
171.219.15.175 - - [22/Oct/1999:00:27:44 -0400] "GET /BUSINESS/drop_v.jpg HTTP/1.0" 200 1963 "http://www.selectsmart.com/PRESIDENT/" "Mozilla/4.61 [en] (Win95; U)"
207.212.80.179 - - [22/Oct/1999:00:27:47 -0400] "GET /PRESIDENT/camp2000.gif HTTP/1.0" 200 7449 "http://www.selectsmart.com/PRESIDENT/" "Mozilla/3.01-C-MACOS8 (Macintosh; I; PPC)"
207.212.80.179 - - [22/Oct/1999:00:27:47 -0400] "GET /PRESIDENT/campaigns.gif HTTP/1.0" 200 5835 "http://www.selectsmart.com/PRESIDENT/" "Mozilla/3.01-C-MACOS8 (Macintosh; I; PPC)"
207.212.80.179 - - [22/Oct/1999:00:27:54 -0400] "GET /PRESIDENT/packaging.gif HTTP/1.0" 200 10663 "http://www.selectsmart.com/PRESIDENT/" "Mozilla/3.01-C-MACOS8 (Macintosh; I; PPC)"
207.212.80.179 - - [22/Oct/1999:00:27:54 -0400] "GET /PRESIDENT/vidal.gif HTTP/1.0" 200 11342 "http://www.selectsmart.com/PRESIDENT/" "Mozilla/3.01-C-MACOS8 (Macintosh; I; PPC)"
207.212.80.179 - - [22/Oct/1999:00:27:55 -0400] "GET /PRESIDENT/TR.gif HTTP/1.0" 200 5566 "http://www.selectsmart.com/PRESIDENT/" "Mozilla/3.01-C-MACOS8 (Macintosh; I; PPC)"
207.212.80.179 - - [22/Oct/1999:00:27:59 -0400] "GET /PRESIDENT/anecdote.gif HTTP/1.0" 200 6898 "http://www.selectsmart.com/PRESIDENT/" "Mozilla/3.01-C-MACOS8 (Macintosh; I; PPC)"
171.219.15.175 - - [22/Oct/1999:00:28:01 -0400] "GET /PRESIDENT/ HTTP/1.0" 200 29678 "-" "Mozilla/4.61 [en] (Win95; U)"
171.219.15.175 - - [22/Oct/1999:00:28:08 -0400] "GET /PRESIDENT/anecdote.gif HTTP/1.0" 200 6898 "http://www.selectsmart.com/PRESIDENT/" "Mozilla/4.61 [en] (Win95; U)"
171.219.15.175 - - [22/Oct/1999:00:28:08 -0400] "GET /PRESIDENT/packaging.gif HTTP/1.0" 200 10663 "http://www.selectsmart.com/PRESIDENT/" "Mozilla/4.61 [en] (Win95; U)"
171.219.15.175 - - [22/Oct/1999:00:28:08 -0400] "GET /PRESIDENT/campaigns.gif HTTP/1.0" 200 5835 "http://www.selectsmart.com/PRESIDENT/" "Mozilla/4.61 [en] (Win95; U)"
207.212.80.179 - - [22/Oct/1999:00:28:09 -0400] "GET /curt.jpg HTTP/1.0" 200 4228 "http://www.selectsmart.com/PRESIDENT/" "Mozilla/3.01-C-MACOS8 (Macintosh; I; PPC)"
205.188.192.151 - - [22/Oct/1999:00:28:14 -0400] "POST /PRESIDENT/results.php3 HTTP/1.0" 200 6627 "http://www.selectsmart.com/PRESIDENT/" "Mozilla/4.0 (compatible; MSIE 4.01; AOL 4.0; Windows 95)"
209.86.203.237 - - [22/Oct/1999:00:28:21 -0400] "GET /PRESIDENT/define8.htm HTTP/1.0" 200 322 "http://www.selectsmart.com/PRESIDENT/" "Mozilla/4.61 [en] (Win98; I)"
171.219.15.175 - - [22/Oct/1999:00:28:31 -0400] "GET /PRESIDENT/TR.gif HTTP/1.0" 200 5566 "http://www.selectsmart.com/PRESIDENT/" "Mozilla/4.61 [en] (Win95; U)"
171.219.15.175 - - [22/Oct/1999:00:28:33 -0400] "GET /PRESIDENT/camp2000.gif HTTP/1.0" 200 7449 "http://www.selectsmart.com/PRESIDENT/" "Mozilla/4.61 [en] (Win95; U)"
171.219.15.175 - - [22/Oct/1999:00:28:41 -0400] "GET /PRESIDENT/vidal.gif HTTP/1.0" 200 11342 "http://www.selectsmart.com/PRESIDENT/" "Mozilla/4.61 [en] (Win95; U)"
171.219.15.175 - - [22/Oct/1999:00:28:56 -0400] "GET /curt.jpg HTTP/1.0" 200 4228 "http://www.selectsmart.com/PRESIDENT/" "Mozilla/4.61 [en] (Win95; U)"
24.31.3.9 - - [22/Oct/1999:00:29:10 -0400] "POST /PRESIDENT/results.php3 HTTP/1.0" 200 6626 "http://www.selectsmart.com/PRESIDENT/" "Mozilla/4.0 (compatible; MSIE 5.0; Windows 95; DigExt)"
209.86.203.237 - - [22/Oct/1999:00:29:25 -0400] "GET /PRESIDENT/define.htm HTTP/1.0" 200 151 "http://www.selectsmart.com/PRESIDENT/" "Mozilla/4.61 [en] (Win98; I)"
24.31.3.9 - - [22/Oct/1999:00:29:46 -0400] "GET /PRESIDENT/results.php3?more=now&mid=1 HTTP/1.0" 200 7174 "http://www.selectsmart.com/PRESIDENT/results.php3" "Mozilla/4.0 (compatible; MSIE 5.0; Windows 95; DigExt)"
24.31.3.9 - - [22/Oct/1999:00:29:47 -0400] "GET /PRESIDENT/images/bauer.jpg HTTP/1.0" 200 2154 "http://www.selectsmart.com/PRESIDENT/results.php3?more=now&mid=1" "Mozilla/4.0 (compatible; MSIE 5.0; Windows 95; DigExt)"
207.220.187.119 - - [22/Oct/1999:00:31:21 -0400] "GET /BUSINESS/drop_h.jpg HTTP/1.0" 200 2034 "http://www.selectsmart.com/PRESIDENT/" "Mozilla/4.61 [en] (Win98; I)"
207.220.187.119 - - [22/Oct/1999:00:31:21 -0400] "GET /BUSINESS/drop_v.jpg HTTP/1.0" 200 1963 "http://www.selectsmart.com/PRESIDENT/" "Mozilla/4.61 [en] (Win98; I)"
207.220.187.119 - - [22/Oct/1999:00:31:21 -0400] "GET /BUSINESS/16.gif HTTP/1.0" 200 6704 "http://www.selectsmart.com/PRESIDENT/" "Mozilla/4.61 [en] (Win98; I)"
207.220.187.119 - - [22/Oct/1999:00:31:29 -0400] "GET /PRESIDENT/ HTTP/1.0" 200 29678 "-" "Mozilla/4.61 [en] (Win98; I)"
24.31.3.9 - - [22/Oct/1999:00:31:32 -0400] "GET /PRESIDENT/results.php3?more=now&mid=5 HTTP/1.0" 200 6124 "http://www.selectsmart.com/PRESIDENT/results.php3" "Mozilla/4.0 (compatible; MSIE 5.0; Windows 95; DigExt)"
207.220.187.119 - - [22/Oct/1999:00:31:33 -0400] "GET /PRESIDENT/anecdote.gif HTTP/1.0" 200 6898 "http://www.selectsmart.com/PRESIDENT/" "Mozilla/4.61 [en] (Win98; I)"
207.220.187.119 - - [22/Oct/1999:00:31:33 -0400] "GET /PRESIDENT/campaigns.gif HTTP/1.0" 200 5835 "http://www.selectsmart.com/PRESIDENT/" "Mozilla/4.61 [en] (Win98; I)"
24.31.3.9 - - [22/Oct/1999:00:31:33 -0400] "GET /PRESIDENT/buchanan.jpg HTTP/1.0" 200 8053 "http://www.selectsmart.com/PRESIDENT/results.php3?more=now&mid=5" "Mozilla/4.0 (compatible; MSIE 5.0; Windows 95; DigExt)"
207.220.187.119 - - [22/Oct/1999:00:31:39 -0400] "GET /PRESIDENT/packaging.gif HTTP/1.0" 200 10663 "http://www.selectsmart.com/PRESIDENT/" "Mozilla/4.61 [en] (Win98; I)"
207.220.187.119 - - [22/Oct/1999:00:31:48 -0400] "GET /PRESIDENT/TR.gif HTTP/1.0" 200 5566 "http://www.selectsmart.com/PRESIDENT/" "Mozilla/4.61 [en] (Win98; I)"
209.86.203.237 - - [22/Oct/1999:00:31:51 -0400] "POST /PRESIDENT/results.php3 HTTP/1.0" 200 6624 "http://www.selectsmart.com/PRESIDENT/" "Mozilla/4.61 [en] (Win98; I)"
207.220.187.119 - - [22/Oct/1999:00:31:53 -0400] "GET /curt.jpg HTTP/1.0" 200 4228 "http://www.selectsmart.com/PRESIDENT/" "Mozilla/4.61 [en] (Win98; I)"
207.220.187.119 - - [22/Oct/1999:00:31:54 -0400] "GET /PRESIDENT/vidal.gif HTTP/1.0" 200 11342 "http://www.selectsmart.com/PRESIDENT/" "Mozilla/4.61 [en] (Win98; I)"
207.220.187.119 - - [22/Oct/1999:00:32:04 -0400] "GET /PRESIDENT/camp2000.gif HTTP/1.0" 200 7449 "http://www.selectsmart.com/PRESIDENT/" "Mozilla/4.61 [en] (Win98; I)"
207.172.129.42 - - [22/Oct/1999:00:32:08 -0400] "GET /BUSINESS/16.gif HTTP/1.1" 200 6704 "http://www.selectsmart.com/PRESIDENT/" "Mozilla/4.0 (compatible; MSIE 5.0; Windows 98; DigExt)"
207.172.129.42 - - [22/Oct/1999:00:32:08 -0400] "GET /BUSINESS/drop_v.jpg HTTP/1.1" 200 1963 "http://www.selectsmart.com/PRESIDENT/" "Mozilla/4.0 (compatible; MSIE 5.0; Windows 98; DigExt)"
207.172.129.42 - - [22/Oct/1999:00:32:09 -0400] "GET /PRESIDENT/ HTTP/1.1" 200 29678 "-" "Mozilla/4.0 (compatible; MSIE 5.0; Windows 98; DigExt)"
207.172.129.42 - - [22/Oct/1999:00:32:12 -0400] "GET /BUSINESS/drop_h.jpg HTTP/1.1" 200 2034 "http://www.selectsmart.com/PRESIDENT/" "Mozilla/4.0 (compatible; MSIE 5.0; Windows 98; DigExt)"
207.172.129.42 - - [22/Oct/1999:00:32:12 -0400] "GET /PRESIDENT/anecdote.gif HTTP/1.1" 200 6898 "http://www.selectsmart.com/PRESIDENT/" "Mozilla/4.0 (compatible; MSIE 5.0; Windows 98; DigExt)"
207.172.129.42 - - [22/Oct/1999:00:32:13 -0400] "GET /PRESIDENT/campaigns.gif HTTP/1.1" 200 5835 "http://www.selectsmart.com/PRESIDENT/" "Mozilla/4.0 (compatible; MSIE 5.0; Windows 98; DigExt)"
24.4.252.17 - - [22/Oct/1999:00:32:17 -0400] "POST /PRESIDENT/results.php3 HTTP/1.0" 200 6628 "http://www.selectsmart.com/PRESIDENT/" "Mozilla/4.5 [en]C-AtHome0405 (Win98; U)"
207.172.129.42 - - [22/Oct/1999:00:32:17 -0400] "GET /PRESIDENT/packaging.gif HTTP/1.1" 200 10663 "http://www.selectsmart.com/PRESIDENT/" "Mozilla/4.0 (compatible; MSIE 5.0; Windows 98; DigExt)"
207.172.129.42 - - [22/Oct/1999:00:32:22 -0400] "GET /PRESIDENT/camp2000.gif HTTP/1.1" 200 7449 "http://www.selectsmart.com/PRESIDENT/" "Mozilla/4.0 (compatible; MSIE 5.0; Windows 98; DigExt)"
207.172.129.42 - - [22/Oct/1999:00:32:22 -0400] "GET /PRESIDENT/vidal.gif HTTP/1.1" 200 11342 "http://www.selectsmart.com/PRESIDENT/" "Mozilla/4.0 (compatible; MSIE 5.0; Windows 98; DigExt)"
207.172.129.42 - - [22/Oct/1999:00:32:25 -0400] "GET /curt.jpg HTTP/1.1" 200 4228 "http://www.selectsmart.com/PRESIDENT/" "Mozilla/4.0 (compatible; MSIE 5.0; Windows 98; DigExt)"
207.172.129.42 - - [22/Oct/1999:00:32:27 -0400] "GET /PRESIDENT/TR.gif HTTP/1.1" 200 5566 "http://www.selectsmart.com/PRESIDENT/" "Mozilla/4.0 (compatible; MSIE 5.0; Windows 98; DigExt)"
207.58.17.227 - - [22/Oct/1999:00:32:33 -0400] "GET /BUSINESS/drop_h.jpg HTTP/1.0" 200 2034 "http://www.selectsmart.com/PRESIDENT/" "Mozilla/4.51 [en] (Win98; I)"
207.58.17.227 - - [22/Oct/1999:00:32:33 -0400] "GET /BUSINESS/drop_v.jpg HTTP/1.0" 200 1963 "http://www.selectsmart.com/PRESIDENT/" "Mozilla/4.51 [en] (Win98; I)"
207.58.17.227 - - [22/Oct/1999:00:32:33 -0400] "GET /BUSINESS/16.gif HTTP/1.0" 200 6704 "http://www.selectsmart.com/PRESIDENT/" "Mozilla/4.51 [en] (Win98; I)"
207.58.17.227 - - [22/Oct/1999:00:32:33 -0400] "GET /PRESIDENT/ HTTP/1.0" 200 29678 "http://www.FreeRepublic.com/forum/a380fd23a2489.htm" "Mozilla/4.51 [en] (Win98; I)"
207.58.17.227 - - [22/Oct/1999:00:32:36 -0400] "GET /PRESIDENT/anecdote.gif HTTP/1.0" 200 6898 "http://www.selectsmart.com/PRESIDENT/" "Mozilla/4.51 [en] (Win98; I)"
207.58.17.227 - - [22/Oct/1999:00:32:36 -0400] "GET /PRESIDENT/TR.gif HTTP/1.0" 200 5566 "http://www.selectsmart.com/PRESIDENT/" "Mozilla/4.51 [en] (Win98; I)"
207.58.17.227 - - [22/Oct/1999:00:32:36 -0400] "GET /PRESIDENT/packaging.gif HTTP/1.0" 200 10663 "http://www.selectsmart.com/PRESIDENT/" "Mozilla/4.51 [en] (Win98; I)"
207.58.17.227 - - [22/Oct/1999:00:32:38 -0400] "GET /PRESIDENT/vidal.gif HTTP/1.0" 200 11342 "http://www.selectsmart.com/PRESIDENT/" "Mozilla/4.51 [en] (Win98; I)"
207.58.17.227 - - [22/Oct/1999:00:32:40 -0400] "GET /curt.jpg HTTP/1.0" 200 4228 "http://www.selectsmart.com/PRESIDENT/" "Mozilla/4.51 [en] (Win98; I)"
207.58.17.227 - - [22/Oct/1999:00:32:41 -0400] "GET /PRESIDENT/camp2000.gif HTTP/1.0" 200 7449 "http://www.selectsmart.com/PRESIDENT/" "Mozilla/4.51 [en] (Win98; I)"
207.58.17.227 - - [22/Oct/1999:00:32:43 -0400] "GET /PRESIDENT/campaigns.gif HTTP/1.0" 200 5835 "http://www.selectsmart.com/PRESIDENT/" "Mozilla/4.51 [en] (Win98; I)"
207.212.80.179 - - [22/Oct/1999:00:32:54 -0400] "POST /PRESIDENT/results.php3 HTTP/1.0" 200 6625 "http://www.selectsmart.com/PRESIDENT/" "Mozilla/3.01-C-MACOS8 (Macintosh; I; PPC)"
24.4.252.17 - - [22/Oct/1999:00:32:59 -0400] "POST /PRESIDENT/results.php3 HTTP/1.0" 200 8020 "http://www.selectsmart.com/PRESIDENT/results.php3" "Mozilla/4.5 [en]C-AtHome0405 (Win98; U)"
24.4.252.17 - - [22/Oct/1999:00:32:59 -0400] "GET /PRESIDENT/images/bradley.jpg HTTP/1.0" 200 2294 "http://www.selectsmart.com/PRESIDENT/results.php3" "Mozilla/4.5 [en]C-AtHome0405 (Win98; U)"
204.152.191.47 - - [22/Oct/1999:00:33:08 -0400] "GET /DOG/ HTTP/1.0" 200 26494 "-" "Scooter/2.0 G.R.A.B. V1.1.0"
216.192.246.34 - - [22/Oct/1999:00:33:17 -0400] "GET /PRESIDENT HTTP/1.1" 301 253 "-" "Mozilla/4.0 (compatible; MSIE 5.0; Windows 95; DigExt)"
216.192.246.34 - - [22/Oct/1999:00:33:20 -0400] "GET /PRESIDENT/ HTTP/1.1" 200 29678 "-" "Mozilla/4.0 (compatible; MSIE 5.0; Windows 95; DigExt)"
24.4.252.17 - - [22/Oct/1999:00:33:21 -0400] "GET /PRESIDENT/results.php3?more=now&mid=3 HTTP/1.0" 200 7827 "http://www.selectsmart.com/PRESIDENT/results.php3" "Mozilla/4.5 [en]C-AtHome0405 (Win98; U)"
24.31.3.9 - - [22/Oct/1999:00:33:26 -0400] "GET /PRESIDENT/results.php3?more=now&mid=8 HTTP/1.0" 200 6966 "http://www.selectsmart.com/PRESIDENT/results.php3" "Mozilla/4.0 (compatible; MSIE 5.0; Windows 95; DigExt)"
216.192.246.34 - - [22/Oct/1999:00:33:26 -0400] "GET /BUSINESS/16.gif HTTP/1.1" 200 6704 "http://www.selectsmart.com/PRESIDENT/" "Mozilla/4.0 (compatible; MSIE 5.0; Windows 95; DigExt)"
216.192.246.34 - - [22/Oct/1999:00:33:26 -0400] "GET /BUSINESS/drop_v.jpg HTTP/1.1" 200 1963 "http://www.selectsmart.com/PRESIDENT/" "Mozilla/4.0 (compatible; MSIE 5.0; Windows 95; DigExt)"
24.31.3.9 - - [22/Oct/1999:00:33:28 -0400] "GET /PRESIDENT/forbes.gif HTTP/1.0" 200 6324 "http://www.selectsmart.com/PRESIDENT/results.php3?more=now&mid=8" "Mozilla/4.0 (compatible; MSIE 5.0; Windows 95; DigExt)"
216.192.246.34 - - [22/Oct/1999:00:33:28 -0400] "GET /PRESIDENT/anecdote.gif HTTP/1.1" 200 6898 "http://www.selectsmart.com/PRESIDENT/" "Mozilla/4.0 (compatible; MSIE 5.0; Windows 95; DigExt)"
216.192.246.34 - - [22/Oct/1999:00:33:28 -0400] "GET /PRESIDENT/campaigns.gif HTTP/1.1" 200 5835 "http://www.selectsmart.com/PRESIDENT/" "Mozilla/4.0 (compatible; MSIE 5.0; Windows 95; DigExt)"
216.192.246.34 - - [22/Oct/1999:00:33:28 -0400] "GET /BUSINESS/drop_h.jpg HTTP/1.1" 200 2034 "http://www.selectsmart.com/PRESIDENT/" "Mozilla/4.0 (compatible; MSIE 5.0; Windows 95; DigExt)"
216.192.246.34 - - [22/Oct/1999:00:33:34 -0400] "GET /PRESIDENT/packaging.gif HTTP/1.1" 200 10663 "http://www.selectsmart.com/PRESIDENT/" "Mozilla/4.0 (compatible; MSIE 5.0; Windows 95; DigExt)"
207.212.80.179 - - [22/Oct/1999:00:33:35 -0400] "GET /PRESIDENT/results.php3?more=now&mid=4 HTTP/1.0" 200 6043 "http://www.selectsmart.com/PRESIDENT/results.php3" "Mozilla/3.01-C-MACOS8 (Macintosh; I; PPC)"
207.212.80.179 - - [22/Oct/1999:00:33:37 -0400] "GET /PRESIDENT/images/browne.jpg HTTP/1.0" 200 2199 "http://www.selectsmart.com/PRESIDENT/results.php3?more=now&mid=4" "Mozilla/3.01-C-MACOS8 (Macintosh; I; PPC)"
216.192.246.34 - - [22/Oct/1999:00:33:39 -0400] "GET /PRESIDENT/vidal.gif HTTP/1.1" 200 11342 "http://www.selectsmart.com/PRESIDENT/" "Mozilla/4.0 (compatible; MSIE 5.0; Windows 95; DigExt)"
216.192.246.34 - - [22/Oct/1999:00:33:39 -0400] "GET /PRESIDENT/camp2000.gif HTTP/1.1" 200 7449 "http://www.selectsmart.com/PRESIDENT/" "Mozilla/4.0 (compatible; MSIE 5.0; Windows 95; DigExt)"
209.86.203.237 - - [22/Oct/1999:00:33:41 -0400] "GET /PRESIDENT/results.php3?more=now&mid=1 HTTP/1.0" 200 7174 "http://www.selectsmart.com/PRESIDENT/results.php3" "Mozilla/4.61 [en] (Win98; I)"
209.86.203.237 - - [22/Oct/1999:00:33:42 -0400] "GET /PRESIDENT/images/bauer.jpg HTTP/1.0" 200 2154 "http://www.selectsmart.com/PRESIDENT/results.php3?more=now&mid=1" "Mozilla/4.61 [en] (Win98; I)"
216.192.246.34 - - [22/Oct/1999:00:33:43 -0400] "GET /curt.jpg HTTP/1.1" 200 4228 "http://www.selectsmart.com/PRESIDENT/" "Mozilla/4.0 (compatible; MSIE 5.0; Windows 95; DigExt)"
216.192.246.34 - - [22/Oct/1999:00:33:46 -0400] "GET /PRESIDENT/TR.gif HTTP/1.1" 200 5566 "http://www.selectsmart.com/PRESIDENT/" "Mozilla/4.0 (compatible; MSIE 5.0; Windows 95; DigExt)"
205.188.209.168 - - [22/Oct/1999:00:34:16 -0400] "GET /PRESIDENT/ HTTP/1.0" 200 29678 "-" "Mozilla/4.0 (compatible; MSIE 4.01; CS 2000; Windows 98)"
205.188.209.136 - - [22/Oct/1999:00:34:23 -0400] "GET /PRESIDENT/packaging.gif HTTP/1.0" 200 10663 "http://www.selectsmart.com./PRESIDENT/" "Mozilla/4.0 (compatible; MSIE 4.01; CS 2000; Windows 98)"
208.165.117.36 - - [22/Oct/1999:00:34:27 -0400] "POST /PRESIDENT/results.php3 HTTP/1.1" 200 3681 "http://www.selectsmart.com/PRESIDENT/" "Mozilla/4.0 (compatible; MSIE 4.01; Windows 95)"
216.192.246.34 - - [22/Oct/1999:00:34:29 -0400] "POST /PRESIDENT/results.php3 HTTP/1.1" 200 6623 "http://www.selectsmart.com/PRESIDENT/" "Mozilla/4.0 (compatible; MSIE 5.0; Windows 95; DigExt)"
209.86.203.237 - - [22/Oct/1999:00:34:52 -0400] "GET /PRESIDENT/results.php3?more=now&mid=16 HTTP/1.0" 200 5945 "http://www.selectsmart.com/PRESIDENT/results.php3" "Mozilla/4.61 [en] (Win98; I)"
207.58.17.227 - - [22/Oct/1999:00:34:53 -0400] "POST /PRESIDENT/results.php3 HTTP/1.0" 200 6626 "http://www.selectsmart.com/PRESIDENT/" "Mozilla/4.51 [en] (Win98; I)"
207.172.129.42 - - [22/Oct/1999:00:34:54 -0400] "POST /PRESIDENT/results.php3 HTTP/1.1" 200 6640 "http://www.selectsmart.com/PRESIDENT/" "Mozilla/4.0 (compatible; MSIE 5.0; Windows 98; DigExt)"
209.86.203.237 - - [22/Oct/1999:00:34:54 -0400] "GET /PRESIDENT/images/smith.jpg HTTP/1.0" 200 2103 "http://www.selectsmart.com/PRESIDENT/results.php3?more=now&mid=16" "Mozilla/4.61 [en] (Win98; I)"
171.219.15.175 - - [22/Oct/1999:00:34:56 -0400] "POST /PRESIDENT/results.php3 HTTP/1.0" 200 6624 "http://www.selectsmart.com/PRESIDENT/" "Mozilla/4.61 [en] (Win95; U)"
206.67.169.30 - - [22/Oct/1999:00:35:00 -0400] "GET / HTTP/1.1" 200 1839 "http://www.worldkennelclub.com/links.html" "Mozilla/4.0 (compatible; MSIE 4.01; Windows 98)"
216.192.246.34 - - [22/Oct/1999:00:35:00 -0400] "GET /PRESIDENT/results.php3?more=now&mid=6 HTTP/1.1" 200 6002 "http://www.selectsmart.com/PRESIDENT/results.php3" "Mozilla/4.0 (compatible; MSIE 5.0; Windows 95; DigExt)"
206.67.169.30 - - [22/Oct/1999:00:35:01 -0400] "GET /sidepanel.html HTTP/1.1" 200 3890 "http://www.selectsmart.com/" "Mozilla/4.0 (compatible; MSIE 4.01; Windows 98)"
216.192.246.34 - - [22/Oct/1999:00:35:02 -0400] "GET /PRESIDENT/images/bush.jpg HTTP/1.1" 200 2977 "http://www.selectsmart.com/PRESIDENT/results.php3?more=now&mid=6" "Mozilla/4.0 (compatible; MSIE 5.0; Windows 95; DigExt)"
206.67.169.30 - - [22/Oct/1999:00:35:02 -0400] "GET /solid52.gif HTTP/1.1" 200 980 "http://www.selectsmart.com/sidepanel.html" "Mozilla/4.0 (compatible; MSIE 4.01; Windows 98)"
206.67.169.30 - - [22/Oct/1999:00:35:02 -0400] "GET /AMAZON/amzn-buy.gif HTTP/1.1" 200 3051 "http://www.selectsmart.com/sidepanel.html" "Mozilla/4.0 (compatible; MSIE 4.01; Windows 98)"
206.67.169.30 - - [22/Oct/1999:00:35:06 -0400] "GET /thnkyell.jpg HTTP/1.1" 200 23337 "http://www.selectsmart.com/sidepanel.html" "Mozilla/4.0 (compatible; MSIE 4.01; Windows 98)"
206.67.169.30 - - [22/Oct/1999:00:35:09 -0400] "GET /indexa.html HTTP/1.1" 200 20372 "http://www.selectsmart.com/" "Mozilla/4.0 (compatible; MSIE 4.01; Windows 98)"
208.165.117.36 - - [22/Oct/1999:00:35:12 -0400] "POST /PRESIDENT/results.php3 HTTP/1.1" 200 1388 "http://www.selectsmart.com/PRESIDENT/results.php3" "Mozilla/4.0 (compatible; MSIE 4.01; Windows 95)"
206.67.169.30 - - [22/Oct/1999:00:35:17 -0400] "GET /solid59.gif HTTP/1.1" 200 977 "http://www.selectsmart.com/sidepanel.html" "Mozilla/4.0 (compatible; MSIE 4.01; Windows 98)"
206.67.169.30 - - [22/Oct/1999:00:35:17 -0400] "GET /solid48.gif HTTP/1.1" 200 987 "http://www.selectsmart.com/sidepanel.html" "Mozilla/4.0 (compatible; MSIE 4.01; Windows 98)"
206.67.169.30 - - [22/Oct/1999:00:35:17 -0400] "GET /solid41.gif HTTP/1.1" 200 987 "http://www.selectsmart.com/sidepanel.html" "Mozilla/4.0 (compatible; MSIE 4.01; Windows 98)"
206.67.169.30 - - [22/Oct/1999:00:35:18 -0400] "GET /BUSINESS/14.gif HTTP/1.1" 200 6644 "http://www.selectsmart.com/indexa.html" "Mozilla/4.0 (compatible; MSIE 4.01; Windows 98)"
206.67.169.30 - - [22/Oct/1999:00:35:18 -0400] "GET /solid17.gif HTTP/1.1" 200 988 "http://www.selectsmart.com/sidepanel.html" "Mozilla/4.0 (compatible; MSIE 4.01; Windows 98)"
206.67.169.30 - - [22/Oct/1999:00:35:18 -0400] "GET /BUSINESS/drop_v.jpg HTTP/1.1" 200 1963 "http://www.selectsmart.com/indexa.html" "Mozilla/4.0 (compatible; MSIE 4.01; Windows 98)"
206.67.169.30 - - [22/Oct/1999:00:35:19 -0400] "GET /up.jpg HTTP/1.1" 200 2511 "http://www.selectsmart.com/sidepanel.html" "Mozilla/4.0 (compatible; MSIE 4.01; Windows 98)"
207.58.17.227 - - [22/Oct/1999:00:35:23 -0400] "POST /PRESIDENT/results.php3 HTTP/1.0" 200 1376 "http://www.selectsmart.com/PRESIDENT/results.php3" "Mozilla/4.51 [en] (Win98; I)"
206.67.169.30 - - [22/Oct/1999:00:35:23 -0400] "GET /curt.jpg HTTP/1.1" 200 4228 "http://www.selectsmart.com/sidepanel.html" "Mozilla/4.0 (compatible; MSIE 4.01; Windows 98)"
206.67.169.30 - - [22/Oct/1999:00:35:27 -0400] "GET /planetclick.gif HTTP/1.1" 200 4949 "http://www.selectsmart.com/indexa.html" "Mozilla/4.0 (compatible; MSIE 4.01; Windows 98)"
207.220.187.119 - - [22/Oct/1999:00:35:28 -0400] "POST /PRESIDENT/results.php3 HTTP/1.0" 200 6627 "http://www.selectsmart.com/PRESIDENT/" "Mozilla/4.61 [en] (Win98; I)"
206.67.169.30 - - [22/Oct/1999:00:35:29 -0400] "GET /BUSINESS/drop_h.jpg HTTP/1.1" 200 2034 "http://www.selectsmart.com/indexa.html" "Mozilla/4.0 (compatible; MSIE 4.01; Windows 98)"
206.67.169.30 - - [22/Oct/1999:00:35:29 -0400] "GET /solid17.gif HTTP/1.1" 200 988 "http://www.selectsmart.com/sidepanel.html" "Mozilla/4.0 (compatible; MSIE 4.01; Windows 98)"
206.67.169.30 - - [22/Oct/1999:00:35:29 -0400] "GET /sltrib.gif HTTP/1.1" 200 5673 "http://www.selectsmart.com/indexa.html" "Mozilla/4.0 (compatible; MSIE 4.01; Windows 98)"
206.67.169.30 - - [22/Oct/1999:00:35:32 -0400] "GET /solid28.gif HTTP/1.1" 200 972 "http://www.selectsmart.com/indexa.html" "Mozilla/4.0 (compatible; MSIE 4.01; Windows 98)"
206.67.169.30 - - [22/Oct/1999:00:35:32 -0400] "GET /solid48.gif HTTP/1.1" 200 987 "http://www.selectsmart.com/indexa.html" "Mozilla/4.0 (compatible; MSIE 4.01; Windows 98)"
208.165.117.36 - - [22/Oct/1999:00:35:33 -0400] "GET /PRESIDENT/index.html HTTP/1.1" 200 29678 "http://www.selectsmart.com/PRESIDENT/results.php3" "Mozilla/4.0 (compatible; MSIE 4.01; Windows 95)"
206.67.169.30 - - [22/Oct/1999:00:35:35 -0400] "GET /exclaim.jpg HTTP/1.1" 200 7859 "http://www.selectsmart.com/indexa.html" "Mozilla/4.0 (compatible; MSIE 4.01; Windows 98)"
206.67.169.30 - - [22/Oct/1999:00:35:35 -0400] "GET /solid6.gif HTTP/1.1" 200 993 "http://www.selectsmart.com/indexa.html" "Mozilla/4.0 (compatible; MSIE 4.01; Windows 98)"
206.67.169.30 - - [22/Oct/1999:00:35:37 -0400] "GET /solid11.gif HTTP/1.1" 200 1006 "http://www.selectsmart.com/indexa.html" "Mozilla/4.0 (compatible; MSIE 4.01; Windows 98)"
206.67.169.30 - - [22/Oct/1999:00:35:37 -0400] "GET /cooltools.gif HTTP/1.1" 200 3810 "http://www.selectsmart.com/indexa.html" "Mozilla/4.0 (compatible; MSIE 4.01; Windows 98)"
206.67.169.30 - - [22/Oct/1999:00:35:40 -0400] "GET /cooldogsiteselected.gif HTTP/1.1" 200 2982 "http://www.selectsmart.com/indexa.html" "Mozilla/4.0 (compatible; MSIE 4.01; Windows 98)"
206.67.169.30 - - [22/Oct/1999:00:35:43 -0400] "GET /sitename60_mining.gif HTTP/1.1" 200 2015 "http://www.selectsmart.com/indexa.html" "Mozilla/4.0 (compatible; MSIE 4.01; Windows 98)"
206.67.169.30 - - [22/Oct/1999:00:35:43 -0400] "GET /cpetsitm.gif HTTP/1.1" 200 6269 "http://www.selectsmart.com/indexa.html" "Mozilla/4.0 (compatible; MSIE 4.01; Windows 98)"
206.67.169.30 - - [22/Oct/1999:00:35:44 -0400] "GET /blkpaw.gif HTTP/1.1" 200 936 "http://www.selectsmart.com/indexa.html" "Mozilla/4.0 (compatible; MSIE 4.01; Windows 98)"
206.67.169.30 - - [22/Oct/1999:00:35:46 -0400] "GET /carolin2.gif HTTP/1.1" 200 3241 "http://www.selectsmart.com/indexa.html" "Mozilla/4.0 (compatible; MSIE 4.01; Windows 98)"
206.67.169.30 - - [22/Oct/1999:00:35:47 -0400] "GET /CoolAward2.gif HTTP/1.1" 200 5548 "http://www.selectsmart.com/indexa.html" "Mozilla/4.0 (compatible; MSIE 4.01; Windows 98)"
207.58.17.227 - - [22/Oct/1999:00:35:51 -0400] "GET /PRESIDENT/results.php3?more=now&mid=12 HTTP/1.0" 200 4821 "http://www.selectsmart.com/PRESIDENT/results.php3" "Mozilla/4.51 [en] (Win98; I)"
207.220.187.119 - - [22/Oct/1999:00:35:51 -0400] "GET /PRESIDENT/results.php3?more=now&mid=18 HTTP/1.0" 200 3762 "http://www.selectsmart.com/PRESIDENT/results.php3" "Mozilla/4.61 [en] (Win98; I)"
207.58.17.227 - - [22/Oct/1999:00:35:52 -0400] "GET /PRESIDENT/images/keyes.jpg HTTP/1.0" 200 2466 "http://www.selectsmart.com/PRESIDENT/results.php3?more=now&mid=12" "Mozilla/4.51 [en] (Win98; I)"
171.219.15.175 - - [22/Oct/1999:00:35:52 -0400] "GET /PRESIDENT/results.php3?more=now&mid=1 HTTP/1.0" 200 7174 "http://www.selectsmart.com/PRESIDENT/results.php3" "Mozilla/4.61 [en] (Win95; U)"
207.172.129.42 - - [22/Oct/1999:00:35:53 -0400] "GET /PRESIDENT/results.php3?more=now&mid=3 HTTP/1.1" 200 7840 "http://www.selectsmart.com/PRESIDENT/results.php3" "Mozilla/4.0 (compatible; MSIE 5.0; Windows 98; DigExt)"
207.172.129.42 - - [22/Oct/1999:00:35:55 -0400] "GET /PRESIDENT/images/bradley.jpg HTTP/1.1" 200 2294 "http://www.selectsmart.com/PRESIDENT/results.php3?more=now&mid=3" "Mozilla/4.0 (compatible; MSIE 5.0; Windows 98; DigExt)"
207.220.187.119 - - [22/Oct/1999:00:35:56 -0400] "GET /PRESIDENT/images/mcreynolds.jpg HTTP/1.0" 200 4631 "http://www.selectsmart.com/PRESIDENT/results.php3?more=now&mid=18" "Mozilla/4.61 [en] (Win98; I)"
171.219.15.175 - - [22/Oct/1999:00:36:02 -0400] "GET /PRESIDENT/images/bauer.jpg HTTP/1.0" 200 2154 "http://www.selectsmart.com/PRESIDENT/results.php3?more=now&mid=1" "Mozilla/4.61 [en] (Win95; U)"
209.168.2.2 - - [22/Oct/1999:00:36:10 -0400] "GET /PRESIDENT/images/beatty.jpg HTTP/1.0" 304 - "-" "Mozilla/3.01 (compatible;)"
208.165.117.36 - - [22/Oct/1999:00:36:22 -0400] "POST /PRESIDENT/results.php3 HTTP/1.1" 200 3646 "http://www.selectsmart.com/PRESIDENT/index.html" "Mozilla/4.0 (compatible; MSIE 4.01; Windows 95)"
207.172.129.42 - - [22/Oct/1999:00:36:33 -0400] "GET /PRESIDENT/favicon.ico HTTP/1.1" 404 227 "-" "Mozilla/4.0 (compatible; MSIE 5.0; Windows 98; DigExt)"
207.172.129.42 - - [22/Oct/1999:00:36:33 -0400] "GET /favicon.ico HTTP/1.1" 404 217 "-" "Mozilla/4.0 (compatible; MSIE 5.0; Windows 98; DigExt)"
209.86.203.237 - - [22/Oct/1999:00:36:44 -0400] "GET /PRESIDENT/results.php3?more=now&mid=11 HTTP/1.0" 200 6621 "http://www.selectsmart.com/PRESIDENT/results.php3" "Mozilla/4.61 [en] (Win98; I)"
209.86.203.237 - - [22/Oct/1999:00:36:46 -0400] "GET /PRESIDENT/hatch.gif HTTP/1.0" 200 6423 "http://www.selectsmart.com/PRESIDENT/results.php3?more=now&mid=11" "Mozilla/4.61 [en] (Win98; I)"
155.13.48.14 - - [22/Oct/1999:00:36:46 -0400] "GET /PRESIDENT/ HTTP/1.0" 200 29678 "-" "Mozilla/4.5 [en]C-CCK-MCD SCE_CDE-2 (Win95; U)"
