134.173.180.206 - - [22/Oct/1999:01:13:04 -0400] "GET /PRESIDENT/ HTTP/1.0" 200 29678 "http://www.FreeRepublic.com/forum/a380fd23a2489.htm" "Mozilla/4.04 [en] (WinNT; I ;Nav)"
134.173.180.206 - - [22/Oct/1999:01:13:04 -0400] "GET /BUSINESS/drop_v.jpg HTTP/1.0" 200 1963 "http://www.selectsmart.com/PRESIDENT/" "Mozilla/4.04 [en] (WinNT; I ;Nav)"
134.173.180.206 - - [22/Oct/1999:01:13:05 -0400] "GET /BUSINESS/16.gif HTTP/1.0" 200 6704 "http://www.selectsmart.com/PRESIDENT/" "Mozilla/4.04 [en] (WinNT; I ;Nav)"
134.173.180.206 - - [22/Oct/1999:01:13:05 -0400] "GET /BUSINESS/drop_h.jpg HTTP/1.0" 200 2034 "http://www.selectsmart.com/PRESIDENT/" "Mozilla/4.04 [en] (WinNT; I ;Nav)"
134.173.180.206 - - [22/Oct/1999:01:13:05 -0400] "GET /PRESIDENT/TR.gif HTTP/1.0" 200 5566 "http://www.selectsmart.com/PRESIDENT/" "Mozilla/4.04 [en] (WinNT; I ;Nav)"
134.173.180.206 - - [22/Oct/1999:01:13:06 -0400] "GET /PRESIDENT/anecdote.gif HTTP/1.0" 200 6898 "http://www.selectsmart.com/PRESIDENT/" "Mozilla/4.04 [en] (WinNT; I ;Nav)"
134.173.180.206 - - [22/Oct/1999:01:13:06 -0400] "GET /PRESIDENT/packaging.gif HTTP/1.0" 200 10663 "http://www.selectsmart.com/PRESIDENT/" "Mozilla/4.04 [en] (WinNT; I ;Nav)"
134.173.180.206 - - [22/Oct/1999:01:13:06 -0400] "GET /PRESIDENT/campaigns.gif HTTP/1.0" 200 5835 "http://www.selectsmart.com/PRESIDENT/" "Mozilla/4.04 [en] (WinNT; I ;Nav)"
134.173.180.206 - - [22/Oct/1999:01:13:06 -0400] "GET /curt.jpg HTTP/1.0" 200 4228 "http://www.selectsmart.com/PRESIDENT/" "Mozilla/4.04 [en] (WinNT; I ;Nav)"
134.173.180.206 - - [22/Oct/1999:01:13:07 -0400] "GET /PRESIDENT/vidal.gif HTTP/1.0" 200 11342 "http://www.selectsmart.com/PRESIDENT/" "Mozilla/4.04 [en] (WinNT; I ;Nav)"
134.173.180.206 - - [22/Oct/1999:01:13:07 -0400] "GET /PRESIDENT/camp2000.gif HTTP/1.0" 200 7449 "http://www.selectsmart.com/PRESIDENT/" "Mozilla/4.04 [en] (WinNT; I ;Nav)"
155.58.148.206 - - [22/Oct/1999:01:13:35 -0400] "GET /PRESIDENT/define.htm HTTP/1.1" 200 151 "-" "Mozilla/4.0 (compatible; MSIE 4.01; Windows NT)"
155.58.148.206 - - [22/Oct/1999:01:13:43 -0400] "GET /PRESIDENT/define1.htm HTTP/1.1" 200 144 "-" "Mozilla/4.0 (compatible; MSIE 4.01; Windows NT)"
209.232.186.12 - - [22/Oct/1999:01:13:44 -0400] "POST /PRESIDENT/results.php3 HTTP/1.1" 200 6639 "http://www.selectsmart.com/PRESIDENT/" "Mozilla/4.0 (compatible; MSIE 5.0; Windows 98; DigExt)"
205.188.199.186 - - [22/Oct/1999:01:13:47 -0400] "POST /PRESIDENT/results.php3 HTTP/1.0" 200 3637 "http://www.selectsmart.com/PRESIDENT/" "Mozilla/4.0 (compatible; MSIE 4.01; AOL 4.0; Windows 98)"
209.232.186.12 - - [22/Oct/1999:01:14:00 -0400] "POST /PRESIDENT/results.php3 HTTP/1.1" 200 15530 "http://www.selectsmart.com/PRESIDENT/results.php3" "Mozilla/4.0 (compatible; MSIE 5.0; Windows 98; DigExt)"
209.232.186.12 - - [22/Oct/1999:01:14:00 -0400] "GET /PRESIDENT/images/bradley.jpg HTTP/1.1" 200 2294 "http://www.selectsmart.com/PRESIDENT/results.php3" "Mozilla/4.0 (compatible; MSIE 5.0; Windows 98; DigExt)"
209.232.186.12 - - [22/Oct/1999:01:14:00 -0400] "GET /PRESIDENT/images/gore.jpg HTTP/1.1" 200 2930 "http://www.selectsmart.com/PRESIDENT/results.php3" "Mozilla/4.0 (compatible; MSIE 5.0; Windows 98; DigExt)"
209.232.186.12 - - [22/Oct/1999:01:14:00 -0400] "GET /PRESIDENT/images/mcreynolds.jpg HTTP/1.1" 200 4631 "http://www.selectsmart.com/PRESIDENT/results.php3" "Mozilla/4.0 (compatible; MSIE 5.0; Windows 98; DigExt)"
209.168.20.76 - - [22/Oct/1999:01:14:25 -0400] "GET /PRESIDENT/ HTTP/1.0" 200 29678 "http://www.FreeRepublic.com/forum/a380fd23a2489.htm" "Mozilla/4.04 [en] (Win95; I)"
209.168.20.76 - - [22/Oct/1999:01:14:26 -0400] "GET /BUSINESS/drop_h.jpg HTTP/1.0" 200 2034 "http://www.selectsmart.com/PRESIDENT/" "Mozilla/4.04 [en] (Win95; I)"
209.168.20.76 - - [22/Oct/1999:01:14:26 -0400] "GET /BUSINESS/16.gif HTTP/1.0" 200 6704 "http://www.selectsmart.com/PRESIDENT/" "Mozilla/4.04 [en] (Win95; I)"
209.168.20.76 - - [22/Oct/1999:01:14:26 -0400] "GET /BUSINESS/drop_v.jpg HTTP/1.0" 200 1963 "http://www.selectsmart.com/PRESIDENT/" "Mozilla/4.04 [en] (Win95; I)"
155.58.148.206 - - [22/Oct/1999:01:14:36 -0400] "GET /PRESIDENT/define16.htm HTTP/1.1" 200 229 "-" "Mozilla/4.0 (compatible; MSIE 4.01; Windows NT)"
134.173.180.206 - - [22/Oct/1999:01:14:37 -0400] "POST /PRESIDENT/results.php3 HTTP/1.0" 200 6624 "http://www.selectsmart.com/PRESIDENT/" "Mozilla/4.04 [en] (WinNT; I ;Nav)"
209.168.20.76 - - [22/Oct/1999:01:14:37 -0400] "GET /PRESIDENT/anecdote.gif HTTP/1.0" 200 6898 "http://www.selectsmart.com/PRESIDENT/" "Mozilla/4.04 [en] (Win95; I)"
209.168.20.76 - - [22/Oct/1999:01:14:39 -0400] "GET /PRESIDENT/packaging.gif HTTP/1.0" 200 10663 "http://www.selectsmart.com/PRESIDENT/" "Mozilla/4.04 [en] (Win95; I)"
209.168.20.76 - - [22/Oct/1999:01:14:41 -0400] "GET /PRESIDENT/TR.gif HTTP/1.0" 200 5566 "http://www.selectsmart.com/PRESIDENT/" "Mozilla/4.04 [en] (Win95; I)"
209.168.20.76 - - [22/Oct/1999:01:14:44 -0400] "GET /PRESIDENT/camp2000.gif HTTP/1.0" 200 7449 "http://www.selectsmart.com/PRESIDENT/" "Mozilla/4.04 [en] (Win95; I)"
209.168.20.76 - - [22/Oct/1999:01:14:52 -0400] "GET /curt.jpg HTTP/1.0" 200 4228 "http://www.selectsmart.com/PRESIDENT/" "Mozilla/4.04 [en] (Win95; I)"
209.168.20.76 - - [22/Oct/1999:01:14:52 -0400] "GET /PRESIDENT/campaigns.gif HTTP/1.0" 200 5835 "http://www.selectsmart.com/PRESIDENT/" "Mozilla/4.04 [en] (Win95; I)"
204.248.210.68 - - [22/Oct/1999:01:14:53 -0400] "GET /PRESIDENT/results.php3?more=now&mid=6 HTTP/1.1" 200 6002 "http://www.selectsmart.com/PRESIDENT/results.php3" "Mozilla/4.0 (compatible; MSIE 4.01; Windows 98)"
209.168.20.76 - - [22/Oct/1999:01:14:53 -0400] "GET /PRESIDENT/vidal.gif HTTP/1.0" 200 11342 "http://www.selectsmart.com/PRESIDENT/" "Mozilla/4.04 [en] (Win95; I)"
204.248.210.68 - - [22/Oct/1999:01:14:55 -0400] "GET /PRESIDENT/images/bush.jpg HTTP/1.1" 200 2977 "http://www.selectsmart.com/PRESIDENT/results.php3?more=now&mid=6" "Mozilla/4.0 (compatible; MSIE 4.01; Windows 98)"
134.173.180.206 - - [22/Oct/1999:01:14:57 -0400] "POST /PRESIDENT/results.php3 HTTP/1.0" 200 1376 "http://www.selectsmart.com/PRESIDENT/results.php3" "Mozilla/4.04 [en] (WinNT; I ;Nav)"
165.134.110.18 - - [22/Oct/1999:01:14:58 -0400] "POST /PRESIDENT/results.php3 HTTP/1.0" 200 6627 "http://www.selectsmart.com/PRESIDENT/" "Mozilla/4.51 (Macintosh; I; PPC)"
204.210.20.106 - - [22/Oct/1999:01:15:07 -0400] "GET /PRESIDENT/results.php3?more=now&mid=5 HTTP/1.1" 200 6137 "http://www.selectsmart.com/PRESIDENT/results.php3" "Mozilla/4.0 (compatible; MSIE 5.0; Windows 95; DigExt)"
204.210.20.106 - - [22/Oct/1999:01:15:09 -0400] "GET /PRESIDENT/buchanan.jpg HTTP/1.1" 200 8053 "http://www.selectsmart.com/PRESIDENT/results.php3?more=now&mid=5" "Mozilla/4.0 (compatible; MSIE 5.0; Windows 95; DigExt)"
209.232.186.12 - - [22/Oct/1999:01:15:19 -0400] "GET / HTTP/1.1" 200 1839 "-" "Mozilla/4.0 (compatible; MSIE 5.0; Windows 98; DigExt)"
209.232.186.12 - - [22/Oct/1999:01:15:19 -0400] "GET /sidepanel.html HTTP/1.1" 200 3890 "http://www.selectsmart.com/" "Mozilla/4.0 (compatible; MSIE 5.0; Windows 98; DigExt)"
209.232.186.12 - - [22/Oct/1999:01:15:19 -0400] "GET /AMAZON/amzn-buy.gif HTTP/1.1" 200 3051 "http://www.selectsmart.com/sidepanel.html" "Mozilla/4.0 (compatible; MSIE 5.0; Windows 98; DigExt)"
209.232.186.12 - - [22/Oct/1999:01:15:19 -0400] "GET /thnkyell.jpg HTTP/1.1" 200 23337 "http://www.selectsmart.com/sidepanel.html" "Mozilla/4.0 (compatible; MSIE 5.0; Windows 98; DigExt)"
209.232.186.12 - - [22/Oct/1999:01:15:19 -0400] "GET /solid52.gif HTTP/1.1" 200 980 "http://www.selectsmart.com/sidepanel.html" "Mozilla/4.0 (compatible; MSIE 5.0; Windows 98; DigExt)"
209.232.186.12 - - [22/Oct/1999:01:15:19 -0400] "GET /indexa.html HTTP/1.1" 200 20372 "http://www.selectsmart.com/" "Mozilla/4.0 (compatible; MSIE 5.0; Windows 98; DigExt)"
209.232.186.12 - - [22/Oct/1999:01:15:19 -0400] "GET /solid59.gif HTTP/1.1" 200 977 "http://www.selectsmart.com/sidepanel.html" "Mozilla/4.0 (compatible; MSIE 5.0; Windows 98; DigExt)"
209.232.186.12 - - [22/Oct/1999:01:15:20 -0400] "GET /solid48.gif HTTP/1.1" 200 987 "http://www.selectsmart.com/sidepanel.html" "Mozilla/4.0 (compatible; MSIE 5.0; Windows 98; DigExt)"
209.232.186.12 - - [22/Oct/1999:01:15:20 -0400] "GET /solid41.gif HTTP/1.1" 200 987 "http://www.selectsmart.com/sidepanel.html" "Mozilla/4.0 (compatible; MSIE 5.0; Windows 98; DigExt)"
209.232.186.12 - - [22/Oct/1999:01:15:20 -0400] "GET /solid17.gif HTTP/1.1" 200 988 "http://www.selectsmart.com/sidepanel.html" "Mozilla/4.0 (compatible; MSIE 5.0; Windows 98; DigExt)"
209.232.186.12 - - [22/Oct/1999:01:15:20 -0400] "GET /solid17.gif HTTP/1.1" 200 988 "http://www.selectsmart.com/sidepanel.html" "Mozilla/4.0 (compatible; MSIE 5.0; Windows 98; DigExt)"
209.232.186.12 - - [22/Oct/1999:01:15:20 -0400] "GET /up.jpg HTTP/1.1" 200 2511 "http://www.selectsmart.com/sidepanel.html" "Mozilla/4.0 (compatible; MSIE 5.0; Windows 98; DigExt)"
209.232.186.12 - - [22/Oct/1999:01:15:20 -0400] "GET /BUSINESS/14.gif HTTP/1.1" 200 6644 "http://www.selectsmart.com/indexa.html" "Mozilla/4.0 (compatible; MSIE 5.0; Windows 98; DigExt)"
209.232.186.12 - - [22/Oct/1999:01:15:20 -0400] "GET /solid6.gif HTTP/1.1" 200 993 "http://www.selectsmart.com/indexa.html" "Mozilla/4.0 (compatible; MSIE 5.0; Windows 98; DigExt)"
209.232.186.12 - - [22/Oct/1999:01:15:20 -0400] "GET /sltrib.gif HTTP/1.1" 200 5673 "http://www.selectsmart.com/indexa.html" "Mozilla/4.0 (compatible; MSIE 5.0; Windows 98; DigExt)"
209.232.186.12 - - [22/Oct/1999:01:15:20 -0400] "GET /cooltools.gif HTTP/1.1" 200 3810 "http://www.selectsmart.com/indexa.html" "Mozilla/4.0 (compatible; MSIE 5.0; Windows 98; DigExt)"
209.232.186.12 - - [22/Oct/1999:01:15:21 -0400] "GET /solid11.gif HTTP/1.1" 200 1006 "http://www.selectsmart.com/indexa.html" "Mozilla/4.0 (compatible; MSIE 5.0; Windows 98; DigExt)"
209.232.186.12 - - [22/Oct/1999:01:15:21 -0400] "GET /planetclick.gif HTTP/1.1" 200 4949 "http://www.selectsmart.com/indexa.html" "Mozilla/4.0 (compatible; MSIE 5.0; Windows 98; DigExt)"
209.232.186.12 - - [22/Oct/1999:01:15:21 -0400] "GET /solid28.gif HTTP/1.1" 200 972 "http://www.selectsmart.com/indexa.html" "Mozilla/4.0 (compatible; MSIE 5.0; Windows 98; DigExt)"
209.232.186.12 - - [22/Oct/1999:01:15:21 -0400] "GET /cooldogsiteselected.gif HTTP/1.1" 200 2982 "http://www.selectsmart.com/indexa.html" "Mozilla/4.0 (compatible; MSIE 5.0; Windows 98; DigExt)"
209.232.186.12 - - [22/Oct/1999:01:15:21 -0400] "GET /solid48.gif HTTP/1.1" 200 987 "http://www.selectsmart.com/indexa.html" "Mozilla/4.0 (compatible; MSIE 5.0; Windows 98; DigExt)"
209.232.186.12 - - [22/Oct/1999:01:15:21 -0400] "GET /carolin2.gif HTTP/1.1" 200 3241 "http://www.selectsmart.com/indexa.html" "Mozilla/4.0 (compatible; MSIE 5.0; Windows 98; DigExt)"
209.232.186.12 - - [22/Oct/1999:01:15:21 -0400] "GET /exclaim.jpg HTTP/1.1" 200 7859 "http://www.selectsmart.com/indexa.html" "Mozilla/4.0 (compatible; MSIE 5.0; Windows 98; DigExt)"
209.232.186.12 - - [22/Oct/1999:01:15:21 -0400] "GET /CoolAward2.gif HTTP/1.1" 200 5548 "http://www.selectsmart.com/indexa.html" "Mozilla/4.0 (compatible; MSIE 5.0; Windows 98; DigExt)"
209.232.186.12 - - [22/Oct/1999:01:15:21 -0400] "GET /sitename60_mining.gif HTTP/1.1" 200 2015 "http://www.selectsmart.com/indexa.html" "Mozilla/4.0 (compatible; MSIE 5.0; Windows 98; DigExt)"
209.232.186.12 - - [22/Oct/1999:01:15:21 -0400] "GET /cpetsitm.gif HTTP/1.1" 200 6269 "http://www.selectsmart.com/indexa.html" "Mozilla/4.0 (compatible; MSIE 5.0; Windows 98; DigExt)"
209.232.186.12 - - [22/Oct/1999:01:15:21 -0400] "GET /blkpaw.gif HTTP/1.1" 200 936 "http://www.selectsmart.com/indexa.html" "Mozilla/4.0 (compatible; MSIE 5.0; Windows 98; DigExt)"
155.58.148.206 - - [22/Oct/1999:01:15:24 -0400] "POST /PRESIDENT/results.php3 HTTP/1.1" 200 6638 "http://www.selectsmart.com/PRESIDENT/" "Mozilla/4.0 (compatible; MSIE 4.01; Windows NT)"
209.232.186.12 - - [22/Oct/1999:01:15:28 -0400] "GET /favicon.ico HTTP/1.1" 404 217 "-" "Mozilla/4.0 (compatible; MSIE 5.0; Windows 98; DigExt)"
209.232.186.12 - - [22/Oct/1999:01:15:28 -0400] "GET /favicon.ico HTTP/1.1" 404 217 "-" "Mozilla/4.0 (compatible; MSIE 5.0; Windows 98; DigExt)"
207.212.80.156 - - [22/Oct/1999:01:15:42 -0400] "GET /PRESIDENT/results.php3?more=now&mid=6 HTTP/1.0" 200 5989 "http://www.selectsmart.com/PRESIDENT/results.php3" "Mozilla/3.01-C-MACOS8 (Macintosh; I; PPC)"
207.212.80.156 - - [22/Oct/1999:01:15:44 -0400] "GET /PRESIDENT/images/bush.jpg HTTP/1.0" 200 2977 "http://www.selectsmart.com/PRESIDENT/results.php3?more=now&mid=6" "Mozilla/3.01-C-MACOS8 (Macintosh; I; PPC)"
204.138.181.160 - - [22/Oct/1999:01:15:45 -0400] "GET /PRESIDENT HTTP/1.1" 301 253 "-" "Mozilla/4.0 (compatible; MSIE 4.01; MSN 2.5; Windows 98)"
204.210.20.106 - - [22/Oct/1999:01:15:45 -0400] "GET /PRESIDENT/results.php3?more=now&mid=7 HTTP/1.1" 200 5826 "http://www.selectsmart.com/PRESIDENT/results.php3" "Mozilla/4.0 (compatible; MSIE 5.0; Windows 95; DigExt)"
204.210.20.106 - - [22/Oct/1999:01:15:45 -0400] "GET /PRESIDENT/dole.gif HTTP/1.1" 200 5742 "http://www.selectsmart.com/PRESIDENT/results.php3?more=now&mid=7" "Mozilla/4.0 (compatible; MSIE 5.0; Windows 95; DigExt)"
204.138.181.160 - - [22/Oct/1999:01:15:47 -0400] "GET /BUSINESS/16.gif HTTP/1.1" 200 6704 "http://www.selectsmart.com/PRESIDENT/" "Mozilla/4.0 (compatible; MSIE 4.01; MSN 2.5; Windows 98)"
204.138.181.160 - - [22/Oct/1999:01:15:47 -0400] "GET /BUSINESS/drop_v.jpg HTTP/1.1" 200 1963 "http://www.selectsmart.com/PRESIDENT/" "Mozilla/4.0 (compatible; MSIE 4.01; MSN 2.5; Windows 98)"
204.138.181.160 - - [22/Oct/1999:01:15:47 -0400] "GET /PRESIDENT/ HTTP/1.1" 200 29678 "-" "Mozilla/4.0 (compatible; MSIE 4.01; MSN 2.5; Windows 98)"
204.138.181.160 - - [22/Oct/1999:01:15:50 -0400] "GET /BUSINESS/drop_h.jpg HTTP/1.1" 200 2034 "http://www.selectsmart.com/PRESIDENT/" "Mozilla/4.0 (compatible; MSIE 4.01; MSN 2.5; Windows 98)"
204.138.181.160 - - [22/Oct/1999:01:15:50 -0400] "GET /PRESIDENT/anecdote.gif HTTP/1.1" 200 6898 "http://www.selectsmart.com/PRESIDENT/" "Mozilla/4.0 (compatible; MSIE 4.01; MSN 2.5; Windows 98)"
204.138.181.160 - - [22/Oct/1999:01:15:51 -0400] "GET /PRESIDENT/campaigns.gif HTTP/1.1" 200 5835 "http://www.selectsmart.com/PRESIDENT/" "Mozilla/4.0 (compatible; MSIE 4.01; MSN 2.5; Windows 98)"
155.58.148.206 - - [22/Oct/1999:01:15:54 -0400] "GET /PRESIDENT/results.php3?more=now&mid=9 HTTP/1.1" 200 6106 "http://www.selectsmart.com/PRESIDENT/results.php3" "Mozilla/4.0 (compatible; MSIE 4.01; Windows NT)"
155.58.148.206 - - [22/Oct/1999:01:15:54 -0400] "GET /PRESIDENT/images/gore.jpg HTTP/1.1" 200 2930 "http://www.selectsmart.com/PRESIDENT/results.php3?more=now&mid=9" "Mozilla/4.0 (compatible; MSIE 4.01; Windows NT)"
204.138.181.160 - - [22/Oct/1999:01:15:54 -0400] "GET /PRESIDENT/packaging.gif HTTP/1.1" 200 10663 "http://www.selectsmart.com/PRESIDENT/" "Mozilla/4.0 (compatible; MSIE 4.01; MSN 2.5; Windows 98)"
204.138.181.160 - - [22/Oct/1999:01:16:00 -0400] "GET /PRESIDENT/vidal.gif HTTP/1.1" 200 11342 "http://www.selectsmart.com/PRESIDENT/" "Mozilla/4.0 (compatible; MSIE 4.01; MSN 2.5; Windows 98)"
204.138.181.160 - - [22/Oct/1999:01:16:03 -0400] "GET /PRESIDENT/TR.gif HTTP/1.1" 200 5566 "http://www.selectsmart.com/PRESIDENT/" "Mozilla/4.0 (compatible; MSIE 4.01; MSN 2.5; Windows 98)"
204.138.181.160 - - [22/Oct/1999:01:16:04 -0400] "GET /PRESIDENT/camp2000.gif HTTP/1.1" 200 7449 "http://www.selectsmart.com/PRESIDENT/" "Mozilla/4.0 (compatible; MSIE 4.01; MSN 2.5; Windows 98)"
204.138.181.160 - - [22/Oct/1999:01:16:07 -0400] "GET /curt.jpg HTTP/1.1" 200 4228 "http://www.selectsmart.com/PRESIDENT/" "Mozilla/4.0 (compatible; MSIE 4.01; MSN 2.5; Windows 98)"
204.210.20.106 - - [22/Oct/1999:01:16:36 -0400] "GET /PRESIDENT/results.php3?more=now&mid=12 HTTP/1.1" 200 4834 "http://www.selectsmart.com/PRESIDENT/results.php3" "Mozilla/4.0 (compatible; MSIE 5.0; Windows 95; DigExt)"
204.210.20.106 - - [22/Oct/1999:01:16:37 -0400] "GET /PRESIDENT/images/keyes.jpg HTTP/1.1" 200 2466 "http://www.selectsmart.com/PRESIDENT/results.php3?more=now&mid=12" "Mozilla/4.0 (compatible; MSIE 5.0; Windows 95; DigExt)"
206.141.244.170 - - [22/Oct/1999:01:16:46 -0400] "GET /BUSINESS/drop_v.jpg HTTP/1.1" 200 1963 "http://www.selectsmart.com/PRESIDENT/" "Mozilla/4.0 (compatible; MSIE 5.0; Windows 98; DigExt)"
206.141.244.170 - - [22/Oct/1999:01:16:46 -0400] "GET /BUSINESS/16.gif HTTP/1.1" 200 6704 "http://www.selectsmart.com/PRESIDENT/" "Mozilla/4.0 (compatible; MSIE 5.0; Windows 98; DigExt)"
206.141.244.170 - - [22/Oct/1999:01:16:47 -0400] "GET /BUSINESS/drop_h.jpg HTTP/1.1" 200 2034 "http://www.selectsmart.com/PRESIDENT/" "Mozilla/4.0 (compatible; MSIE 5.0; Windows 98; DigExt)"
206.141.244.170 - - [22/Oct/1999:01:16:47 -0400] "GET /PRESIDENT/ HTTP/1.1" 200 29678 "http://www.freerepublic.com/forum/a380fd23a2489.htm" "Mozilla/4.0 (compatible; MSIE 5.0; Windows 98; DigExt)"
204.138.181.160 - - [22/Oct/1999:01:16:48 -0400] "GET /PRESIDENT/poll.htm HTTP/1.1" 200 4489 "-" "Mozilla/4.0 (compatible; MSIE 4.01; MSN 2.5; Windows 98)"
206.141.244.170 - - [22/Oct/1999:01:16:49 -0400] "GET /PRESIDENT/anecdote.gif HTTP/1.1" 200 6898 "http://www.selectsmart.com/PRESIDENT/" "Mozilla/4.0 (compatible; MSIE 5.0; Windows 98; DigExt)"
206.141.244.170 - - [22/Oct/1999:01:16:52 -0400] "GET /PRESIDENT/campaigns.gif HTTP/1.1" 200 5835 "http://www.selectsmart.com/PRESIDENT/" "Mozilla/4.0 (compatible; MSIE 5.0; Windows 98; DigExt)"
206.141.244.170 - - [22/Oct/1999:01:16:52 -0400] "GET /PRESIDENT/packaging.gif HTTP/1.1" 200 10663 "http://www.selectsmart.com/PRESIDENT/" "Mozilla/4.0 (compatible; MSIE 5.0; Windows 98; DigExt)"
206.141.244.170 - - [22/Oct/1999:01:16:54 -0400] "GET /PRESIDENT/vidal.gif HTTP/1.1" 200 11342 "http://www.selectsmart.com/PRESIDENT/" "Mozilla/4.0 (compatible; MSIE 5.0; Windows 98; DigExt)"
206.141.244.170 - - [22/Oct/1999:01:16:56 -0400] "GET /PRESIDENT/TR.gif HTTP/1.1" 200 5566 "http://www.selectsmart.com/PRESIDENT/" "Mozilla/4.0 (compatible; MSIE 5.0; Windows 98; DigExt)"
206.141.244.170 - - [22/Oct/1999:01:16:58 -0400] "GET /PRESIDENT/camp2000.gif HTTP/1.1" 200 7449 "http://www.selectsmart.com/PRESIDENT/" "Mozilla/4.0 (compatible; MSIE 5.0; Windows 98; DigExt)"
206.141.244.170 - - [22/Oct/1999:01:16:58 -0400] "GET /curt.jpg HTTP/1.1" 200 4228 "http://www.selectsmart.com/PRESIDENT/" "Mozilla/4.0 (compatible; MSIE 5.0; Windows 98; DigExt)"
155.58.148.206 - - [22/Oct/1999:01:17:18 -0400] "GET /PRESIDENT/results.php3?more=now&mid=18 HTTP/1.1" 200 3774 "http://www.selectsmart.com/PRESIDENT/results.php3" "Mozilla/4.0 (compatible; MSIE 4.01; Windows NT)"
155.58.148.206 - - [22/Oct/1999:01:17:18 -0400] "GET /PRESIDENT/images/mcreynolds.jpg HTTP/1.1" 200 4631 "http://www.selectsmart.com/PRESIDENT/results.php3?more=now&mid=18" "Mozilla/4.0 (compatible; MSIE 4.01; Windows NT)"
165.134.110.18 - - [22/Oct/1999:01:17:37 -0400] "GET /PRESIDENT/results.php3?more=now&mid=18 HTTP/1.0" 200 3762 "http://www.selectsmart.com/PRESIDENT/results.php3" "Mozilla/4.51 (Macintosh; I; PPC)"
165.134.110.18 - - [22/Oct/1999:01:17:38 -0400] "GET /PRESIDENT/images/mcreynolds.jpg HTTP/1.0" 200 4631 "http://www.selectsmart.com/PRESIDENT/results.php3?more=now&mid=18" "Mozilla/4.51 (Macintosh; I; PPC)"
205.188.199.186 - - [22/Oct/1999:01:18:04 -0400] "POST /PRESIDENT/results.php3 HTTP/1.0" 200 6627 "http://www.selectsmart.com/PRESIDENT/" "Mozilla/4.0 (compatible; MSIE 4.01; AOL 4.0; Windows 98)"
209.232.186.12 - - [22/Oct/1999:01:18:04 -0400] "GET /sandbox/dog/images/title_sel.gif HTTP/1.1" 200 3153 "http://www.selectsmart.com/beta_dog/" "Mozilla/4.0 (compatible; MSIE 5.0; Windows 98; DigExt)"
209.232.186.12 - - [22/Oct/1999:01:18:04 -0400] "GET /beta_dog/ HTTP/1.1" 200 24154 "http://www.selectsmart.com/indexa.html" "Mozilla/4.0 (compatible; MSIE 5.0; Windows 98; DigExt)"
209.232.186.12 - - [22/Oct/1999:01:18:04 -0400] "GET /sandbox/dog/images/cbegin.gif HTTP/1.1" 200 713 "http://www.selectsmart.com/beta_dog/" "Mozilla/4.0 (compatible; MSIE 5.0; Windows 98; DigExt)"
209.232.186.12 - - [22/Oct/1999:01:18:04 -0400] "GET /sandbox/dog/images/home.gif HTTP/1.1" 200 167 "http://www.selectsmart.com/beta_dog/" "Mozilla/4.0 (compatible; MSIE 5.0; Windows 98; DigExt)"
209.232.186.12 - - [22/Oct/1999:01:18:04 -0400] "GET /sandbox/dog/images/results.gif HTTP/1.1" 200 201 "http://www.selectsmart.com/beta_dog/" "Mozilla/4.0 (compatible; MSIE 5.0; Windows 98; DigExt)"
209.232.186.12 - - [22/Oct/1999:01:18:05 -0400] "GET /sandbox/dog/images/next.gif HTTP/1.1" 200 171 "http://www.selectsmart.com/beta_dog/" "Mozilla/4.0 (compatible; MSIE 5.0; Windows 98; DigExt)"
209.232.186.12 - - [22/Oct/1999:01:18:05 -0400] "GET /sandbox/dog/images/c_app.gif HTTP/1.1" 200 256 "http://www.selectsmart.com/beta_dog/" "Mozilla/4.0 (compatible; MSIE 5.0; Windows 98; DigExt)"
209.232.186.12 - - [22/Oct/1999:01:18:05 -0400] "GET /sandbox/dog/images/g_cc.gif HTTP/1.1" 200 324 "http://www.selectsmart.com/beta_dog/" "Mozilla/4.0 (compatible; MSIE 5.0; Windows 98; DigExt)"
209.232.186.12 - - [22/Oct/1999:01:18:05 -0400] "GET /sandbox/dog/images/g_men.gif HTTP/1.1" 200 296 "http://www.selectsmart.com/beta_dog/" "Mozilla/4.0 (compatible; MSIE 5.0; Windows 98; DigExt)"
209.232.186.12 - - [22/Oct/1999:01:18:05 -0400] "GET /sandbox/dog/images/g_com.gif HTTP/1.1" 200 298 "http://www.selectsmart.com/beta_dog/" "Mozilla/4.0 (compatible; MSIE 5.0; Windows 98; DigExt)"
209.232.186.12 - - [22/Oct/1999:01:18:05 -0400] "GET /sandbox/dog/images/g_tem.gif HTTP/1.1" 200 281 "http://www.selectsmart.com/beta_dog/" "Mozilla/4.0 (compatible; MSIE 5.0; Windows 98; DigExt)"
209.232.186.12 - - [22/Oct/1999:01:18:05 -0400] "GET /sandbox/dog/images/back.gif HTTP/1.1" 200 171 "http://www.selectsmart.com/beta_dog/" "Mozilla/4.0 (compatible; MSIE 5.0; Windows 98; DigExt)"
209.232.186.12 - - [22/Oct/1999:01:18:05 -0400] "GET /sandbox/dog/images/g_app.gif HTTP/1.1" 200 266 "http://www.selectsmart.com/beta_dog/" "Mozilla/4.0 (compatible; MSIE 5.0; Windows 98; DigExt)"
209.232.186.12 - - [22/Oct/1999:01:18:05 -0400] "GET /sandbox/dog/images/c_cc.gif HTTP/1.1" 200 315 "http://www.selectsmart.com/beta_dog/" "Mozilla/4.0 (compatible; MSIE 5.0; Windows 98; DigExt)"
209.232.186.12 - - [22/Oct/1999:01:18:05 -0400] "GET /sandbox/dog/images/c_men.gif HTTP/1.1" 200 289 "http://www.selectsmart.com/beta_dog/" "Mozilla/4.0 (compatible; MSIE 5.0; Windows 98; DigExt)"
209.232.186.12 - - [22/Oct/1999:01:18:05 -0400] "GET /sandbox/dog/images/c_com.gif HTTP/1.1" 200 292 "http://www.selectsmart.com/beta_dog/" "Mozilla/4.0 (compatible; MSIE 5.0; Windows 98; DigExt)"
209.232.186.12 - - [22/Oct/1999:01:18:05 -0400] "GET /sandbox/dog/images/c_tem.gif HTTP/1.1" 200 271 "http://www.selectsmart.com/beta_dog/" "Mozilla/4.0 (compatible; MSIE 5.0; Windows 98; DigExt)"
151.201.69.171 - - [22/Oct/1999:01:18:20 -0400] "GET /PRESIDENT/ HTTP/1.0" 200 29678 "news://news6.bellatlantic.net/7udrv0%242ta%241%40usenet01.srv.cis.pitt.edu" "Mozilla/4.7 [en] (Win98; U)"
151.201.69.171 - - [22/Oct/1999:01:18:21 -0400] "GET /BUSINESS/drop_v.jpg HTTP/1.0" 200 1963 "http://www.selectsmart.com/PRESIDENT/" "Mozilla/4.7 [en] (Win98; U)"
151.201.69.171 - - [22/Oct/1999:01:18:21 -0400] "GET /BUSINESS/drop_h.jpg HTTP/1.0" 200 2034 "http://www.selectsmart.com/PRESIDENT/" "Mozilla/4.7 [en] (Win98; U)"
151.201.69.171 - - [22/Oct/1999:01:18:21 -0400] "GET /BUSINESS/16.gif HTTP/1.0" 200 6704 "http://www.selectsmart.com/PRESIDENT/" "Mozilla/4.7 [en] (Win98; U)"
151.201.69.171 - - [22/Oct/1999:01:18:23 -0400] "GET /PRESIDENT/anecdote.gif HTTP/1.0" 200 6898 "http://www.selectsmart.com/PRESIDENT/" "Mozilla/4.7 [en] (Win98; U)"
151.201.69.171 - - [22/Oct/1999:01:18:24 -0400] "GET /PRESIDENT/packaging.gif HTTP/1.0" 200 10663 "http://www.selectsmart.com/PRESIDENT/" "Mozilla/4.7 [en] (Win98; U)"
151.201.69.171 - - [22/Oct/1999:01:18:25 -0400] "GET /PRESIDENT/TR.gif HTTP/1.0" 200 5566 "http://www.selectsmart.com/PRESIDENT/" "Mozilla/4.7 [en] (Win98; U)"
204.210.20.106 - - [22/Oct/1999:01:18:29 -0400] "GET /PRESIDENT/results.php3?more=now&mid=9 HTTP/1.1" 200 6106 "http://www.selectsmart.com/PRESIDENT/results.php3" "Mozilla/4.0 (compatible; MSIE 5.0; Windows 95; DigExt)"
204.210.20.106 - - [22/Oct/1999:01:18:30 -0400] "GET /PRESIDENT/images/gore.jpg HTTP/1.1" 200 2930 "http://www.selectsmart.com/PRESIDENT/results.php3?more=now&mid=9" "Mozilla/4.0 (compatible; MSIE 5.0; Windows 95; DigExt)"
151.201.69.171 - - [22/Oct/1999:01:18:30 -0400] "GET /PRESIDENT/vidal.gif HTTP/1.0" 200 11342 "http://www.selectsmart.com/PRESIDENT/" "Mozilla/4.7 [en] (Win98; U)"
151.201.69.171 - - [22/Oct/1999:01:18:30 -0400] "GET /PRESIDENT/campaigns.gif HTTP/1.0" 200 5835 "http://www.selectsmart.com/PRESIDENT/" "Mozilla/4.7 [en] (Win98; U)"
151.201.69.171 - - [22/Oct/1999:01:18:33 -0400] "GET /curt.jpg HTTP/1.0" 200 4228 "http://www.selectsmart.com/PRESIDENT/" "Mozilla/4.7 [en] (Win98; U)"
151.201.69.171 - - [22/Oct/1999:01:18:33 -0400] "GET /PRESIDENT/camp2000.gif HTTP/1.0" 200 7449 "http://www.selectsmart.com/PRESIDENT/" "Mozilla/4.7 [en] (Win98; U)"
4.3.40.143 - - [22/Oct/1999:01:18:47 -0400] "GET /BUSINESS/16.gif HTTP/1.1" 200 6704 "http://www.selectsmart.com/PRESIDENT/" "Mozilla/4.0 (compatible; MSIE 5.0; Windows 98; DigExt)"
4.3.40.143 - - [22/Oct/1999:01:18:47 -0400] "GET /BUSINESS/drop_v.jpg HTTP/1.1" 200 1963 "http://www.selectsmart.com/PRESIDENT/" "Mozilla/4.0 (compatible; MSIE 5.0; Windows 98; DigExt)"
4.3.40.143 - - [22/Oct/1999:01:18:47 -0400] "GET /BUSINESS/drop_h.jpg HTTP/1.1" 200 2034 "http://www.selectsmart.com/PRESIDENT/" "Mozilla/4.0 (compatible; MSIE 5.0; Windows 98; DigExt)"
4.3.40.143 - - [22/Oct/1999:01:18:48 -0400] "GET /PRESIDENT/ HTTP/1.1" 200 29678 "http://www.freerepublic.com/forum/a380fd23a2489.htm" "Mozilla/4.0 (compatible; MSIE 5.0; Windows 98; DigExt)"
4.3.40.143 - - [22/Oct/1999:01:18:49 -0400] "GET /PRESIDENT/anecdote.gif HTTP/1.1" 200 6898 "http://www.selectsmart.com/PRESIDENT/" "Mozilla/4.0 (compatible; MSIE 5.0; Windows 98; DigExt)"
4.3.40.143 - - [22/Oct/1999:01:18:50 -0400] "GET /PRESIDENT/campaigns.gif HTTP/1.1" 200 5835 "http://www.selectsmart.com/PRESIDENT/" "Mozilla/4.0 (compatible; MSIE 5.0; Windows 98; DigExt)"
4.3.40.143 - - [22/Oct/1999:01:18:51 -0400] "GET /PRESIDENT/packaging.gif HTTP/1.1" 200 10663 "http://www.selectsmart.com/PRESIDENT/" "Mozilla/4.0 (compatible; MSIE 5.0; Windows 98; DigExt)"
4.3.40.143 - - [22/Oct/1999:01:18:51 -0400] "GET /PRESIDENT/vidal.gif HTTP/1.1" 200 11342 "http://www.selectsmart.com/PRESIDENT/" "Mozilla/4.0 (compatible; MSIE 5.0; Windows 98; DigExt)"
209.168.20.76 - - [22/Oct/1999:01:18:52 -0400] "POST /PRESIDENT/results.php3 HTTP/1.0" 200 6625 "http://www.selectsmart.com/PRESIDENT/" "Mozilla/4.04 [en] (Win95; I)"
4.3.40.143 - - [22/Oct/1999:01:18:53 -0400] "GET /PRESIDENT/TR.gif HTTP/1.1" 200 5566 "http://www.selectsmart.com/PRESIDENT/" "Mozilla/4.0 (compatible; MSIE 5.0; Windows 98; DigExt)"
4.3.40.143 - - [22/Oct/1999:01:18:54 -0400] "GET /PRESIDENT/camp2000.gif HTTP/1.1" 200 7449 "http://www.selectsmart.com/PRESIDENT/" "Mozilla/4.0 (compatible; MSIE 5.0; Windows 98; DigExt)"
4.3.40.143 - - [22/Oct/1999:01:18:54 -0400] "GET /curt.jpg HTTP/1.1" 200 4228 "http://www.selectsmart.com/PRESIDENT/" "Mozilla/4.0 (compatible; MSIE 5.0; Windows 98; DigExt)"
165.134.110.18 - - [22/Oct/1999:01:19:12 -0400] "GET /PRESIDENT/index.html HTTP/1.0" 200 29678 "http://www.selectsmart.com/PRESIDENT/results.php3?more=now&mid=18" "Mozilla/4.51 (Macintosh; I; PPC)"
209.150.76.93 - - [22/Oct/1999:01:19:20 -0400] "GET /BUSINESS/drop_v.jpg HTTP/1.0" 200 1963 "-" "Mozilla/4.61 [en] (Win98; U)"
209.150.76.93 - - [22/Oct/1999:01:19:20 -0400] "GET /BUSINESS/16.gif HTTP/1.0" 200 6704 "-" "Mozilla/4.61 [en] (Win98; U)"
209.150.76.93 - - [22/Oct/1999:01:19:20 -0400] "GET /PRESIDENT/anecdote.gif HTTP/1.0" 200 6898 "-" "Mozilla/4.61 [en] (Win98; U)"
209.150.76.93 - - [22/Oct/1999:01:19:23 -0400] "GET /curt.jpg HTTP/1.0" 200 4228 "-" "Mozilla/4.61 [en] (Win98; U)"
209.150.76.93 - - [22/Oct/1999:01:19:25 -0400] "GET /BUSINESS/drop_h.jpg HTTP/1.0" 200 2034 "-" "Mozilla/4.61 [en] (Win98; U)"
209.150.76.93 - - [22/Oct/1999:01:19:26 -0400] "GET /PRESIDENT/campaigns.gif HTTP/1.0" 200 5835 "-" "Mozilla/4.61 [en] (Win98; U)"
209.150.76.93 - - [22/Oct/1999:01:19:27 -0400] "GET /PRESIDENT/camp2000.gif HTTP/1.0" 200 7449 "-" "Mozilla/4.61 [en] (Win98; U)"
209.150.76.93 - - [22/Oct/1999:01:19:29 -0400] "GET /PRESIDENT/packaging.gif HTTP/1.0" 200 10663 "-" "Mozilla/4.61 [en] (Win98; U)"
204.210.20.106 - - [22/Oct/1999:01:19:30 -0400] "GET /PRESIDENT/results.php3?more=now&mid=1 HTTP/1.1" 200 7187 "http://www.selectsmart.com/PRESIDENT/results.php3" "Mozilla/4.0 (compatible; MSIE 5.0; Windows 95; DigExt)"
204.210.20.106 - - [22/Oct/1999:01:19:30 -0400] "GET /PRESIDENT/images/bauer.jpg HTTP/1.1" 200 2154 "http://www.selectsmart.com/PRESIDENT/results.php3?more=now&mid=1" "Mozilla/4.0 (compatible; MSIE 5.0; Windows 95; DigExt)"
209.150.76.93 - - [22/Oct/1999:01:19:31 -0400] "GET /PRESIDENT/TR.gif HTTP/1.0" 200 5566 "-" "Mozilla/4.61 [en] (Win98; U)"
209.150.76.93 - - [22/Oct/1999:01:19:34 -0400] "GET /PRESIDENT/vidal.gif HTTP/1.0" 200 11342 "-" "Mozilla/4.61 [en] (Win98; U)"
206.141.244.170 - - [22/Oct/1999:01:19:37 -0400] "POST /PRESIDENT/results.php3 HTTP/1.1" 200 6639 "http://www.selectsmart.com/PRESIDENT/" "Mozilla/4.0 (compatible; MSIE 5.0; Windows 98; DigExt)"
209.150.76.93 - - [22/Oct/1999:01:19:42 -0400] "GET /PRESIDENT/ HTTP/1.0" 200 29678 "-" "Mozilla/4.61 [en] (Win98; U)"
206.141.244.170 - - [22/Oct/1999:01:20:00 -0400] "GET /PRESIDENT/results.php3?more=now&mid=18 HTTP/1.1" 200 3774 "http://www.selectsmart.com/PRESIDENT/results.php3" "Mozilla/4.0 (compatible; MSIE 5.0; Windows 98; DigExt)"
206.141.244.170 - - [22/Oct/1999:01:20:01 -0400] "GET /PRESIDENT/images/mcreynolds.jpg HTTP/1.1" 200 4631 "http://www.selectsmart.com/PRESIDENT/results.php3?more=now&mid=18" "Mozilla/4.0 (compatible; MSIE 5.0; Windows 98; DigExt)"
152.173.67.46 - - [22/Oct/1999:01:20:16 -0400] "GET /BUSINESS/16.gif HTTP/1.1" 200 6704 "http://www.selectsmart.com/PRESIDENT/" "Mozilla/4.0 (compatible; MSIE 4.01; Windows 98)"
152.173.67.46 - - [22/Oct/1999:01:20:16 -0400] "GET /BUSINESS/drop_v.jpg HTTP/1.1" 200 1963 "http://www.selectsmart.com/PRESIDENT/" "Mozilla/4.0 (compatible; MSIE 4.01; Windows 98)"
152.173.67.46 - - [22/Oct/1999:01:20:16 -0400] "GET /PRESIDENT/ HTTP/1.1" 200 29678 "http://209.185.240.250/cgi-bin/linkrd?_lang=&lah=90b9843c33bfb980e5a63f3ae15b0d9f&lat=940569023&hm___action=http%3a%2f%2fwww%2eselectsmart%2ecom%2fPRESIDENT%2f" "Mozilla/4.0 (compatible; MSIE 4.01; Windows 98)"
152.173.67.46 - - [22/Oct/1999:01:20:18 -0400] "GET /BUSINESS/drop_h.jpg HTTP/1.1" 200 2034 "http://www.selectsmart.com/PRESIDENT/" "Mozilla/4.0 (compatible; MSIE 4.01; Windows 98)"
152.173.67.46 - - [22/Oct/1999:01:20:18 -0400] "GET /PRESIDENT/anecdote.gif HTTP/1.1" 200 6898 "http://www.selectsmart.com/PRESIDENT/" "Mozilla/4.0 (compatible; MSIE 4.01; Windows 98)"
152.173.67.46 - - [22/Oct/1999:01:20:19 -0400] "GET /PRESIDENT/campaigns.gif HTTP/1.1" 200 5835 "http://www.selectsmart.com/PRESIDENT/" "Mozilla/4.0 (compatible; MSIE 4.01; Windows 98)"
209.168.20.76 - - [22/Oct/1999:01:20:21 -0400] "POST /PRESIDENT/results.php3 HTTP/1.0" 200 6286 "http://www.selectsmart.com/PRESIDENT/results.php3" "Mozilla/4.04 [en] (Win95; I)"
152.173.67.46 - - [22/Oct/1999:01:20:21 -0400] "GET /PRESIDENT/packaging.gif HTTP/1.1" 200 10663 "http://www.selectsmart.com/PRESIDENT/" "Mozilla/4.0 (compatible; MSIE 4.01; Windows 98)"
152.173.67.46 - - [22/Oct/1999:01:20:22 -0400] "GET /PRESIDENT/vidal.gif HTTP/1.1" 200 11342 "http://www.selectsmart.com/PRESIDENT/" "Mozilla/4.0 (compatible; MSIE 4.01; Windows 98)"
209.168.20.76 - - [22/Oct/1999:01:20:23 -0400] "GET /PRESIDENT/images/gore.jpg HTTP/1.0" 200 2930 "http://www.selectsmart.com/PRESIDENT/results.php3" "Mozilla/4.04 [en] (Win95; I)"
209.232.186.12 - - [22/Oct/1999:01:20:26 -0400] "GET /sandbox/dog/images/title_res.gif HTTP/1.1" 200 3281 "http://www.selectsmart.com/beta_dog/results.php3" "Mozilla/4.0 (compatible; MSIE 5.0; Windows 98; DigExt)"
152.173.67.46 - - [22/Oct/1999:01:20:28 -0400] "GET /PRESIDENT/camp2000.gif HTTP/1.1" 200 7449 "http://www.selectsmart.com/PRESIDENT/" "Mozilla/4.0 (compatible; MSIE 4.01; Windows 98)"
152.173.67.46 - - [22/Oct/1999:01:20:31 -0400] "GET /curt.jpg HTTP/1.1" 200 4228 "http://www.selectsmart.com/PRESIDENT/" "Mozilla/4.0 (compatible; MSIE 4.01; Windows 98)"
152.173.67.46 - - [22/Oct/1999:01:20:32 -0400] "GET /PRESIDENT/TR.gif HTTP/1.1" 200 5566 "http://www.selectsmart.com/PRESIDENT/" "Mozilla/4.0 (compatible; MSIE 4.01; Windows 98)"
209.232.186.12 - - [22/Oct/1999:01:20:39 -0400] "POST /beta_dog/results.php3 HTTP/1.1" 200 64318 "http://www.selectsmart.com/beta_dog/" "Mozilla/4.0 (compatible; MSIE 5.0; Windows 98; DigExt)"
209.232.186.12 - - [22/Oct/1999:01:21:14 -0400] "GET /DOG/description3A.htm HTTP/1.1" 200 27358 "http://www.selectsmart.com/beta_dog/results.php3" "Mozilla/4.0 (compatible; MSIE 5.0; Windows 98; DigExt)"
209.232.186.12 - - [22/Oct/1999:01:21:14 -0400] "GET /DOG/purinadog.jpg HTTP/1.1" 200 3418 "http://www.selectsmart.com/DOG/description3A.htm" "Mozilla/4.0 (compatible; MSIE 5.0; Windows 98; DigExt)"
209.232.186.12 - - [22/Oct/1999:01:21:14 -0400] "GET /DOG/compet.jpg HTTP/1.1" 200 3155 "http://www.selectsmart.com/DOG/description3A.htm" "Mozilla/4.0 (compatible; MSIE 5.0; Windows 98; DigExt)"
209.232.186.12 - - [22/Oct/1999:01:21:14 -0400] "GET /DOG/toydog.jpg HTTP/1.1" 200 2061 "http://www.selectsmart.com/DOG/description3A.htm" "Mozilla/4.0 (compatible; MSIE 5.0; Windows 98; DigExt)"
209.232.186.12 - - [22/Oct/1999:01:21:14 -0400] "GET /DOG/gettingthemost.jpg HTTP/1.1" 200 3605 "http://www.selectsmart.com/DOG/description3A.htm" "Mozilla/4.0 (compatible; MSIE 5.0; Windows 98; DigExt)"
209.232.186.12 - - [22/Oct/1999:01:21:15 -0400] "GET /DOG/trickisin.jpg HTTP/1.1" 200 3388 "http://www.selectsmart.com/DOG/description3A.htm" "Mozilla/4.0 (compatible; MSIE 5.0; Windows 98; DigExt)"
209.232.186.12 - - [22/Oct/1999:01:21:15 -0400] "GET /DOG/pudgy.jpg HTTP/1.1" 200 3777 "http://www.selectsmart.com/DOG/description3A.htm" "Mozilla/4.0 (compatible; MSIE 5.0; Windows 98; DigExt)"
209.232.186.12 - - [22/Oct/1999:01:21:15 -0400] "GET /dogtoys/dtlogo.gif HTTP/1.1" 200 2778 "http://www.selectsmart.com/DOG/description3A.htm" "Mozilla/4.0 (compatible; MSIE 5.0; Windows 98; DigExt)"
209.232.186.12 - - [22/Oct/1999:01:21:15 -0400] "GET /DOG/images/schipperke.jpg HTTP/1.1" 200 1429 "http://www.selectsmart.com/DOG/description3A.htm" "Mozilla/4.0 (compatible; MSIE 5.0; Windows 98; DigExt)"
209.232.186.12 - - [22/Oct/1999:01:21:15 -0400] "GET /DOG/images/sheltie.jpg HTTP/1.1" 200 1210 "http://www.selectsmart.com/DOG/description3A.htm" "Mozilla/4.0 (compatible; MSIE 5.0; Windows 98; DigExt)"
209.232.186.12 - - [22/Oct/1999:01:21:15 -0400] "GET /DOG/images/shiba.jpg HTTP/1.1" 200 1285 "http://www.selectsmart.com/DOG/description3A.htm" "Mozilla/4.0 (compatible; MSIE 5.0; Windows 98; DigExt)"
209.232.186.12 - - [22/Oct/1999:01:21:15 -0400] "GET /DOG/images/husky.jpg HTTP/1.1" 200 1215 "http://www.selectsmart.com/DOG/description3A.htm" "Mozilla/4.0 (compatible; MSIE 5.0; Windows 98; DigExt)"
209.232.186.12 - - [22/Oct/1999:01:21:15 -0400] "GET /DOG/images/scwt.jpg HTTP/1.1" 200 1553 "http://www.selectsmart.com/DOG/description3A.htm" "Mozilla/4.0 (compatible; MSIE 5.0; Windows 98; DigExt)"
209.232.186.12 - - [22/Oct/1999:01:21:15 -0400] "GET /DOG/images/staffy2.jpg HTTP/1.1" 200 1663 "http://www.selectsmart.com/DOG/description3A.htm" "Mozilla/4.0 (compatible; MSIE 5.0; Windows 98; DigExt)"
209.232.186.12 - - [22/Oct/1999:01:21:15 -0400] "GET /DOG/images/sschnauz.jpg HTTP/1.1" 200 1439 "http://www.selectsmart.com/DOG/description3A.htm" "Mozilla/4.0 (compatible; MSIE 5.0; Windows 98; DigExt)"
209.232.186.12 - - [22/Oct/1999:01:21:15 -0400] "GET /DOG/images/vizsla.jpg HTTP/1.1" 200 2508 "http://www.selectsmart.com/DOG/description3A.htm" "Mozilla/4.0 (compatible; MSIE 5.0; Windows 98; DigExt)"
209.232.186.12 - - [22/Oct/1999:01:21:15 -0400] "GET /DOG/images/weim.jpg HTTP/1.1" 200 1637 "http://www.selectsmart.com/DOG/description3A.htm" "Mozilla/4.0 (compatible; MSIE 5.0; Windows 98; DigExt)"
209.232.186.12 - - [22/Oct/1999:01:21:15 -0400] "GET /DOG/images/cardigan.jpg HTTP/1.1" 200 1808 "http://www.selectsmart.com/DOG/description3A.htm" "Mozilla/4.0 (compatible; MSIE 5.0; Windows 98; DigExt)"
209.232.186.12 - - [22/Oct/1999:01:21:15 -0400] "GET /DOG/images/pcorgi.jpg HTTP/1.1" 200 1333 "http://www.selectsmart.com/DOG/description3A.htm" "Mozilla/4.0 (compatible; MSIE 5.0; Windows 98; DigExt)"
209.232.186.12 - - [22/Oct/1999:01:21:16 -0400] "GET /DOG/images/whippet.jpg HTTP/1.1" 200 1462 "http://www.selectsmart.com/DOG/description3A.htm" "Mozilla/4.0 (compatible; MSIE 5.0; Windows 98; DigExt)"
209.232.186.12 - - [22/Oct/1999:01:21:16 -0400] "GET /DOG/images/wpg.jpg HTTP/1.1" 200 1579 "http://www.selectsmart.com/DOG/description3A.htm" "Mozilla/4.0 (compatible; MSIE 5.0; Windows 98; DigExt)"
209.232.186.12 - - [22/Oct/1999:01:21:16 -0400] "GET /DOG/images/yorkie.jpg HTTP/1.1" 200 1059 "http://www.selectsmart.com/DOG/description3A.htm" "Mozilla/4.0 (compatible; MSIE 5.0; Windows 98; DigExt)"
206.141.244.170 - - [22/Oct/1999:01:21:37 -0400] "GET /PRESIDENT/poll.htm HTTP/1.1" 200 4489 "-" "Mozilla/4.0 (compatible; MSIE 5.0; Windows 98; DigExt)"
151.201.69.171 - - [22/Oct/1999:01:21:46 -0400] "POST /PRESIDENT/results.php3 HTTP/1.0" 200 6625 "http://www.selectsmart.com/PRESIDENT/" "Mozilla/4.7 [en] (Win98; U)"
204.210.20.106 - - [22/Oct/1999:01:21:46 -0400] "GET /PRESIDENT/results.php3?more=now&mid=6 HTTP/1.1" 200 6002 "http://www.selectsmart.com/PRESIDENT/results.php3" "Mozilla/4.0 (compatible; MSIE 5.0; Windows 95; DigExt)"
204.210.20.106 - - [22/Oct/1999:01:21:46 -0400] "GET /PRESIDENT/images/bush.jpg HTTP/1.1" 200 2977 "http://www.selectsmart.com/PRESIDENT/results.php3?more=now&mid=6" "Mozilla/4.0 (compatible; MSIE 5.0; Windows 95; DigExt)"
208.200.27.30 - - [22/Oct/1999:01:22:02 -0400] "GET / HTTP/1.1" 200 1839 "http://www.basenji.com/links/links.html" "Mozilla/4.0 (compatible; MSIE 4.01; Windows 98)"
208.200.27.30 - - [22/Oct/1999:01:22:03 -0400] "GET /sidepanel.html HTTP/1.1" 200 3890 "http://selectsmart.com/" "Mozilla/4.0 (compatible; MSIE 4.01; Windows 98)"
208.200.27.30 - - [22/Oct/1999:01:22:03 -0400] "GET /AMAZON/amzn-buy.gif HTTP/1.1" 200 3051 "http://selectsmart.com/sidepanel.html" "Mozilla/4.0 (compatible; MSIE 4.01; Windows 98)"
208.200.27.30 - - [22/Oct/1999:01:22:04 -0400] "GET /solid48.gif HTTP/1.1" 200 987 "http://selectsmart.com/sidepanel.html" "Mozilla/4.0 (compatible; MSIE 4.01; Windows 98)"
208.200.27.30 - - [22/Oct/1999:01:22:04 -0400] "GET /solid52.gif HTTP/1.1" 200 980 "http://selectsmart.com/sidepanel.html" "Mozilla/4.0 (compatible; MSIE 4.01; Windows 98)"
208.200.27.30 - - [22/Oct/1999:01:22:05 -0400] "GET /solid59.gif HTTP/1.1" 200 977 "http://selectsmart.com/sidepanel.html" "Mozilla/4.0 (compatible; MSIE 4.01; Windows 98)"
208.200.27.30 - - [22/Oct/1999:01:22:05 -0400] "GET /solid17.gif HTTP/1.1" 200 988 "http://selectsmart.com/sidepanel.html" "Mozilla/4.0 (compatible; MSIE 4.01; Windows 98)"
208.200.27.30 - - [22/Oct/1999:01:22:05 -0400] "GET /indexa.html HTTP/1.1" 200 20372 "http://selectsmart.com/" "Mozilla/4.0 (compatible; MSIE 4.01; Windows 98)"
208.200.27.30 - - [22/Oct/1999:01:22:05 -0400] "GET /solid17.gif HTTP/1.1" 200 988 "http://selectsmart.com/sidepanel.html" "Mozilla/4.0 (compatible; MSIE 4.01; Windows 98)"
208.200.27.30 - - [22/Oct/1999:01:22:06 -0400] "GET /up.jpg HTTP/1.1" 200 2511 "http://selectsmart.com/sidepanel.html" "Mozilla/4.0 (compatible; MSIE 4.01; Windows 98)"
208.200.27.30 - - [22/Oct/1999:01:22:06 -0400] "GET /solid41.gif HTTP/1.1" 200 987 "http://selectsmart.com/sidepanel.html" "Mozilla/4.0 (compatible; MSIE 4.01; Windows 98)"
208.200.27.30 - - [22/Oct/1999:01:22:08 -0400] "GET /curt.jpg HTTP/1.1" 200 4228 "http://selectsmart.com/sidepanel.html" "Mozilla/4.0 (compatible; MSIE 4.01; Windows 98)"
208.200.27.30 - - [22/Oct/1999:01:22:08 -0400] "GET /BUSINESS/14.gif HTTP/1.1" 200 6644 "http://selectsmart.com/indexa.html" "Mozilla/4.0 (compatible; MSIE 4.01; Windows 98)"
208.200.27.30 - - [22/Oct/1999:01:22:09 -0400] "GET /thnkyell.jpg HTTP/1.1" 200 23337 "http://selectsmart.com/sidepanel.html" "Mozilla/4.0 (compatible; MSIE 4.01; Windows 98)"
208.200.27.30 - - [22/Oct/1999:01:22:13 -0400] "GET /BUSINESS/drop_v.jpg HTTP/1.1" 200 1963 "http://selectsmart.com/indexa.html" "Mozilla/4.0 (compatible; MSIE 4.01; Windows 98)"
208.200.27.30 - - [22/Oct/1999:01:22:14 -0400] "GET /BUSINESS/drop_h.jpg HTTP/1.1" 200 2034 "http://selectsmart.com/indexa.html" "Mozilla/4.0 (compatible; MSIE 4.01; Windows 98)"
208.200.27.30 - - [22/Oct/1999:01:22:15 -0400] "GET /solid6.gif HTTP/1.1" 200 993 "http://selectsmart.com/indexa.html" "Mozilla/4.0 (compatible; MSIE 4.01; Windows 98)"
208.200.27.30 - - [22/Oct/1999:01:22:17 -0400] "GET /DOG HTTP/1.1" 301 247 "http://selectsmart.com/indexa.html" "Mozilla/4.0 (compatible; MSIE 4.01; Windows 98)"
208.200.27.30 - - [22/Oct/1999:01:22:20 -0400] "GET /solid11.gif HTTP/1.1" 200 1006 "http://www.selectsmart.com/DOG/" "Mozilla/4.0 (compatible; MSIE 4.01; Windows 98)"
208.200.27.30 - - [22/Oct/1999:01:22:20 -0400] "GET /DOG/ HTTP/1.1" 200 26494 "http://selectsmart.com/indexa.html" "Mozilla/4.0 (compatible; MSIE 4.01; Windows 98)"
208.200.27.30 - - [22/Oct/1999:01:22:21 -0400] "GET /DOG/purinadog.gif HTTP/1.1" 200 11906 "http://www.selectsmart.com/DOG/" "Mozilla/4.0 (compatible; MSIE 4.01; Windows 98)"
208.200.27.30 - - [22/Oct/1999:01:22:22 -0400] "GET /DOG/compet.gif HTTP/1.1" 200 15373 "http://www.selectsmart.com/DOG/" "Mozilla/4.0 (compatible; MSIE 4.01; Windows 98)"
208.200.27.30 - - [22/Oct/1999:01:22:26 -0400] "GET /DOG/toydog.gif HTTP/1.1" 200 11205 "http://www.selectsmart.com/DOG/" "Mozilla/4.0 (compatible; MSIE 4.01; Windows 98)"
151.201.69.171 - - [22/Oct/1999:01:22:27 -0400] "GET /PRESIDENT/results.php3?more=now&mid=18 HTTP/1.0" 200 3762 "http://www.selectsmart.com/PRESIDENT/results.php3" "Mozilla/4.7 [en] (Win98; U)"
151.201.69.171 - - [22/Oct/1999:01:22:29 -0400] "GET /PRESIDENT/images/mcreynolds.jpg HTTP/1.0" 200 4631 "http://www.selectsmart.com/PRESIDENT/results.php3?more=now&mid=18" "Mozilla/4.7 [en] (Win98; U)"
208.200.27.30 - - [22/Oct/1999:01:22:29 -0400] "GET /DOG/pudgy.gif HTTP/1.1" 200 14675 "http://www.selectsmart.com/DOG/" "Mozilla/4.0 (compatible; MSIE 4.01; Windows 98)"
208.200.27.30 - - [22/Oct/1999:01:22:29 -0400] "GET /DOG/gettingthemost.gif HTTP/1.1" 200 7267 "http://www.selectsmart.com/DOG/" "Mozilla/4.0 (compatible; MSIE 4.01; Windows 98)"
208.200.27.30 - - [22/Oct/1999:01:22:33 -0400] "GET /DOG/trickisin.gif HTTP/1.1" 200 13603 "http://www.selectsmart.com/DOG/" "Mozilla/4.0 (compatible; MSIE 4.01; Windows 98)"
209.168.20.76 - - [22/Oct/1999:01:22:39 -0400] "POST /PRESIDENT/results.php3 HTTP/1.0" 200 3955 "http://www.selectsmart.com/PRESIDENT/results.php3" "Mozilla/4.04 [en] (Win95; I)"
209.168.20.76 - - [22/Oct/1999:01:22:41 -0400] "GET /PRESIDENT/images/mcreynolds.jpg HTTP/1.0" 200 4631 "http://www.selectsmart.com/PRESIDENT/results.php3" "Mozilla/4.04 [en] (Win95; I)"
4.3.40.143 - - [22/Oct/1999:01:23:00 -0400] "POST /PRESIDENT/results.php3 HTTP/1.1" 200 6637 "http://www.selectsmart.com/PRESIDENT/" "Mozilla/4.0 (compatible; MSIE 5.0; Windows 98; DigExt)"
209.67.247.202 - - [22/Oct/1999:01:23:33 -0400] "GET /dog/sidepanel.html HTTP/1.0" 304 - "-" "FAST-WebCrawler/0.5 (crawler@fast.no; http://www.fast.no/faq/faqfastwebsearch/faqfastwebcrawler.html)"
209.150.76.93 - - [22/Oct/1999:01:23:50 -0400] "POST /PRESIDENT/results.php3 HTTP/1.0" 200 6627 "http://www.selectsmart.com/PRESIDENT/" "Mozilla/4.61 [en] (Win98; U)"
151.201.69.171 - - [22/Oct/1999:01:24:08 -0400] "GET /PRESIDENT/results.php3?more=now&mid=3 HTTP/1.0" 200 7827 "http://www.selectsmart.com/PRESIDENT/results.php3" "Mozilla/4.7 [en] (Win98; U)"
151.201.69.171 - - [22/Oct/1999:01:24:10 -0400] "GET /PRESIDENT/images/bradley.jpg HTTP/1.0" 200 2294 "http://www.selectsmart.com/PRESIDENT/results.php3?more=now&mid=3" "Mozilla/4.7 [en] (Win98; U)"
209.168.20.76 - - [22/Oct/1999:01:24:20 -0400] "POST /PRESIDENT/results.php3 HTTP/1.0" 200 6286 "http://www.selectsmart.com/PRESIDENT/results.php3" "Mozilla/4.04 [en] (Win95; I)"
152.163.189.162 - - [22/Oct/1999:01:24:27 -0400] "GET / HTTP/1.0" 200 1839 "http://aolsearch.aol.com/dirsearch.adp?query=surveys+to+do" "Mozilla/2.0 (compatible; MSIE 3.0; AOL 3.0; Windows 3.1)"
152.163.189.162 - - [22/Oct/1999:01:24:31 -0400] "GET /sidepanel.html HTTP/1.0" 200 3890 "-" "Mozilla/2.0 (compatible; MSIE 3.0; AOL 3.0; Windows 3.1)"
152.163.189.98 - - [22/Oct/1999:01:24:32 -0400] "GET /indexa.html HTTP/1.0" 200 20372 "-" "Mozilla/2.0 (compatible; MSIE 3.0; AOL 3.0; Windows 3.1)"
152.163.189.130 - - [22/Oct/1999:01:24:37 -0400] "GET /BUSINESS/14.gif HTTP/1.0" 200 6644 "http://www.selectsmart.com/indexa.html" "Mozilla/2.0 (compatible; MSIE 3.0; AOL 3.0; Windows 3.1)"
152.163.189.65 - - [22/Oct/1999:01:24:40 -0400] "GET /BUSINESS/drop_h.jpg HTTP/1.0" 200 2034 "http://www.selectsmart.com/indexa.html" "Mozilla/2.0 (compatible; MSIE 3.0; AOL 3.0; Windows 3.1)"
152.163.189.65 - - [22/Oct/1999:01:24:43 -0400] "GET /BUSINESS/drop_v.jpg HTTP/1.0" 200 1963 "http://www.selectsmart.com/indexa.html" "Mozilla/2.0 (compatible; MSIE 3.0; AOL 3.0; Windows 3.1)"
151.201.69.171 - - [22/Oct/1999:01:24:45 -0400] "GET /PRESIDENT/results.php3?more=now&mid=9 HTTP/1.0" 200 6093 "http://www.selectsmart.com/PRESIDENT/results.php3" "Mozilla/4.7 [en] (Win98; U)"
151.201.69.171 - - [22/Oct/1999:01:24:47 -0400] "GET /PRESIDENT/images/gore.jpg HTTP/1.0" 200 2930 "http://www.selectsmart.com/PRESIDENT/results.php3?more=now&mid=9" "Mozilla/4.7 [en] (Win98; U)"
152.163.189.65 - - [22/Oct/1999:01:25:02 -0400] "GET /planetclick.gif HTTP/1.0" 200 4949 "http://www.selectsmart.com/indexa.html" "Mozilla/2.0 (compatible; MSIE 3.0; AOL 3.0; Windows 3.1)"
150.208.201.132 - - [22/Oct/1999:01:25:16 -0400] "GET /PRESIDENT/ HTTP/1.1" 200 29678 "http://www.selectsmart.com/PRESIDENT/" "Mozilla/4.0 (compatible; MSIE 4.01; Windows 98)"
150.208.201.132 - - [22/Oct/1999:01:25:17 -0400] "GET /BUSINESS/16.gif HTTP/1.1" 200 6704 "http://www.selectsmart.com/PRESIDENT/" "Mozilla/4.0 (compatible; MSIE 4.01; Windows 98)"
150.208.201.132 - - [22/Oct/1999:01:25:17 -0400] "GET /PRESIDENT/anecdote.gif HTTP/1.1" 200 6898 "http://www.selectsmart.com/PRESIDENT/" "Mozilla/4.0 (compatible; MSIE 4.01; Windows 98)"
150.208.201.132 - - [22/Oct/1999:01:25:17 -0400] "GET /BUSINESS/drop_v.jpg HTTP/1.1" 200 1963 "http://www.selectsmart.com/PRESIDENT/" "Mozilla/4.0 (compatible; MSIE 4.01; Windows 98)"
150.208.201.132 - - [22/Oct/1999:01:25:17 -0400] "GET /PRESIDENT/packaging.gif HTTP/1.1" 200 10663 "http://www.selectsmart.com/PRESIDENT/" "Mozilla/4.0 (compatible; MSIE 4.01; Windows 98)"
150.208.201.132 - - [22/Oct/1999:01:25:17 -0400] "GET /PRESIDENT/campaigns.gif HTTP/1.1" 200 5835 "http://www.selectsmart.com/PRESIDENT/" "Mozilla/4.0 (compatible; MSIE 4.01; Windows 98)"
150.208.201.132 - - [22/Oct/1999:01:25:17 -0400] "GET /BUSINESS/drop_h.jpg HTTP/1.1" 200 2034 "http://www.selectsmart.com/PRESIDENT/" "Mozilla/4.0 (compatible; MSIE 4.01; Windows 98)"
150.208.201.132 - - [22/Oct/1999:01:25:17 -0400] "GET /PRESIDENT/vidal.gif HTTP/1.1" 200 11342 "http://www.selectsmart.com/PRESIDENT/" "Mozilla/4.0 (compatible; MSIE 4.01; Windows 98)"
150.208.201.132 - - [22/Oct/1999:01:25:18 -0400] "GET /PRESIDENT/TR.gif HTTP/1.1" 200 5566 "http://www.selectsmart.com/PRESIDENT/" "Mozilla/4.0 (compatible; MSIE 4.01; Windows 98)"
150.208.201.132 - - [22/Oct/1999:01:25:18 -0400] "GET /PRESIDENT/camp2000.gif HTTP/1.1" 200 7449 "http://www.selectsmart.com/PRESIDENT/" "Mozilla/4.0 (compatible; MSIE 4.01; Windows 98)"
150.208.201.132 - - [22/Oct/1999:01:25:18 -0400] "GET /curt.jpg HTTP/1.1" 200 4228 "http://www.selectsmart.com/PRESIDENT/" "Mozilla/4.0 (compatible; MSIE 4.01; Windows 98)"
152.163.189.194 - - [22/Oct/1999:01:25:18 -0400] "GET /cooltools.gif HTTP/1.0" 200 3810 "http://www.selectsmart.com/indexa.html" "Mozilla/2.0 (compatible; MSIE 3.0; AOL 3.0; Windows 3.1)"
152.163.189.130 - - [22/Oct/1999:01:25:24 -0400] "GET /CoolAward2.gif HTTP/1.0" 200 5548 "http://www.selectsmart.com/indexa.html" "Mozilla/2.0 (compatible; MSIE 3.0; AOL 3.0; Windows 3.1)"
152.163.189.163 - - [22/Oct/1999:01:25:37 -0400] "GET /beta_dog/ HTTP/1.0" 200 24154 "http://www.selectsmart.com/indexa.html" "Mozilla/2.0 (compatible; MSIE 3.0; AOL 3.0; Windows 3.1)"
208.200.27.30 - - [22/Oct/1999:01:25:38 -0400] "POST /cgi-bin/dog/rdog.cgi HTTP/1.1" 200 14716 "http://www.selectsmart.com/DOG/" "Mozilla/4.0 (compatible; MSIE 4.01; Windows 98)"
152.163.189.194 - - [22/Oct/1999:01:25:42 -0400] "GET /sandbox/dog/images/cbegin.gif HTTP/1.0" 200 713 "http://www.selectsmart.com/beta_dog/" "Mozilla/2.0 (compatible; MSIE 3.0; AOL 3.0; Windows 3.1)"
152.163.189.162 - - [22/Oct/1999:01:25:42 -0400] "GET /sandbox/dog/images/title_sel.gif HTTP/1.0" 200 3153 "http://www.selectsmart.com/beta_dog/" "Mozilla/2.0 (compatible; MSIE 3.0; AOL 3.0; Windows 3.1)"
152.163.189.99 - - [22/Oct/1999:01:25:43 -0400] "GET /sandbox/dog/images/home.gif HTTP/1.0" 200 167 "http://www.selectsmart.com/beta_dog/" "Mozilla/2.0 (compatible; MSIE 3.0; AOL 3.0; Windows 3.1)"
152.163.189.193 - - [22/Oct/1999:01:25:45 -0400] "GET /sandbox/dog/images/results.gif HTTP/1.0" 200 201 "http://www.selectsmart.com/beta_dog/" "Mozilla/2.0 (compatible; MSIE 3.0; AOL 3.0; Windows 3.1)"
207.251.201.123 - - [22/Oct/1999:01:25:53 -0400] "GET /BUSINESS/drop_v.jpg HTTP/1.0" 304 - "-" "Mozilla/3.01 (compatible;)"
152.163.189.130 - - [22/Oct/1999:01:25:54 -0400] "GET /sandbox/dog/images/back.gif HTTP/1.0" 200 171 "http://www.selectsmart.com/beta_dog/" "Mozilla/2.0 (compatible; MSIE 3.0; AOL 3.0; Windows 3.1)"
