208.146.114.30 - - [22/Oct/1999:09:07:47 -0400] "GET /BUSINESS/drop_v.jpg HTTP/1.0" 304 - "http://www.selectsmart.com/PRESIDENT/" "Mozilla/4.5 [en] (Win95; I)"
208.146.114.30 - - [22/Oct/1999:09:07:47 -0400] "GET /PRESIDENT/anecdote.gif HTTP/1.0" 304 - "http://www.selectsmart.com/PRESIDENT/" "Mozilla/4.5 [en] (Win95; I)"
208.242.164.22 - - [22/Oct/1999:09:07:48 -0400] "GET /PRESIDENT/vidal.gif HTTP/1.0" 200 11342 "http://www.selectsmart.com/PRESIDENT/" "Mozilla/3.01C-KIT (Win95; U)"
208.146.114.30 - - [22/Oct/1999:09:07:48 -0400] "GET /PRESIDENT/campaigns.gif HTTP/1.0" 304 - "http://www.selectsmart.com/PRESIDENT/" "Mozilla/4.5 [en] (Win95; I)"
208.146.114.30 - - [22/Oct/1999:09:07:48 -0400] "GET /PRESIDENT/vidal.gif HTTP/1.0" 304 - "http://www.selectsmart.com/PRESIDENT/" "Mozilla/4.5 [en] (Win95; I)"
208.146.114.30 - - [22/Oct/1999:09:07:48 -0400] "GET /PRESIDENT/packaging.gif HTTP/1.0" 304 - "http://www.selectsmart.com/PRESIDENT/" "Mozilla/4.5 [en] (Win95; I)"
208.146.114.30 - - [22/Oct/1999:09:07:48 -0400] "GET /curt.jpg HTTP/1.0" 304 - "http://www.selectsmart.com/PRESIDENT/" "Mozilla/4.5 [en] (Win95; I)"
208.146.114.30 - - [22/Oct/1999:09:07:48 -0400] "GET /PRESIDENT/camp2000.gif HTTP/1.0" 304 - "http://www.selectsmart.com/PRESIDENT/" "Mozilla/4.5 [en] (Win95; I)"
208.146.114.30 - - [22/Oct/1999:09:07:48 -0400] "GET /PRESIDENT/TR.gif HTTP/1.0" 304 - "http://www.selectsmart.com/PRESIDENT/" "Mozilla/4.5 [en] (Win95; I)"
143.231.64.77 - - [22/Oct/1999:09:07:48 -0400] "POST /PRESIDENT/results.php3 HTTP/1.0" 200 6625 "http://www.selectsmart.com/PRESIDENT/" "Mozilla/4.05 [en] (Win95; I)"
208.242.164.22 - - [22/Oct/1999:09:07:49 -0400] "GET /PRESIDENT/packaging.gif HTTP/1.0" 200 10663 "http://www.selectsmart.com/PRESIDENT/" "Mozilla/3.01C-KIT (Win95; U)"
209.64.200.66 - - [22/Oct/1999:09:07:51 -0400] "GET /PRESIDENT/define8.htm HTTP/1.0" 200 322 "-" "Mozilla/4.0 (compatible; MSIE 4.01; Windows NT)"
207.198.13.173 - - [22/Oct/1999:09:07:52 -0400] "POST /PRESIDENT/results.php3 HTTP/1.0" 200 6624 "http://www.selectsmart.com/PRESIDENT/" "Mozilla/2.0 (compatible; MSIE 3.01; AK; Windows 95)"
209.64.200.66 - - [22/Oct/1999:09:07:52 -0400] "GET / HTTP/1.0" 200 1839 "-" "Mozilla/4.0 (compatible; MSIE 4.01; Windows NT)"
207.247.36.2 - - [22/Oct/1999:09:07:54 -0400] "POST /PRESIDENT/results.php3 HTTP/1.1" 200 6639 "http://www.selectsmart.com/PRESIDENT/" "Mozilla/4.0 (compatible; MSIE 5.0; Windows 98; DigExt)"
207.172.70.152 - - [22/Oct/1999:09:07:54 -0400] "POST /PRESIDENT/results.php3 HTTP/1.0" 200 6628 "http://www.selectsmart.com/PRESIDENT/" "Mozilla/4.61 [en] (Win98; U)"
209.49.64.246 - - [22/Oct/1999:09:07:56 -0400] "GET /PRESIDENT/ HTTP/1.1" 200 29678 "-" "Mozilla/4.0 (compatible; MSIE 4.01; Windows 95)"
143.231.211.70 - - [22/Oct/1999:09:07:59 -0400] "POST /PRESIDENT/results.php3 HTTP/1.1" 200 3967 "http://www.selectsmart.com/PRESIDENT/results.php3" "Mozilla/4.0 (compatible; MSIE 4.01; Windows NT)"
143.231.211.70 - - [22/Oct/1999:09:07:59 -0400] "GET /PRESIDENT/images/mcreynolds.jpg HTTP/1.1" 200 4631 "http://www.selectsmart.com/PRESIDENT/results.php3" "Mozilla/4.0 (compatible; MSIE 4.01; Windows NT)"
208.242.164.22 - - [22/Oct/1999:09:08:00 -0400] "GET /PRESIDENT/anecdote.gif HTTP/1.0" 200 6898 "http://www.selectsmart.com/PRESIDENT/" "Mozilla/3.01C-KIT (Win95; U)"
209.49.64.246 - - [22/Oct/1999:09:08:01 -0400] "GET /PRESIDENT/anecdote.gif HTTP/1.1" 200 6898 "http://www.selectsmart.com/PRESIDENT/" "Mozilla/4.0 (compatible; MSIE 4.01; Windows 95)"
209.49.64.246 - - [22/Oct/1999:09:08:01 -0400] "GET /BUSINESS/16.gif HTTP/1.1" 200 6704 "http://www.selectsmart.com/PRESIDENT/" "Mozilla/4.0 (compatible; MSIE 4.01; Windows 95)"
209.49.64.246 - - [22/Oct/1999:09:08:01 -0400] "GET /BUSINESS/drop_v.jpg HTTP/1.1" 200 1963 "http://www.selectsmart.com/PRESIDENT/" "Mozilla/4.0 (compatible; MSIE 4.01; Windows 95)"
209.49.64.246 - - [22/Oct/1999:09:08:01 -0400] "GET /PRESIDENT/campaigns.gif HTTP/1.1" 200 5835 "http://www.selectsmart.com/PRESIDENT/" "Mozilla/4.0 (compatible; MSIE 4.01; Windows 95)"
209.49.64.246 - - [22/Oct/1999:09:08:01 -0400] "GET /BUSINESS/drop_h.jpg HTTP/1.1" 200 2034 "http://www.selectsmart.com/PRESIDENT/" "Mozilla/4.0 (compatible; MSIE 4.01; Windows 95)"
209.49.64.246 - - [22/Oct/1999:09:08:01 -0400] "GET /PRESIDENT/packaging.gif HTTP/1.1" 200 10663 "http://www.selectsmart.com/PRESIDENT/" "Mozilla/4.0 (compatible; MSIE 4.01; Windows 95)"
209.49.64.246 - - [22/Oct/1999:09:08:01 -0400] "GET /PRESIDENT/vidal.gif HTTP/1.1" 200 11342 "http://www.selectsmart.com/PRESIDENT/" "Mozilla/4.0 (compatible; MSIE 4.01; Windows 95)"
209.49.64.246 - - [22/Oct/1999:09:08:01 -0400] "GET /PRESIDENT/TR.gif HTTP/1.1" 200 5566 "http://www.selectsmart.com/PRESIDENT/" "Mozilla/4.0 (compatible; MSIE 4.01; Windows 95)"
207.142.204.210 - - [22/Oct/1999:09:08:02 -0400] "GET /PRESIDENT/results.php3 HTTP/1.1" 200 2515 "-" "Mozilla/4.0 (compatible; MSIE 4.01; Windows 95)"
209.49.64.246 - - [22/Oct/1999:09:08:02 -0400] "GET /PRESIDENT/camp2000.gif HTTP/1.1" 200 7449 "http://www.selectsmart.com/PRESIDENT/" "Mozilla/4.0 (compatible; MSIE 4.01; Windows 95)"
198.78.181.203 - - [22/Oct/1999:09:08:02 -0400] "GET /PRESIDENT/results.php3?more=now&mid=18 HTTP/1.0" 200 3762 "http://www.selectsmart.com/PRESIDENT/results.php3" "Mozilla/4.5 [en] (Win98; U)"
198.78.181.203 - - [22/Oct/1999:09:08:02 -0400] "GET /PRESIDENT/images/mcreynolds.jpg HTTP/1.0" 200 4631 "http://www.selectsmart.com/PRESIDENT/results.php3?more=now&mid=18" "Mozilla/4.5 [en] (Win98; U)"
209.49.64.246 - - [22/Oct/1999:09:08:03 -0400] "GET /curt.jpg HTTP/1.1" 200 4228 "http://www.selectsmart.com/PRESIDENT/" "Mozilla/4.0 (compatible; MSIE 4.01; Windows 95)"
38.176.139.2 - - [22/Oct/1999:09:08:08 -0400] "GET /PRESIDENT/ HTTP/1.1" 200 29678 "-" "Mozilla/4.0 (compatible; MSIE 4.01; Windows 95)"
12.78.120.229 - - [22/Oct/1999:09:08:09 -0400] "GET /PRESIDENT/results.php3?more=now&mid=2 HTTP/1.1" 200 3359 "http://www.selectsmart.com/PRESIDENT/results.php3" "Mozilla/4.0 (compatible; MSIE 4.01; Windows 95)"
198.153.151.2 - - [22/Oct/1999:09:08:10 -0400] "POST /PRESIDENT/results.php3 HTTP/1.0" 200 6625 "http://www.selectsmart.com/PRESIDENT/" "Mozilla/4.7 [en] (Win95; I)"
207.172.112.236 - - [22/Oct/1999:09:08:10 -0400] "GET /BUSINESS/drop_h.jpg HTTP/1.0" 200 2034 "http://www.selectsmart.com/PRESIDENT/" "Mozilla/3.01C-KIT (Win95; I)"
207.172.112.236 - - [22/Oct/1999:09:08:10 -0400] "GET /BUSINESS/drop_v.jpg HTTP/1.0" 200 1963 "http://www.selectsmart.com/PRESIDENT/" "Mozilla/3.01C-KIT (Win95; I)"
207.172.112.236 - - [22/Oct/1999:09:08:10 -0400] "GET /BUSINESS/16.gif HTTP/1.0" 200 6704 "http://www.selectsmart.com/PRESIDENT/" "Mozilla/3.01C-KIT (Win95; I)"
209.21.213.146 - - [22/Oct/1999:09:08:11 -0400] "POST /PRESIDENT/results.php3 HTTP/1.0" 200 6625 "http://www.selectsmart.com/PRESIDENT/" "Mozilla/4.61 (Macintosh; I; PPC)"
207.172.112.236 - - [22/Oct/1999:09:08:11 -0400] "GET /PRESIDENT/ HTTP/1.0" 200 29678 "-" "Mozilla/3.01C-KIT (Win95; I)"
199.75.36.148 - - [22/Oct/1999:09:08:11 -0400] "GET /PRESIDENT/ HTTP/1.1" 200 29678 "-" "Mozilla/4.0 (compatible; MSIE 4.01; Windows 95)"
199.75.36.148 - - [22/Oct/1999:09:08:11 -0400] "GET /BUSINESS/16.gif HTTP/1.1" 200 6704 "http://www.selectsmart.com/PRESIDENT/" "Mozilla/4.0 (compatible; MSIE 4.01; Windows 95)"
199.75.36.148 - - [22/Oct/1999:09:08:11 -0400] "GET /BUSINESS/drop_v.jpg HTTP/1.1" 200 1963 "http://www.selectsmart.com/PRESIDENT/" "Mozilla/4.0 (compatible; MSIE 4.01; Windows 95)"
199.75.36.148 - - [22/Oct/1999:09:08:11 -0400] "GET /PRESIDENT/campaigns.gif HTTP/1.1" 200 5835 "http://www.selectsmart.com/PRESIDENT/" "Mozilla/4.0 (compatible; MSIE 4.01; Windows 95)"
199.75.36.148 - - [22/Oct/1999:09:08:12 -0400] "GET /PRESIDENT/vidal.gif HTTP/1.1" 200 11342 "http://www.selectsmart.com/PRESIDENT/" "Mozilla/4.0 (compatible; MSIE 4.01; Windows 95)"
199.75.36.148 - - [22/Oct/1999:09:08:12 -0400] "GET /PRESIDENT/packaging.gif HTTP/1.1" 200 10663 "http://www.selectsmart.com/PRESIDENT/" "Mozilla/4.0 (compatible; MSIE 4.01; Windows 95)"
199.75.36.148 - - [22/Oct/1999:09:08:12 -0400] "GET /BUSINESS/drop_h.jpg HTTP/1.1" 200 2034 "http://www.selectsmart.com/PRESIDENT/" "Mozilla/4.0 (compatible; MSIE 4.01; Windows 95)"
38.176.139.2 - - [22/Oct/1999:09:08:12 -0400] "GET /PRESIDENT/anecdote.gif HTTP/1.1" 200 6898 "http://www.selectsmart.com/PRESIDENT/" "Mozilla/4.0 (compatible; MSIE 4.01; Windows 95)"
38.176.139.2 - - [22/Oct/1999:09:08:12 -0400] "GET /BUSINESS/16.gif HTTP/1.1" 200 6704 "http://www.selectsmart.com/PRESIDENT/" "Mozilla/4.0 (compatible; MSIE 4.01; Windows 95)"
38.176.139.2 - - [22/Oct/1999:09:08:12 -0400] "GET /BUSINESS/drop_v.jpg HTTP/1.1" 200 1963 "http://www.selectsmart.com/PRESIDENT/" "Mozilla/4.0 (compatible; MSIE 4.01; Windows 95)"
38.176.139.2 - - [22/Oct/1999:09:08:12 -0400] "GET /PRESIDENT/campaigns.gif HTTP/1.1" 200 5835 "http://www.selectsmart.com/PRESIDENT/" "Mozilla/4.0 (compatible; MSIE 4.01; Windows 95)"
199.75.36.148 - - [22/Oct/1999:09:08:12 -0400] "GET /PRESIDENT/camp2000.gif HTTP/1.1" 200 7449 "http://www.selectsmart.com/PRESIDENT/" "Mozilla/4.0 (compatible; MSIE 4.01; Windows 95)"
199.75.36.148 - - [22/Oct/1999:09:08:12 -0400] "GET /PRESIDENT/TR.gif HTTP/1.1" 200 5566 "http://www.selectsmart.com/PRESIDENT/" "Mozilla/4.0 (compatible; MSIE 4.01; Windows 95)"
209.64.200.66 - - [22/Oct/1999:09:08:13 -0400] "GET /PRESIDENT/define8a.htm HTTP/1.0" 200 193 "-" "Mozilla/4.0 (compatible; MSIE 4.01; Windows NT)"
12.78.120.229 - - [22/Oct/1999:09:08:13 -0400] "GET /PRESIDENT/images/beatty.jpg HTTP/1.1" 200 5811 "http://www.selectsmart.com/PRESIDENT/results.php3?more=now&mid=2" "Mozilla/4.0 (compatible; MSIE 4.01; Windows 95)"
199.75.36.148 - - [22/Oct/1999:09:08:13 -0400] "GET /PRESIDENT/anecdote.gif HTTP/1.1" 200 6898 "http://www.selectsmart.com/PRESIDENT/" "Mozilla/4.0 (compatible; MSIE 4.01; Windows 95)"
199.75.36.148 - - [22/Oct/1999:09:08:13 -0400] "GET /curt.jpg HTTP/1.1" 200 4228 "http://www.selectsmart.com/PRESIDENT/" "Mozilla/4.0 (compatible; MSIE 4.01; Windows 95)"
209.64.200.66 - - [22/Oct/1999:09:08:13 -0400] "GET / HTTP/1.0" 200 1839 "-" "Mozilla/4.0 (compatible; MSIE 4.01; Windows NT)"
38.176.139.2 - - [22/Oct/1999:09:08:14 -0400] "GET /PRESIDENT/packaging.gif HTTP/1.1" 200 10663 "http://www.selectsmart.com/PRESIDENT/" "Mozilla/4.0 (compatible; MSIE 4.01; Windows 95)"
38.176.139.2 - - [22/Oct/1999:09:08:14 -0400] "GET /PRESIDENT/vidal.gif HTTP/1.1" 200 11342 "http://www.selectsmart.com/PRESIDENT/" "Mozilla/4.0 (compatible; MSIE 4.01; Windows 95)"
38.176.139.2 - - [22/Oct/1999:09:08:14 -0400] "GET /BUSINESS/drop_h.jpg HTTP/1.1" 200 2034 "http://www.selectsmart.com/PRESIDENT/" "Mozilla/4.0 (compatible; MSIE 4.01; Windows 95)"
38.176.139.2 - - [22/Oct/1999:09:08:15 -0400] "GET /PRESIDENT/TR.gif HTTP/1.1" 200 5566 "http://www.selectsmart.com/PRESIDENT/" "Mozilla/4.0 (compatible; MSIE 4.01; Windows 95)"
38.176.139.2 - - [22/Oct/1999:09:08:16 -0400] "GET /PRESIDENT/camp2000.gif HTTP/1.1" 200 7449 "http://www.selectsmart.com/PRESIDENT/" "Mozilla/4.0 (compatible; MSIE 4.01; Windows 95)"
38.176.139.2 - - [22/Oct/1999:09:08:16 -0400] "GET /curt.jpg HTTP/1.1" 200 4228 "http://www.selectsmart.com/PRESIDENT/" "Mozilla/4.0 (compatible; MSIE 4.01; Windows 95)"
209.64.200.66 - - [22/Oct/1999:09:08:19 -0400] "GET /PRESIDENT/define2.htm HTTP/1.0" 200 201 "-" "Mozilla/4.0 (compatible; MSIE 4.01; Windows 95; CITGO Petroleum)"
143.231.211.70 - - [22/Oct/1999:09:08:19 -0400] "POST /PRESIDENT/results.php3 HTTP/1.1" 200 6812 "http://www.selectsmart.com/PRESIDENT/results.php3" "Mozilla/4.0 (compatible; MSIE 4.01; Windows NT)"
143.231.211.70 - - [22/Oct/1999:09:08:19 -0400] "GET /PRESIDENT/images/mccain.jpg HTTP/1.1" 200 2299 "http://www.selectsmart.com/PRESIDENT/results.php3" "Mozilla/4.0 (compatible; MSIE 4.01; Windows NT)"
209.64.200.66 - - [22/Oct/1999:09:08:20 -0400] "GET / HTTP/1.0" 200 1839 "-" "Mozilla/4.0 (compatible; MSIE 4.01; Windows 95; CITGO Petroleum)"
206.145.251.5 - - [22/Oct/1999:09:08:22 -0400] "GET /PRESIDENT/poll.htm HTTP/1.0" 200 4489 "-" "Mozilla/4.0 (compatible; MSIE 4.01; Windows 95)"
207.96.54.154 - - [22/Oct/1999:09:08:22 -0400] "GET /PRESIDENT/ HTTP/1.1" 200 29678 "-" "Mozilla/4.0 (compatible; MSIE 4.01; Windows 95)"
207.96.54.154 - - [22/Oct/1999:09:08:22 -0400] "GET /PRESIDENT/campaigns.gif HTTP/1.1" 200 5835 "http://www.selectsmart.com/PRESIDENT/" "Mozilla/4.0 (compatible; MSIE 4.01; Windows 95)"
207.96.54.154 - - [22/Oct/1999:09:08:22 -0400] "GET /BUSINESS/16.gif HTTP/1.1" 200 6704 "http://www.selectsmart.com/PRESIDENT/" "Mozilla/4.0 (compatible; MSIE 4.01; Windows 95)"
207.96.54.154 - - [22/Oct/1999:09:08:22 -0400] "GET /PRESIDENT/anecdote.gif HTTP/1.1" 200 6898 "http://www.selectsmart.com/PRESIDENT/" "Mozilla/4.0 (compatible; MSIE 4.01; Windows 95)"
209.64.200.66 - - [22/Oct/1999:09:08:22 -0400] "POST /PRESIDENT/results.php3 HTTP/1.0" 200 6626 "http://www.selectsmart.com/PRESIDENT/" "Mozilla/4.0 (compatible; MSIE 4.01; Windows 95; CITGO Petroleum)"
207.96.54.154 - - [22/Oct/1999:09:08:22 -0400] "GET /BUSINESS/drop_v.jpg HTTP/1.1" 200 1963 "http://www.selectsmart.com/PRESIDENT/" "Mozilla/4.0 (compatible; MSIE 4.01; Windows 95)"
207.96.54.154 - - [22/Oct/1999:09:08:22 -0400] "GET /PRESIDENT/packaging.gif HTTP/1.1" 200 10663 "http://www.selectsmart.com/PRESIDENT/" "Mozilla/4.0 (compatible; MSIE 4.01; Windows 95)"
207.96.54.154 - - [22/Oct/1999:09:08:23 -0400] "GET /BUSINESS/drop_h.jpg HTTP/1.1" 200 2034 "http://www.selectsmart.com/PRESIDENT/" "Mozilla/4.0 (compatible; MSIE 4.01; Windows 95)"
207.96.54.154 - - [22/Oct/1999:09:08:23 -0400] "GET /PRESIDENT/vidal.gif HTTP/1.1" 200 11342 "http://www.selectsmart.com/PRESIDENT/" "Mozilla/4.0 (compatible; MSIE 4.01; Windows 95)"
207.96.54.154 - - [22/Oct/1999:09:08:23 -0400] "GET /PRESIDENT/TR.gif HTTP/1.1" 200 5566 "http://www.selectsmart.com/PRESIDENT/" "Mozilla/4.0 (compatible; MSIE 4.01; Windows 95)"
209.64.200.66 - - [22/Oct/1999:09:08:23 -0400] "GET / HTTP/1.0" 200 1839 "-" "Mozilla/4.0 (compatible; MSIE 4.01; Windows 95; CITGO Petroleum)"
207.96.54.154 - - [22/Oct/1999:09:08:23 -0400] "GET /PRESIDENT/camp2000.gif HTTP/1.1" 200 7449 "http://www.selectsmart.com/PRESIDENT/" "Mozilla/4.0 (compatible; MSIE 4.01; Windows 95)"
207.96.54.154 - - [22/Oct/1999:09:08:23 -0400] "GET /curt.jpg HTTP/1.1" 200 4228 "http://www.selectsmart.com/PRESIDENT/" "Mozilla/4.0 (compatible; MSIE 4.01; Windows 95)"
207.247.36.2 - - [22/Oct/1999:09:08:29 -0400] "POST /PRESIDENT/results.php3 HTTP/1.1" 200 1388 "http://www.selectsmart.com/PRESIDENT/results.php3" "Mozilla/4.0 (compatible; MSIE 5.0; Windows 98; DigExt)"
207.96.27.129 - - [22/Oct/1999:09:08:29 -0400] "GET /PRESIDENT HTTP/1.1" 301 253 "-" "Mozilla/4.0 (compatible; MSIE 4.01; Windows 95)"
143.231.64.77 - - [22/Oct/1999:09:08:30 -0400] "GET /PRESIDENT/results.php3?more=now&mid=12 HTTP/1.0" 200 4821 "http://www.selectsmart.com/PRESIDENT/results.php3" "Mozilla/4.05 [en] (Win95; I)"
216.215.17.133 - - [22/Oct/1999:09:08:30 -0400] "POST /PRESIDENT/results.php3 HTTP/1.0" 200 6626 "http://www.selectsmart.com/PRESIDENT/" "Mozilla/4.04 [en]C-FLASHNET (Win95; I)"
143.231.64.77 - - [22/Oct/1999:09:08:30 -0400] "GET /PRESIDENT/images/keyes.jpg HTTP/1.0" 200 2466 "http://www.selectsmart.com/PRESIDENT/results.php3?more=now&mid=12" "Mozilla/4.05 [en] (Win95; I)"
169.144.135.120 - - [22/Oct/1999:09:08:31 -0400] "POST /PRESIDENT/results.php3 HTTP/1.0" 200 6624 "http://www.selectsmart.com/PRESIDENT/" "Mozilla/4.05 [en] (Win95; I)"
204.254.108.80 - - [22/Oct/1999:09:08:31 -0400] "GET /PRESIDENT/ HTTP/1.0" 200 29678 "-" "Mozilla/4.06 [en] (Win98; I)"
143.231.64.78 - - [22/Oct/1999:09:08:31 -0400] "POST /PRESIDENT/results.php3 HTTP/1.0" 200 6625 "http://www.selectsmart.com/PRESIDENT/" "Mozilla/4.05 [en] (Win95; I)"
207.96.27.129 - - [22/Oct/1999:09:08:32 -0400] "GET /PRESIDENT/ HTTP/1.1" 200 29678 "-" "Mozilla/4.0 (compatible; MSIE 4.01; Windows 95)"
204.254.108.80 - - [22/Oct/1999:09:08:32 -0400] "GET /BUSINESS/drop_h.jpg HTTP/1.0" 200 2034 "http://www.selectsmart.com/PRESIDENT/" "Mozilla/4.06 [en] (Win98; I)"
204.254.108.80 - - [22/Oct/1999:09:08:32 -0400] "GET /BUSINESS/16.gif HTTP/1.0" 200 6704 "http://www.selectsmart.com/PRESIDENT/" "Mozilla/4.06 [en] (Win98; I)"
204.254.108.80 - - [22/Oct/1999:09:08:32 -0400] "GET /BUSINESS/drop_v.jpg HTTP/1.0" 200 1963 "http://www.selectsmart.com/PRESIDENT/" "Mozilla/4.06 [en] (Win98; I)"
207.96.27.129 - - [22/Oct/1999:09:08:32 -0400] "GET /BUSINESS/16.gif HTTP/1.1" 200 6704 "http://www.selectsmart.com/PRESIDENT/" "Mozilla/4.0 (compatible; MSIE 4.01; Windows 95)"
207.96.27.129 - - [22/Oct/1999:09:08:32 -0400] "GET /BUSINESS/drop_v.jpg HTTP/1.1" 200 1963 "http://www.selectsmart.com/PRESIDENT/" "Mozilla/4.0 (compatible; MSIE 4.01; Windows 95)"
207.96.27.129 - - [22/Oct/1999:09:08:32 -0400] "GET /PRESIDENT/anecdote.gif HTTP/1.1" 200 6898 "http://www.selectsmart.com/PRESIDENT/" "Mozilla/4.0 (compatible; MSIE 4.01; Windows 95)"
143.231.211.70 - - [22/Oct/1999:09:08:33 -0400] "POST /PRESIDENT/results.php3 HTTP/1.1" 200 23188 "http://www.selectsmart.com/PRESIDENT/results.php3" "Mozilla/4.0 (compatible; MSIE 4.01; Windows NT)"
143.231.211.70 - - [22/Oct/1999:09:08:33 -0400] "GET /PRESIDENT/images/bradley.jpg HTTP/1.1" 200 2294 "http://www.selectsmart.com/PRESIDENT/results.php3" "Mozilla/4.0 (compatible; MSIE 4.01; Windows NT)"
204.254.108.80 - - [22/Oct/1999:09:08:33 -0400] "GET /PRESIDENT/anecdote.gif HTTP/1.0" 200 6898 "http://www.selectsmart.com/PRESIDENT/" "Mozilla/4.06 [en] (Win98; I)"
204.254.108.80 - - [22/Oct/1999:09:08:33 -0400] "GET /PRESIDENT/campaigns.gif HTTP/1.0" 200 5835 "http://www.selectsmart.com/PRESIDENT/" "Mozilla/4.06 [en] (Win98; I)"
204.254.108.80 - - [22/Oct/1999:09:08:33 -0400] "GET /PRESIDENT/packaging.gif HTTP/1.0" 200 10663 "http://www.selectsmart.com/PRESIDENT/" "Mozilla/4.06 [en] (Win98; I)"
143.231.211.70 - - [22/Oct/1999:09:08:33 -0400] "GET /PRESIDENT/images/bush.jpg HTTP/1.1" 200 2977 "http://www.selectsmart.com/PRESIDENT/results.php3" "Mozilla/4.0 (compatible; MSIE 4.01; Windows NT)"
143.231.211.70 - - [22/Oct/1999:09:08:33 -0400] "GET /PRESIDENT/images/gore.jpg HTTP/1.1" 200 2930 "http://www.selectsmart.com/PRESIDENT/results.php3" "Mozilla/4.0 (compatible; MSIE 4.01; Windows NT)"
207.96.27.129 - - [22/Oct/1999:09:08:33 -0400] "GET /BUSINESS/drop_h.jpg HTTP/1.1" 200 2034 "http://www.selectsmart.com/PRESIDENT/" "Mozilla/4.0 (compatible; MSIE 4.01; Windows 95)"
143.231.211.70 - - [22/Oct/1999:09:08:33 -0400] "GET /PRESIDENT/images/mccain.jpg HTTP/1.1" 304 - "http://www.selectsmart.com/PRESIDENT/results.php3" "Mozilla/4.0 (compatible; MSIE 4.01; Windows NT)"
204.254.108.80 - - [22/Oct/1999:09:08:33 -0400] "GET /PRESIDENT/camp2000.gif HTTP/1.0" 200 7449 "http://www.selectsmart.com/PRESIDENT/" "Mozilla/4.06 [en] (Win98; I)"
204.254.108.80 - - [22/Oct/1999:09:08:33 -0400] "GET /PRESIDENT/vidal.gif HTTP/1.0" 200 11342 "http://www.selectsmart.com/PRESIDENT/" "Mozilla/4.06 [en] (Win98; I)"
204.254.108.80 - - [22/Oct/1999:09:08:33 -0400] "GET /PRESIDENT/TR.gif HTTP/1.0" 200 5566 "http://www.selectsmart.com/PRESIDENT/" "Mozilla/4.06 [en] (Win98; I)"
204.254.108.80 - - [22/Oct/1999:09:08:33 -0400] "GET /curt.jpg HTTP/1.0" 200 4228 "http://www.selectsmart.com/PRESIDENT/" "Mozilla/4.06 [en] (Win98; I)"
207.96.27.129 - - [22/Oct/1999:09:08:33 -0400] "GET /PRESIDENT/campaigns.gif HTTP/1.1" 200 5835 "http://www.selectsmart.com/PRESIDENT/" "Mozilla/4.0 (compatible; MSIE 4.01; Windows 95)"
38.219.129.106 - - [22/Oct/1999:09:08:34 -0400] "POST /PRESIDENT/results.php3 HTTP/1.0" 200 6628 "http://www.selectsmart.com/PRESIDENT/" "Mozilla/4.61 [en] (Win95; I)"
207.172.70.152 - - [22/Oct/1999:09:08:34 -0400] "POST /PRESIDENT/results.php3 HTTP/1.0" 200 18249 "http://www.selectsmart.com/PRESIDENT/results.php3" "Mozilla/4.61 [en] (Win98; U)"
207.96.27.129 - - [22/Oct/1999:09:08:35 -0400] "GET /PRESIDENT/packaging.gif HTTP/1.1" 200 10663 "http://www.selectsmart.com/PRESIDENT/" "Mozilla/4.0 (compatible; MSIE 4.01; Windows 95)"
216.44.98.194 - - [22/Oct/1999:09:08:35 -0400] "GET /PRESIDENT/define10b.htm HTTP/1.1" 200 160 "-" "Mozilla/4.0 (compatible; MSIE 4.01; Windows 98)"
143.231.240.67 - - [22/Oct/1999:09:08:35 -0400] "POST /PRESIDENT/results.php3 HTTP/1.0" 200 6624 "http://www.selectsmart.com/PRESIDENT/" "Mozilla/4.61 [en] (Win95; I)"
205.173.93.35 - - [22/Oct/1999:09:08:36 -0400] "POST /PRESIDENT/results.php3 HTTP/1.0" 200 6627 "http://www.selectsmart.com/PRESIDENT/" "Mozilla/4.0 (compatible; MSIE 4.01; Windows 95)"
207.172.70.152 - - [22/Oct/1999:09:08:36 -0400] "GET /PRESIDENT/images/bradley.jpg HTTP/1.0" 200 2294 "http://www.selectsmart.com/PRESIDENT/results.php3" "Mozilla/4.61 [en] (Win98; U)"
207.96.27.129 - - [22/Oct/1999:09:08:36 -0400] "GET /PRESIDENT/vidal.gif HTTP/1.1" 200 11342 "http://www.selectsmart.com/PRESIDENT/" "Mozilla/4.0 (compatible; MSIE 4.01; Windows 95)"
207.96.27.129 - - [22/Oct/1999:09:08:37 -0400] "GET /PRESIDENT/TR.gif HTTP/1.1" 200 5566 "http://www.selectsmart.com/PRESIDENT/" "Mozilla/4.0 (compatible; MSIE 4.01; Windows 95)"
207.172.70.152 - - [22/Oct/1999:09:08:38 -0400] "GET /PRESIDENT/images/bush.jpg HTTP/1.0" 200 2977 "http://www.selectsmart.com/PRESIDENT/results.php3" "Mozilla/4.61 [en] (Win98; U)"
207.172.70.152 - - [22/Oct/1999:09:08:38 -0400] "GET /PRESIDENT/images/mccain.jpg HTTP/1.0" 200 2299 "http://www.selectsmart.com/PRESIDENT/results.php3" "Mozilla/4.61 [en] (Win98; U)"
207.96.27.129 - - [22/Oct/1999:09:08:39 -0400] "GET /PRESIDENT/camp2000.gif HTTP/1.1" 200 7449 "http://www.selectsmart.com/PRESIDENT/" "Mozilla/4.0 (compatible; MSIE 4.01; Windows 95)"
207.96.27.129 - - [22/Oct/1999:09:08:39 -0400] "GET /curt.jpg HTTP/1.1" 200 4228 "http://www.selectsmart.com/PRESIDENT/" "Mozilla/4.0 (compatible; MSIE 4.01; Windows 95)"
208.246.157.230 - - [22/Oct/1999:09:08:40 -0400] "GET /PRESIDENT/ HTTP/1.1" 200 29678 "-" "Mozilla/4.0 (compatible; MSIE 4.01; Windows 95)"
208.246.157.230 - - [22/Oct/1999:09:08:43 -0400] "GET /PRESIDENT/anecdote.gif HTTP/1.1" 200 6898 "http://www.selectsmart.com/PRESIDENT/" "Mozilla/4.0 (compatible; MSIE 4.01; Windows 95)"
208.246.157.230 - - [22/Oct/1999:09:08:43 -0400] "GET /BUSINESS/16.gif HTTP/1.1" 200 6704 "http://www.selectsmart.com/PRESIDENT/" "Mozilla/4.0 (compatible; MSIE 4.01; Windows 95)"
208.246.157.230 - - [22/Oct/1999:09:08:43 -0400] "GET /BUSINESS/drop_v.jpg HTTP/1.1" 200 1963 "http://www.selectsmart.com/PRESIDENT/" "Mozilla/4.0 (compatible; MSIE 4.01; Windows 95)"
208.246.157.230 - - [22/Oct/1999:09:08:43 -0400] "GET /PRESIDENT/campaigns.gif HTTP/1.1" 200 5835 "http://www.selectsmart.com/PRESIDENT/" "Mozilla/4.0 (compatible; MSIE 4.01; Windows 95)"
209.64.200.66 - - [22/Oct/1999:09:08:43 -0400] "POST /PRESIDENT/results.php3 HTTP/1.0" 200 6626 "http://www.selectsmart.com/PRESIDENT/" "Mozilla/4.0 (compatible; MSIE 4.01; Windows 95; CITGO Petroleum)"
208.246.157.230 - - [22/Oct/1999:09:08:43 -0400] "GET /BUSINESS/drop_h.jpg HTTP/1.1" 200 2034 "http://www.selectsmart.com/PRESIDENT/" "Mozilla/4.0 (compatible; MSIE 4.01; Windows 95)"
208.246.157.230 - - [22/Oct/1999:09:08:43 -0400] "GET /PRESIDENT/packaging.gif HTTP/1.1" 200 10663 "http://www.selectsmart.com/PRESIDENT/" "Mozilla/4.0 (compatible; MSIE 4.01; Windows 95)"
207.247.36.2 - - [22/Oct/1999:09:08:43 -0400] "GET /BUSINESS/16.gif HTTP/1.1" 304 - "http://www.selectsmart.com/PRESIDENT/index.html" "Mozilla/4.0 (compatible; MSIE 5.0; Windows 98; DigExt)"
207.247.36.2 - - [22/Oct/1999:09:08:43 -0400] "GET /PRESIDENT/index.html HTTP/1.1" 200 29678 "http://www.selectsmart.com/PRESIDENT/results.php3" "Mozilla/4.0 (compatible; MSIE 5.0; Windows 98; DigExt)"
207.247.36.2 - - [22/Oct/1999:09:08:43 -0400] "GET /BUSINESS/drop_v.jpg HTTP/1.1" 304 - "http://www.selectsmart.com/PRESIDENT/index.html" "Mozilla/4.0 (compatible; MSIE 5.0; Windows 98; DigExt)"
208.246.157.230 - - [22/Oct/1999:09:08:43 -0400] "GET /PRESIDENT/vidal.gif HTTP/1.1" 200 11342 "http://www.selectsmart.com/PRESIDENT/" "Mozilla/4.0 (compatible; MSIE 4.01; Windows 95)"
209.64.200.66 - - [22/Oct/1999:09:08:43 -0400] "GET / HTTP/1.0" 200 1839 "-" "Mozilla/4.0 (compatible; MSIE 4.01; Windows 95; CITGO Petroleum)"
208.246.157.230 - - [22/Oct/1999:09:08:43 -0400] "GET /PRESIDENT/TR.gif HTTP/1.1" 200 5566 "http://www.selectsmart.com/PRESIDENT/" "Mozilla/4.0 (compatible; MSIE 4.01; Windows 95)"
208.246.157.230 - - [22/Oct/1999:09:08:44 -0400] "GET /PRESIDENT/camp2000.gif HTTP/1.1" 200 7449 "http://www.selectsmart.com/PRESIDENT/" "Mozilla/4.0 (compatible; MSIE 4.01; Windows 95)"
208.246.157.230 - - [22/Oct/1999:09:08:44 -0400] "GET /curt.jpg HTTP/1.1" 200 4228 "http://www.selectsmart.com/PRESIDENT/" "Mozilla/4.0 (compatible; MSIE 4.01; Windows 95)"
209.64.200.66 - - [22/Oct/1999:09:08:46 -0400] "GET /PRESIDENT/define3.htm HTTP/1.0" 200 270 "-" "Mozilla/4.0 (compatible; MSIE 4.01; Windows 95; CITGO Petroleum)"
209.64.200.66 - - [22/Oct/1999:09:08:47 -0400] "GET / HTTP/1.0" 200 1839 "-" "Mozilla/4.0 (compatible; MSIE 4.01; Windows 95; CITGO Petroleum)"
128.192.183.11 - - [22/Oct/1999:09:08:47 -0400] "GET /solid41.gif HTTP/1.0" 200 987 "http://www.selectsmart.com/DOG/" "Mozilla/4.05 [en] (Win95; I)"
12.78.120.229 - - [22/Oct/1999:09:08:47 -0400] "GET /PRESIDENT/results.php3?more=now&mid=15 HTTP/1.1" 200 2795 "http://www.selectsmart.com/PRESIDENT/results.php3" "Mozilla/4.0 (compatible; MSIE 4.01; Windows 95)"
128.192.183.11 - - [22/Oct/1999:09:08:48 -0400] "GET /solid17.gif HTTP/1.0" 200 988 "http://www.selectsmart.com/DOG/" "Mozilla/4.05 [en] (Win95; I)"
128.192.183.11 - - [22/Oct/1999:09:08:48 -0400] "GET /solid11.gif HTTP/1.0" 200 1006 "http://www.selectsmart.com/DOG/" "Mozilla/4.05 [en] (Win95; I)"
128.192.183.11 - - [22/Oct/1999:09:08:48 -0400] "GET /solid52.gif HTTP/1.0" 200 980 "http://www.selectsmart.com/DOG/" "Mozilla/4.05 [en] (Win95; I)"
12.78.120.229 - - [22/Oct/1999:09:08:48 -0400] "GET /PRESIDENT/images/nader.jpg HTTP/1.1" 200 2686 "http://www.selectsmart.com/PRESIDENT/results.php3?more=now&mid=15" "Mozilla/4.0 (compatible; MSIE 4.01; Windows 95)"
128.192.183.11 - - [22/Oct/1999:09:08:49 -0400] "GET /DOG/ HTTP/1.0" 200 26494 "http://dogs.about.com/home/pets/dogs/msub13.htm" "Mozilla/4.05 [en] (Win95; I)"
207.247.36.2 - - [22/Oct/1999:09:08:49 -0400] "GET /PRESIDENT/poll.htm HTTP/1.1" 200 4489 "-" "Mozilla/4.0 (compatible; MSIE 5.0; Windows 98; DigExt)"
128.192.183.11 - - [22/Oct/1999:09:08:50 -0400] "GET /DOG/purinadog.gif HTTP/1.0" 200 11906 "http://www.selectsmart.com/DOG/" "Mozilla/4.05 [en] (Win95; I)"
128.192.183.11 - - [22/Oct/1999:09:08:50 -0400] "GET /DOG/toydog.gif HTTP/1.0" 200 11205 "http://www.selectsmart.com/DOG/" "Mozilla/4.05 [en] (Win95; I)"
128.192.183.11 - - [22/Oct/1999:09:08:51 -0400] "GET /DOG/trickisin.gif HTTP/1.0" 200 13603 "http://www.selectsmart.com/DOG/" "Mozilla/4.05 [en] (Win95; I)"
207.172.112.236 - - [22/Oct/1999:09:08:52 -0400] "GET /PRESIDENT/anecdote.gif HTTP/1.0" 200 6898 "http://www.selectsmart.com/PRESIDENT/" "Mozilla/3.01C-KIT (Win95; I)"
207.172.112.236 - - [22/Oct/1999:09:08:52 -0400] "GET /PRESIDENT/campaigns.gif HTTP/1.0" 200 5835 "http://www.selectsmart.com/PRESIDENT/" "Mozilla/3.01C-KIT (Win95; I)"
128.192.183.11 - - [22/Oct/1999:09:08:53 -0400] "GET /DOG/compet.gif HTTP/1.0" 200 15373 "http://www.selectsmart.com/DOG/" "Mozilla/4.05 [en] (Win95; I)"
40.0.40.2 - - [22/Oct/1999:09:08:54 -0400] "POST /PRESIDENT/results.php3 HTTP/1.0" 200 6626 "http://www.selectsmart.com/PRESIDENT/" "Mozilla/4.04 [en] (Win95; U)"
143.231.64.77 - - [22/Oct/1999:09:08:54 -0400] "GET /PRESIDENT/results.php3?more=now&mid=5 HTTP/1.0" 200 6124 "http://www.selectsmart.com/PRESIDENT/results.php3" "Mozilla/4.05 [en] (Win95; I)"
143.231.64.77 - - [22/Oct/1999:09:08:55 -0400] "GET /PRESIDENT/buchanan.jpg HTTP/1.0" 200 8053 "http://www.selectsmart.com/PRESIDENT/results.php3?more=now&mid=5" "Mozilla/4.05 [en] (Win95; I)"
128.192.183.11 - - [22/Oct/1999:09:08:55 -0400] "GET /DOG/gettingthemost.gif HTTP/1.0" 200 7267 "http://www.selectsmart.com/DOG/" "Mozilla/4.05 [en] (Win95; I)"
38.219.129.106 - - [22/Oct/1999:09:08:59 -0400] "GET /PRESIDENT/results.php3?more=now&mid=18 HTTP/1.0" 200 3762 "http://www.selectsmart.com/PRESIDENT/results.php3" "Mozilla/4.61 [en] (Win95; I)"
38.219.129.106 - - [22/Oct/1999:09:08:59 -0400] "GET /PRESIDENT/images/mcreynolds.jpg HTTP/1.0" 200 4631 "http://www.selectsmart.com/PRESIDENT/results.php3?more=now&mid=18" "Mozilla/4.61 [en] (Win95; I)"
128.192.183.11 - - [22/Oct/1999:09:09:01 -0400] "GET /curt.jpg HTTP/1.0" 200 4228 "http://www.selectsmart.com/DOG/" "Mozilla/4.05 [en] (Win95; I)"
128.192.183.11 - - [22/Oct/1999:09:09:01 -0400] "GET /DOG/pudgy.gif HTTP/1.0" 200 14675 "http://www.selectsmart.com/DOG/" "Mozilla/4.05 [en] (Win95; I)"
204.30.100.121 - - [22/Oct/1999:09:09:03 -0400] "GET /PRESIDENT/ HTTP/1.0" 200 29678 "-" "Mozilla/4.61 [en] (X11; U; SunOS 5.7 sun4m)"
24.95.67.147 - - [22/Oct/1999:09:09:04 -0400] "GET / HTTP/1.0" 200 1839 "http://www.columbusdogconnection.com/" "Mozilla/4.61 [en] (Win98; U)"
143.231.64.76 - - [22/Oct/1999:09:09:05 -0400] "GET /PRESIDENT/ HTTP/1.1" 200 29678 "-" "Mozilla/4.0 (compatible; MSIE 4.01; Windows 95; ACS_IQ)"
24.95.67.147 - - [22/Oct/1999:09:09:05 -0400] "GET /sidepanel.html HTTP/1.0" 200 3890 "http://www.columbusdogconnection.com/" "Mozilla/4.61 [en] (Win98; U)"
24.95.67.147 - - [22/Oct/1999:09:09:05 -0400] "GET /indexa.html HTTP/1.0" 200 20372 "http://www.columbusdogconnection.com/" "Mozilla/4.61 [en] (Win98; U)"
24.95.67.147 - - [22/Oct/1999:09:09:05 -0400] "GET /thnkyell.jpg HTTP/1.0" 200 23337 "http://www.selectsmart.com/sidepanel.html" "Mozilla/4.61 [en] (Win98; U)"
204.30.100.121 - - [22/Oct/1999:09:09:05 -0400] "GET /PRESIDENT/anecdote.gif HTTP/1.0" 200 6898 "http://www.selectsmart.com/PRESIDENT/" "Mozilla/4.61 [en] (X11; U; SunOS 5.7 sun4m)"
204.30.100.121 - - [22/Oct/1999:09:09:05 -0400] "GET /BUSINESS/drop_v.jpg HTTP/1.0" 200 1963 "http://www.selectsmart.com/PRESIDENT/" "Mozilla/4.61 [en] (X11; U; SunOS 5.7 sun4m)"
204.30.100.121 - - [22/Oct/1999:09:09:05 -0400] "GET /BUSINESS/16.gif HTTP/1.0" 200 6704 "http://www.selectsmart.com/PRESIDENT/" "Mozilla/4.61 [en] (X11; U; SunOS 5.7 sun4m)"
204.30.100.121 - - [22/Oct/1999:09:09:05 -0400] "GET /BUSINESS/drop_h.jpg HTTP/1.0" 200 2034 "http://www.selectsmart.com/PRESIDENT/" "Mozilla/4.61 [en] (X11; U; SunOS 5.7 sun4m)"
143.231.64.76 - - [22/Oct/1999:09:09:05 -0400] "GET /PRESIDENT/anecdote.gif HTTP/1.1" 200 6898 "http://www.selectsmart.com/PRESIDENT/" "Mozilla/4.0 (compatible; MSIE 4.01; Windows 95; ACS_IQ)"
143.231.64.76 - - [22/Oct/1999:09:09:06 -0400] "GET /BUSINESS/drop_v.jpg HTTP/1.1" 200 1963 "http://www.selectsmart.com/PRESIDENT/" "Mozilla/4.0 (compatible; MSIE 4.01; Windows 95; ACS_IQ)"
143.231.64.76 - - [22/Oct/1999:09:09:06 -0400] "GET /BUSINESS/16.gif HTTP/1.1" 200 6704 "http://www.selectsmart.com/PRESIDENT/" "Mozilla/4.0 (compatible; MSIE 4.01; Windows 95; ACS_IQ)"
204.30.100.121 - - [22/Oct/1999:09:09:06 -0400] "GET /PRESIDENT/campaigns.gif HTTP/1.0" 200 5835 "http://www.selectsmart.com/PRESIDENT/" "Mozilla/4.61 [en] (X11; U; SunOS 5.7 sun4m)"
143.231.64.76 - - [22/Oct/1999:09:09:06 -0400] "GET /PRESIDENT/campaigns.gif HTTP/1.1" 200 5835 "http://www.selectsmart.com/PRESIDENT/" "Mozilla/4.0 (compatible; MSIE 4.01; Windows 95; ACS_IQ)"
24.95.67.147 - - [22/Oct/1999:09:09:06 -0400] "GET /AMAZON/amzn-buy.gif HTTP/1.0" 200 3051 "http://www.selectsmart.com/sidepanel.html" "Mozilla/4.61 [en] (Win98; U)"
143.231.64.76 - - [22/Oct/1999:09:09:06 -0400] "GET /PRESIDENT/packaging.gif HTTP/1.1" 200 10663 "http://www.selectsmart.com/PRESIDENT/" "Mozilla/4.0 (compatible; MSIE 4.01; Windows 95; ACS_IQ)"
143.231.64.76 - - [22/Oct/1999:09:09:06 -0400] "GET /BUSINESS/drop_h.jpg HTTP/1.1" 200 2034 "http://www.selectsmart.com/PRESIDENT/" "Mozilla/4.0 (compatible; MSIE 4.01; Windows 95; ACS_IQ)"
143.231.64.76 - - [22/Oct/1999:09:09:06 -0400] "GET /PRESIDENT/vidal.gif HTTP/1.1" 200 11342 "http://www.selectsmart.com/PRESIDENT/" "Mozilla/4.0 (compatible; MSIE 4.01; Windows 95; ACS_IQ)"
24.95.67.147 - - [22/Oct/1999:09:09:06 -0400] "GET /solid59.gif HTTP/1.0" 200 977 "http://www.selectsmart.com/sidepanel.html" "Mozilla/4.61 [en] (Win98; U)"
24.128.210.145 - - [22/Oct/1999:09:09:06 -0400] "GET /PRESIDENT/results.php3 HTTP/1.0" 200 2503 "-" "Mozilla/4.05 [en] (Win95; U ;Nav)"
24.95.67.147 - - [22/Oct/1999:09:09:06 -0400] "GET /solid52.gif HTTP/1.0" 200 980 "http://www.selectsmart.com/sidepanel.html" "Mozilla/4.61 [en] (Win98; U)"
204.30.100.121 - - [22/Oct/1999:09:09:06 -0400] "GET /PRESIDENT/camp2000.gif HTTP/1.0" 200 7449 "http://www.selectsmart.com/PRESIDENT/" "Mozilla/4.61 [en] (X11; U; SunOS 5.7 sun4m)"
204.30.100.121 - - [22/Oct/1999:09:09:06 -0400] "GET /PRESIDENT/vidal.gif HTTP/1.0" 200 11342 "http://www.selectsmart.com/PRESIDENT/" "Mozilla/4.61 [en] (X11; U; SunOS 5.7 sun4m)"
204.30.100.121 - - [22/Oct/1999:09:09:06 -0400] "GET /PRESIDENT/packaging.gif HTTP/1.0" 200 10663 "http://www.selectsmart.com/PRESIDENT/" "Mozilla/4.61 [en] (X11; U; SunOS 5.7 sun4m)"
204.30.100.121 - - [22/Oct/1999:09:09:06 -0400] "GET /curt.jpg HTTP/1.0" 200 4228 "http://www.selectsmart.com/PRESIDENT/" "Mozilla/4.61 [en] (X11; U; SunOS 5.7 sun4m)"
24.95.67.147 - - [22/Oct/1999:09:09:06 -0400] "GET /BUSINESS/drop_v.jpg HTTP/1.0" 200 1963 "http://www.selectsmart.com/indexa.html" "Mozilla/4.61 [en] (Win98; U)"
24.95.67.147 - - [22/Oct/1999:09:09:06 -0400] "GET /BUSINESS/drop_h.jpg HTTP/1.0" 200 2034 "http://www.selectsmart.com/indexa.html" "Mozilla/4.61 [en] (Win98; U)"
143.231.64.76 - - [22/Oct/1999:09:09:06 -0400] "GET /PRESIDENT/TR.gif HTTP/1.1" 200 5566 "http://www.selectsmart.com/PRESIDENT/" "Mozilla/4.0 (compatible; MSIE 4.01; Windows 95; ACS_IQ)"
143.231.64.76 - - [22/Oct/1999:09:09:06 -0400] "GET /PRESIDENT/camp2000.gif HTTP/1.1" 200 7449 "http://www.selectsmart.com/PRESIDENT/" "Mozilla/4.0 (compatible; MSIE 4.01; Windows 95; ACS_IQ)"
24.95.67.147 - - [22/Oct/1999:09:09:06 -0400] "GET /BUSINESS/14.gif HTTP/1.0" 200 6644 "http://www.selectsmart.com/indexa.html" "Mozilla/4.61 [en] (Win98; U)"
24.95.67.147 - - [22/Oct/1999:09:09:06 -0400] "GET /solid17.gif HTTP/1.0" 200 988 "http://www.selectsmart.com/sidepanel.html" "Mozilla/4.61 [en] (Win98; U)"
24.95.67.147 - - [22/Oct/1999:09:09:06 -0400] "GET /curt.jpg HTTP/1.0" 200 4228 "http://www.selectsmart.com/sidepanel.html" "Mozilla/4.61 [en] (Win98; U)"
143.231.64.76 - - [22/Oct/1999:09:09:06 -0400] "GET /curt.jpg HTTP/1.1" 200 4228 "http://www.selectsmart.com/PRESIDENT/" "Mozilla/4.0 (compatible; MSIE 4.01; Windows 95; ACS_IQ)"
24.95.67.147 - - [22/Oct/1999:09:09:06 -0400] "GET /solid6.gif HTTP/1.0" 200 993 "http://www.selectsmart.com/indexa.html" "Mozilla/4.61 [en] (Win98; U)"
24.95.67.147 - - [22/Oct/1999:09:09:06 -0400] "GET /up.jpg HTTP/1.0" 200 2511 "http://www.selectsmart.com/sidepanel.html" "Mozilla/4.61 [en] (Win98; U)"
24.95.67.147 - - [22/Oct/1999:09:09:07 -0400] "GET /carolin2.gif HTTP/1.0" 200 3241 "http://www.selectsmart.com/indexa.html" "Mozilla/4.61 [en] (Win98; U)"
24.95.67.147 - - [22/Oct/1999:09:09:07 -0400] "GET /sitename60_mining.gif HTTP/1.0" 200 2015 "http://www.selectsmart.com/indexa.html" "Mozilla/4.61 [en] (Win98; U)"
24.95.67.147 - - [22/Oct/1999:09:09:07 -0400] "GET /blkpaw.gif HTTP/1.0" 200 936 "http://www.selectsmart.com/indexa.html" "Mozilla/4.61 [en] (Win98; U)"
24.95.67.147 - - [22/Oct/1999:09:09:07 -0400] "GET /solid17.gif HTTP/1.0" 200 988 "http://www.selectsmart.com/sidepanel.html" "Mozilla/4.61 [en] (Win98; U)"
24.95.67.147 - - [22/Oct/1999:09:09:07 -0400] "GET /solid41.gif HTTP/1.0" 200 987 "http://www.selectsmart.com/sidepanel.html" "Mozilla/4.61 [en] (Win98; U)"
24.95.67.147 - - [22/Oct/1999:09:09:07 -0400] "GET /solid48.gif HTTP/1.0" 200 987 "http://www.selectsmart.com/sidepanel.html" "Mozilla/4.61 [en] (Win98; U)"
24.95.67.147 - - [22/Oct/1999:09:09:07 -0400] "GET /solid11.gif HTTP/1.0" 200 1006 "http://www.selectsmart.com/indexa.html" "Mozilla/4.61 [en] (Win98; U)"
24.95.67.147 - - [22/Oct/1999:09:09:07 -0400] "GET /solid28.gif HTTP/1.0" 200 972 "http://www.selectsmart.com/indexa.html" "Mozilla/4.61 [en] (Win98; U)"
24.95.67.147 - - [22/Oct/1999:09:09:07 -0400] "GET /solid48.gif HTTP/1.0" 200 987 "http://www.selectsmart.com/indexa.html" "Mozilla/4.61 [en] (Win98; U)"
24.95.67.147 - - [22/Oct/1999:09:09:07 -0400] "GET /sltrib.gif HTTP/1.0" 200 5673 "http://www.selectsmart.com/indexa.html" "Mozilla/4.61 [en] (Win98; U)"
204.30.100.121 - - [22/Oct/1999:09:09:07 -0400] "GET /PRESIDENT/TR.gif HTTP/1.0" 200 5566 "http://www.selectsmart.com/PRESIDENT/" "Mozilla/4.61 [en] (X11; U; SunOS 5.7 sun4m)"
24.95.67.147 - - [22/Oct/1999:09:09:07 -0400] "GET /planetclick.gif HTTP/1.0" 200 4949 "http://www.selectsmart.com/indexa.html" "Mozilla/4.61 [en] (Win98; U)"
24.95.67.147 - - [22/Oct/1999:09:09:07 -0400] "GET /cooldogsiteselected.gif HTTP/1.0" 200 2982 "http://www.selectsmart.com/indexa.html" "Mozilla/4.61 [en] (Win98; U)"
24.95.67.147 - - [22/Oct/1999:09:09:07 -0400] "GET /exclaim.jpg HTTP/1.0" 200 7859 "http://www.selectsmart.com/indexa.html" "Mozilla/4.61 [en] (Win98; U)"
24.95.67.147 - - [22/Oct/1999:09:09:07 -0400] "GET /CoolAward2.gif HTTP/1.0" 200 5548 "http://www.selectsmart.com/indexa.html" "Mozilla/4.61 [en] (Win98; U)"
24.95.67.147 - - [22/Oct/1999:09:09:07 -0400] "GET /cpetsitm.gif HTTP/1.0" 200 6269 "http://www.selectsmart.com/indexa.html" "Mozilla/4.61 [en] (Win98; U)"
24.95.67.147 - - [22/Oct/1999:09:09:07 -0400] "GET /cooltools.gif HTTP/1.0" 200 3810 "http://www.selectsmart.com/indexa.html" "Mozilla/4.61 [en] (Win98; U)"
12.78.120.229 - - [22/Oct/1999:09:09:09 -0400] "GET /PRESIDENT/results.php3?more=now&mid=17 HTTP/1.1" 200 3299 "http://www.selectsmart.com/PRESIDENT/results.php3" "Mozilla/4.0 (compatible; MSIE 4.01; Windows 95)"
12.78.120.229 - - [22/Oct/1999:09:09:10 -0400] "GET /PRESIDENT/trump.gif HTTP/1.1" 200 6064 "http://www.selectsmart.com/PRESIDENT/results.php3?more=now&mid=17" "Mozilla/4.0 (compatible; MSIE 4.01; Windows 95)"
209.64.200.66 - - [22/Oct/1999:09:09:10 -0400] "GET /PRESIDENT/define.htm HTTP/1.0" 200 151 "-" "Mozilla/4.0 (compatible; MSIE 4.01; Windows NT)"
209.64.200.66 - - [22/Oct/1999:09:09:11 -0400] "GET / HTTP/1.0" 200 1839 "-" "Mozilla/4.0 (compatible; MSIE 4.01; Windows NT)"
24.95.67.147 - - [22/Oct/1999:09:09:11 -0400] "GET /beta_dog/ HTTP/1.0" 200 24154 "http://www.selectsmart.com/indexa.html" "Mozilla/4.61 [en] (Win98; U)"
24.95.67.147 - - [22/Oct/1999:09:09:11 -0400] "GET /sandbox/dog/images/title_sel.gif HTTP/1.0" 200 3153 "http://www.selectsmart.com/beta_dog/" "Mozilla/4.61 [en] (Win98; U)"
24.95.67.147 - - [22/Oct/1999:09:09:11 -0400] "GET /sandbox/dog/images/cbegin.gif HTTP/1.0" 200 713 "http://www.selectsmart.com/beta_dog/" "Mozilla/4.61 [en] (Win98; U)"
24.95.67.147 - - [22/Oct/1999:09:09:11 -0400] "GET /sandbox/dog/images/home.gif HTTP/1.0" 200 167 "http://www.selectsmart.com/beta_dog/" "Mozilla/4.61 [en] (Win98; U)"
24.95.67.147 - - [22/Oct/1999:09:09:12 -0400] "GET /sandbox/dog/images/results.gif HTTP/1.0" 200 201 "http://www.selectsmart.com/beta_dog/" "Mozilla/4.61 [en] (Win98; U)"
24.95.67.147 - - [22/Oct/1999:09:09:12 -0400] "GET /sandbox/dog/images/c_app.gif HTTP/1.0" 200 256 "http://www.selectsmart.com/beta_dog/" "Mozilla/4.61 [en] (Win98; U)"
24.95.67.147 - - [22/Oct/1999:09:09:12 -0400] "GET /sandbox/dog/images/g_men.gif HTTP/1.0" 200 296 "http://www.selectsmart.com/beta_dog/" "Mozilla/4.61 [en] (Win98; U)"
24.95.67.147 - - [22/Oct/1999:09:09:12 -0400] "GET /sandbox/dog/images/g_tem.gif HTTP/1.0" 200 281 "http://www.selectsmart.com/beta_dog/" "Mozilla/4.61 [en] (Win98; U)"
24.95.67.147 - - [22/Oct/1999:09:09:13 -0400] "GET /sandbox/dog/images/g_app.gif HTTP/1.0" 200 266 "http://www.selectsmart.com/beta_dog/" "Mozilla/4.61 [en] (Win98; U)"
24.95.67.147 - - [22/Oct/1999:09:09:13 -0400] "GET /sandbox/dog/images/c_men.gif HTTP/1.0" 200 289 "http://www.selectsmart.com/beta_dog/" "Mozilla/4.61 [en] (Win98; U)"
24.95.67.147 - - [22/Oct/1999:09:09:13 -0400] "GET /sandbox/dog/images/c_com.gif HTTP/1.0" 200 292 "http://www.selectsmart.com/beta_dog/" "Mozilla/4.61 [en] (Win98; U)"
24.95.67.147 - - [22/Oct/1999:09:09:13 -0400] "GET /sandbox/dog/images/g_com.gif HTTP/1.0" 200 298 "http://www.selectsmart.com/beta_dog/" "Mozilla/4.61 [en] (Win98; U)"
24.95.67.147 - - [22/Oct/1999:09:09:13 -0400] "GET /sandbox/dog/images/c_tem.gif HTTP/1.0" 200 271 "http://www.selectsmart.com/beta_dog/" "Mozilla/4.61 [en] (Win98; U)"
24.95.67.147 - - [22/Oct/1999:09:09:13 -0400] "GET /sandbox/dog/images/next.gif HTTP/1.0" 200 171 "http://www.selectsmart.com/beta_dog/" "Mozilla/4.61 [en] (Win98; U)"
24.95.67.147 - - [22/Oct/1999:09:09:13 -0400] "GET /sandbox/dog/images/back.gif HTTP/1.0" 200 171 "http://www.selectsmart.com/beta_dog/" "Mozilla/4.61 [en] (Win98; U)"
24.95.67.147 - - [22/Oct/1999:09:09:13 -0400] "GET /sandbox/dog/images/g_cc.gif HTTP/1.0" 200 324 "http://www.selectsmart.com/beta_dog/" "Mozilla/4.61 [en] (Win98; U)"
24.95.67.147 - - [22/Oct/1999:09:09:13 -0400] "GET /sandbox/dog/images/c_cc.gif HTTP/1.0" 200 315 "http://www.selectsmart.com/beta_dog/" "Mozilla/4.61 [en] (Win98; U)"
169.144.135.120 - - [22/Oct/1999:09:09:17 -0400] "POST /PRESIDENT/results.php3 HTTP/1.0" 200 1376 "http://www.selectsmart.com/PRESIDENT/results.php3" "Mozilla/4.05 [en] (Win95; I)"
208.142.194.2 - - [22/Oct/1999:09:09:17 -0400] "GET /PRESIDENT/ HTTP/1.0" 200 29678 "-" "Lotus-Notes/4.5 ( Windows-NT )"
143.231.240.67 - - [22/Oct/1999:09:09:18 -0400] "POST /PRESIDENT/results.php3 HTTP/1.0" 200 11092 "http://www.selectsmart.com/PRESIDENT/results.php3" "Mozilla/4.61 [en] (Win95; I)"
143.231.240.67 - - [22/Oct/1999:09:09:19 -0400] "GET /PRESIDENT/images/bush.jpg HTTP/1.0" 200 2977 "http://www.selectsmart.com/PRESIDENT/results.php3" "Mozilla/4.61 [en] (Win95; I)"
209.64.200.66 - - [22/Oct/1999:09:09:20 -0400] "GET /PRESIDENT/define1.htm HTTP/1.0" 200 144 "-" "Mozilla/4.0 (compatible; MSIE 4.01; Windows NT)"
198.187.214.202 - - [22/Oct/1999:09:09:20 -0400] "GET /PRESIDENT/poll.htm HTTP/1.1" 200 4489 "-" "Mozilla/4.0 (compatible; MSIE 4.01; Windows 95)"
143.231.240.67 - - [22/Oct/1999:09:09:20 -0400] "GET /PRESIDENT/images/gore.jpg HTTP/1.0" 200 2930 "http://www.selectsmart.com/PRESIDENT/results.php3" "Mozilla/4.61 [en] (Win95; I)"
209.64.200.66 - - [22/Oct/1999:09:09:20 -0400] "GET / HTTP/1.0" 200 1839 "-" "Mozilla/4.0 (compatible; MSIE 4.01; Windows NT)"
207.174.108.17 - - [22/Oct/1999:09:09:20 -0400] "GET /PRESIDENT/results.php3?more=now&mid=1 HTTP/1.0" 200 7174 "http://www.selectsmart.com/PRESIDENT/results.php3" "Mozilla/3.0 (Win95; U)"
209.64.200.66 - - [22/Oct/1999:09:09:21 -0400] "POST /PRESIDENT/results.php3 HTTP/1.0" 200 6624 "http://www.selectsmart.com/PRESIDENT/" "Mozilla/4.0 (compatible; MSIE 4.01; Windows 95; CITGO Petroleum)"
209.64.200.66 - - [22/Oct/1999:09:09:21 -0400] "GET / HTTP/1.0" 200 1839 "-" "Mozilla/4.0 (compatible; MSIE 4.01; Windows 95; CITGO Petroleum)"
24.128.210.145 - - [22/Oct/1999:09:09:21 -0400] "POST /PRESIDENT/results.php3 HTTP/1.0" 200 1376 "http://www.selectsmart.com/PRESIDENT/results.php3" "Mozilla/4.05 [en] (Win95; U ;Nav)"
208.142.194.2 - - [22/Oct/1999:09:09:22 -0400] "GET /BUSINESS/16.gif HTTP/1.0" 200 6704 "http://www.selectsmart.com/PRESIDENT/" "Lotus-Notes/4.5 ( Windows-NT )"
208.142.194.2 - - [22/Oct/1999:09:09:22 -0400] "GET /BUSINESS/drop_v.jpg HTTP/1.0" 200 1963 "http://www.selectsmart.com/PRESIDENT/" "Lotus-Notes/4.5 ( Windows-NT )"
207.174.108.17 - - [22/Oct/1999:09:09:22 -0400] "GET /PRESIDENT/images/bauer.jpg HTTP/1.0" 200 2154 "http://www.selectsmart.com/PRESIDENT/results.php3?more=now&mid=1" "Mozilla/3.0 (Win95; U)"
24.95.67.147 - - [22/Oct/1999:09:09:23 -0400] "GET /DOG HTTP/1.0" 301 235 "http://www.selectsmart.com/indexa.html" "Mozilla/4.61 [en] (Win98; U)"
24.95.67.147 - - [22/Oct/1999:09:09:23 -0400] "GET /DOG/ HTTP/1.0" 200 26494 "http://www.selectsmart.com/indexa.html" "Mozilla/4.61 [en] (Win98; U)"
208.142.194.2 - - [22/Oct/1999:09:09:23 -0400] "GET /BUSINESS/drop_h.jpg HTTP/1.0" 200 2034 "http://www.selectsmart.com/PRESIDENT/" "Lotus-Notes/4.5 ( Windows-NT )"
169.144.135.120 - - [22/Oct/1999:09:09:23 -0400] "GET /PRESIDENT/index.html HTTP/1.0" 200 29678 "http://www.selectsmart.com/PRESIDENT/results.php3" "Mozilla/4.05 [en] (Win95; I)"
166.102.248.65 - - [22/Oct/1999:09:09:24 -0400] "GET /PRESIDENT HTTP/1.0" 301 241 "-" "Mozilla/4.0 (compatible; MSIE 5.0; Windows 98; DigExt)"
24.95.67.147 - - [22/Oct/1999:09:09:24 -0400] "GET /DOG/purinadog.gif HTTP/1.0" 200 11906 "http://www.selectsmart.com/DOG/" "Mozilla/4.61 [en] (Win98; U)"
24.95.67.147 - - [22/Oct/1999:09:09:24 -0400] "GET /DOG/compet.gif HTTP/1.0" 200 15373 "http://www.selectsmart.com/DOG/" "Mozilla/4.61 [en] (Win98; U)"
24.95.67.147 - - [22/Oct/1999:09:09:24 -0400] "GET /DOG/toydog.gif HTTP/1.0" 200 11205 "http://www.selectsmart.com/DOG/" "Mozilla/4.61 [en] (Win98; U)"
24.95.67.147 - - [22/Oct/1999:09:09:24 -0400] "GET /DOG/gettingthemost.gif HTTP/1.0" 200 7267 "http://www.selectsmart.com/DOG/" "Mozilla/4.61 [en] (Win98; U)"
24.95.67.147 - - [22/Oct/1999:09:09:25 -0400] "GET /DOG/pudgy.gif HTTP/1.0" 200 14675 "http://www.selectsmart.com/DOG/" "Mozilla/4.61 [en] (Win98; U)"
24.95.67.147 - - [22/Oct/1999:09:09:25 -0400] "GET /DOG/trickisin.gif HTTP/1.0" 200 13603 "http://www.selectsmart.com/DOG/" "Mozilla/4.61 [en] (Win98; U)"
208.142.194.2 - - [22/Oct/1999:09:09:25 -0400] "GET /PRESIDENT/packaging.gif HTTP/1.0" 200 10663 "http://www.selectsmart.com/PRESIDENT/" "Lotus-Notes/4.5 ( Windows-NT )"
208.142.194.2 - - [22/Oct/1999:09:09:25 -0400] "GET /PRESIDENT/campaigns.gif HTTP/1.0" 200 5835 "http://www.selectsmart.com/PRESIDENT/" "Lotus-Notes/4.5 ( Windows-NT )"
208.142.194.2 - - [22/Oct/1999:09:09:25 -0400] "GET /PRESIDENT/anecdote.gif HTTP/1.0" 200 6898 "http://www.selectsmart.com/PRESIDENT/" "Lotus-Notes/4.5 ( Windows-NT )"
208.142.194.2 - - [22/Oct/1999:09:09:26 -0400] "GET /PRESIDENT/vidal.gif HTTP/1.0" 200 11342 "http://www.selectsmart.com/PRESIDENT/" "Lotus-Notes/4.5 ( Windows-NT )"
166.102.248.65 - - [22/Oct/1999:09:09:27 -0400] "GET /PRESIDENT/ HTTP/1.0" 200 29678 "-" "Mozilla/4.0 (compatible; MSIE 5.0; Windows 98; DigExt)"
208.142.194.2 - - [22/Oct/1999:09:09:28 -0400] "GET /PRESIDENT/TR.gif HTTP/1.0" 200 5566 "http://www.selectsmart.com/PRESIDENT/" "Lotus-Notes/4.5 ( Windows-NT )"
208.142.194.2 - - [22/Oct/1999:09:09:28 -0400] "GET /PRESIDENT/camp2000.gif HTTP/1.0" 200 7449 "http://www.selectsmart.com/PRESIDENT/" "Lotus-Notes/4.5 ( Windows-NT )"
208.142.194.2 - - [22/Oct/1999:09:09:28 -0400] "GET /curt.jpg HTTP/1.0" 200 4228 "http://www.selectsmart.com/PRESIDENT/" "Lotus-Notes/4.5 ( Windows-NT )"
166.102.248.65 - - [22/Oct/1999:09:09:28 -0400] "GET /BUSINESS/drop_h.jpg HTTP/1.0" 200 2034 "http://www.selectsmart.com/PRESIDENT/" "Mozilla/4.0 (compatible; MSIE 5.0; Windows 98; DigExt)"
166.102.248.65 - - [22/Oct/1999:09:09:28 -0400] "GET /BUSINESS/drop_v.jpg HTTP/1.0" 200 1963 "http://www.selectsmart.com/PRESIDENT/" "Mozilla/4.0 (compatible; MSIE 5.0; Windows 98; DigExt)"
166.102.248.65 - - [22/Oct/1999:09:09:28 -0400] "GET /BUSINESS/16.gif HTTP/1.0" 200 6704 "http://www.selectsmart.com/PRESIDENT/" "Mozilla/4.0 (compatible; MSIE 5.0; Windows 98; DigExt)"
198.153.151.2 - - [22/Oct/1999:09:09:29 -0400] "POST /PRESIDENT/results.php3 HTTP/1.0" 200 6626 "http://www.selectsmart.com/PRESIDENT/" "Mozilla/4.61 [en] (WinNT; U)"
206.68.130.30 - - [22/Oct/1999:09:09:31 -0400] "GET /favicon.ico HTTP/1.0" 404 205 "-" "Mozilla/4.0 (compatible; MSIE 5.0; Windows 95; DigExt)"
206.68.130.30 - - [22/Oct/1999:09:09:32 -0400] "GET /favicon.ico HTTP/1.0" 404 205 "-" "Mozilla/4.0 (compatible; MSIE 5.0; Windows 95; DigExt)"
166.102.248.65 - - [22/Oct/1999:09:09:32 -0400] "GET /PRESIDENT/anecdote.gif HTTP/1.0" 200 6898 "http://www.selectsmart.com/PRESIDENT/" "Mozilla/4.0 (compatible; MSIE 5.0; Windows 98; DigExt)"
166.102.248.65 - - [22/Oct/1999:09:09:32 -0400] "GET /PRESIDENT/packaging.gif HTTP/1.0" 200 10663 "http://www.selectsmart.com/PRESIDENT/" "Mozilla/4.0 (compatible; MSIE 5.0; Windows 98; DigExt)"
209.177.45.178 - - [22/Oct/1999:09:09:32 -0400] "GET /PRESIDENT/define16.htm HTTP/1.1" 200 229 "-" "Mozilla/4.0 (compatible; MSIE 4.01; Windows 95)"
143.231.222.8 - - [22/Oct/1999:09:09:32 -0400] "POST /PRESIDENT/results.php3 HTTP/1.0" 200 6626 "http://www.selectsmart.com/PRESIDENT/" "Mozilla/4.51 [en] (WinNT; U)"
209.64.200.66 - - [22/Oct/1999:09:09:34 -0400] "GET /PRESIDENT/ HTTP/1.0" 200 29678 "-" "Mozilla/4.0 (compatible; MSIE 5.0; Windows NT; DigExt)"
209.64.200.66 - - [22/Oct/1999:09:09:34 -0400] "GET /BUSINESS/16.gif HTTP/1.0" 200 6704 "http://www.selectsmart.com/PRESIDENT/" "Mozilla/4.0 (compatible; MSIE 5.0; Windows NT; DigExt)"
209.64.200.66 - - [22/Oct/1999:09:09:34 -0400] "GET /BUSINESS/drop_v.jpg HTTP/1.0" 200 1963 "http://www.selectsmart.com/PRESIDENT/" "Mozilla/4.0 (compatible; MSIE 5.0; Windows NT; DigExt)"
209.64.200.66 - - [22/Oct/1999:09:09:34 -0400] "GET /BUSINESS/drop_h.jpg HTTP/1.0" 200 2034 "http://www.selectsmart.com/PRESIDENT/" "Mozilla/4.0 (compatible; MSIE 5.0; Windows NT; DigExt)"
209.64.200.66 - - [22/Oct/1999:09:09:34 -0400] "GET /PRESIDENT/anecdote.gif HTTP/1.0" 200 6898 "http://www.selectsmart.com/PRESIDENT/" "Mozilla/4.0 (compatible; MSIE 5.0; Windows NT; DigExt)"
209.64.200.66 - - [22/Oct/1999:09:09:35 -0400] "GET /PRESIDENT/campaigns.gif HTTP/1.0" 200 5835 "http://www.selectsmart.com/PRESIDENT/" "Mozilla/4.0 (compatible; MSIE 5.0; Windows NT; DigExt)"
209.64.200.66 - - [22/Oct/1999:09:09:35 -0400] "GET /PRESIDENT/packaging.gif HTTP/1.0" 200 10663 "http://www.selectsmart.com/PRESIDENT/" "Mozilla/4.0 (compatible; MSIE 5.0; Windows NT; DigExt)"
209.64.200.66 - - [22/Oct/1999:09:09:35 -0400] "GET /PRESIDENT/vidal.gif HTTP/1.0" 200 11342 "http://www.selectsmart.com/PRESIDENT/" "Mozilla/4.0 (compatible; MSIE 5.0; Windows NT; DigExt)"
209.64.200.66 - - [22/Oct/1999:09:09:35 -0400] "GET /PRESIDENT/TR.gif HTTP/1.0" 200 5566 "http://www.selectsmart.com/PRESIDENT/" "Mozilla/4.0 (compatible; MSIE 5.0; Windows NT; DigExt)"
