38.250.149.145 - - [22/Oct/1999:08:31:21 -0400] "GET /PRESIDENT/campaigns.gif HTTP/1.0" 200 5835 "http://www.selectsmart.com/PRESIDENT/" "Mozilla/2.0 (compatible; MSIE 3.01; Windows 95)"
38.250.149.145 - - [22/Oct/1999:08:31:21 -0400] "GET /PRESIDENT/packaging.gif HTTP/1.0" 200 10663 "http://www.selectsmart.com/PRESIDENT/" "Mozilla/2.0 (compatible; MSIE 3.01; Windows 95)"
38.250.149.145 - - [22/Oct/1999:08:31:21 -0400] "GET /PRESIDENT/vidal.gif HTTP/1.0" 200 11342 "http://www.selectsmart.com/PRESIDENT/" "Mozilla/2.0 (compatible; MSIE 3.01; Windows 95)"
38.250.149.145 - - [22/Oct/1999:08:31:21 -0400] "GET /PRESIDENT/TR.gif HTTP/1.0" 200 5566 "http://www.selectsmart.com/PRESIDENT/" "Mozilla/2.0 (compatible; MSIE 3.01; Windows 95)"
38.250.149.145 - - [22/Oct/1999:08:31:21 -0400] "GET /PRESIDENT/camp2000.gif HTTP/1.0" 200 7449 "http://www.selectsmart.com/PRESIDENT/" "Mozilla/2.0 (compatible; MSIE 3.01; Windows 95)"
38.250.149.145 - - [22/Oct/1999:08:31:22 -0400] "GET /curt.jpg HTTP/1.0" 200 4228 "http://www.selectsmart.com/PRESIDENT/" "Mozilla/2.0 (compatible; MSIE 3.01; Windows 95)"
38.250.149.145 - - [22/Oct/1999:08:31:22 -0400] "GET /PRESIDENT/ HTTP/1.0" 200 29678 "-" "Lotus-Notes/4.5 ( Windows-NT )"
143.231.64.69 - - [22/Oct/1999:08:31:28 -0400] "POST /PRESIDENT/results.php3 HTTP/1.1" 200 6638 "http://www.selectsmart.com/PRESIDENT/" "Mozilla/4.0 (compatible; MSIE 4.01; Windows 95; ACS_IQ)"
206.97.64.162 - - [22/Oct/1999:08:31:33 -0400] "GET /PRESIDENT/results.php3?more=now&mid=6 HTTP/1.0" 200 5989 "http://www.selectsmart.com/PRESIDENT/results.php3" "Mozilla/4.5 [en] (Win98; I)"
206.97.64.162 - - [22/Oct/1999:08:31:34 -0400] "GET /PRESIDENT/images/bush.jpg HTTP/1.0" 200 2977 "http://www.selectsmart.com/PRESIDENT/results.php3?more=now&mid=6" "Mozilla/4.5 [en] (Win98; I)"
12.79.7.6 - - [22/Oct/1999:08:31:35 -0400] "POST /PRESIDENT/results.php3 HTTP/1.0" 200 0 "http://www.selectsmart.com/PRESIDENT/" "Mozilla/3.03Gold (Win95; I)"
130.132.233.124 - - [22/Oct/1999:08:31:36 -0400] "GET /PRESIDENT/define2.htm HTTP/1.0" 200 201 "http://www.selectsmart.com/PRESIDENT/" "Mozilla/4.51 [en] (WinNT; U)"
130.132.233.124 - - [22/Oct/1999:08:31:44 -0400] "GET /PRESIDENT/define3.htm HTTP/1.0" 200 270 "http://www.selectsmart.com/PRESIDENT/" "Mozilla/4.51 [en] (WinNT; U)"
12.79.7.6 - - [22/Oct/1999:08:31:45 -0400] "POST /PRESIDENT/results.php3 HTTP/1.0" 200 0 "http://www.selectsmart.com/PRESIDENT/" "Mozilla/3.03Gold (Win95; I)"
148.127.68.8 - - [22/Oct/1999:08:31:49 -0400] "GET /PRESIDENT/ HTTP/1.0" 200 29678 "-" "Mozilla/4.04 [en] (WinNT; U)"
148.127.68.8 - - [22/Oct/1999:08:31:50 -0400] "GET /BUSINESS/16.gif HTTP/1.0" 200 6704 "http://www.selectsmart.com/PRESIDENT/" "Mozilla/4.04 [en] (WinNT; U)"
148.127.68.8 - - [22/Oct/1999:08:31:50 -0400] "GET /BUSINESS/drop_h.jpg HTTP/1.0" 200 2034 "http://www.selectsmart.com/PRESIDENT/" "Mozilla/4.04 [en] (WinNT; U)"
148.127.68.8 - - [22/Oct/1999:08:31:50 -0400] "GET /BUSINESS/drop_v.jpg HTTP/1.0" 200 1963 "http://www.selectsmart.com/PRESIDENT/" "Mozilla/4.04 [en] (WinNT; U)"
148.127.68.8 - - [22/Oct/1999:08:31:51 -0400] "GET /PRESIDENT/anecdote.gif HTTP/1.0" 200 6898 "http://www.selectsmart.com/PRESIDENT/" "Mozilla/4.04 [en] (WinNT; U)"
12.79.7.6 - - [22/Oct/1999:08:31:51 -0400] "POST /PRESIDENT/results.php3 HTTP/1.0" 200 0 "http://www.selectsmart.com/PRESIDENT/" "Mozilla/3.03Gold (Win95; I)"
199.67.241.56 - - [22/Oct/1999:08:31:51 -0400] "GET /PRESIDENT/ HTTP/1.0" 200 29678 "-" "Mozilla/4.5 [en] (WinNT; U)"
199.67.241.56 - - [22/Oct/1999:08:31:51 -0400] "GET /BUSINESS/drop_v.jpg HTTP/1.0" 200 1963 "http://www.selectsmart.com/PRESIDENT/" "Mozilla/4.5 [en] (WinNT; U)"
199.67.241.56 - - [22/Oct/1999:08:31:51 -0400] "GET /BUSINESS/drop_h.jpg HTTP/1.0" 200 2034 "http://www.selectsmart.com/PRESIDENT/" "Mozilla/4.5 [en] (WinNT; U)"
199.67.241.56 - - [22/Oct/1999:08:31:51 -0400] "GET /BUSINESS/16.gif HTTP/1.0" 200 6704 "http://www.selectsmart.com/PRESIDENT/" "Mozilla/4.5 [en] (WinNT; U)"
148.127.68.8 - - [22/Oct/1999:08:31:51 -0400] "GET /PRESIDENT/packaging.gif HTTP/1.0" 200 10663 "http://www.selectsmart.com/PRESIDENT/" "Mozilla/4.04 [en] (WinNT; U)"
199.67.241.56 - - [22/Oct/1999:08:31:52 -0400] "GET /PRESIDENT/anecdote.gif HTTP/1.0" 200 6898 "http://www.selectsmart.com/PRESIDENT/" "Mozilla/4.5 [en] (WinNT; U)"
199.67.241.56 - - [22/Oct/1999:08:31:52 -0400] "GET /PRESIDENT/packaging.gif HTTP/1.0" 200 10663 "http://www.selectsmart.com/PRESIDENT/" "Mozilla/4.5 [en] (WinNT; U)"
148.127.68.8 - - [22/Oct/1999:08:31:52 -0400] "GET /curt.jpg HTTP/1.0" 200 4228 "http://www.selectsmart.com/PRESIDENT/" "Mozilla/4.04 [en] (WinNT; U)"
148.127.68.8 - - [22/Oct/1999:08:31:52 -0400] "GET /PRESIDENT/TR.gif HTTP/1.0" 200 5566 "http://www.selectsmart.com/PRESIDENT/" "Mozilla/4.04 [en] (WinNT; U)"
199.67.241.56 - - [22/Oct/1999:08:31:52 -0400] "GET /PRESIDENT/TR.gif HTTP/1.0" 200 5566 "http://www.selectsmart.com/PRESIDENT/" "Mozilla/4.5 [en] (WinNT; U)"
199.67.241.56 - - [22/Oct/1999:08:31:52 -0400] "GET /curt.jpg HTTP/1.0" 200 4228 "http://www.selectsmart.com/PRESIDENT/" "Mozilla/4.5 [en] (WinNT; U)"
199.67.241.56 - - [22/Oct/1999:08:31:52 -0400] "GET /PRESIDENT/vidal.gif HTTP/1.0" 200 11342 "http://www.selectsmart.com/PRESIDENT/" "Mozilla/4.5 [en] (WinNT; U)"
199.67.241.56 - - [22/Oct/1999:08:31:52 -0400] "GET /PRESIDENT/campaigns.gif HTTP/1.0" 200 5835 "http://www.selectsmart.com/PRESIDENT/" "Mozilla/4.5 [en] (WinNT; U)"
199.67.241.56 - - [22/Oct/1999:08:31:52 -0400] "GET /PRESIDENT/camp2000.gif HTTP/1.0" 200 7449 "http://www.selectsmart.com/PRESIDENT/" "Mozilla/4.5 [en] (WinNT; U)"
148.127.68.8 - - [22/Oct/1999:08:31:53 -0400] "GET /PRESIDENT/vidal.gif HTTP/1.0" 200 11342 "http://www.selectsmart.com/PRESIDENT/" "Mozilla/4.04 [en] (WinNT; U)"
148.127.68.8 - - [22/Oct/1999:08:31:54 -0400] "GET /PRESIDENT/campaigns.gif HTTP/1.0" 200 5835 "http://www.selectsmart.com/PRESIDENT/" "Mozilla/4.04 [en] (WinNT; U)"
148.127.68.8 - - [22/Oct/1999:08:31:54 -0400] "GET /PRESIDENT/camp2000.gif HTTP/1.0" 200 7449 "http://www.selectsmart.com/PRESIDENT/" "Mozilla/4.04 [en] (WinNT; U)"
207.201.208.230 - - [22/Oct/1999:08:32:05 -0400] "POST /PRESIDENT/results.php3 HTTP/1.1" 200 6639 "http://www.selectsmart.com/PRESIDENT/" "Mozilla/4.0 (compatible; MSIE 4.01; Windows 95)"
198.6.202.152 - - [22/Oct/1999:08:32:09 -0400] "GET /PRESIDENT/ HTTP/1.0" 200 29678 "-" "Mozilla/4.5 [en] (WinNT; U)"
198.6.202.152 - - [22/Oct/1999:08:32:09 -0400] "GET /BUSINESS/drop_h.jpg HTTP/1.0" 200 2034 "http://www.selectsmart.com/PRESIDENT/" "Mozilla/4.5 [en] (WinNT; U)"
198.6.202.152 - - [22/Oct/1999:08:32:09 -0400] "GET /BUSINESS/drop_v.jpg HTTP/1.0" 200 1963 "http://www.selectsmart.com/PRESIDENT/" "Mozilla/4.5 [en] (WinNT; U)"
198.6.202.152 - - [22/Oct/1999:08:32:09 -0400] "GET /BUSINESS/16.gif HTTP/1.0" 200 6704 "http://www.selectsmart.com/PRESIDENT/" "Mozilla/4.5 [en] (WinNT; U)"
198.6.202.152 - - [22/Oct/1999:08:32:09 -0400] "GET /PRESIDENT/anecdote.gif HTTP/1.0" 200 6898 "http://www.selectsmart.com/PRESIDENT/" "Mozilla/4.5 [en] (WinNT; U)"
198.6.202.152 - - [22/Oct/1999:08:32:09 -0400] "GET /PRESIDENT/campaigns.gif HTTP/1.0" 200 5835 "http://www.selectsmart.com/PRESIDENT/" "Mozilla/4.5 [en] (WinNT; U)"
198.6.202.152 - - [22/Oct/1999:08:32:09 -0400] "GET /PRESIDENT/packaging.gif HTTP/1.0" 200 10663 "http://www.selectsmart.com/PRESIDENT/" "Mozilla/4.5 [en] (WinNT; U)"
198.6.202.152 - - [22/Oct/1999:08:32:09 -0400] "GET /PRESIDENT/vidal.gif HTTP/1.0" 200 11342 "http://www.selectsmart.com/PRESIDENT/" "Mozilla/4.5 [en] (WinNT; U)"
198.6.202.152 - - [22/Oct/1999:08:32:10 -0400] "GET /PRESIDENT/camp2000.gif HTTP/1.0" 200 7449 "http://www.selectsmart.com/PRESIDENT/" "Mozilla/4.5 [en] (WinNT; U)"
198.6.202.152 - - [22/Oct/1999:08:32:10 -0400] "GET /PRESIDENT/TR.gif HTTP/1.0" 200 5566 "http://www.selectsmart.com/PRESIDENT/" "Mozilla/4.5 [en] (WinNT; U)"
198.6.202.152 - - [22/Oct/1999:08:32:10 -0400] "GET /curt.jpg HTTP/1.0" 200 4228 "http://www.selectsmart.com/PRESIDENT/" "Mozilla/4.5 [en] (WinNT; U)"
208.160.0.8 - - [22/Oct/1999:08:32:17 -0400] "GET /PRESIDENT/ HTTP/1.0" 200 29678 "-" "Mozilla/4.0 (compatible; MSIE 5.0; Windows 98; DigExt)"
206.239.112.2 - - [22/Oct/1999:08:32:19 -0400] "POST /PRESIDENT/results.php3 HTTP/1.1" 200 6639 "http://www.selectsmart.com/PRESIDENT/" "Mozilla/4.0 (compatible; MSIE 5.0; Windows 98; DigExt)"
208.46.96.34 - - [22/Oct/1999:08:32:19 -0400] "GET /PRESIDENT/index.html HTTP/1.1" 200 29678 "-" "Mozilla/4.0 (compatible; MSIE 4.01; Windows NT)"
208.160.0.8 - - [22/Oct/1999:08:32:19 -0400] "GET /PRESIDENT/anecdote.gif HTTP/1.0" 200 6898 "http://www.selectsmart.com/PRESIDENT/" "Mozilla/4.0 (compatible; MSIE 5.0; Windows 98; DigExt)"
208.160.0.8 - - [22/Oct/1999:08:32:20 -0400] "GET /BUSINESS/16.gif HTTP/1.0" 200 6704 "http://www.selectsmart.com/PRESIDENT/" "Mozilla/4.0 (compatible; MSIE 5.0; Windows 98; DigExt)"
208.160.0.8 - - [22/Oct/1999:08:32:20 -0400] "GET /BUSINESS/drop_h.jpg HTTP/1.0" 200 2034 "http://www.selectsmart.com/PRESIDENT/" "Mozilla/4.0 (compatible; MSIE 5.0; Windows 98; DigExt)"
208.160.0.8 - - [22/Oct/1999:08:32:20 -0400] "GET /BUSINESS/drop_v.jpg HTTP/1.0" 200 1963 "http://www.selectsmart.com/PRESIDENT/" "Mozilla/4.0 (compatible; MSIE 5.0; Windows 98; DigExt)"
208.160.0.8 - - [22/Oct/1999:08:32:20 -0400] "GET /PRESIDENT/campaigns.gif HTTP/1.0" 200 5835 "http://www.selectsmart.com/PRESIDENT/" "Mozilla/4.0 (compatible; MSIE 5.0; Windows 98; DigExt)"
208.46.96.34 - - [22/Oct/1999:08:32:21 -0400] "GET /PRESIDENT/anecdote.gif HTTP/1.1" 200 6898 "http://www.selectsmart.com/PRESIDENT/index.html" "Mozilla/4.0 (compatible; MSIE 4.01; Windows NT)"
208.46.96.34 - - [22/Oct/1999:08:32:21 -0400] "GET /BUSINESS/drop_v.jpg HTTP/1.1" 200 1963 "http://www.selectsmart.com/PRESIDENT/index.html" "Mozilla/4.0 (compatible; MSIE 4.01; Windows NT)"
208.46.96.34 - - [22/Oct/1999:08:32:21 -0400] "GET /BUSINESS/16.gif HTTP/1.1" 200 6704 "http://www.selectsmart.com/PRESIDENT/index.html" "Mozilla/4.0 (compatible; MSIE 4.01; Windows NT)"
208.46.96.34 - - [22/Oct/1999:08:32:21 -0400] "GET /PRESIDENT/campaigns.gif HTTP/1.1" 200 5835 "http://www.selectsmart.com/PRESIDENT/index.html" "Mozilla/4.0 (compatible; MSIE 4.01; Windows NT)"
208.160.0.8 - - [22/Oct/1999:08:32:21 -0400] "GET /PRESIDENT/TR.gif HTTP/1.0" 200 5566 "http://www.selectsmart.com/PRESIDENT/" "Mozilla/4.0 (compatible; MSIE 5.0; Windows 98; DigExt)"
208.160.0.8 - - [22/Oct/1999:08:32:22 -0400] "GET /PRESIDENT/packaging.gif HTTP/1.0" 200 10663 "http://www.selectsmart.com/PRESIDENT/" "Mozilla/4.0 (compatible; MSIE 5.0; Windows 98; DigExt)"
208.46.96.34 - - [22/Oct/1999:08:32:22 -0400] "GET /PRESIDENT/packaging.gif HTTP/1.1" 200 10663 "http://www.selectsmart.com/PRESIDENT/index.html" "Mozilla/4.0 (compatible; MSIE 4.01; Windows NT)"
208.160.0.8 - - [22/Oct/1999:08:32:22 -0400] "GET /PRESIDENT/vidal.gif HTTP/1.0" 200 11342 "http://www.selectsmart.com/PRESIDENT/" "Mozilla/4.0 (compatible; MSIE 5.0; Windows 98; DigExt)"
208.46.96.34 - - [22/Oct/1999:08:32:22 -0400] "GET /PRESIDENT/vidal.gif HTTP/1.1" 200 11342 "http://www.selectsmart.com/PRESIDENT/index.html" "Mozilla/4.0 (compatible; MSIE 4.01; Windows NT)"
208.46.96.34 - - [22/Oct/1999:08:32:22 -0400] "GET /BUSINESS/drop_h.jpg HTTP/1.1" 200 2034 "http://www.selectsmart.com/PRESIDENT/index.html" "Mozilla/4.0 (compatible; MSIE 4.01; Windows NT)"
208.46.96.34 - - [22/Oct/1999:08:32:23 -0400] "GET /PRESIDENT/TR.gif HTTP/1.1" 200 5566 "http://www.selectsmart.com/PRESIDENT/index.html" "Mozilla/4.0 (compatible; MSIE 4.01; Windows NT)"
208.46.96.34 - - [22/Oct/1999:08:32:23 -0400] "GET /PRESIDENT/camp2000.gif HTTP/1.1" 200 7449 "http://www.selectsmart.com/PRESIDENT/index.html" "Mozilla/4.0 (compatible; MSIE 4.01; Windows NT)"
208.160.0.8 - - [22/Oct/1999:08:32:23 -0400] "GET /PRESIDENT/camp2000.gif HTTP/1.0" 200 7449 "http://www.selectsmart.com/PRESIDENT/" "Mozilla/4.0 (compatible; MSIE 5.0; Windows 98; DigExt)"
208.46.96.34 - - [22/Oct/1999:08:32:23 -0400] "GET /curt.jpg HTTP/1.1" 200 4228 "http://www.selectsmart.com/PRESIDENT/index.html" "Mozilla/4.0 (compatible; MSIE 4.01; Windows NT)"
208.160.0.8 - - [22/Oct/1999:08:32:24 -0400] "GET /curt.jpg HTTP/1.0" 200 4228 "http://www.selectsmart.com/PRESIDENT/" "Mozilla/4.0 (compatible; MSIE 5.0; Windows 98; DigExt)"
209.216.221.107 - - [22/Oct/1999:08:32:37 -0400] "GET /PRESIDENT/poll.htm HTTP/1.1" 304 - "-" "Mozilla/4.0 (compatible; MSIE 4.01; Windows 98)"
216.181.41.55 - - [22/Oct/1999:08:32:39 -0400] "GET /PRESIDENT/ HTTP/1.1" 304 - "-" "Mozilla/4.0 (compatible; MSIE 5.0; Windows 95; DigExt)"
216.181.41.55 - - [22/Oct/1999:08:32:39 -0400] "GET /PRESIDENT/ HTTP/1.1" 304 - "-" "Mozilla/4.0 (compatible; MSIE 5.0; Windows 95; DigExt)"
199.208.239.20 - - [22/Oct/1999:08:32:40 -0400] "GET /PRESIDENT/ HTTP/1.0" 200 29678 "-" "Mozilla/4.0 (compatible; MSIE 5.0; Windows NT; DigExt)"
199.208.239.20 - - [22/Oct/1999:08:32:41 -0400] "GET /BUSINESS/drop_v.jpg HTTP/1.0" 200 1963 "http://www.selectsmart.com/PRESIDENT/" "Mozilla/4.0 (compatible; MSIE 5.0; Windows NT; DigExt)"
199.208.239.20 - - [22/Oct/1999:08:32:41 -0400] "GET /BUSINESS/16.gif HTTP/1.0" 200 6704 "http://www.selectsmart.com/PRESIDENT/" "Mozilla/4.0 (compatible; MSIE 5.0; Windows NT; DigExt)"
199.208.239.20 - - [22/Oct/1999:08:32:41 -0400] "GET /BUSINESS/drop_h.jpg HTTP/1.0" 200 2034 "http://www.selectsmart.com/PRESIDENT/" "Mozilla/4.0 (compatible; MSIE 5.0; Windows NT; DigExt)"
199.208.239.20 - - [22/Oct/1999:08:32:41 -0400] "GET /PRESIDENT/anecdote.gif HTTP/1.0" 200 6898 "http://www.selectsmart.com/PRESIDENT/" "Mozilla/4.0 (compatible; MSIE 5.0; Windows NT; DigExt)"
199.208.239.20 - - [22/Oct/1999:08:32:41 -0400] "GET /PRESIDENT/campaigns.gif HTTP/1.0" 200 5835 "http://www.selectsmart.com/PRESIDENT/" "Mozilla/4.0 (compatible; MSIE 5.0; Windows NT; DigExt)"
199.208.239.20 - - [22/Oct/1999:08:32:41 -0400] "GET /PRESIDENT/packaging.gif HTTP/1.0" 200 10663 "http://www.selectsmart.com/PRESIDENT/" "Mozilla/4.0 (compatible; MSIE 5.0; Windows NT; DigExt)"
199.208.239.20 - - [22/Oct/1999:08:32:41 -0400] "GET /PRESIDENT/vidal.gif HTTP/1.0" 200 11342 "http://www.selectsmart.com/PRESIDENT/" "Mozilla/4.0 (compatible; MSIE 5.0; Windows NT; DigExt)"
199.208.239.20 - - [22/Oct/1999:08:32:42 -0400] "GET /PRESIDENT/TR.gif HTTP/1.0" 200 5566 "http://www.selectsmart.com/PRESIDENT/" "Mozilla/4.0 (compatible; MSIE 5.0; Windows NT; DigExt)"
199.208.239.20 - - [22/Oct/1999:08:32:42 -0400] "GET /PRESIDENT/camp2000.gif HTTP/1.0" 200 7449 "http://www.selectsmart.com/PRESIDENT/" "Mozilla/4.0 (compatible; MSIE 5.0; Windows NT; DigExt)"
199.208.239.20 - - [22/Oct/1999:08:32:42 -0400] "GET /curt.jpg HTTP/1.0" 200 4228 "http://www.selectsmart.com/PRESIDENT/" "Mozilla/4.0 (compatible; MSIE 5.0; Windows NT; DigExt)"
216.181.41.55 - - [22/Oct/1999:08:32:44 -0400] "GET /PRESIDENT/anecdote.gif HTTP/1.1" 304 - "http://www.selectsmart.com/PRESIDENT/" "Mozilla/4.0 (compatible; MSIE 5.0; Windows 95; DigExt)"
216.181.41.55 - - [22/Oct/1999:08:32:44 -0400] "GET /PRESIDENT/anecdote.gif HTTP/1.1" 304 - "http://www.selectsmart.com/PRESIDENT/" "Mozilla/4.0 (compatible; MSIE 5.0; Windows 95; DigExt)"
216.181.41.55 - - [22/Oct/1999:08:32:44 -0400] "GET /BUSINESS/16.gif HTTP/1.1" 304 - "http://www.selectsmart.com/PRESIDENT/" "Mozilla/4.0 (compatible; MSIE 5.0; Windows 95; DigExt)"
216.181.41.55 - - [22/Oct/1999:08:32:44 -0400] "GET /BUSINESS/16.gif HTTP/1.1" 304 - "http://www.selectsmart.com/PRESIDENT/" "Mozilla/4.0 (compatible; MSIE 5.0; Windows 95; DigExt)"
216.181.41.55 - - [22/Oct/1999:08:32:44 -0400] "GET /BUSINESS/drop_v.jpg HTTP/1.1" 304 - "http://www.selectsmart.com/PRESIDENT/" "Mozilla/4.0 (compatible; MSIE 5.0; Windows 95; DigExt)"
216.181.41.55 - - [22/Oct/1999:08:32:44 -0400] "GET /BUSINESS/drop_v.jpg HTTP/1.1" 304 - "http://www.selectsmart.com/PRESIDENT/" "Mozilla/4.0 (compatible; MSIE 5.0; Windows 95; DigExt)"
216.181.41.55 - - [22/Oct/1999:08:32:45 -0400] "GET /BUSINESS/drop_h.jpg HTTP/1.1" 304 - "http://www.selectsmart.com/PRESIDENT/" "Mozilla/4.0 (compatible; MSIE 5.0; Windows 95; DigExt)"
216.181.41.55 - - [22/Oct/1999:08:32:45 -0400] "GET /PRESIDENT/campaigns.gif HTTP/1.1" 304 - "http://www.selectsmart.com/PRESIDENT/" "Mozilla/4.0 (compatible; MSIE 5.0; Windows 95; DigExt)"
216.181.41.55 - - [22/Oct/1999:08:32:45 -0400] "GET /PRESIDENT/packaging.gif HTTP/1.1" 304 - "http://www.selectsmart.com/PRESIDENT/" "Mozilla/4.0 (compatible; MSIE 5.0; Windows 95; DigExt)"
216.181.41.55 - - [22/Oct/1999:08:32:46 -0400] "GET /PRESIDENT/vidal.gif HTTP/1.1" 304 - "http://www.selectsmart.com/PRESIDENT/" "Mozilla/4.0 (compatible; MSIE 5.0; Windows 95; DigExt)"
216.181.41.55 - - [22/Oct/1999:08:32:46 -0400] "GET /PRESIDENT/TR.gif HTTP/1.1" 304 - "http://www.selectsmart.com/PRESIDENT/" "Mozilla/4.0 (compatible; MSIE 5.0; Windows 95; DigExt)"
216.181.41.55 - - [22/Oct/1999:08:32:46 -0400] "GET /BUSINESS/drop_h.jpg HTTP/1.1" 304 - "http://www.selectsmart.com/PRESIDENT/" "Mozilla/4.0 (compatible; MSIE 5.0; Windows 95; DigExt)"
216.181.41.55 - - [22/Oct/1999:08:32:46 -0400] "GET /PRESIDENT/camp2000.gif HTTP/1.1" 304 - "http://www.selectsmart.com/PRESIDENT/" "Mozilla/4.0 (compatible; MSIE 5.0; Windows 95; DigExt)"
216.181.41.55 - - [22/Oct/1999:08:32:46 -0400] "GET /curt.jpg HTTP/1.1" 304 - "http://www.selectsmart.com/PRESIDENT/" "Mozilla/4.0 (compatible; MSIE 5.0; Windows 95; DigExt)"
216.181.41.55 - - [22/Oct/1999:08:32:46 -0400] "GET /PRESIDENT/campaigns.gif HTTP/1.1" 304 - "http://www.selectsmart.com/PRESIDENT/" "Mozilla/4.0 (compatible; MSIE 5.0; Windows 95; DigExt)"
216.181.41.55 - - [22/Oct/1999:08:32:46 -0400] "GET /PRESIDENT/vidal.gif HTTP/1.1" 304 - "http://www.selectsmart.com/PRESIDENT/" "Mozilla/4.0 (compatible; MSIE 5.0; Windows 95; DigExt)"
216.181.41.55 - - [22/Oct/1999:08:32:46 -0400] "GET /PRESIDENT/packaging.gif HTTP/1.1" 304 - "http://www.selectsmart.com/PRESIDENT/" "Mozilla/4.0 (compatible; MSIE 5.0; Windows 95; DigExt)"
216.181.41.55 - - [22/Oct/1999:08:32:46 -0400] "GET /PRESIDENT/TR.gif HTTP/1.1" 304 - "http://www.selectsmart.com/PRESIDENT/" "Mozilla/4.0 (compatible; MSIE 5.0; Windows 95; DigExt)"
216.181.41.55 - - [22/Oct/1999:08:32:46 -0400] "GET /PRESIDENT/camp2000.gif HTTP/1.1" 304 - "http://www.selectsmart.com/PRESIDENT/" "Mozilla/4.0 (compatible; MSIE 5.0; Windows 95; DigExt)"
216.181.41.55 - - [22/Oct/1999:08:32:47 -0400] "GET /curt.jpg HTTP/1.1" 304 - "http://www.selectsmart.com/PRESIDENT/" "Mozilla/4.0 (compatible; MSIE 5.0; Windows 95; DigExt)"
130.132.233.124 - - [22/Oct/1999:08:32:55 -0400] "GET /PRESIDENT/define8.htm HTTP/1.0" 200 322 "http://www.selectsmart.com/PRESIDENT/" "Mozilla/4.51 [en] (WinNT; U)"
38.250.149.188 - - [22/Oct/1999:08:32:58 -0400] "GET /PRESIDENT/index.html HTTP/1.1" 200 29678 "http://www.selectsmart.com/PRESIDENT/results.php3" "Mozilla/4.0 (compatible; MSIE 4.01; Windows NT)"
38.250.149.188 - - [22/Oct/1999:08:32:59 -0400] "GET /PRESIDENT/index.html HTTP/1.0" 200 29678 "-" "Lotus-Notes/4.5 ( Windows-NT )"
152.163.213.47 - - [22/Oct/1999:08:33:07 -0400] "GET /PRESIDENT/ HTTP/1.0" 200 29678 "-" "Mozilla/4.0 (compatible; MSIE 5.0; AOL 5.0; Windows 95; DigExt)"
206.97.64.162 - - [22/Oct/1999:08:33:08 -0400] "GET /PRESIDENT/results.php3?more=now&mid=14 HTTP/1.0" 200 6606 "http://www.selectsmart.com/PRESIDENT/results.php3" "Mozilla/4.5 [en] (Win98; I)"
206.97.64.162 - - [22/Oct/1999:08:33:09 -0400] "GET /PRESIDENT/images/mccain.jpg HTTP/1.0" 200 2299 "http://www.selectsmart.com/PRESIDENT/results.php3?more=now&mid=14" "Mozilla/4.5 [en] (Win98; I)"
207.201.208.230 - - [22/Oct/1999:08:33:11 -0400] "POST /PRESIDENT/results.php3 HTTP/1.1" 200 12193 "http://www.selectsmart.com/PRESIDENT/results.php3" "Mozilla/4.0 (compatible; MSIE 4.01; Windows 95)"
198.30.192.2 - - [22/Oct/1999:08:33:12 -0400] "POST /PRESIDENT/results.php3 HTTP/1.0" 200 6628 "http://www.selectsmart.com/PRESIDENT/" "Mozilla/4.51 (Macintosh; I; PPC)"
207.201.208.230 - - [22/Oct/1999:08:33:12 -0400] "GET /PRESIDENT/images/bauer.jpg HTTP/1.1" 200 2154 "http://www.selectsmart.com/PRESIDENT/results.php3" "Mozilla/4.0 (compatible; MSIE 4.01; Windows 95)"
207.201.208.230 - - [22/Oct/1999:08:33:12 -0400] "GET /PRESIDENT/images/bush.jpg HTTP/1.1" 200 2977 "http://www.selectsmart.com/PRESIDENT/results.php3" "Mozilla/4.0 (compatible; MSIE 4.01; Windows 95)"
166.82.205.61 - - [22/Oct/1999:08:33:16 -0400] "POST /PRESIDENT/results.php3 HTTP/1.1" 200 6640 "http://www.selectsmart.com/PRESIDENT/" "Mozilla/4.0 (compatible; MSIE 5.0; Windows 95; DigExt)"
152.163.213.47 - - [22/Oct/1999:08:33:19 -0400] "GET /BUSINESS/drop_v.jpg HTTP/1.0" 200 1963 "http://www.selectsmart.com/PRESIDENT/" "Mozilla/4.0 (compatible; MSIE 5.0; AOL 5.0; Windows 95; DigExt)"
206.239.112.2 - - [22/Oct/1999:08:33:20 -0400] "GET /PRESIDENT/results.php3?more=now&mid=18 HTTP/1.1" 200 3774 "http://www.selectsmart.com/PRESIDENT/results.php3" "Mozilla/4.0 (compatible; MSIE 5.0; Windows 98; DigExt)"
206.239.112.2 - - [22/Oct/1999:08:33:21 -0400] "GET /PRESIDENT/images/mcreynolds.jpg HTTP/1.1" 200 4631 "http://www.selectsmart.com/PRESIDENT/results.php3?more=now&mid=18" "Mozilla/4.0 (compatible; MSIE 5.0; Windows 98; DigExt)"
152.163.213.47 - - [22/Oct/1999:08:33:27 -0400] "GET /PRESIDENT/anecdote.gif HTTP/1.0" 200 6898 "http://www.selectsmart.com/PRESIDENT/" "Mozilla/4.0 (compatible; MSIE 5.0; AOL 5.0; Windows 95; DigExt)"
130.132.233.124 - - [22/Oct/1999:08:33:31 -0400] "GET /PRESIDENT/define.htm HTTP/1.0" 200 151 "http://www.selectsmart.com/PRESIDENT/" "Mozilla/4.51 [en] (WinNT; U)"
130.132.233.124 - - [22/Oct/1999:08:33:35 -0400] "GET /PRESIDENT/define1.htm HTTP/1.0" 200 144 "http://www.selectsmart.com/PRESIDENT/" "Mozilla/4.51 [en] (WinNT; U)"
209.219.72.183 - - [22/Oct/1999:08:33:41 -0400] "GET /PRESIDENT/ HTTP/1.0" 200 29678 "-" "Mozilla/4.7 [en]C-DIAL (Win95; I)"
209.140.228.235 - - [22/Oct/1999:08:33:41 -0400] "GET /PRESIDENT/ HTTP/1.1" 200 29678 "-" "Mozilla/4.0 (compatible; MSIE 5.0; Windows NT; DigExt)"
209.219.72.183 - - [22/Oct/1999:08:33:41 -0400] "GET /BUSINESS/drop_h.jpg HTTP/1.0" 200 2034 "http://www.selectsmart.com/PRESIDENT/" "Mozilla/4.7 [en]C-DIAL (Win95; I)"
209.219.72.183 - - [22/Oct/1999:08:33:41 -0400] "GET /BUSINESS/drop_v.jpg HTTP/1.0" 200 1963 "http://www.selectsmart.com/PRESIDENT/" "Mozilla/4.7 [en]C-DIAL (Win95; I)"
209.219.72.183 - - [22/Oct/1999:08:33:41 -0400] "GET /BUSINESS/16.gif HTTP/1.0" 200 6704 "http://www.selectsmart.com/PRESIDENT/" "Mozilla/4.7 [en]C-DIAL (Win95; I)"
209.219.72.183 - - [22/Oct/1999:08:33:41 -0400] "GET /PRESIDENT/anecdote.gif HTTP/1.0" 200 6898 "http://www.selectsmart.com/PRESIDENT/" "Mozilla/4.7 [en]C-DIAL (Win95; I)"
209.219.72.183 - - [22/Oct/1999:08:33:41 -0400] "GET /curt.jpg HTTP/1.0" 200 4228 "http://www.selectsmart.com/PRESIDENT/" "Mozilla/4.7 [en]C-DIAL (Win95; I)"
209.219.72.183 - - [22/Oct/1999:08:33:41 -0400] "GET /PRESIDENT/packaging.gif HTTP/1.0" 200 10663 "http://www.selectsmart.com/PRESIDENT/" "Mozilla/4.7 [en]C-DIAL (Win95; I)"
209.219.72.183 - - [22/Oct/1999:08:33:41 -0400] "GET /PRESIDENT/TR.gif HTTP/1.0" 200 5566 "http://www.selectsmart.com/PRESIDENT/" "Mozilla/4.7 [en]C-DIAL (Win95; I)"
209.219.72.183 - - [22/Oct/1999:08:33:42 -0400] "GET /PRESIDENT/campaigns.gif HTTP/1.0" 200 5835 "http://www.selectsmart.com/PRESIDENT/" "Mozilla/4.7 [en]C-DIAL (Win95; I)"
209.219.72.183 - - [22/Oct/1999:08:33:42 -0400] "GET /PRESIDENT/vidal.gif HTTP/1.0" 200 11342 "http://www.selectsmart.com/PRESIDENT/" "Mozilla/4.7 [en]C-DIAL (Win95; I)"
209.219.72.183 - - [22/Oct/1999:08:33:42 -0400] "GET /PRESIDENT/camp2000.gif HTTP/1.0" 200 7449 "http://www.selectsmart.com/PRESIDENT/" "Mozilla/4.7 [en]C-DIAL (Win95; I)"
209.140.228.235 - - [22/Oct/1999:08:33:45 -0400] "GET /PRESIDENT/anecdote.gif HTTP/1.1" 200 6898 "http://www.selectsmart.com/PRESIDENT/" "Mozilla/4.0 (compatible; MSIE 5.0; Windows NT; DigExt)"
209.140.228.235 - - [22/Oct/1999:08:33:45 -0400] "GET /PRESIDENT/campaigns.gif HTTP/1.1" 200 5835 "http://www.selectsmart.com/PRESIDENT/" "Mozilla/4.0 (compatible; MSIE 5.0; Windows NT; DigExt)"
209.140.228.235 - - [22/Oct/1999:08:33:45 -0400] "GET /BUSINESS/16.gif HTTP/1.1" 200 6704 "http://www.selectsmart.com/PRESIDENT/" "Mozilla/4.0 (compatible; MSIE 5.0; Windows NT; DigExt)"
209.140.228.235 - - [22/Oct/1999:08:33:45 -0400] "GET /BUSINESS/drop_v.jpg HTTP/1.1" 200 1963 "http://www.selectsmart.com/PRESIDENT/" "Mozilla/4.0 (compatible; MSIE 5.0; Windows NT; DigExt)"
209.140.228.235 - - [22/Oct/1999:08:33:46 -0400] "GET /PRESIDENT/packaging.gif HTTP/1.1" 200 10663 "http://www.selectsmart.com/PRESIDENT/" "Mozilla/4.0 (compatible; MSIE 5.0; Windows NT; DigExt)"
209.140.228.235 - - [22/Oct/1999:08:33:46 -0400] "GET /PRESIDENT/vidal.gif HTTP/1.1" 200 11342 "http://www.selectsmart.com/PRESIDENT/" "Mozilla/4.0 (compatible; MSIE 5.0; Windows NT; DigExt)"
216.99.65.36 - - [22/Oct/1999:08:33:46 -0400] "POST /PRESIDENT/results.php3 HTTP/1.1" 200 6638 "http://216.92.19.61/PRESIDENT/" "Mozilla/4.0 (compatible; MSIE 4.01; Windows 98)"
209.140.228.235 - - [22/Oct/1999:08:33:47 -0400] "GET /BUSINESS/drop_h.jpg HTTP/1.1" 200 2034 "http://www.selectsmart.com/PRESIDENT/" "Mozilla/4.0 (compatible; MSIE 5.0; Windows NT; DigExt)"
209.140.228.235 - - [22/Oct/1999:08:33:47 -0400] "GET /PRESIDENT/TR.gif HTTP/1.1" 200 5566 "http://www.selectsmart.com/PRESIDENT/" "Mozilla/4.0 (compatible; MSIE 5.0; Windows NT; DigExt)"
209.140.228.235 - - [22/Oct/1999:08:33:47 -0400] "GET /PRESIDENT/camp2000.gif HTTP/1.1" 200 7449 "http://www.selectsmart.com/PRESIDENT/" "Mozilla/4.0 (compatible; MSIE 5.0; Windows NT; DigExt)"
209.140.228.235 - - [22/Oct/1999:08:33:48 -0400] "GET /curt.jpg HTTP/1.1" 200 4228 "http://www.selectsmart.com/PRESIDENT/" "Mozilla/4.0 (compatible; MSIE 5.0; Windows NT; DigExt)"
198.6.202.152 - - [22/Oct/1999:08:33:48 -0400] "POST /PRESIDENT/results.php3 HTTP/1.0" 200 6625 "http://www.selectsmart.com/PRESIDENT/" "Mozilla/4.5 [en] (WinNT; U)"
152.163.213.47 - - [22/Oct/1999:08:33:50 -0400] "GET /PRESIDENT/vidal.gif HTTP/1.0" 200 11342 "http://www.selectsmart.com/PRESIDENT/" "Mozilla/4.0 (compatible; MSIE 5.0; AOL 5.0; Windows 95; DigExt)"
12.79.7.6 - - [22/Oct/1999:08:33:50 -0400] "POST /PRESIDENT/results.php3 HTTP/1.0" 200 0 "http://www.selectsmart.com/PRESIDENT/" "Mozilla/3.03Gold (Win95; I)"
12.79.7.6 - - [22/Oct/1999:08:33:50 -0400] "POST /PRESIDENT/results.php3 HTTP/1.0" 200 0 "http://www.selectsmart.com/PRESIDENT/" "Mozilla/3.03Gold (Win95; I)"
12.79.7.6 - - [22/Oct/1999:08:33:51 -0400] "POST /PRESIDENT/results.php3 HTTP/1.0" 200 6610 "http://www.selectsmart.com/PRESIDENT/" "Mozilla/3.03Gold (Win95; I)"
206.97.64.162 - - [22/Oct/1999:08:33:54 -0400] "GET /PRESIDENT/results.php3?more=now&mid=6 HTTP/1.0" 200 5989 "http://www.selectsmart.com/PRESIDENT/results.php3" "Mozilla/4.5 [en] (Win98; I)"
198.6.202.152 - - [22/Oct/1999:08:33:59 -0400] "POST /PRESIDENT/results.php3 HTTP/1.0" 200 12930 "http://www.selectsmart.com/PRESIDENT/results.php3" "Mozilla/4.5 [en] (WinNT; U)"
198.6.202.152 - - [22/Oct/1999:08:33:59 -0400] "GET /PRESIDENT/images/bradley.jpg HTTP/1.0" 200 2294 "http://www.selectsmart.com/PRESIDENT/results.php3" "Mozilla/4.5 [en] (WinNT; U)"
198.6.202.152 - - [22/Oct/1999:08:33:59 -0400] "GET /PRESIDENT/images/gore.jpg HTTP/1.0" 200 2930 "http://www.selectsmart.com/PRESIDENT/results.php3" "Mozilla/4.5 [en] (WinNT; U)"
38.250.149.145 - - [22/Oct/1999:08:34:02 -0400] "POST /PRESIDENT/results.php3 HTTP/1.0" 200 6627 "http://www.selectsmart.com/PRESIDENT/" "Mozilla/2.0 (compatible; MSIE 3.01; Windows 95)"
38.250.149.145 - - [22/Oct/1999:08:34:03 -0400] "GET /PRESIDENT/results.php3 HTTP/1.0" 200 2503 "-" "Lotus-Notes/4.5 ( Windows-NT )"
206.97.64.162 - - [22/Oct/1999:08:34:09 -0400] "GET /PRESIDENT/results.php3?more=now&mid=3 HTTP/1.0" 200 7827 "http://www.selectsmart.com/PRESIDENT/results.php3" "Mozilla/4.5 [en] (Win98; I)"
12.79.7.6 - - [22/Oct/1999:08:34:11 -0400] "GET /PRESIDENT/results.php3?more=now&mid=14 HTTP/1.0" 200 6606 "http://www.selectsmart.com/PRESIDENT/results.php3" "Mozilla/3.03Gold (Win95; I)"
12.79.7.6 - - [22/Oct/1999:08:34:13 -0400] "GET /PRESIDENT/images/mccain.jpg HTTP/1.0" 200 2299 "http://www.selectsmart.com/PRESIDENT/results.php3?more=now&mid=14" "Mozilla/3.03Gold (Win95; I)"
208.134.25.36 - - [22/Oct/1999:08:34:21 -0400] "GET /PRESIDENT/ HTTP/1.0" 200 29678 "http://mail.waaytv.com/exchange/forms/IPM/NOTE/read.asp?command=open&obj=0000000056612A962CB7D211B12000902728567707003B199FD8B4A1D211B119009027285677000000007E87000052EAACB68014D311B1550090272856770000000278F30000&timedout=" "Mozilla/2.0 (compatible; MSIE 3.02; Windows 95)"
208.134.25.36 - - [22/Oct/1999:08:34:22 -0400] "GET /BUSINESS/drop_v.jpg HTTP/1.0" 200 1963 "http://www.selectsmart.com/PRESIDENT/" "Mozilla/2.0 (compatible; MSIE 3.02; Windows 95)"
208.134.25.36 - - [22/Oct/1999:08:34:22 -0400] "GET /BUSINESS/16.gif HTTP/1.0" 200 6704 "http://www.selectsmart.com/PRESIDENT/" "Mozilla/2.0 (compatible; MSIE 3.02; Windows 95)"
208.134.25.36 - - [22/Oct/1999:08:34:22 -0400] "GET /BUSINESS/drop_h.jpg HTTP/1.0" 200 2034 "http://www.selectsmart.com/PRESIDENT/" "Mozilla/2.0 (compatible; MSIE 3.02; Windows 95)"
208.134.25.36 - - [22/Oct/1999:08:34:23 -0400] "GET /PRESIDENT/anecdote.gif HTTP/1.0" 200 6898 "http://www.selectsmart.com/PRESIDENT/" "Mozilla/2.0 (compatible; MSIE 3.02; Windows 95)"
130.132.233.124 - - [22/Oct/1999:08:34:23 -0400] "GET /PRESIDENT/define16.htm HTTP/1.0" 200 229 "http://www.selectsmart.com/PRESIDENT/" "Mozilla/4.51 [en] (WinNT; U)"
208.134.25.36 - - [22/Oct/1999:08:34:24 -0400] "GET /PRESIDENT/campaigns.gif HTTP/1.0" 200 5835 "http://www.selectsmart.com/PRESIDENT/" "Mozilla/2.0 (compatible; MSIE 3.02; Windows 95)"
208.134.25.36 - - [22/Oct/1999:08:34:24 -0400] "GET /PRESIDENT/packaging.gif HTTP/1.0" 200 10663 "http://www.selectsmart.com/PRESIDENT/" "Mozilla/2.0 (compatible; MSIE 3.02; Windows 95)"
208.134.25.36 - - [22/Oct/1999:08:34:25 -0400] "GET /PRESIDENT/vidal.gif HTTP/1.0" 200 11342 "http://www.selectsmart.com/PRESIDENT/" "Mozilla/2.0 (compatible; MSIE 3.02; Windows 95)"
208.134.25.36 - - [22/Oct/1999:08:34:25 -0400] "GET /PRESIDENT/TR.gif HTTP/1.0" 200 5566 "http://www.selectsmart.com/PRESIDENT/" "Mozilla/2.0 (compatible; MSIE 3.02; Windows 95)"
208.134.25.36 - - [22/Oct/1999:08:34:25 -0400] "GET /curt.jpg HTTP/1.0" 200 4228 "http://www.selectsmart.com/PRESIDENT/" "Mozilla/2.0 (compatible; MSIE 3.02; Windows 95)"
208.134.25.36 - - [22/Oct/1999:08:34:25 -0400] "GET /PRESIDENT/camp2000.gif HTTP/1.0" 200 7449 "http://www.selectsmart.com/PRESIDENT/" "Mozilla/2.0 (compatible; MSIE 3.02; Windows 95)"
206.97.64.162 - - [22/Oct/1999:08:34:28 -0400] "GET /PRESIDENT/results.php3?more=now&mid=7 HTTP/1.0" 200 5813 "http://www.selectsmart.com/PRESIDENT/results.php3" "Mozilla/4.5 [en] (Win98; I)"
206.97.64.162 - - [22/Oct/1999:08:34:29 -0400] "GET /PRESIDENT/dole.gif HTTP/1.0" 200 5742 "http://www.selectsmart.com/PRESIDENT/results.php3?more=now&mid=7" "Mozilla/4.5 [en] (Win98; I)"
209.183.236.151 - - [22/Oct/1999:08:34:30 -0400] "GET /PRESIDENT/ HTTP/1.1" 200 29678 "http://www.selectsmart.com/PRESIDENT/" "Mozilla/4.0 (compatible; MSIE 5.0; Windows 95; DigExt)"
209.183.236.151 - - [22/Oct/1999:08:34:33 -0400] "GET /PRESIDENT/anecdote.gif HTTP/1.1" 200 6898 "http://www.selectsmart.com/PRESIDENT/" "Mozilla/4.0 (compatible; MSIE 5.0; Windows 95; DigExt)"
209.183.236.151 - - [22/Oct/1999:08:34:35 -0400] "GET /PRESIDENT/campaigns.gif HTTP/1.1" 200 5835 "http://www.selectsmart.com/PRESIDENT/" "Mozilla/4.0 (compatible; MSIE 5.0; Windows 95; DigExt)"
209.183.236.151 - - [22/Oct/1999:08:34:35 -0400] "GET /BUSINESS/drop_v.jpg HTTP/1.1" 200 1963 "http://www.selectsmart.com/PRESIDENT/" "Mozilla/4.0 (compatible; MSIE 5.0; Windows 95; DigExt)"
209.183.236.151 - - [22/Oct/1999:08:34:35 -0400] "GET /BUSINESS/16.gif HTTP/1.1" 200 6704 "http://www.selectsmart.com/PRESIDENT/" "Mozilla/4.0 (compatible; MSIE 5.0; Windows 95; DigExt)"
209.183.236.151 - - [22/Oct/1999:08:34:35 -0400] "GET /PRESIDENT/packaging.gif HTTP/1.1" 200 10663 "http://www.selectsmart.com/PRESIDENT/" "Mozilla/4.0 (compatible; MSIE 5.0; Windows 95; DigExt)"
209.183.236.151 - - [22/Oct/1999:08:34:37 -0400] "GET /BUSINESS/drop_h.jpg HTTP/1.1" 200 2034 "http://www.selectsmart.com/PRESIDENT/" "Mozilla/4.0 (compatible; MSIE 5.0; Windows 95; DigExt)"
209.183.236.151 - - [22/Oct/1999:08:34:41 -0400] "GET /PRESIDENT/TR.gif HTTP/1.1" 200 5566 "http://www.selectsmart.com/PRESIDENT/" "Mozilla/4.0 (compatible; MSIE 5.0; Windows 95; DigExt)"
38.26.187.153 - - [22/Oct/1999:08:34:42 -0400] "GET /BUSINESS/drop_h.jpg HTTP/1.0" 200 2034 "http://www.selectsmart.com/PRESIDENT/" "Mozilla/4.04 [en] (Win95; U)"
38.26.187.153 - - [22/Oct/1999:08:34:42 -0400] "GET /BUSINESS/drop_v.jpg HTTP/1.0" 200 1963 "http://www.selectsmart.com/PRESIDENT/" "Mozilla/4.04 [en] (Win95; U)"
38.26.187.153 - - [22/Oct/1999:08:34:42 -0400] "GET /BUSINESS/16.gif HTTP/1.0" 200 6704 "http://www.selectsmart.com/PRESIDENT/" "Mozilla/4.04 [en] (Win95; U)"
38.26.187.153 - - [22/Oct/1999:08:34:42 -0400] "GET /PRESIDENT/ HTTP/1.0" 200 29678 "http://forums.ar15.com/Forum3/HTML/004287.html" "Mozilla/4.04 [en] (Win95; U)"
38.26.187.153 - - [22/Oct/1999:08:34:45 -0400] "GET /PRESIDENT/vidal.gif HTTP/1.0" 200 11342 "http://www.selectsmart.com/PRESIDENT/" "Mozilla/4.04 [en] (Win95; U)"
38.26.187.153 - - [22/Oct/1999:08:34:45 -0400] "GET /PRESIDENT/anecdote.gif HTTP/1.0" 200 6898 "http://www.selectsmart.com/PRESIDENT/" "Mozilla/4.04 [en] (Win95; U)"
38.26.187.153 - - [22/Oct/1999:08:34:45 -0400] "GET /PRESIDENT/packaging.gif HTTP/1.0" 200 10663 "http://www.selectsmart.com/PRESIDENT/" "Mozilla/4.04 [en] (Win95; U)"
12.79.7.6 - - [22/Oct/1999:08:34:48 -0400] "GET /PRESIDENT/index.html HTTP/1.0" 200 29678 "http://www.selectsmart.com/PRESIDENT/results.php3?more=now&mid=14" "Mozilla/3.03Gold (Win95; I)"
209.183.236.151 - - [22/Oct/1999:08:34:50 -0400] "GET /PRESIDENT/camp2000.gif HTTP/1.1" 200 7449 "http://www.selectsmart.com/PRESIDENT/" "Mozilla/4.0 (compatible; MSIE 5.0; Windows 95; DigExt)"
209.183.236.151 - - [22/Oct/1999:08:34:50 -0400] "GET /PRESIDENT/vidal.gif HTTP/1.1" 200 11342 "http://www.selectsmart.com/PRESIDENT/" "Mozilla/4.0 (compatible; MSIE 5.0; Windows 95; DigExt)"
38.26.187.153 - - [22/Oct/1999:08:34:50 -0400] "GET /PRESIDENT/campaigns.gif HTTP/1.0" 200 5835 "http://www.selectsmart.com/PRESIDENT/" "Mozilla/4.04 [en] (Win95; U)"
38.26.187.153 - - [22/Oct/1999:08:34:51 -0400] "GET /PRESIDENT/TR.gif HTTP/1.0" 200 5566 "http://www.selectsmart.com/PRESIDENT/" "Mozilla/4.04 [en] (Win95; U)"
38.26.187.153 - - [22/Oct/1999:08:34:53 -0400] "GET /PRESIDENT/camp2000.gif HTTP/1.0" 200 7449 "http://www.selectsmart.com/PRESIDENT/" "Mozilla/4.04 [en] (Win95; U)"
209.183.236.151 - - [22/Oct/1999:08:34:58 -0400] "GET /curt.jpg HTTP/1.1" 200 4228 "http://www.selectsmart.com/PRESIDENT/" "Mozilla/4.0 (compatible; MSIE 5.0; Windows 95; DigExt)"
38.26.187.153 - - [22/Oct/1999:08:34:58 -0400] "GET /curt.jpg HTTP/1.0" 200 4228 "http://www.selectsmart.com/PRESIDENT/" "Mozilla/4.04 [en] (Win95; U)"
130.132.233.124 - - [22/Oct/1999:08:35:02 -0400] "POST /PRESIDENT/results.php3 HTTP/1.0" 200 6627 "http://www.selectsmart.com/PRESIDENT/" "Mozilla/4.51 [en] (WinNT; U)"
207.105.168.109 - - [22/Oct/1999:08:35:03 -0400] "POST /PRESIDENT/results.php3 HTTP/1.0" 200 6627 "http://www.selectsmart.com/PRESIDENT/" "Mozilla/4.05 [en] (WinNT; U ;Nav)"
205.188.208.137 - - [22/Oct/1999:08:35:03 -0400] "GET /PRESIDENT/ HTTP/1.0" 200 29678 "-" "Mozilla/4.0 (compatible; MSIE 5.0; AOL 5.0; Windows 98; DigExt)"
38.29.28.88 - - [22/Oct/1999:08:35:05 -0400] "POST /PRESIDENT/results.php3 HTTP/1.1" 200 6638 "http://www.selectsmart.com/PRESIDENT/" "Mozilla/4.0 (compatible; MSIE 4.01; Windows 95; SI400B01)"
205.188.208.169 - - [22/Oct/1999:08:35:07 -0400] "GET /BUSINESS/16.gif HTTP/1.0" 200 6704 "http://www.selectsmart.com/PRESIDENT/" "Mozilla/4.0 (compatible; MSIE 5.0; AOL 5.0; Windows 98; DigExt)"
205.188.208.138 - - [22/Oct/1999:08:35:07 -0400] "GET /BUSINESS/drop_h.jpg HTTP/1.0" 200 2034 "http://www.selectsmart.com/PRESIDENT/" "Mozilla/4.0 (compatible; MSIE 5.0; AOL 5.0; Windows 98; DigExt)"
205.188.208.168 - - [22/Oct/1999:08:35:07 -0400] "GET /BUSINESS/drop_v.jpg HTTP/1.0" 200 1963 "http://www.selectsmart.com/PRESIDENT/" "Mozilla/4.0 (compatible; MSIE 5.0; AOL 5.0; Windows 98; DigExt)"
205.188.208.167 - - [22/Oct/1999:08:35:07 -0400] "GET /PRESIDENT/anecdote.gif HTTP/1.0" 200 6898 "http://www.selectsmart.com/PRESIDENT/" "Mozilla/4.0 (compatible; MSIE 5.0; AOL 5.0; Windows 98; DigExt)"
205.188.208.102 - - [22/Oct/1999:08:35:11 -0400] "GET /PRESIDENT/campaigns.gif HTTP/1.0" 200 5835 "http://www.selectsmart.com/PRESIDENT/" "Mozilla/4.0 (compatible; MSIE 5.0; AOL 5.0; Windows 98; DigExt)"
205.188.208.136 - - [22/Oct/1999:08:35:11 -0400] "GET /PRESIDENT/packaging.gif HTTP/1.0" 200 10663 "http://www.selectsmart.com/PRESIDENT/" "Mozilla/4.0 (compatible; MSIE 5.0; AOL 5.0; Windows 98; DigExt)"
205.188.208.101 - - [22/Oct/1999:08:35:11 -0400] "GET /PRESIDENT/vidal.gif HTTP/1.0" 200 11342 "http://www.selectsmart.com/PRESIDENT/" "Mozilla/4.0 (compatible; MSIE 5.0; AOL 5.0; Windows 98; DigExt)"
205.188.208.136 - - [22/Oct/1999:08:35:11 -0400] "GET /PRESIDENT/TR.gif HTTP/1.0" 200 5566 "http://www.selectsmart.com/PRESIDENT/" "Mozilla/4.0 (compatible; MSIE 5.0; AOL 5.0; Windows 98; DigExt)"
38.250.149.188 - - [22/Oct/1999:08:35:12 -0400] "POST /PRESIDENT/results.php3 HTTP/1.1" 200 6639 "http://www.selectsmart.com/PRESIDENT/index.html" "Mozilla/4.0 (compatible; MSIE 4.01; Windows NT)"
38.250.149.188 - - [22/Oct/1999:08:35:13 -0400] "GET /PRESIDENT/results.php3 HTTP/1.0" 200 2503 "-" "Lotus-Notes/4.5 ( Windows-NT )"
205.188.208.171 - - [22/Oct/1999:08:35:15 -0400] "GET /PRESIDENT/camp2000.gif HTTP/1.0" 200 7449 "http://www.selectsmart.com/PRESIDENT/" "Mozilla/4.0 (compatible; MSIE 5.0; AOL 5.0; Windows 98; DigExt)"
205.188.208.102 - - [22/Oct/1999:08:35:15 -0400] "GET /curt.jpg HTTP/1.0" 200 4228 "http://www.selectsmart.com/PRESIDENT/" "Mozilla/4.0 (compatible; MSIE 5.0; AOL 5.0; Windows 98; DigExt)"
12.5.195.32 - - [22/Oct/1999:08:35:18 -0400] "GET /PRESIDENT/ HTTP/1.1" 200 29678 "-" "Mozilla/4.0 (compatible; MSIE 4.01; Windows NT)"
38.250.149.188 - - [22/Oct/1999:08:35:18 -0400] "GET /PRESIDENT/results.php3?more=now&mid=1 HTTP/1.1" 200 7187 "http://www.selectsmart.com/PRESIDENT/results.php3" "Mozilla/4.0 (compatible; MSIE 4.01; Windows NT)"
38.250.149.188 - - [22/Oct/1999:08:35:19 -0400] "GET /PRESIDENT/images/bauer.jpg HTTP/1.1" 200 2154 "http://www.selectsmart.com/PRESIDENT/results.php3?more=now&mid=1" "Mozilla/4.0 (compatible; MSIE 4.01; Windows NT)"
38.250.149.188 - - [22/Oct/1999:08:35:19 -0400] "GET /PRESIDENT/results.php3?more=now&mid=1 HTTP/1.0" 200 7174 "-" "Lotus-Notes/4.5 ( Windows-NT )"
12.5.195.32 - - [22/Oct/1999:08:35:19 -0400] "GET /PRESIDENT/anecdote.gif HTTP/1.1" 200 6898 "http://www.selectsmart.com/PRESIDENT/" "Mozilla/4.0 (compatible; MSIE 4.01; Windows NT)"
12.5.195.32 - - [22/Oct/1999:08:35:19 -0400] "GET /BUSINESS/16.gif HTTP/1.1" 200 6704 "http://www.selectsmart.com/PRESIDENT/" "Mozilla/4.0 (compatible; MSIE 4.01; Windows NT)"
12.5.195.32 - - [22/Oct/1999:08:35:19 -0400] "GET /BUSINESS/drop_v.jpg HTTP/1.1" 200 1963 "http://www.selectsmart.com/PRESIDENT/" "Mozilla/4.0 (compatible; MSIE 4.01; Windows NT)"
12.5.195.32 - - [22/Oct/1999:08:35:19 -0400] "GET /PRESIDENT/campaigns.gif HTTP/1.1" 200 5835 "http://www.selectsmart.com/PRESIDENT/" "Mozilla/4.0 (compatible; MSIE 4.01; Windows NT)"
12.5.195.32 - - [22/Oct/1999:08:35:20 -0400] "GET /PRESIDENT/packaging.gif HTTP/1.1" 200 10663 "http://www.selectsmart.com/PRESIDENT/" "Mozilla/4.0 (compatible; MSIE 4.01; Windows NT)"
12.5.195.32 - - [22/Oct/1999:08:35:20 -0400] "GET /PRESIDENT/vidal.gif HTTP/1.1" 200 11342 "http://www.selectsmart.com/PRESIDENT/" "Mozilla/4.0 (compatible; MSIE 4.01; Windows NT)"
12.5.195.32 - - [22/Oct/1999:08:35:20 -0400] "GET /BUSINESS/drop_h.jpg HTTP/1.1" 200 2034 "http://www.selectsmart.com/PRESIDENT/" "Mozilla/4.0 (compatible; MSIE 4.01; Windows NT)"
12.5.195.32 - - [22/Oct/1999:08:35:21 -0400] "GET /PRESIDENT/TR.gif HTTP/1.1" 200 5566 "http://www.selectsmart.com/PRESIDENT/" "Mozilla/4.0 (compatible; MSIE 4.01; Windows NT)"
12.5.195.32 - - [22/Oct/1999:08:35:21 -0400] "GET /PRESIDENT/camp2000.gif HTTP/1.1" 200 7449 "http://www.selectsmart.com/PRESIDENT/" "Mozilla/4.0 (compatible; MSIE 4.01; Windows NT)"
12.5.195.32 - - [22/Oct/1999:08:35:21 -0400] "GET /curt.jpg HTTP/1.1" 200 4228 "http://www.selectsmart.com/PRESIDENT/" "Mozilla/4.0 (compatible; MSIE 4.01; Windows NT)"
148.127.68.8 - - [22/Oct/1999:08:35:29 -0400] "POST /PRESIDENT/results.php3 HTTP/1.0" 200 6626 "http://www.selectsmart.com/PRESIDENT/" "Mozilla/4.04 [en] (WinNT; U)"
148.127.68.8 - - [22/Oct/1999:08:35:46 -0400] "POST /PRESIDENT/results.php3 HTTP/1.0" 200 1376 "http://www.selectsmart.com/PRESIDENT/results.php3" "Mozilla/4.04 [en] (WinNT; U)"
207.233.189.24 - - [22/Oct/1999:08:35:52 -0400] "GET /PRESIDENT/ HTTP/1.1" 200 29678 "-" "Mozilla/4.0 (compatible; MSIE 5.0; Windows 98; DigExt)"
207.233.189.24 - - [22/Oct/1999:08:35:54 -0400] "GET /PRESIDENT/anecdote.gif HTTP/1.1" 200 6898 "http://www.selectsmart.com/PRESIDENT/" "Mozilla/4.0 (compatible; MSIE 5.0; Windows 98; DigExt)"
207.233.189.24 - - [22/Oct/1999:08:35:54 -0400] "GET /BUSINESS/16.gif HTTP/1.1" 200 6704 "http://www.selectsmart.com/PRESIDENT/" "Mozilla/4.0 (compatible; MSIE 5.0; Windows 98; DigExt)"
207.233.189.24 - - [22/Oct/1999:08:35:54 -0400] "GET /BUSINESS/drop_v.jpg HTTP/1.1" 200 1963 "http://www.selectsmart.com/PRESIDENT/" "Mozilla/4.0 (compatible; MSIE 5.0; Windows 98; DigExt)"
207.233.189.24 - - [22/Oct/1999:08:35:54 -0400] "GET /PRESIDENT/campaigns.gif HTTP/1.1" 200 5835 "http://www.selectsmart.com/PRESIDENT/" "Mozilla/4.0 (compatible; MSIE 5.0; Windows 98; DigExt)"
207.233.189.24 - - [22/Oct/1999:08:35:54 -0400] "GET /BUSINESS/drop_h.jpg HTTP/1.1" 200 2034 "http://www.selectsmart.com/PRESIDENT/" "Mozilla/4.0 (compatible; MSIE 5.0; Windows 98; DigExt)"
207.233.189.24 - - [22/Oct/1999:08:35:54 -0400] "GET /PRESIDENT/packaging.gif HTTP/1.1" 200 10663 "http://www.selectsmart.com/PRESIDENT/" "Mozilla/4.0 (compatible; MSIE 5.0; Windows 98; DigExt)"
207.233.189.24 - - [22/Oct/1999:08:35:54 -0400] "GET /PRESIDENT/vidal.gif HTTP/1.1" 200 11342 "http://www.selectsmart.com/PRESIDENT/" "Mozilla/4.0 (compatible; MSIE 5.0; Windows 98; DigExt)"
207.233.189.24 - - [22/Oct/1999:08:35:54 -0400] "GET /PRESIDENT/TR.gif HTTP/1.1" 200 5566 "http://www.selectsmart.com/PRESIDENT/" "Mozilla/4.0 (compatible; MSIE 5.0; Windows 98; DigExt)"
207.233.189.24 - - [22/Oct/1999:08:35:54 -0400] "GET /PRESIDENT/camp2000.gif HTTP/1.1" 200 7449 "http://www.selectsmart.com/PRESIDENT/" "Mozilla/4.0 (compatible; MSIE 5.0; Windows 98; DigExt)"
207.233.189.24 - - [22/Oct/1999:08:35:54 -0400] "GET /curt.jpg HTTP/1.1" 200 4228 "http://www.selectsmart.com/PRESIDENT/" "Mozilla/4.0 (compatible; MSIE 5.0; Windows 98; DigExt)"
148.127.68.8 - - [22/Oct/1999:08:35:57 -0400] "POST /PRESIDENT/results.php3 HTTP/1.0" 200 1376 "http://www.selectsmart.com/PRESIDENT/results.php3" "Mozilla/4.04 [en] (WinNT; U)"
148.127.68.8 - - [22/Oct/1999:08:36:05 -0400] "GET /PRESIDENT/results.php3?more=now&mid=18 HTTP/1.0" 200 3762 "http://www.selectsmart.com/PRESIDENT/results.php3" "Mozilla/4.04 [en] (WinNT; U)"
148.127.68.8 - - [22/Oct/1999:08:36:06 -0400] "GET /PRESIDENT/images/mcreynolds.jpg HTTP/1.0" 200 4631 "http://www.selectsmart.com/PRESIDENT/results.php3?more=now&mid=18" "Mozilla/4.04 [en] (WinNT; U)"
164.117.157.245 - - [22/Oct/1999:08:36:10 -0400] "GET /BUSINESS/drop_v.jpg HTTP/1.0" 200 1963 "http://www.selectsmart.com/PRESIDENT/" "Mozilla/4.05 [en] (WinNT; U)"
164.117.157.245 - - [22/Oct/1999:08:36:10 -0400] "GET /BUSINESS/16.gif HTTP/1.0" 200 6704 "http://www.selectsmart.com/PRESIDENT/" "Mozilla/4.05 [en] (WinNT; U)"
164.117.157.245 - - [22/Oct/1999:08:36:10 -0400] "GET /BUSINESS/drop_h.jpg HTTP/1.0" 200 2034 "http://www.selectsmart.com/PRESIDENT/" "Mozilla/4.05 [en] (WinNT; U)"
38.250.149.188 - - [22/Oct/1999:08:36:11 -0400] "GET /PRESIDENT/results.php3 HTTP/1.0" 200 2503 "-" "Lotus-Notes/4.5 ( Windows-NT )"
164.117.157.245 - - [22/Oct/1999:08:36:12 -0400] "GET /PRESIDENT/ HTTP/1.0" 200 29678 "-" "Mozilla/4.05 [en] (WinNT; U)"
164.117.157.245 - - [22/Oct/1999:08:36:12 -0400] "GET /PRESIDENT/campaigns.gif HTTP/1.0" 200 5835 "http://www.selectsmart.com/PRESIDENT/" "Mozilla/4.05 [en] (WinNT; U)"
164.117.157.245 - - [22/Oct/1999:08:36:12 -0400] "GET /PRESIDENT/anecdote.gif HTTP/1.0" 200 6898 "http://www.selectsmart.com/PRESIDENT/" "Mozilla/4.05 [en] (WinNT; U)"
164.117.157.245 - - [22/Oct/1999:08:36:12 -0400] "GET /PRESIDENT/packaging.gif HTTP/1.0" 200 10663 "http://www.selectsmart.com/PRESIDENT/" "Mozilla/4.05 [en] (WinNT; U)"
164.117.157.245 - - [22/Oct/1999:08:36:12 -0400] "GET /PRESIDENT/vidal.gif HTTP/1.0" 200 11342 "http://www.selectsmart.com/PRESIDENT/" "Mozilla/4.05 [en] (WinNT; U)"
164.117.157.245 - - [22/Oct/1999:08:36:12 -0400] "GET /PRESIDENT/camp2000.gif HTTP/1.0" 200 7449 "http://www.selectsmart.com/PRESIDENT/" "Mozilla/4.05 [en] (WinNT; U)"
164.117.157.245 - - [22/Oct/1999:08:36:12 -0400] "GET /PRESIDENT/TR.gif HTTP/1.0" 200 5566 "http://www.selectsmart.com/PRESIDENT/" "Mozilla/4.05 [en] (WinNT; U)"
164.117.157.245 - - [22/Oct/1999:08:36:12 -0400] "GET /curt.jpg HTTP/1.0" 200 4228 "http://www.selectsmart.com/PRESIDENT/" "Mozilla/4.05 [en] (WinNT; U)"
38.250.149.188 - - [22/Oct/1999:08:36:14 -0400] "GET /PRESIDENT/results.php3?more=now&mid=3 HTTP/1.1" 200 7840 "http://www.selectsmart.com/PRESIDENT/results.php3" "Mozilla/4.0 (compatible; MSIE 4.01; Windows NT)"
38.250.149.188 - - [22/Oct/1999:08:36:14 -0400] "GET /PRESIDENT/results.php3?more=now&mid=3 HTTP/1.0" 200 7827 "-" "Lotus-Notes/4.5 ( Windows-NT )"
148.127.68.8 - - [22/Oct/1999:08:36:20 -0400] "POST /PRESIDENT/results.php3 HTTP/1.0" 200 15509 "http://www.selectsmart.com/PRESIDENT/results.php3" "Mozilla/4.04 [en] (WinNT; U)"
148.127.68.8 - - [22/Oct/1999:08:36:21 -0400] "GET /PRESIDENT/images/bradley.jpg HTTP/1.0" 200 2294 "http://www.selectsmart.com/PRESIDENT/results.php3" "Mozilla/4.04 [en] (WinNT; U)"
148.127.68.8 - - [22/Oct/1999:08:36:21 -0400] "GET /PRESIDENT/images/gore.jpg HTTP/1.0" 200 2930 "http://www.selectsmart.com/PRESIDENT/results.php3" "Mozilla/4.04 [en] (WinNT; U)"
38.225.17.115 - - [22/Oct/1999:08:36:25 -0400] "GET /PRESIDENT/ HTTP/1.1" 200 29678 "-" "Mozilla/4.0 (compatible; MSIE 4.01; Windows 98)"
38.225.17.115 - - [22/Oct/1999:08:36:28 -0400] "GET /PRESIDENT/anecdote.gif HTTP/1.1" 200 6898 "http://www.selectsmart.com/PRESIDENT/" "Mozilla/4.0 (compatible; MSIE 4.01; Windows 98)"
38.225.17.115 - - [22/Oct/1999:08:36:28 -0400] "GET /BUSINESS/16.gif HTTP/1.1" 200 6704 "http://www.selectsmart.com/PRESIDENT/" "Mozilla/4.0 (compatible; MSIE 4.01; Windows 98)"
38.225.17.115 - - [22/Oct/1999:08:36:28 -0400] "GET /BUSINESS/drop_v.jpg HTTP/1.1" 200 1963 "http://www.selectsmart.com/PRESIDENT/" "Mozilla/4.0 (compatible; MSIE 4.01; Windows 98)"
38.225.17.115 - - [22/Oct/1999:08:36:28 -0400] "GET /PRESIDENT/campaigns.gif HTTP/1.1" 200 5835 "http://www.selectsmart.com/PRESIDENT/" "Mozilla/4.0 (compatible; MSIE 4.01; Windows 98)"
38.225.17.115 - - [22/Oct/1999:08:36:28 -0400] "GET /PRESIDENT/packaging.gif HTTP/1.1" 200 10663 "http://www.selectsmart.com/PRESIDENT/" "Mozilla/4.0 (compatible; MSIE 4.01; Windows 98)"
38.225.17.115 - - [22/Oct/1999:08:36:29 -0400] "GET /BUSINESS/drop_h.jpg HTTP/1.1" 200 2034 "http://www.selectsmart.com/PRESIDENT/" "Mozilla/4.0 (compatible; MSIE 4.01; Windows 98)"
38.225.17.115 - - [22/Oct/1999:08:36:29 -0400] "GET /PRESIDENT/vidal.gif HTTP/1.1" 200 11342 "http://www.selectsmart.com/PRESIDENT/" "Mozilla/4.0 (compatible; MSIE 4.01; Windows 98)"
38.225.17.115 - - [22/Oct/1999:08:36:29 -0400] "GET /PRESIDENT/TR.gif HTTP/1.1" 200 5566 "http://www.selectsmart.com/PRESIDENT/" "Mozilla/4.0 (compatible; MSIE 4.01; Windows 98)"
38.225.17.115 - - [22/Oct/1999:08:36:30 -0400] "GET /PRESIDENT/camp2000.gif HTTP/1.1" 200 7449 "http://www.selectsmart.com/PRESIDENT/" "Mozilla/4.0 (compatible; MSIE 4.01; Windows 98)"
38.225.17.115 - - [22/Oct/1999:08:36:30 -0400] "GET /curt.jpg HTTP/1.1" 200 4228 "http://www.selectsmart.com/PRESIDENT/" "Mozilla/4.0 (compatible; MSIE 4.01; Windows 98)"
199.208.239.20 - - [22/Oct/1999:08:36:34 -0400] "POST /PRESIDENT/results.php3 HTTP/1.0" 200 6625 "http://www.selectsmart.com/PRESIDENT/" "Mozilla/4.0 (compatible; MSIE 5.0; Windows NT; DigExt)"
209.219.72.183 - - [22/Oct/1999:08:36:39 -0400] "POST /PRESIDENT/results.php3 HTTP/1.0" 200 6626 "http://www.selectsmart.com/PRESIDENT/" "Mozilla/4.7 [en]C-DIAL (Win95; I)"
38.29.28.88 - - [22/Oct/1999:08:36:43 -0400] "POST /PRESIDENT/results.php3 HTTP/1.1" 200 1388 "http://www.selectsmart.com/PRESIDENT/results.php3" "Mozilla/4.0 (compatible; MSIE 4.01; Windows 95; SI400B01)"
152.163.213.47 - - [22/Oct/1999:08:36:52 -0400] "POST /PRESIDENT/results.php3 HTTP/1.0" 200 6625 "http://www.selectsmart.com/PRESIDENT/" "Mozilla/4.0 (compatible; MSIE 5.0; AOL 5.0; Windows 95; DigExt)"
208.160.0.8 - - [22/Oct/1999:08:36:55 -0400] "POST /PRESIDENT/results.php3 HTTP/1.0" 200 6627 "http://www.selectsmart.com/PRESIDENT/" "Mozilla/4.0 (compatible; MSIE 5.0; Windows 98; DigExt)"
38.29.28.88 - - [22/Oct/1999:08:37:01 -0400] "POST /PRESIDENT/results.php3 HTTP/1.1" 200 1388 "http://www.selectsmart.com/PRESIDENT/results.php3" "Mozilla/4.0 (compatible; MSIE 4.01; Windows 95; SI400B01)"
165.247.65.136 - - [22/Oct/1999:08:37:03 -0400] "GET /PRESIDENT/ HTTP/1.1" 200 29678 "http://www.selectsmart.com/PRESIDENT/" "Mozilla/4.0 (compatible; MSIE 4.01; Windows 98)"
165.247.65.136 - - [22/Oct/1999:08:37:03 -0400] "GET /BUSINESS/drop_v.jpg HTTP/1.1" 200 1963 "http://www.selectsmart.com/PRESIDENT/" "Mozilla/4.0 (compatible; MSIE 4.01; Windows 98)"
165.247.65.136 - - [22/Oct/1999:08:37:04 -0400] "GET /BUSINESS/16.gif HTTP/1.1" 200 6704 "http://www.selectsmart.com/PRESIDENT/" "Mozilla/4.0 (compatible; MSIE 4.01; Windows 98)"
