204.0.160.60 - - [22/Oct/1999:08:52:38 -0400] "GET /PRESIDENT/ HTTP/1.1" 200 29678 "http://www.selectsmart.com/PRESIDENT/" "Mozilla/4.0 (compatible; MSIE 4.01; Windows 98; Compaq)"
199.29.247.140 - - [22/Oct/1999:08:52:38 -0400] "GET /PRESIDENT/favicon.ico HTTP/1.0" 404 215 "-" "Mozilla/4.0 (compatible; MSIE 5.0; Windows NT)"
199.29.247.140 - - [22/Oct/1999:08:52:38 -0400] "GET /favicon.ico HTTP/1.0" 404 205 "-" "Mozilla/4.0 (compatible; MSIE 5.0; Windows NT)"
209.34.0.24 - - [22/Oct/1999:08:52:38 -0400] "GET /PRESIDENT/campaigns.gif HTTP/1.1" 200 5835 "http://www.selectsmart.com/PRESIDENT/" "Mozilla/4.0 (compatible; MSIE 4.0; Windows 95; c_athome)"
209.34.0.24 - - [22/Oct/1999:08:52:39 -0400] "GET /PRESIDENT/vidal.gif HTTP/1.1" 200 11342 "http://www.selectsmart.com/PRESIDENT/" "Mozilla/4.0 (compatible; MSIE 4.0; Windows 95; c_athome)"
204.0.160.60 - - [22/Oct/1999:08:52:40 -0400] "GET /BUSINESS/drop_h.jpg HTTP/1.1" 200 2034 "http://www.selectsmart.com/PRESIDENT/" "Mozilla/4.0 (compatible; MSIE 4.01; Windows 98; Compaq)"
204.0.160.60 - - [22/Oct/1999:08:52:40 -0400] "GET /PRESIDENT/anecdote.gif HTTP/1.1" 200 6898 "http://www.selectsmart.com/PRESIDENT/" "Mozilla/4.0 (compatible; MSIE 4.01; Windows 98; Compaq)"
204.0.160.60 - - [22/Oct/1999:08:52:41 -0400] "GET /PRESIDENT/campaigns.gif HTTP/1.1" 200 5835 "http://www.selectsmart.com/PRESIDENT/" "Mozilla/4.0 (compatible; MSIE 4.01; Windows 98; Compaq)"
209.34.0.24 - - [22/Oct/1999:08:52:41 -0400] "GET /PRESIDENT/TR.gif HTTP/1.1" 200 5566 "http://www.selectsmart.com/PRESIDENT/" "Mozilla/4.0 (compatible; MSIE 4.0; Windows 95; c_athome)"
204.0.160.60 - - [22/Oct/1999:08:52:44 -0400] "GET /PRESIDENT/packaging.gif HTTP/1.1" 200 10663 "http://www.selectsmart.com/PRESIDENT/" "Mozilla/4.0 (compatible; MSIE 4.01; Windows 98; Compaq)"
209.34.0.24 - - [22/Oct/1999:08:52:44 -0400] "GET /PRESIDENT/camp2000.gif HTTP/1.1" 200 7449 "http://www.selectsmart.com/PRESIDENT/" "Mozilla/4.0 (compatible; MSIE 4.0; Windows 95; c_athome)"
204.0.160.60 - - [22/Oct/1999:08:52:49 -0400] "GET /PRESIDENT/vidal.gif HTTP/1.1" 200 11342 "http://www.selectsmart.com/PRESIDENT/" "Mozilla/4.0 (compatible; MSIE 4.01; Windows 98; Compaq)"
209.34.0.24 - - [22/Oct/1999:08:52:49 -0400] "GET /PRESIDENT/packaging.gif HTTP/1.1" 200 10663 "http://www.selectsmart.com/PRESIDENT/" "Mozilla/4.0 (compatible; MSIE 4.0; Windows 95; c_athome)"
209.34.0.24 - - [22/Oct/1999:08:52:51 -0400] "GET /curt.jpg HTTP/1.1" 200 4228 "http://www.selectsmart.com/PRESIDENT/" "Mozilla/4.0 (compatible; MSIE 4.0; Windows 95; c_athome)"
204.0.160.60 - - [22/Oct/1999:08:52:51 -0400] "GET /PRESIDENT/TR.gif HTTP/1.1" 200 5566 "http://www.selectsmart.com/PRESIDENT/" "Mozilla/4.0 (compatible; MSIE 4.01; Windows 98; Compaq)"
204.0.160.60 - - [22/Oct/1999:08:52:52 -0400] "GET /PRESIDENT/camp2000.gif HTTP/1.1" 200 7449 "http://www.selectsmart.com/PRESIDENT/" "Mozilla/4.0 (compatible; MSIE 4.01; Windows 98; Compaq)"
204.0.160.60 - - [22/Oct/1999:08:52:54 -0400] "GET /curt.jpg HTTP/1.1" 200 4228 "http://www.selectsmart.com/PRESIDENT/" "Mozilla/4.0 (compatible; MSIE 4.01; Windows 98; Compaq)"
207.233.189.24 - - [22/Oct/1999:08:52:56 -0400] "POST /PRESIDENT/results.php3 HTTP/1.1" 200 6640 "http://www.selectsmart.com/PRESIDENT/" "Mozilla/4.0 (compatible; MSIE 5.0; Windows 98; DigExt)"
207.233.189.24 - - [22/Oct/1999:08:53:01 -0400] "GET /PRESIDENT/results.php3?more=now&mid=14 HTTP/1.1" 200 6619 "http://www.selectsmart.com/PRESIDENT/results.php3" "Mozilla/4.0 (compatible; MSIE 5.0; Windows 98; DigExt)"
207.233.189.24 - - [22/Oct/1999:08:53:01 -0400] "GET /PRESIDENT/images/mccain.jpg HTTP/1.1" 200 2299 "http://www.selectsmart.com/PRESIDENT/results.php3?more=now&mid=14" "Mozilla/4.0 (compatible; MSIE 5.0; Windows 98; DigExt)"
152.163.205.51 - - [22/Oct/1999:08:53:02 -0400] "POST /PRESIDENT/results.php3 HTTP/1.0" 200 6626 "http://www.selectsmart.com/PRESIDENT/" "Mozilla/4.0 (compatible; MSIE 4.01; AOL 4.0; Windows 95)"
216.78.4.19 - - [22/Oct/1999:08:53:03 -0400] "GET /BUSINESS/drop_h.jpg HTTP/1.0" 200 2034 "http://www.selectsmart.com/PRESIDENT/" "Mozilla/4.61 [en]C-bls40 (Win95; U)"
216.78.4.19 - - [22/Oct/1999:08:53:03 -0400] "GET /BUSINESS/drop_v.jpg HTTP/1.0" 200 1963 "http://www.selectsmart.com/PRESIDENT/" "Mozilla/4.61 [en]C-bls40 (Win95; U)"
216.78.4.19 - - [22/Oct/1999:08:53:04 -0400] "GET /PRESIDENT/ HTTP/1.0" 200 29678 "-" "Mozilla/4.61 [en]C-bls40 (Win95; U)"
216.78.4.19 - - [22/Oct/1999:08:53:04 -0400] "GET /BUSINESS/16.gif HTTP/1.0" 200 6704 "http://www.selectsmart.com/PRESIDENT/" "Mozilla/4.61 [en]C-bls40 (Win95; U)"
208.46.96.34 - - [22/Oct/1999:08:53:05 -0400] "POST /PRESIDENT/results.php3 HTTP/1.1" 200 6638 "http://www.selectsmart.com/PRESIDENT/index.html" "Mozilla/4.0 (compatible; MSIE 4.01; Windows NT)"
143.231.43.8 - - [22/Oct/1999:08:53:06 -0400] "POST /PRESIDENT/results.php3 HTTP/1.0" 200 6625 "http://www.selectsmart.com/PRESIDENT/" "Mozilla/4.05 [en] (WinNT; I)"
216.78.4.19 - - [22/Oct/1999:08:53:08 -0400] "GET /PRESIDENT/anecdote.gif HTTP/1.0" 200 6898 "http://www.selectsmart.com/PRESIDENT/" "Mozilla/4.61 [en]C-bls40 (Win95; U)"
216.78.4.19 - - [22/Oct/1999:08:53:08 -0400] "GET /PRESIDENT/packaging.gif HTTP/1.0" 200 10663 "http://www.selectsmart.com/PRESIDENT/" "Mozilla/4.61 [en]C-bls40 (Win95; U)"
216.78.4.19 - - [22/Oct/1999:08:53:08 -0400] "GET /PRESIDENT/TR.gif HTTP/1.0" 200 5566 "http://www.selectsmart.com/PRESIDENT/" "Mozilla/4.61 [en]C-bls40 (Win95; U)"
216.78.4.19 - - [22/Oct/1999:08:53:13 -0400] "GET /PRESIDENT/camp2000.gif HTTP/1.0" 200 7449 "http://www.selectsmart.com/PRESIDENT/" "Mozilla/4.61 [en]C-bls40 (Win95; U)"
143.231.240.66 - - [22/Oct/1999:08:53:13 -0400] "POST /PRESIDENT/results.php3 HTTP/1.0" 200 12805 "http://www.selectsmart.com/PRESIDENT/results.php3" "Mozilla/4.05 [en] (Win95; I)"
216.78.4.19 - - [22/Oct/1999:08:53:13 -0400] "GET /PRESIDENT/vidal.gif HTTP/1.0" 200 11342 "http://www.selectsmart.com/PRESIDENT/" "Mozilla/4.61 [en]C-bls40 (Win95; U)"
143.231.14.249 - - [22/Oct/1999:08:53:13 -0400] "GET /PRESIDENT/define16.htm HTTP/1.1" 200 229 "-" "Mozilla/4.0 (compatible; MSIE 4.01; Windows NT)"
143.231.240.66 - - [22/Oct/1999:08:53:14 -0400] "GET /PRESIDENT/images/bauer.jpg HTTP/1.0" 200 2154 "http://www.selectsmart.com/PRESIDENT/results.php3" "Mozilla/4.05 [en] (Win95; I)"
143.231.240.66 - - [22/Oct/1999:08:53:16 -0400] "GET /PRESIDENT/hatch.gif HTTP/1.0" 200 6423 "http://www.selectsmart.com/PRESIDENT/results.php3" "Mozilla/4.05 [en] (Win95; I)"
128.206.204.201 - - [22/Oct/1999:08:53:18 -0400] "POST /PRESIDENT/results.php3 HTTP/1.1" 200 6638 "http://www.selectsmart.com/PRESIDENT/" "Mozilla/4.0 (compatible; MSIE 4.01; Windows 95; Ellis Library v1.3)"
128.206.204.201 - - [22/Oct/1999:08:53:18 -0400] "GET / HTTP/1.1" 200 1839 "-" "Mozilla/4.0 (compatible; MSIE 4.01; Windows 95; Ellis Library v1.3)"
209.193.209.48 - - [22/Oct/1999:08:53:19 -0400] "GET /PRESIDENT/ HTTP/1.1" 200 29678 "-" "Mozilla/4.0 (compatible; MSIE 5.0; MSN 2.5; Windows 98; DigExt)"
199.29.247.140 - - [22/Oct/1999:08:53:21 -0400] "GET /PRESIDENT/define3.htm HTTP/1.0" 200 270 "-" "Mozilla/4.0 (compatible; MSIE 5.0; Windows NT)"
209.193.209.48 - - [22/Oct/1999:08:53:22 -0400] "GET /BUSINESS/16.gif HTTP/1.1" 200 6704 "http://www.selectsmart.com/PRESIDENT/" "Mozilla/4.0 (compatible; MSIE 5.0; MSN 2.5; Windows 98; DigExt)"
209.193.209.48 - - [22/Oct/1999:08:53:22 -0400] "GET /BUSINESS/drop_v.jpg HTTP/1.1" 200 1963 "http://www.selectsmart.com/PRESIDENT/" "Mozilla/4.0 (compatible; MSIE 5.0; MSN 2.5; Windows 98; DigExt)"
209.193.209.48 - - [22/Oct/1999:08:53:22 -0400] "GET /PRESIDENT/anecdote.gif HTTP/1.1" 200 6898 "http://www.selectsmart.com/PRESIDENT/" "Mozilla/4.0 (compatible; MSIE 5.0; MSN 2.5; Windows 98; DigExt)"
209.193.209.48 - - [22/Oct/1999:08:53:22 -0400] "GET /BUSINESS/drop_h.jpg HTTP/1.1" 200 2034 "http://www.selectsmart.com/PRESIDENT/" "Mozilla/4.0 (compatible; MSIE 5.0; MSN 2.5; Windows 98; DigExt)"
199.105.144.14 - - [22/Oct/1999:08:53:22 -0400] "POST /PRESIDENT/results.php3 HTTP/1.0" 200 6625 "http://www.selectsmart.com/PRESIDENT/" "Mozilla/4.61 [en] (Win95; I)"
216.78.4.19 - - [22/Oct/1999:08:53:23 -0400] "GET /curt.jpg HTTP/1.0" 200 4228 "http://www.selectsmart.com/PRESIDENT/" "Mozilla/4.61 [en]C-bls40 (Win95; U)"
216.78.4.19 - - [22/Oct/1999:08:53:23 -0400] "GET /PRESIDENT/campaigns.gif HTTP/1.0" 200 5835 "http://www.selectsmart.com/PRESIDENT/" "Mozilla/4.61 [en]C-bls40 (Win95; U)"
209.193.209.48 - - [22/Oct/1999:08:53:23 -0400] "GET /PRESIDENT/packaging.gif HTTP/1.1" 200 10663 "http://www.selectsmart.com/PRESIDENT/" "Mozilla/4.0 (compatible; MSIE 5.0; MSN 2.5; Windows 98; DigExt)"
209.193.209.48 - - [22/Oct/1999:08:53:23 -0400] "GET /PRESIDENT/campaigns.gif HTTP/1.1" 200 5835 "http://www.selectsmart.com/PRESIDENT/" "Mozilla/4.0 (compatible; MSIE 5.0; MSN 2.5; Windows 98; DigExt)"
209.193.209.48 - - [22/Oct/1999:08:53:23 -0400] "GET /PRESIDENT/vidal.gif HTTP/1.1" 200 11342 "http://www.selectsmart.com/PRESIDENT/" "Mozilla/4.0 (compatible; MSIE 5.0; MSN 2.5; Windows 98; DigExt)"
209.193.209.48 - - [22/Oct/1999:08:53:23 -0400] "GET /PRESIDENT/TR.gif HTTP/1.1" 200 5566 "http://www.selectsmart.com/PRESIDENT/" "Mozilla/4.0 (compatible; MSIE 5.0; MSN 2.5; Windows 98; DigExt)"
209.193.209.48 - - [22/Oct/1999:08:53:23 -0400] "GET /PRESIDENT/camp2000.gif HTTP/1.1" 200 7449 "http://www.selectsmart.com/PRESIDENT/" "Mozilla/4.0 (compatible; MSIE 5.0; MSN 2.5; Windows 98; DigExt)"
209.193.209.48 - - [22/Oct/1999:08:53:24 -0400] "GET /curt.jpg HTTP/1.1" 200 4228 "http://www.selectsmart.com/PRESIDENT/" "Mozilla/4.0 (compatible; MSIE 5.0; MSN 2.5; Windows 98; DigExt)"
199.73.128.82 - - [22/Oct/1999:08:53:29 -0400] "GET /PRESIDENT HTTP/1.0" 301 241 "-" "Mozilla/4.0 (compatible; MSIE 5.0; Windows 95; DigExt)"
199.73.128.82 - - [22/Oct/1999:08:53:29 -0400] "GET /PRESIDENT/ HTTP/1.0" 200 29678 "-" "Mozilla/4.0 (compatible; MSIE 5.0; Windows 95; DigExt)"
192.147.65.114 - - [22/Oct/1999:08:53:30 -0400] "POST /PRESIDENT/results.php3 HTTP/1.0" 200 6625 "http://www.selectsmart.com/PRESIDENT/" "Mozilla/4.07 [en] (WinNT; U)"
199.73.128.82 - - [22/Oct/1999:08:53:32 -0400] "GET /PRESIDENT/anecdote.gif HTTP/1.0" 200 6898 "http://www.selectsmart.com/PRESIDENT/" "Mozilla/4.0 (compatible; MSIE 5.0; Windows 95; DigExt)"
199.73.128.82 - - [22/Oct/1999:08:53:32 -0400] "GET /BUSINESS/16.gif HTTP/1.0" 200 6704 "http://www.selectsmart.com/PRESIDENT/" "Mozilla/4.0 (compatible; MSIE 5.0; Windows 95; DigExt)"
199.73.128.82 - - [22/Oct/1999:08:53:32 -0400] "GET /BUSINESS/drop_v.jpg HTTP/1.0" 200 1963 "http://www.selectsmart.com/PRESIDENT/" "Mozilla/4.0 (compatible; MSIE 5.0; Windows 95; DigExt)"
199.73.128.82 - - [22/Oct/1999:08:53:32 -0400] "GET /BUSINESS/drop_h.jpg HTTP/1.0" 200 2034 "http://www.selectsmart.com/PRESIDENT/" "Mozilla/4.0 (compatible; MSIE 5.0; Windows 95; DigExt)"
199.73.128.82 - - [22/Oct/1999:08:53:33 -0400] "GET /PRESIDENT/TR.gif HTTP/1.0" 200 5566 "http://www.selectsmart.com/PRESIDENT/" "Mozilla/4.0 (compatible; MSIE 5.0; Windows 95; DigExt)"
199.73.128.82 - - [22/Oct/1999:08:53:33 -0400] "GET /PRESIDENT/vidal.gif HTTP/1.0" 200 11342 "http://www.selectsmart.com/PRESIDENT/" "Mozilla/4.0 (compatible; MSIE 5.0; Windows 95; DigExt)"
199.73.128.82 - - [22/Oct/1999:08:53:33 -0400] "GET /PRESIDENT/campaigns.gif HTTP/1.0" 200 5835 "http://www.selectsmart.com/PRESIDENT/" "Mozilla/4.0 (compatible; MSIE 5.0; Windows 95; DigExt)"
199.73.128.82 - - [22/Oct/1999:08:53:33 -0400] "GET /PRESIDENT/packaging.gif HTTP/1.0" 200 10663 "http://www.selectsmart.com/PRESIDENT/" "Mozilla/4.0 (compatible; MSIE 5.0; Windows 95; DigExt)"
199.73.128.82 - - [22/Oct/1999:08:53:34 -0400] "GET /PRESIDENT/camp2000.gif HTTP/1.0" 200 7449 "http://www.selectsmart.com/PRESIDENT/" "Mozilla/4.0 (compatible; MSIE 5.0; Windows 95; DigExt)"
199.73.128.82 - - [22/Oct/1999:08:53:34 -0400] "GET /curt.jpg HTTP/1.0" 200 4228 "http://www.selectsmart.com/PRESIDENT/" "Mozilla/4.0 (compatible; MSIE 5.0; Windows 95; DigExt)"
129.1.204.161 - - [22/Oct/1999:08:53:38 -0400] "GET /PRESIDENT/results.php3?more=now&mid=11 HTTP/1.1" 200 6634 "http://www.selectsmart.com/PRESIDENT/results.php3" "Mozilla/4.0 (compatible; MSIE 4.01; MSN 2.5; Windows 98)"
129.1.204.161 - - [22/Oct/1999:08:53:38 -0400] "GET /PRESIDENT/hatch.gif HTTP/1.1" 200 6423 "http://www.selectsmart.com/PRESIDENT/results.php3?more=now&mid=11" "Mozilla/4.0 (compatible; MSIE 4.01; MSN 2.5; Windows 98)"
143.231.64.72 - - [22/Oct/1999:08:53:41 -0400] "GET /PRESIDENT/ HTTP/1.1" 200 29678 "-" "Mozilla/4.0 (compatible; MSIE 4.01; Windows 95; ACS_IQ)"
38.219.129.27 - - [22/Oct/1999:08:53:42 -0400] "GET /PRESIDENT/ HTTP/1.0" 200 29678 "-" "Mozilla/4.61 [en] (WinNT; I)"
38.219.129.27 - - [22/Oct/1999:08:53:43 -0400] "GET /BUSINESS/drop_h.jpg HTTP/1.0" 200 2034 "http://www.selectsmart.com/PRESIDENT/" "Mozilla/4.61 [en] (WinNT; I)"
38.219.129.27 - - [22/Oct/1999:08:53:43 -0400] "GET /BUSINESS/drop_v.jpg HTTP/1.0" 200 1963 "http://www.selectsmart.com/PRESIDENT/" "Mozilla/4.61 [en] (WinNT; I)"
38.219.129.27 - - [22/Oct/1999:08:53:43 -0400] "GET /BUSINESS/16.gif HTTP/1.0" 200 6704 "http://www.selectsmart.com/PRESIDENT/" "Mozilla/4.61 [en] (WinNT; I)"
206.42.12.226 - - [22/Oct/1999:08:53:43 -0400] "GET /PRESIDENT HTTP/1.1" 301 253 "-" "Mozilla/4.0 (compatible; MSIE 5.0; Windows 95; DigExt)"
143.231.64.72 - - [22/Oct/1999:08:53:43 -0400] "GET /PRESIDENT/anecdote.gif HTTP/1.1" 200 6898 "http://www.selectsmart.com/PRESIDENT/" "Mozilla/4.0 (compatible; MSIE 4.01; Windows 95; ACS_IQ)"
143.231.64.72 - - [22/Oct/1999:08:53:43 -0400] "GET /BUSINESS/drop_v.jpg HTTP/1.1" 200 1963 "http://www.selectsmart.com/PRESIDENT/" "Mozilla/4.0 (compatible; MSIE 4.01; Windows 95; ACS_IQ)"
143.231.64.72 - - [22/Oct/1999:08:53:43 -0400] "GET /PRESIDENT/campaigns.gif HTTP/1.1" 200 5835 "http://www.selectsmart.com/PRESIDENT/" "Mozilla/4.0 (compatible; MSIE 4.01; Windows 95; ACS_IQ)"
143.231.64.72 - - [22/Oct/1999:08:53:43 -0400] "GET /BUSINESS/16.gif HTTP/1.1" 200 6704 "http://www.selectsmart.com/PRESIDENT/" "Mozilla/4.0 (compatible; MSIE 4.01; Windows 95; ACS_IQ)"
143.231.64.72 - - [22/Oct/1999:08:53:44 -0400] "GET /PRESIDENT/packaging.gif HTTP/1.1" 200 10663 "http://www.selectsmart.com/PRESIDENT/" "Mozilla/4.0 (compatible; MSIE 4.01; Windows 95; ACS_IQ)"
143.231.64.72 - - [22/Oct/1999:08:53:44 -0400] "GET /BUSINESS/drop_h.jpg HTTP/1.1" 200 2034 "http://www.selectsmart.com/PRESIDENT/" "Mozilla/4.0 (compatible; MSIE 4.01; Windows 95; ACS_IQ)"
38.219.129.27 - - [22/Oct/1999:08:53:44 -0400] "GET /PRESIDENT/anecdote.gif HTTP/1.0" 200 6898 "http://www.selectsmart.com/PRESIDENT/" "Mozilla/4.61 [en] (WinNT; I)"
143.231.64.72 - - [22/Oct/1999:08:53:44 -0400] "GET /PRESIDENT/vidal.gif HTTP/1.1" 200 11342 "http://www.selectsmart.com/PRESIDENT/" "Mozilla/4.0 (compatible; MSIE 4.01; Windows 95; ACS_IQ)"
206.42.12.226 - - [22/Oct/1999:08:53:44 -0400] "GET /PRESIDENT/ HTTP/1.1" 200 29678 "-" "Mozilla/4.0 (compatible; MSIE 5.0; Windows 95; DigExt)"
143.231.64.72 - - [22/Oct/1999:08:53:44 -0400] "GET /PRESIDENT/TR.gif HTTP/1.1" 200 5566 "http://www.selectsmart.com/PRESIDENT/" "Mozilla/4.0 (compatible; MSIE 4.01; Windows 95; ACS_IQ)"
143.231.64.72 - - [22/Oct/1999:08:53:44 -0400] "GET /PRESIDENT/camp2000.gif HTTP/1.1" 200 7449 "http://www.selectsmart.com/PRESIDENT/" "Mozilla/4.0 (compatible; MSIE 4.01; Windows 95; ACS_IQ)"
38.219.129.27 - - [22/Oct/1999:08:53:44 -0400] "GET /PRESIDENT/vidal.gif HTTP/1.0" 200 11342 "http://www.selectsmart.com/PRESIDENT/" "Mozilla/4.61 [en] (WinNT; I)"
143.231.64.72 - - [22/Oct/1999:08:53:44 -0400] "GET /curt.jpg HTTP/1.1" 200 4228 "http://www.selectsmart.com/PRESIDENT/" "Mozilla/4.0 (compatible; MSIE 4.01; Windows 95; ACS_IQ)"
38.219.129.27 - - [22/Oct/1999:08:53:44 -0400] "GET /PRESIDENT/packaging.gif HTTP/1.0" 200 10663 "http://www.selectsmart.com/PRESIDENT/" "Mozilla/4.61 [en] (WinNT; I)"
38.219.129.27 - - [22/Oct/1999:08:53:44 -0400] "GET /PRESIDENT/TR.gif HTTP/1.0" 200 5566 "http://www.selectsmart.com/PRESIDENT/" "Mozilla/4.61 [en] (WinNT; I)"
38.219.129.27 - - [22/Oct/1999:08:53:44 -0400] "GET /curt.jpg HTTP/1.0" 200 4228 "http://www.selectsmart.com/PRESIDENT/" "Mozilla/4.61 [en] (WinNT; I)"
206.42.12.226 - - [22/Oct/1999:08:53:44 -0400] "GET /PRESIDENT/anecdote.gif HTTP/1.1" 200 6898 "http://www.selectsmart.com/PRESIDENT/" "Mozilla/4.0 (compatible; MSIE 5.0; Windows 95; DigExt)"
206.42.12.226 - - [22/Oct/1999:08:53:44 -0400] "GET /BUSINESS/16.gif HTTP/1.1" 200 6704 "http://www.selectsmart.com/PRESIDENT/" "Mozilla/4.0 (compatible; MSIE 5.0; Windows 95; DigExt)"
38.219.129.27 - - [22/Oct/1999:08:53:45 -0400] "GET /PRESIDENT/campaigns.gif HTTP/1.0" 200 5835 "http://www.selectsmart.com/PRESIDENT/" "Mozilla/4.61 [en] (WinNT; I)"
206.42.12.226 - - [22/Oct/1999:08:53:45 -0400] "GET /PRESIDENT/campaigns.gif HTTP/1.1" 200 5835 "http://www.selectsmart.com/PRESIDENT/" "Mozilla/4.0 (compatible; MSIE 5.0; Windows 95; DigExt)"
38.219.129.27 - - [22/Oct/1999:08:53:45 -0400] "GET /PRESIDENT/camp2000.gif HTTP/1.0" 200 7449 "http://www.selectsmart.com/PRESIDENT/" "Mozilla/4.61 [en] (WinNT; I)"
206.42.12.226 - - [22/Oct/1999:08:53:45 -0400] "GET /PRESIDENT/packaging.gif HTTP/1.1" 200 10663 "http://www.selectsmart.com/PRESIDENT/" "Mozilla/4.0 (compatible; MSIE 5.0; Windows 95; DigExt)"
206.42.12.226 - - [22/Oct/1999:08:53:46 -0400] "GET /PRESIDENT/vidal.gif HTTP/1.1" 200 11342 "http://www.selectsmart.com/PRESIDENT/" "Mozilla/4.0 (compatible; MSIE 5.0; Windows 95; DigExt)"
206.42.12.226 - - [22/Oct/1999:08:53:47 -0400] "GET /PRESIDENT/TR.gif HTTP/1.1" 200 5566 "http://www.selectsmart.com/PRESIDENT/" "Mozilla/4.0 (compatible; MSIE 5.0; Windows 95; DigExt)"
206.42.12.226 - - [22/Oct/1999:08:53:47 -0400] "GET /BUSINESS/drop_h.jpg HTTP/1.1" 200 2034 "http://www.selectsmart.com/PRESIDENT/" "Mozilla/4.0 (compatible; MSIE 5.0; Windows 95; DigExt)"
206.42.12.226 - - [22/Oct/1999:08:53:47 -0400] "GET /PRESIDENT/camp2000.gif HTTP/1.1" 200 7449 "http://www.selectsmart.com/PRESIDENT/" "Mozilla/4.0 (compatible; MSIE 5.0; Windows 95; DigExt)"
206.42.12.226 - - [22/Oct/1999:08:53:48 -0400] "GET /BUSINESS/drop_v.jpg HTTP/1.1" 200 1963 "http://www.selectsmart.com/PRESIDENT/" "Mozilla/4.0 (compatible; MSIE 5.0; Windows 95; DigExt)"
206.42.12.226 - - [22/Oct/1999:08:53:48 -0400] "GET /curt.jpg HTTP/1.1" 200 4228 "http://www.selectsmart.com/PRESIDENT/" "Mozilla/4.0 (compatible; MSIE 5.0; Windows 95; DigExt)"
138.220.87.180 - - [22/Oct/1999:08:53:49 -0400] "GET /PRESIDENT/ HTTP/1.0" 200 29678 "-" "Mozilla/3.02 (WinNT; I)"
143.231.19.137 - - [22/Oct/1999:08:53:49 -0400] "GET /PRESIDENT/ HTTP/1.1" 200 29678 "-" "Mozilla/4.0 (compatible; MSIE 4.01; Windows 98; ACS_IQ)"
138.220.87.180 - - [22/Oct/1999:08:53:49 -0400] "GET /PRESIDENT/camp2000.gif HTTP/1.0" 200 7449 "http://www.selectsmart.com/PRESIDENT/" "Mozilla/3.02 (WinNT; I)"
138.220.87.180 - - [22/Oct/1999:08:53:49 -0400] "GET /BUSINESS/16.gif HTTP/1.0" 200 6704 "http://www.selectsmart.com/PRESIDENT/" "Mozilla/3.02 (WinNT; I)"
138.220.87.180 - - [22/Oct/1999:08:53:49 -0400] "GET /BUSINESS/drop_h.jpg HTTP/1.0" 200 2034 "http://www.selectsmart.com/PRESIDENT/" "Mozilla/3.02 (WinNT; I)"
138.220.87.180 - - [22/Oct/1999:08:53:49 -0400] "GET /BUSINESS/drop_v.jpg HTTP/1.0" 200 1963 "http://www.selectsmart.com/PRESIDENT/" "Mozilla/3.02 (WinNT; I)"
138.220.87.180 - - [22/Oct/1999:08:53:49 -0400] "GET /curt.jpg HTTP/1.0" 200 4228 "http://www.selectsmart.com/PRESIDENT/" "Mozilla/3.02 (WinNT; I)"
138.220.87.180 - - [22/Oct/1999:08:53:50 -0400] "GET /PRESIDENT/TR.gif HTTP/1.0" 200 5566 "http://www.selectsmart.com/PRESIDENT/" "Mozilla/3.02 (WinNT; I)"
138.220.87.180 - - [22/Oct/1999:08:53:50 -0400] "GET /PRESIDENT/packaging.gif HTTP/1.0" 200 10663 "http://www.selectsmart.com/PRESIDENT/" "Mozilla/3.02 (WinNT; I)"
138.220.87.180 - - [22/Oct/1999:08:53:50 -0400] "GET /PRESIDENT/vidal.gif HTTP/1.0" 200 11342 "http://www.selectsmart.com/PRESIDENT/" "Mozilla/3.02 (WinNT; I)"
138.220.87.180 - - [22/Oct/1999:08:53:50 -0400] "GET /PRESIDENT/anecdote.gif HTTP/1.0" 200 6898 "http://www.selectsmart.com/PRESIDENT/" "Mozilla/3.02 (WinNT; I)"
138.220.87.180 - - [22/Oct/1999:08:53:50 -0400] "GET /PRESIDENT/campaigns.gif HTTP/1.0" 200 5835 "http://www.selectsmart.com/PRESIDENT/" "Mozilla/3.02 (WinNT; I)"
143.231.19.137 - - [22/Oct/1999:08:53:50 -0400] "GET /PRESIDENT/anecdote.gif HTTP/1.1" 200 6898 "http://www.selectsmart.com/PRESIDENT/" "Mozilla/4.0 (compatible; MSIE 4.01; Windows 98; ACS_IQ)"
143.231.19.137 - - [22/Oct/1999:08:53:50 -0400] "GET /BUSINESS/drop_v.jpg HTTP/1.1" 200 1963 "http://www.selectsmart.com/PRESIDENT/" "Mozilla/4.0 (compatible; MSIE 4.01; Windows 98; ACS_IQ)"
143.231.19.137 - - [22/Oct/1999:08:53:50 -0400] "GET /PRESIDENT/campaigns.gif HTTP/1.1" 200 5835 "http://www.selectsmart.com/PRESIDENT/" "Mozilla/4.0 (compatible; MSIE 4.01; Windows 98; ACS_IQ)"
143.231.19.137 - - [22/Oct/1999:08:53:50 -0400] "GET /BUSINESS/16.gif HTTP/1.1" 200 6704 "http://www.selectsmart.com/PRESIDENT/" "Mozilla/4.0 (compatible; MSIE 4.01; Windows 98; ACS_IQ)"
208.146.114.30 - - [22/Oct/1999:08:53:51 -0400] "GET /PRESIDENT/define16.htm HTTP/1.0" 200 229 "http://www.selectsmart.com/PRESIDENT/" "Mozilla/4.5 [en] (Win95; I)"
143.231.19.137 - - [22/Oct/1999:08:53:51 -0400] "GET /PRESIDENT/vidal.gif HTTP/1.1" 200 11342 "http://www.selectsmart.com/PRESIDENT/" "Mozilla/4.0 (compatible; MSIE 4.01; Windows 98; ACS_IQ)"
143.231.19.137 - - [22/Oct/1999:08:53:51 -0400] "GET /BUSINESS/drop_h.jpg HTTP/1.1" 200 2034 "http://www.selectsmart.com/PRESIDENT/" "Mozilla/4.0 (compatible; MSIE 4.01; Windows 98; ACS_IQ)"
143.231.19.137 - - [22/Oct/1999:08:53:51 -0400] "GET /PRESIDENT/packaging.gif HTTP/1.1" 200 10663 "http://www.selectsmart.com/PRESIDENT/" "Mozilla/4.0 (compatible; MSIE 4.01; Windows 98; ACS_IQ)"
143.231.19.137 - - [22/Oct/1999:08:53:51 -0400] "GET /PRESIDENT/TR.gif HTTP/1.1" 200 5566 "http://www.selectsmart.com/PRESIDENT/" "Mozilla/4.0 (compatible; MSIE 4.01; Windows 98; ACS_IQ)"
143.231.19.137 - - [22/Oct/1999:08:53:51 -0400] "GET /PRESIDENT/camp2000.gif HTTP/1.1" 200 7449 "http://www.selectsmart.com/PRESIDENT/" "Mozilla/4.0 (compatible; MSIE 4.01; Windows 98; ACS_IQ)"
143.231.19.137 - - [22/Oct/1999:08:53:51 -0400] "GET /curt.jpg HTTP/1.1" 200 4228 "http://www.selectsmart.com/PRESIDENT/" "Mozilla/4.0 (compatible; MSIE 4.01; Windows 98; ACS_IQ)"
129.1.204.161 - - [22/Oct/1999:08:53:53 -0400] "GET /PRESIDENT/results.php3?more=now&mid=6 HTTP/1.1" 200 6002 "http://www.selectsmart.com/PRESIDENT/results.php3" "Mozilla/4.0 (compatible; MSIE 4.01; MSN 2.5; Windows 98)"
129.1.204.161 - - [22/Oct/1999:08:53:53 -0400] "GET /PRESIDENT/images/bush.jpg HTTP/1.1" 200 2977 "http://www.selectsmart.com/PRESIDENT/results.php3?more=now&mid=6" "Mozilla/4.0 (compatible; MSIE 4.01; MSN 2.5; Windows 98)"
170.253.220.1 - - [22/Oct/1999:08:53:54 -0400] "POST /PRESIDENT/results.php3 HTTP/1.0" 200 6627 "http://www.selectsmart.com/PRESIDENT/" "Mozilla/4.0 (compatible; MSIE 4.01; Windows 95)"
216.44.69.204 - - [22/Oct/1999:08:53:56 -0400] "GET /PRESIDENT/ HTTP/1.1" 200 29678 "http://www.selectsmart.com/PRESIDENT/" "Mozilla/4.0 (compatible; MSIE 4.01; MSN 2.6; Windows 95)"
216.44.69.204 - - [22/Oct/1999:08:53:57 -0400] "GET /BUSINESS/16.gif HTTP/1.1" 200 6704 "http://www.selectsmart.com/PRESIDENT/" "Mozilla/4.0 (compatible; MSIE 4.01; MSN 2.6; Windows 95)"
216.44.69.204 - - [22/Oct/1999:08:53:58 -0400] "GET /BUSINESS/drop_v.jpg HTTP/1.1" 200 1963 "http://www.selectsmart.com/PRESIDENT/" "Mozilla/4.0 (compatible; MSIE 4.01; MSN 2.6; Windows 95)"
216.44.69.204 - - [22/Oct/1999:08:53:58 -0400] "GET /PRESIDENT/anecdote.gif HTTP/1.1" 200 6898 "http://www.selectsmart.com/PRESIDENT/" "Mozilla/4.0 (compatible; MSIE 4.01; MSN 2.6; Windows 95)"
216.44.69.204 - - [22/Oct/1999:08:53:58 -0400] "GET /PRESIDENT/campaigns.gif HTTP/1.1" 200 5835 "http://www.selectsmart.com/PRESIDENT/" "Mozilla/4.0 (compatible; MSIE 4.01; MSN 2.6; Windows 95)"
216.44.69.204 - - [22/Oct/1999:08:53:59 -0400] "GET /BUSINESS/drop_h.jpg HTTP/1.1" 200 2034 "http://www.selectsmart.com/PRESIDENT/" "Mozilla/4.0 (compatible; MSIE 4.01; MSN 2.6; Windows 95)"
206.42.12.226 - - [22/Oct/1999:08:53:59 -0400] "GET /PRESIDENT/define2.htm HTTP/1.1" 200 201 "-" "Mozilla/4.0 (compatible; MSIE 5.0; Windows 95; DigExt)"
209.240.200.21 - - [22/Oct/1999:08:54:01 -0400] "POST /PRESIDENT/results.php3 HTTP/1.0" 200 6625 "http://www.selectsmart.com/PRESIDENT/" "Mozilla/3.0 WebTV/1.2 (compatible; MSIE 2.0)"
216.44.69.204 - - [22/Oct/1999:08:54:01 -0400] "GET /PRESIDENT/packaging.gif HTTP/1.1" 200 10663 "http://www.selectsmart.com/PRESIDENT/" "Mozilla/4.0 (compatible; MSIE 4.01; MSN 2.6; Windows 95)"
199.105.144.14 - - [22/Oct/1999:08:54:03 -0400] "POST /PRESIDENT/results.php3 HTTP/1.0" 200 1376 "http://www.selectsmart.com/PRESIDENT/results.php3" "Mozilla/4.61 [en] (Win95; I)"
143.231.189.198 - - [22/Oct/1999:08:54:04 -0400] "POST /PRESIDENT/results.php3 HTTP/1.0" 200 6624 "http://www.selectsmart.com/PRESIDENT/" "Mozilla/4.5 [en] (Win95; U)"
143.231.14.249 - - [22/Oct/1999:08:54:04 -0400] "POST /PRESIDENT/results.php3 HTTP/1.1" 200 6641 "http://www.selectsmart.com/PRESIDENT/" "Mozilla/4.0 (compatible; MSIE 4.01; Windows NT)"
199.105.144.14 - - [22/Oct/1999:08:54:05 -0400] "GET /PRESIDENT/index.html HTTP/1.0" 200 29678 "http://www.selectsmart.com/PRESIDENT/results.php3" "Mozilla/4.61 [en] (Win95; I)"
216.44.69.204 - - [22/Oct/1999:08:54:13 -0400] "GET /PRESIDENT/vidal.gif HTTP/1.1" 200 11342 "http://www.selectsmart.com/PRESIDENT/" "Mozilla/4.0 (compatible; MSIE 4.01; MSN 2.6; Windows 95)"
204.214.145.2 - - [22/Oct/1999:08:54:14 -0400] "POST /PRESIDENT/results.php3 HTTP/1.0" 200 6626 "http://www.selectsmart.com/PRESIDENT/" "Mozilla/4.51 [en] (Win95; U)"
216.44.69.204 - - [22/Oct/1999:08:54:15 -0400] "GET /PRESIDENT/camp2000.gif HTTP/1.1" 200 7449 "http://www.selectsmart.com/PRESIDENT/" "Mozilla/4.0 (compatible; MSIE 4.01; MSN 2.6; Windows 95)"
206.42.12.226 - - [22/Oct/1999:08:54:18 -0400] "GET /PRESIDENT/define3.htm HTTP/1.1" 200 270 "-" "Mozilla/4.0 (compatible; MSIE 5.0; Windows 95; DigExt)"
209.141.72.47 - - [22/Oct/1999:08:54:30 -0400] "GET /PRESIDENT/ HTTP/1.0" 200 29678 "-" "Mozilla/2.0 (compatible; MSIE 3.02; Update a; Windows 95)"
208.146.114.30 - - [22/Oct/1999:08:54:32 -0400] "POST /PRESIDENT/results.php3 HTTP/1.0" 200 6625 "http://www.selectsmart.com/PRESIDENT/" "Mozilla/4.5 [en] (Win95; I)"
209.141.72.47 - - [22/Oct/1999:08:54:33 -0400] "GET /BUSINESS/16.gif HTTP/1.0" 200 6704 "http://www.selectsmart.com/PRESIDENT/" "Mozilla/2.0 (compatible; MSIE 3.02; Update a; Windows 95)"
209.141.72.47 - - [22/Oct/1999:08:54:33 -0400] "GET /BUSINESS/drop_v.jpg HTTP/1.0" 200 1963 "http://www.selectsmart.com/PRESIDENT/" "Mozilla/2.0 (compatible; MSIE 3.02; Update a; Windows 95)"
209.141.72.47 - - [22/Oct/1999:08:54:33 -0400] "GET /BUSINESS/drop_h.jpg HTTP/1.0" 200 2034 "http://www.selectsmart.com/PRESIDENT/" "Mozilla/2.0 (compatible; MSIE 3.02; Update a; Windows 95)"
209.141.72.47 - - [22/Oct/1999:08:54:37 -0400] "GET /PRESIDENT/anecdote.gif HTTP/1.0" 200 6898 "http://www.selectsmart.com/PRESIDENT/" "Mozilla/2.0 (compatible; MSIE 3.02; Update a; Windows 95)"
209.26.36.180 - - [22/Oct/1999:08:54:37 -0400] "POST /PRESIDENT/results.php3 HTTP/1.0" 200 6627 "http://www.selectsmart.com/PRESIDENT/index.html" "Mozilla/4.61 [en] (Win98; I)"
209.141.72.47 - - [22/Oct/1999:08:54:37 -0400] "GET /PRESIDENT/packaging.gif HTTP/1.0" 200 10663 "http://www.selectsmart.com/PRESIDENT/" "Mozilla/2.0 (compatible; MSIE 3.02; Update a; Windows 95)"
209.141.72.47 - - [22/Oct/1999:08:54:37 -0400] "GET /PRESIDENT/campaigns.gif HTTP/1.0" 200 5835 "http://www.selectsmart.com/PRESIDENT/" "Mozilla/2.0 (compatible; MSIE 3.02; Update a; Windows 95)"
209.141.72.47 - - [22/Oct/1999:08:54:37 -0400] "GET /PRESIDENT/vidal.gif HTTP/1.0" 200 11342 "http://www.selectsmart.com/PRESIDENT/" "Mozilla/2.0 (compatible; MSIE 3.02; Update a; Windows 95)"
38.176.236.89 - - [22/Oct/1999:08:54:39 -0400] "GET /PRESIDENT/ HTTP/1.1" 200 29678 "-" "Mozilla/4.0 (compatible; MSIE 5.0; Windows 95; DigExt)"
216.63.32.105 - - [22/Oct/1999:08:54:39 -0400] "GET /PRESIDENT/ HTTP/1.1" 200 29678 "-" "Mozilla/4.0 (compatible; MSIE 5.0; MSN 2.5; Windows 95; DigExt)"
204.143.7.3 - - [22/Oct/1999:08:54:39 -0400] "POST /PRESIDENT/results.php3 HTTP/1.0" 200 6624 "http://www.selectsmart.com/PRESIDENT/" "Mozilla/4.0 (compatible; MSIE 5.0; Windows NT; DigExt)"
38.176.236.89 - - [22/Oct/1999:08:54:40 -0400] "GET /PRESIDENT/anecdote.gif HTTP/1.1" 200 6898 "http://www.selectsmart.com/PRESIDENT/" "Mozilla/4.0 (compatible; MSIE 5.0; Windows 95; DigExt)"
38.176.236.89 - - [22/Oct/1999:08:54:40 -0400] "GET /BUSINESS/16.gif HTTP/1.1" 200 6704 "http://www.selectsmart.com/PRESIDENT/" "Mozilla/4.0 (compatible; MSIE 5.0; Windows 95; DigExt)"
38.176.236.89 - - [22/Oct/1999:08:54:40 -0400] "GET /BUSINESS/drop_v.jpg HTTP/1.1" 200 1963 "http://www.selectsmart.com/PRESIDENT/" "Mozilla/4.0 (compatible; MSIE 5.0; Windows 95; DigExt)"
208.46.96.34 - - [22/Oct/1999:08:54:41 -0400] "POST /PRESIDENT/results.php3 HTTP/1.1" 200 6640 "http://www.selectsmart.com/PRESIDENT/index.html" "Mozilla/4.0 (compatible; MSIE 4.01; Windows NT)"
38.176.236.89 - - [22/Oct/1999:08:54:41 -0400] "GET /PRESIDENT/packaging.gif HTTP/1.1" 200 10663 "http://www.selectsmart.com/PRESIDENT/" "Mozilla/4.0 (compatible; MSIE 5.0; Windows 95; DigExt)"
38.176.236.89 - - [22/Oct/1999:08:54:41 -0400] "GET /PRESIDENT/campaigns.gif HTTP/1.1" 200 5835 "http://www.selectsmart.com/PRESIDENT/" "Mozilla/4.0 (compatible; MSIE 5.0; Windows 95; DigExt)"
38.176.236.89 - - [22/Oct/1999:08:54:41 -0400] "GET /BUSINESS/drop_h.jpg HTTP/1.1" 200 2034 "http://www.selectsmart.com/PRESIDENT/" "Mozilla/4.0 (compatible; MSIE 5.0; Windows 95; DigExt)"
170.253.220.1 - - [22/Oct/1999:08:54:41 -0400] "POST /PRESIDENT/results.php3 HTTP/1.0" 200 1376 "http://www.selectsmart.com/PRESIDENT/results.php3" "Mozilla/4.0 (compatible; MSIE 4.01; Windows 95)"
216.63.32.105 - - [22/Oct/1999:08:54:42 -0400] "GET /BUSINESS/16.gif HTTP/1.1" 200 6704 "http://www.selectsmart.com/PRESIDENT/" "Mozilla/4.0 (compatible; MSIE 5.0; MSN 2.5; Windows 95; DigExt)"
216.63.32.105 - - [22/Oct/1999:08:54:42 -0400] "GET /BUSINESS/drop_v.jpg HTTP/1.1" 200 1963 "http://www.selectsmart.com/PRESIDENT/" "Mozilla/4.0 (compatible; MSIE 5.0; MSN 2.5; Windows 95; DigExt)"
216.63.32.105 - - [22/Oct/1999:08:54:42 -0400] "GET /PRESIDENT/anecdote.gif HTTP/1.1" 200 6898 "http://www.selectsmart.com/PRESIDENT/" "Mozilla/4.0 (compatible; MSIE 5.0; MSN 2.5; Windows 95; DigExt)"
38.176.236.89 - - [22/Oct/1999:08:54:43 -0400] "GET /PRESIDENT/vidal.gif HTTP/1.1" 200 11342 "http://www.selectsmart.com/PRESIDENT/" "Mozilla/4.0 (compatible; MSIE 5.0; Windows 95; DigExt)"
216.63.32.105 - - [22/Oct/1999:08:54:43 -0400] "GET /PRESIDENT/campaigns.gif HTTP/1.1" 200 5835 "http://www.selectsmart.com/PRESIDENT/" "Mozilla/4.0 (compatible; MSIE 5.0; MSN 2.5; Windows 95; DigExt)"
38.176.236.89 - - [22/Oct/1999:08:54:43 -0400] "GET /PRESIDENT/TR.gif HTTP/1.1" 200 5566 "http://www.selectsmart.com/PRESIDENT/" "Mozilla/4.0 (compatible; MSIE 5.0; Windows 95; DigExt)"
216.63.32.105 - - [22/Oct/1999:08:54:43 -0400] "GET /BUSINESS/drop_h.jpg HTTP/1.1" 200 2034 "http://www.selectsmart.com/PRESIDENT/" "Mozilla/4.0 (compatible; MSIE 5.0; MSN 2.5; Windows 95; DigExt)"
216.63.32.105 - - [22/Oct/1999:08:54:43 -0400] "GET /PRESIDENT/packaging.gif HTTP/1.1" 200 10663 "http://www.selectsmart.com/PRESIDENT/" "Mozilla/4.0 (compatible; MSIE 5.0; MSN 2.5; Windows 95; DigExt)"
207.22.92.18 - - [22/Oct/1999:08:54:44 -0400] "POST /PRESIDENT/results.php3 HTTP/1.0" 200 6624 "http://www.selectsmart.com/PRESIDENT/" "Mozilla/4.5 [en] (Win95; U)"
38.176.236.89 - - [22/Oct/1999:08:54:44 -0400] "GET /PRESIDENT/camp2000.gif HTTP/1.1" 200 7449 "http://www.selectsmart.com/PRESIDENT/" "Mozilla/4.0 (compatible; MSIE 5.0; Windows 95; DigExt)"
38.176.236.89 - - [22/Oct/1999:08:54:45 -0400] "GET /curt.jpg HTTP/1.1" 200 4228 "http://www.selectsmart.com/PRESIDENT/" "Mozilla/4.0 (compatible; MSIE 5.0; Windows 95; DigExt)"
216.63.32.105 - - [22/Oct/1999:08:54:45 -0400] "GET /PRESIDENT/vidal.gif HTTP/1.1" 200 11342 "http://www.selectsmart.com/PRESIDENT/" "Mozilla/4.0 (compatible; MSIE 5.0; MSN 2.5; Windows 95; DigExt)"
216.63.32.105 - - [22/Oct/1999:08:54:45 -0400] "GET /PRESIDENT/TR.gif HTTP/1.1" 200 5566 "http://www.selectsmart.com/PRESIDENT/" "Mozilla/4.0 (compatible; MSIE 5.0; MSN 2.5; Windows 95; DigExt)"
216.63.32.105 - - [22/Oct/1999:08:54:46 -0400] "GET /PRESIDENT/camp2000.gif HTTP/1.1" 200 7449 "http://www.selectsmart.com/PRESIDENT/" "Mozilla/4.0 (compatible; MSIE 5.0; MSN 2.5; Windows 95; DigExt)"
216.63.32.105 - - [22/Oct/1999:08:54:47 -0400] "GET /curt.jpg HTTP/1.1" 200 4228 "http://www.selectsmart.com/PRESIDENT/" "Mozilla/4.0 (compatible; MSIE 5.0; MSN 2.5; Windows 95; DigExt)"
209.141.72.47 - - [22/Oct/1999:08:54:47 -0400] "GET /PRESIDENT/TR.gif HTTP/1.0" 200 5566 "http://www.selectsmart.com/PRESIDENT/" "Mozilla/2.0 (compatible; MSIE 3.02; Update a; Windows 95)"
143.231.14.249 - - [22/Oct/1999:08:54:52 -0400] "GET /PRESIDENT/results.php3?more=now&mid=3 HTTP/1.1" 200 7840 "http://www.selectsmart.com/PRESIDENT/results.php3" "Mozilla/4.0 (compatible; MSIE 4.01; Windows NT)"
143.231.14.249 - - [22/Oct/1999:08:54:52 -0400] "GET /PRESIDENT/images/bradley.jpg HTTP/1.1" 200 2294 "http://www.selectsmart.com/PRESIDENT/results.php3?more=now&mid=3" "Mozilla/4.0 (compatible; MSIE 4.01; Windows NT)"
170.253.220.1 - - [22/Oct/1999:08:54:52 -0400] "GET /PRESIDENT/index.html HTTP/1.0" 200 29678 "http://www.selectsmart.com/PRESIDENT/results.php3" "Mozilla/4.0 (compatible; MSIE 4.01; Windows 95)"
143.231.14.249 - - [22/Oct/1999:08:55:02 -0400] "GET /PRESIDENT/results.php3?more=now&mid=6 HTTP/1.1" 200 6002 "http://www.selectsmart.com/PRESIDENT/results.php3" "Mozilla/4.0 (compatible; MSIE 4.01; Windows NT)"
143.231.14.249 - - [22/Oct/1999:08:55:02 -0400] "GET /PRESIDENT/images/bush.jpg HTTP/1.1" 200 2977 "http://www.selectsmart.com/PRESIDENT/results.php3?more=now&mid=6" "Mozilla/4.0 (compatible; MSIE 4.01; Windows NT)"
207.96.54.149 - - [22/Oct/1999:08:55:03 -0400] "GET /PRESIDENT/ HTTP/1.1" 200 29678 "-" "Mozilla/4.0 (compatible; MSIE 4.01; Windows 95)"
207.96.54.149 - - [22/Oct/1999:08:55:05 -0400] "GET /PRESIDENT/anecdote.gif HTTP/1.1" 200 6898 "http://www.selectsmart.com/PRESIDENT/" "Mozilla/4.0 (compatible; MSIE 4.01; Windows 95)"
207.96.54.149 - - [22/Oct/1999:08:55:05 -0400] "GET /BUSINESS/drop_v.jpg HTTP/1.1" 200 1963 "http://www.selectsmart.com/PRESIDENT/" "Mozilla/4.0 (compatible; MSIE 4.01; Windows 95)"
207.96.54.149 - - [22/Oct/1999:08:55:05 -0400] "GET /PRESIDENT/campaigns.gif HTTP/1.1" 200 5835 "http://www.selectsmart.com/PRESIDENT/" "Mozilla/4.0 (compatible; MSIE 4.01; Windows 95)"
207.96.54.149 - - [22/Oct/1999:08:55:05 -0400] "GET /BUSINESS/16.gif HTTP/1.1" 200 6704 "http://www.selectsmart.com/PRESIDENT/" "Mozilla/4.0 (compatible; MSIE 4.01; Windows 95)"
207.96.54.149 - - [22/Oct/1999:08:55:05 -0400] "GET /PRESIDENT/packaging.gif HTTP/1.1" 200 10663 "http://www.selectsmart.com/PRESIDENT/" "Mozilla/4.0 (compatible; MSIE 4.01; Windows 95)"
207.96.54.149 - - [22/Oct/1999:08:55:05 -0400] "GET /BUSINESS/drop_h.jpg HTTP/1.1" 200 2034 "http://www.selectsmart.com/PRESIDENT/" "Mozilla/4.0 (compatible; MSIE 4.01; Windows 95)"
207.96.54.149 - - [22/Oct/1999:08:55:05 -0400] "GET /PRESIDENT/vidal.gif HTTP/1.1" 200 11342 "http://www.selectsmart.com/PRESIDENT/" "Mozilla/4.0 (compatible; MSIE 4.01; Windows 95)"
207.96.54.186 - - [22/Oct/1999:08:55:05 -0400] "GET /PRESIDENT/ HTTP/1.1" 200 29678 "-" "Mozilla/4.0 (compatible; MSIE 4.01; Windows 95)"
207.96.54.149 - - [22/Oct/1999:08:55:06 -0400] "GET /PRESIDENT/TR.gif HTTP/1.1" 200 5566 "http://www.selectsmart.com/PRESIDENT/" "Mozilla/4.0 (compatible; MSIE 4.01; Windows 95)"
207.96.54.149 - - [22/Oct/1999:08:55:06 -0400] "GET /PRESIDENT/camp2000.gif HTTP/1.1" 200 7449 "http://www.selectsmart.com/PRESIDENT/" "Mozilla/4.0 (compatible; MSIE 4.01; Windows 95)"
207.96.54.149 - - [22/Oct/1999:08:55:06 -0400] "GET /curt.jpg HTTP/1.1" 200 4228 "http://www.selectsmart.com/PRESIDENT/" "Mozilla/4.0 (compatible; MSIE 4.01; Windows 95)"
170.253.220.1 - - [22/Oct/1999:08:55:06 -0400] "POST /PRESIDENT/results.php3 HTTP/1.0" 200 12930 "http://www.selectsmart.com/PRESIDENT/results.php3" "Mozilla/4.0 (compatible; MSIE 4.01; Windows 95)"
170.253.220.1 - - [22/Oct/1999:08:55:07 -0400] "GET /PRESIDENT/images/bradley.jpg HTTP/1.0" 304 - "http://www.selectsmart.com/PRESIDENT/results.php3" "Mozilla/4.0 (compatible; MSIE 4.01; Windows 95)"
170.253.220.1 - - [22/Oct/1999:08:55:07 -0400] "GET /PRESIDENT/images/gore.jpg HTTP/1.0" 200 2930 "http://www.selectsmart.com/PRESIDENT/results.php3" "Mozilla/4.0 (compatible; MSIE 4.01; Windows 95)"
207.96.54.186 - - [22/Oct/1999:08:55:08 -0400] "GET /PRESIDENT/anecdote.gif HTTP/1.1" 200 6898 "http://www.selectsmart.com/PRESIDENT/" "Mozilla/4.0 (compatible; MSIE 4.01; Windows 95)"
207.96.54.186 - - [22/Oct/1999:08:55:08 -0400] "GET /BUSINESS/16.gif HTTP/1.1" 200 6704 "http://www.selectsmart.com/PRESIDENT/" "Mozilla/4.0 (compatible; MSIE 4.01; Windows 95)"
207.96.54.186 - - [22/Oct/1999:08:55:08 -0400] "GET /BUSINESS/drop_v.jpg HTTP/1.1" 200 1963 "http://www.selectsmart.com/PRESIDENT/" "Mozilla/4.0 (compatible; MSIE 4.01; Windows 95)"
207.96.54.186 - - [22/Oct/1999:08:55:08 -0400] "GET /PRESIDENT/campaigns.gif HTTP/1.1" 200 5835 "http://www.selectsmart.com/PRESIDENT/" "Mozilla/4.0 (compatible; MSIE 4.01; Windows 95)"
207.96.54.186 - - [22/Oct/1999:08:55:08 -0400] "GET /PRESIDENT/packaging.gif HTTP/1.1" 200 10663 "http://www.selectsmart.com/PRESIDENT/" "Mozilla/4.0 (compatible; MSIE 4.01; Windows 95)"
207.96.54.186 - - [22/Oct/1999:08:55:09 -0400] "GET /PRESIDENT/vidal.gif HTTP/1.1" 200 11342 "http://www.selectsmart.com/PRESIDENT/" "Mozilla/4.0 (compatible; MSIE 4.01; Windows 95)"
207.96.54.186 - - [22/Oct/1999:08:55:09 -0400] "GET /PRESIDENT/TR.gif HTTP/1.1" 200 5566 "http://www.selectsmart.com/PRESIDENT/" "Mozilla/4.0 (compatible; MSIE 4.01; Windows 95)"
207.96.54.186 - - [22/Oct/1999:08:55:09 -0400] "GET /PRESIDENT/camp2000.gif HTTP/1.1" 200 7449 "http://www.selectsmart.com/PRESIDENT/" "Mozilla/4.0 (compatible; MSIE 4.01; Windows 95)"
207.96.54.186 - - [22/Oct/1999:08:55:09 -0400] "GET /curt.jpg HTTP/1.1" 200 4228 "http://www.selectsmart.com/PRESIDENT/" "Mozilla/4.0 (compatible; MSIE 4.01; Windows 95)"
207.96.54.186 - - [22/Oct/1999:08:55:11 -0400] "GET /BUSINESS/drop_h.jpg HTTP/1.1" 200 2034 "http://www.selectsmart.com/PRESIDENT/" "Mozilla/4.0 (compatible; MSIE 4.01; Windows 95)"
206.42.12.226 - - [22/Oct/1999:08:55:14 -0400] "GET /PRESIDENT/define8.htm HTTP/1.1" 200 322 "-" "Mozilla/4.0 (compatible; MSIE 5.0; Windows 95; DigExt)"
138.220.87.180 - - [22/Oct/1999:08:55:15 -0400] "GET /PRESIDENT/define2.htm HTTP/1.0" 200 201 "http://www.selectsmart.com/PRESIDENT/" "Mozilla/3.02 (WinNT; I)"
143.231.230.67 - - [22/Oct/1999:08:55:15 -0400] "GET /PRESIDENT/define8.htm HTTP/1.0" 200 322 "http://www.selectsmart.com/PRESIDENT/" "Mozilla/4.51 [en] (Win95; I)"
199.95.76.233 - - [22/Oct/1999:08:55:17 -0400] "POST /PRESIDENT/results.php3 HTTP/1.0" 200 6624 "http://www.selectsmart.com/PRESIDENT/" "Mozilla/4.5 [en] (Win98; U)"
206.68.130.30 - - [22/Oct/1999:08:55:21 -0400] "GET /favicon.ico HTTP/1.0" 404 205 "-" "Mozilla/4.0 (compatible; MSIE 5.0; Windows 95; DigExt)"
206.68.130.30 - - [22/Oct/1999:08:55:21 -0400] "GET /favicon.ico HTTP/1.0" 404 205 "-" "Mozilla/4.0 (compatible; MSIE 5.0; Windows 95; DigExt)"
209.64.200.66 - - [22/Oct/1999:08:55:23 -0400] "GET /PRESIDENT/ HTTP/1.0" 200 29678 "-" "Mozilla/4.0 (compatible; MSIE 5.0; Windows NT; DigExt)"
209.64.200.66 - - [22/Oct/1999:08:55:24 -0400] "GET /BUSINESS/16.gif HTTP/1.0" 200 6704 "http://www.selectsmart.com/PRESIDENT/" "Mozilla/4.0 (compatible; MSIE 5.0; Windows NT; DigExt)"
209.64.200.66 - - [22/Oct/1999:08:55:24 -0400] "GET /PRESIDENT/anecdote.gif HTTP/1.0" 200 6898 "http://www.selectsmart.com/PRESIDENT/" "Mozilla/4.0 (compatible; MSIE 5.0; Windows NT; DigExt)"
209.64.200.66 - - [22/Oct/1999:08:55:24 -0400] "GET /BUSINESS/drop_v.jpg HTTP/1.0" 200 1963 "http://www.selectsmart.com/PRESIDENT/" "Mozilla/4.0 (compatible; MSIE 5.0; Windows NT; DigExt)"
209.64.200.66 - - [22/Oct/1999:08:55:24 -0400] "GET /BUSINESS/drop_h.jpg HTTP/1.0" 200 2034 "http://www.selectsmart.com/PRESIDENT/" "Mozilla/4.0 (compatible; MSIE 5.0; Windows NT; DigExt)"
209.64.200.66 - - [22/Oct/1999:08:55:24 -0400] "GET /PRESIDENT/campaigns.gif HTTP/1.0" 200 5835 "http://www.selectsmart.com/PRESIDENT/" "Mozilla/4.0 (compatible; MSIE 5.0; Windows NT; DigExt)"
209.64.200.66 - - [22/Oct/1999:08:55:24 -0400] "GET /PRESIDENT/packaging.gif HTTP/1.0" 200 10663 "http://www.selectsmart.com/PRESIDENT/" "Mozilla/4.0 (compatible; MSIE 5.0; Windows NT; DigExt)"
209.64.200.66 - - [22/Oct/1999:08:55:24 -0400] "GET /PRESIDENT/vidal.gif HTTP/1.0" 200 11342 "http://www.selectsmart.com/PRESIDENT/" "Mozilla/4.0 (compatible; MSIE 5.0; Windows NT; DigExt)"
209.64.200.66 - - [22/Oct/1999:08:55:25 -0400] "GET /PRESIDENT/TR.gif HTTP/1.0" 200 5566 "http://www.selectsmart.com/PRESIDENT/" "Mozilla/4.0 (compatible; MSIE 5.0; Windows NT; DigExt)"
209.64.200.66 - - [22/Oct/1999:08:55:25 -0400] "GET /PRESIDENT/camp2000.gif HTTP/1.0" 200 7449 "http://www.selectsmart.com/PRESIDENT/" "Mozilla/4.0 (compatible; MSIE 5.0; Windows NT; DigExt)"
209.64.200.66 - - [22/Oct/1999:08:55:25 -0400] "GET /curt.jpg HTTP/1.0" 200 4228 "http://www.selectsmart.com/PRESIDENT/" "Mozilla/4.0 (compatible; MSIE 5.0; Windows NT; DigExt)"
204.143.7.3 - - [22/Oct/1999:08:55:27 -0400] "GET /PRESIDENT/results.php3?more=now&mid=9 HTTP/1.0" 200 6093 "http://www.selectsmart.com/PRESIDENT/results.php3" "Mozilla/4.0 (compatible; MSIE 5.0; Windows NT; DigExt)"
204.143.7.3 - - [22/Oct/1999:08:55:27 -0400] "GET /PRESIDENT/images/gore.jpg HTTP/1.0" 200 2930 "http://www.selectsmart.com/PRESIDENT/results.php3?more=now&mid=9" "Mozilla/4.0 (compatible; MSIE 5.0; Windows NT; DigExt)"
206.68.130.30 - - [22/Oct/1999:08:55:29 -0400] "GET /DOG HTTP/1.0" 301 235 "http://selectsmart.com/indexa.html" "Mozilla/4.0 (compatible; MSIE 5.0; Windows 95; DigExt)"
206.68.130.30 - - [22/Oct/1999:08:55:30 -0400] "GET /DOG/ HTTP/1.0" 200 26494 "http://selectsmart.com/indexa.html" "Mozilla/4.0 (compatible; MSIE 5.0; Windows 95; DigExt)"
206.68.130.30 - - [22/Oct/1999:08:55:30 -0400] "GET /DOG/purinadog.gif HTTP/1.0" 200 11906 "http://www.selectsmart.com/DOG/" "Mozilla/4.0 (compatible; MSIE 5.0; Windows 95; DigExt)"
206.68.130.30 - - [22/Oct/1999:08:55:30 -0400] "GET /DOG/toydog.gif HTTP/1.0" 200 11205 "http://www.selectsmart.com/DOG/" "Mozilla/4.0 (compatible; MSIE 5.0; Windows 95; DigExt)"
206.68.130.30 - - [22/Oct/1999:08:55:30 -0400] "GET /DOG/compet.gif HTTP/1.0" 200 15373 "http://www.selectsmart.com/DOG/" "Mozilla/4.0 (compatible; MSIE 5.0; Windows 95; DigExt)"
207.172.70.49 - - [22/Oct/1999:08:55:30 -0400] "GET /BUSINESS/16.gif HTTP/1.0" 200 6704 "http://www.selectsmart.com/PRESIDENT/" "Mozilla/4.6 (Macintosh; I; PPC)"
207.172.70.49 - - [22/Oct/1999:08:55:30 -0400] "GET /BUSINESS/drop_h.jpg HTTP/1.0" 200 2034 "http://www.selectsmart.com/PRESIDENT/" "Mozilla/4.6 (Macintosh; I; PPC)"
207.172.70.49 - - [22/Oct/1999:08:55:31 -0400] "GET /PRESIDENT/ HTTP/1.0" 200 29678 "-" "Mozilla/4.6 (Macintosh; I; PPC)"
207.172.70.49 - - [22/Oct/1999:08:55:31 -0400] "GET /BUSINESS/drop_v.jpg HTTP/1.0" 200 1963 "http://www.selectsmart.com/PRESIDENT/" "Mozilla/4.6 (Macintosh; I; PPC)"
206.68.130.30 - - [22/Oct/1999:08:55:31 -0400] "GET /DOG/gettingthemost.gif HTTP/1.0" 200 7267 "http://www.selectsmart.com/DOG/" "Mozilla/4.0 (compatible; MSIE 5.0; Windows 95; DigExt)"
206.68.130.30 - - [22/Oct/1999:08:55:31 -0400] "GET /DOG/trickisin.gif HTTP/1.0" 200 13603 "http://www.selectsmart.com/DOG/" "Mozilla/4.0 (compatible; MSIE 5.0; Windows 95; DigExt)"
206.68.130.30 - - [22/Oct/1999:08:55:31 -0400] "GET /DOG/pudgy.gif HTTP/1.0" 200 14675 "http://www.selectsmart.com/DOG/" "Mozilla/4.0 (compatible; MSIE 5.0; Windows 95; DigExt)"
143.231.230.67 - - [22/Oct/1999:08:55:33 -0400] "GET /PRESIDENT/define8a.htm HTTP/1.0" 200 193 "http://www.selectsmart.com/PRESIDENT/" "Mozilla/4.51 [en] (Win95; I)"
208.146.114.30 - - [22/Oct/1999:08:55:34 -0400] "POST /PRESIDENT/results.php3 HTTP/1.0" 200 40321 "http://www.selectsmart.com/PRESIDENT/results.php3" "Mozilla/4.5 [en] (Win95; I)"
208.146.114.30 - - [22/Oct/1999:08:55:34 -0400] "GET /PRESIDENT/images/bauer.jpg HTTP/1.0" 200 2154 "http://www.selectsmart.com/PRESIDENT/results.php3" "Mozilla/4.5 [en] (Win95; I)"
208.146.114.30 - - [22/Oct/1999:08:55:34 -0400] "GET /PRESIDENT/images/bradley.jpg HTTP/1.0" 200 2294 "http://www.selectsmart.com/PRESIDENT/results.php3" "Mozilla/4.5 [en] (Win95; I)"
143.231.64.72 - - [22/Oct/1999:08:55:34 -0400] "POST /PRESIDENT/results.php3 HTTP/1.1" 200 6637 "http://www.selectsmart.com/PRESIDENT/" "Mozilla/4.0 (compatible; MSIE 4.01; Windows 95; ACS_IQ)"
207.172.70.49 - - [22/Oct/1999:08:55:34 -0400] "GET /PRESIDENT/TR.gif HTTP/1.0" 200 5566 "http://www.selectsmart.com/PRESIDENT/" "Mozilla/4.6 (Macintosh; I; PPC)"
208.146.114.30 - - [22/Oct/1999:08:55:35 -0400] "GET /PRESIDENT/images/bush.jpg HTTP/1.0" 200 2977 "http://www.selectsmart.com/PRESIDENT/results.php3" "Mozilla/4.5 [en] (Win95; I)"
208.146.114.30 - - [22/Oct/1999:08:55:35 -0400] "GET /PRESIDENT/forbes.gif HTTP/1.0" 200 6324 "http://www.selectsmart.com/PRESIDENT/results.php3" "Mozilla/4.5 [en] (Win95; I)"
208.146.114.30 - - [22/Oct/1999:08:55:35 -0400] "GET /PRESIDENT/images/browne.jpg HTTP/1.0" 200 2199 "http://www.selectsmart.com/PRESIDENT/results.php3" "Mozilla/4.5 [en] (Win95; I)"
207.172.70.49 - - [22/Oct/1999:08:55:36 -0400] "GET /PRESIDENT/anecdote.gif HTTP/1.0" 200 6898 "http://www.selectsmart.com/PRESIDENT/" "Mozilla/4.6 (Macintosh; I; PPC)"
207.172.70.49 - - [22/Oct/1999:08:55:36 -0400] "GET /PRESIDENT/packaging.gif HTTP/1.0" 200 10663 "http://www.selectsmart.com/PRESIDENT/" "Mozilla/4.6 (Macintosh; I; PPC)"
208.146.114.30 - - [22/Oct/1999:08:55:36 -0400] "GET /PRESIDENT/hatch.gif HTTP/1.0" 200 6423 "http://www.selectsmart.com/PRESIDENT/results.php3" "Mozilla/4.5 [en] (Win95; I)"
208.146.114.30 - - [22/Oct/1999:08:55:36 -0400] "GET /PRESIDENT/images/mccain.jpg HTTP/1.0" 200 2299 "http://www.selectsmart.com/PRESIDENT/results.php3" "Mozilla/4.5 [en] (Win95; I)"
143.231.73.197 - - [22/Oct/1999:08:55:37 -0400] "GET /PRESIDENT/ HTTP/1.1" 200 29678 "-" "Mozilla/4.0 (compatible; MSIE 4.01; Windows 95)"
207.172.70.49 - - [22/Oct/1999:08:55:37 -0400] "GET /PRESIDENT/vidal.gif HTTP/1.0" 200 11342 "http://www.selectsmart.com/PRESIDENT/" "Mozilla/4.6 (Macintosh; I; PPC)"
207.172.70.49 - - [22/Oct/1999:08:55:37 -0400] "GET /PRESIDENT/campaigns.gif HTTP/1.0" 200 5835 "http://www.selectsmart.com/PRESIDENT/" "Mozilla/4.6 (Macintosh; I; PPC)"
143.231.189.198 - - [22/Oct/1999:08:55:38 -0400] "POST /PRESIDENT/results.php3 HTTP/1.0" 200 12173 "http://www.selectsmart.com/PRESIDENT/results.php3" "Mozilla/4.5 [en] (Win95; U)"
143.231.73.197 - - [22/Oct/1999:08:55:39 -0400] "GET /PRESIDENT/anecdote.gif HTTP/1.1" 200 6898 "http://www.selectsmart.com/PRESIDENT/" "Mozilla/4.0 (compatible; MSIE 4.01; Windows 95)"
143.231.73.197 - - [22/Oct/1999:08:55:39 -0400] "GET /BUSINESS/16.gif HTTP/1.1" 200 6704 "http://www.selectsmart.com/PRESIDENT/" "Mozilla/4.0 (compatible; MSIE 4.01; Windows 95)"
143.231.73.197 - - [22/Oct/1999:08:55:39 -0400] "GET /BUSINESS/drop_v.jpg HTTP/1.1" 200 1963 "http://www.selectsmart.com/PRESIDENT/" "Mozilla/4.0 (compatible; MSIE 4.01; Windows 95)"
143.231.73.197 - - [22/Oct/1999:08:55:39 -0400] "GET /PRESIDENT/campaigns.gif HTTP/1.1" 200 5835 "http://www.selectsmart.com/PRESIDENT/" "Mozilla/4.0 (compatible; MSIE 4.01; Windows 95)"
143.231.73.197 - - [22/Oct/1999:08:55:39 -0400] "GET /PRESIDENT/packaging.gif HTTP/1.1" 200 10663 "http://www.selectsmart.com/PRESIDENT/" "Mozilla/4.0 (compatible; MSIE 4.01; Windows 95)"
143.231.189.198 - - [22/Oct/1999:08:55:39 -0400] "GET /PRESIDENT/images/bauer.jpg HTTP/1.0" 200 2154 "http://www.selectsmart.com/PRESIDENT/results.php3" "Mozilla/4.5 [en] (Win95; U)"
143.231.73.197 - - [22/Oct/1999:08:55:40 -0400] "GET /BUSINESS/drop_h.jpg HTTP/1.1" 200 2034 "http://www.selectsmart.com/PRESIDENT/" "Mozilla/4.0 (compatible; MSIE 4.01; Windows 95)"
143.231.73.197 - - [22/Oct/1999:08:55:40 -0400] "GET /PRESIDENT/vidal.gif HTTP/1.1" 200 11342 "http://www.selectsmart.com/PRESIDENT/" "Mozilla/4.0 (compatible; MSIE 4.01; Windows 95)"
143.231.73.197 - - [22/Oct/1999:08:55:40 -0400] "GET /PRESIDENT/TR.gif HTTP/1.1" 200 5566 "http://www.selectsmart.com/PRESIDENT/" "Mozilla/4.0 (compatible; MSIE 4.01; Windows 95)"
143.231.189.198 - - [22/Oct/1999:08:55:40 -0400] "GET /PRESIDENT/images/bush.jpg HTTP/1.0" 200 2977 "http://www.selectsmart.com/PRESIDENT/results.php3" "Mozilla/4.5 [en] (Win95; U)"
143.231.73.197 - - [22/Oct/1999:08:55:40 -0400] "GET /PRESIDENT/camp2000.gif HTTP/1.1" 200 7449 "http://www.selectsmart.com/PRESIDENT/" "Mozilla/4.0 (compatible; MSIE 4.01; Windows 95)"
143.231.73.197 - - [22/Oct/1999:08:55:40 -0400] "GET /curt.jpg HTTP/1.1" 200 4228 "http://www.selectsmart.com/PRESIDENT/" "Mozilla/4.0 (compatible; MSIE 4.01; Windows 95)"
207.172.70.49 - - [22/Oct/1999:08:55:46 -0400] "GET /curt.jpg HTTP/1.0" 200 4228 "http://www.selectsmart.com/PRESIDENT/" "Mozilla/4.6 (Macintosh; I; PPC)"
207.172.70.49 - - [22/Oct/1999:08:55:46 -0400] "GET /PRESIDENT/camp2000.gif HTTP/1.0" 200 7449 "http://www.selectsmart.com/PRESIDENT/" "Mozilla/4.6 (Macintosh; I; PPC)"
207.22.92.18 - - [22/Oct/1999:08:55:49 -0400] "GET /PRESIDENT/results.php3?more=now&mid=1 HTTP/1.0" 200 7174 "http://www.selectsmart.com/PRESIDENT/results.php3" "Mozilla/4.5 [en] (Win95; U)"
207.22.92.18 - - [22/Oct/1999:08:55:50 -0400] "GET /PRESIDENT/images/bauer.jpg HTTP/1.0" 200 2154 "http://www.selectsmart.com/PRESIDENT/results.php3?more=now&mid=1" "Mozilla/4.5 [en] (Win95; U)"
