164.224.250.55 - - [22/Oct/1999:07:05:16 -0400] "GET /curt.jpg HTTP/1.0" 200 4228 "http://www.selectsmart.com/PRESIDENT/" "Mozilla/4.0 (compatible; MSIE 4.01; Windows 95)"
63.68.16.228 - - [22/Oct/1999:07:06:15 -0400] "GET /PRESIDENT/ HTTP/1.0" 200 0 "http://www.freerepublic.com/forum/a380fd23a2489.htm" "Mozilla/4.0 (compatible; MSIE 5.0; Windows 95; DigExt)"
63.68.16.228 - - [22/Oct/1999:07:06:16 -0400] "GET /PRESIDENT/ HTTP/1.0" 200 29678 "http://www.freerepublic.com/forum/a380fd23a2489.htm" "Mozilla/4.0 (compatible; MSIE 5.0; Windows 95; DigExt)"
63.68.16.228 - - [22/Oct/1999:07:06:19 -0400] "GET /BUSINESS/16.gif HTTP/1.0" 200 6704 "http://www.selectsmart.com/PRESIDENT/" "Mozilla/4.0 (compatible; MSIE 5.0; Windows 95; DigExt)"
63.68.16.228 - - [22/Oct/1999:07:06:20 -0400] "GET /PRESIDENT/campaigns.gif HTTP/1.0" 200 5835 "http://www.selectsmart.com/PRESIDENT/" "Mozilla/4.0 (compatible; MSIE 5.0; Windows 95; DigExt)"
63.68.16.228 - - [22/Oct/1999:07:06:20 -0400] "GET /PRESIDENT/packaging.gif HTTP/1.0" 200 10663 "http://www.selectsmart.com/PRESIDENT/" "Mozilla/4.0 (compatible; MSIE 5.0; Windows 95; DigExt)"
63.68.16.228 - - [22/Oct/1999:07:06:21 -0400] "GET /PRESIDENT/TR.gif HTTP/1.0" 200 5566 "http://www.selectsmart.com/PRESIDENT/" "Mozilla/4.0 (compatible; MSIE 5.0; Windows 95; DigExt)"
63.68.16.228 - - [22/Oct/1999:07:06:21 -0400] "GET /BUSINESS/drop_h.jpg HTTP/1.0" 200 2034 "http://www.selectsmart.com/PRESIDENT/" "Mozilla/4.0 (compatible; MSIE 5.0; Windows 95; DigExt)"
63.68.16.228 - - [22/Oct/1999:07:06:22 -0400] "GET /PRESIDENT/anecdote.gif HTTP/1.0" 200 6898 "http://www.selectsmart.com/PRESIDENT/" "Mozilla/4.0 (compatible; MSIE 5.0; Windows 95; DigExt)"
63.68.16.228 - - [22/Oct/1999:07:06:22 -0400] "GET /BUSINESS/drop_v.jpg HTTP/1.0" 200 1963 "http://www.selectsmart.com/PRESIDENT/" "Mozilla/4.0 (compatible; MSIE 5.0; Windows 95; DigExt)"
63.68.16.228 - - [22/Oct/1999:07:06:23 -0400] "GET /PRESIDENT/vidal.gif HTTP/1.0" 200 11342 "http://www.selectsmart.com/PRESIDENT/" "Mozilla/4.0 (compatible; MSIE 5.0; Windows 95; DigExt)"
63.68.16.228 - - [22/Oct/1999:07:06:23 -0400] "GET /PRESIDENT/camp2000.gif HTTP/1.0" 200 7449 "http://www.selectsmart.com/PRESIDENT/" "Mozilla/4.0 (compatible; MSIE 5.0; Windows 95; DigExt)"
63.68.16.228 - - [22/Oct/1999:07:06:23 -0400] "GET /curt.jpg HTTP/1.0" 200 4228 "http://www.selectsmart.com/PRESIDENT/" "Mozilla/4.0 (compatible; MSIE 5.0; Windows 95; DigExt)"
152.163.206.192 - - [22/Oct/1999:07:07:08 -0400] "POST /PRESIDENT/results.php3 HTTP/1.0" 200 6625 "http://www.selectsmart.com/PRESIDENT/" "Mozilla/4.0 (compatible; MSIE 4.01; AOL 4.0; Windows 98)"
63.68.16.228 - - [22/Oct/1999:07:07:26 -0400] "GET /PRESIDENT/favicon.ico HTTP/1.0" 404 215 "-" "Mozilla/4.0 (compatible; MSIE 5.0; Windows 95; DigExt)"
63.68.16.228 - - [22/Oct/1999:07:07:26 -0400] "GET /favicon.ico HTTP/1.0" 404 205 "-" "Mozilla/4.0 (compatible; MSIE 5.0; Windows 95; DigExt)"
152.163.206.192 - - [22/Oct/1999:07:07:47 -0400] "POST /PRESIDENT/results.php3 HTTP/1.0" 200 7367 "http://www.selectsmart.com/PRESIDENT/results.php3" "Mozilla/4.0 (compatible; MSIE 4.01; AOL 4.0; Windows 98)"
152.163.188.97 - - [22/Oct/1999:07:07:49 -0400] "GET /PRESIDENT/images/bauer.jpg HTTP/1.0" 304 - "http://www.selectsmart.com/PRESIDENT/results.php3" "Mozilla/4.0 (compatible; MSIE 4.01; AOL 4.0; Windows 98)"
207.251.201.123 - - [22/Oct/1999:07:08:22 -0400] "GET /indexa.html HTTP/1.0" 304 - "-" "Mozilla/3.01 (compatible;)"
152.163.206.192 - - [22/Oct/1999:07:08:30 -0400] "POST /PRESIDENT/results.php3 HTTP/1.0" 200 6182 "http://www.selectsmart.com/PRESIDENT/results.php3" "Mozilla/4.0 (compatible; MSIE 4.01; AOL 4.0; Windows 98)"
152.163.188.3 - - [22/Oct/1999:07:08:31 -0400] "GET /PRESIDENT/images/bush.jpg HTTP/1.0" 200 2977 "http://www.selectsmart.com/PRESIDENT/results.php3" "Mozilla/4.0 (compatible; MSIE 4.01; AOL 4.0; Windows 98)"
139.169.193.216 - - [22/Oct/1999:07:08:40 -0400] "POST /PRESIDENT/results.php3 HTTP/1.1" 200 6640 "http://www.selectsmart.com/PRESIDENT/" "Mozilla/4.0 (compatible; MSIE 4.01; Windows 98)"
205.188.209.70 - - [22/Oct/1999:07:08:41 -0400] "GET /PRESIDENT/ HTTP/1.0" 304 - "-" "Mozilla/4.0 (compatible; MSIE 5.0; AOL 5.0; Windows 98; DigExt)"
139.169.193.216 - - [22/Oct/1999:07:09:34 -0400] "POST /PRESIDENT/results.php3 HTTP/1.1" 200 1388 "http://www.selectsmart.com/PRESIDENT/results.php3" "Mozilla/4.0 (compatible; MSIE 4.01; Windows 98)"
63.68.16.228 - - [22/Oct/1999:07:09:43 -0400] "POST /PRESIDENT/results.php3 HTTP/1.0" 200 6624 "http://www.selectsmart.com/PRESIDENT/" "Mozilla/4.0 (compatible; MSIE 5.0; Windows 95; DigExt)"
139.169.193.216 - - [22/Oct/1999:07:09:52 -0400] "GET /BUSINESS/drop_v.jpg HTTP/1.1" 304 - "http://www.selectsmart.com/PRESIDENT/index.html" "Mozilla/4.0 (compatible; MSIE 4.01; Windows 98)"
139.169.193.216 - - [22/Oct/1999:07:09:52 -0400] "GET /BUSINESS/16.gif HTTP/1.1" 304 - "http://www.selectsmart.com/PRESIDENT/index.html" "Mozilla/4.0 (compatible; MSIE 4.01; Windows 98)"
139.169.193.216 - - [22/Oct/1999:07:09:52 -0400] "GET /PRESIDENT/index.html HTTP/1.1" 200 29678 "http://www.selectsmart.com/PRESIDENT/results.php3" "Mozilla/4.0 (compatible; MSIE 4.01; Windows 98)"
139.169.193.216 - - [22/Oct/1999:07:09:52 -0400] "GET /BUSINESS/drop_h.jpg HTTP/1.1" 304 - "http://www.selectsmart.com/PRESIDENT/index.html" "Mozilla/4.0 (compatible; MSIE 4.01; Windows 98)"
139.169.193.216 - - [22/Oct/1999:07:09:53 -0400] "GET /PRESIDENT/anecdote.gif HTTP/1.1" 304 - "http://www.selectsmart.com/PRESIDENT/index.html" "Mozilla/4.0 (compatible; MSIE 4.01; Windows 98)"
139.169.193.216 - - [22/Oct/1999:07:09:53 -0400] "GET /PRESIDENT/campaigns.gif HTTP/1.1" 304 - "http://www.selectsmart.com/PRESIDENT/index.html" "Mozilla/4.0 (compatible; MSIE 4.01; Windows 98)"
139.169.193.216 - - [22/Oct/1999:07:09:53 -0400] "GET /PRESIDENT/packaging.gif HTTP/1.1" 304 - "http://www.selectsmart.com/PRESIDENT/index.html" "Mozilla/4.0 (compatible; MSIE 4.01; Windows 98)"
139.169.193.216 - - [22/Oct/1999:07:09:53 -0400] "GET /PRESIDENT/vidal.gif HTTP/1.1" 304 - "http://www.selectsmart.com/PRESIDENT/index.html" "Mozilla/4.0 (compatible; MSIE 4.01; Windows 98)"
139.169.193.216 - - [22/Oct/1999:07:09:53 -0400] "GET /PRESIDENT/TR.gif HTTP/1.1" 304 - "http://www.selectsmart.com/PRESIDENT/index.html" "Mozilla/4.0 (compatible; MSIE 4.01; Windows 98)"
139.169.193.216 - - [22/Oct/1999:07:09:53 -0400] "GET /PRESIDENT/camp2000.gif HTTP/1.1" 304 - "http://www.selectsmart.com/PRESIDENT/index.html" "Mozilla/4.0 (compatible; MSIE 4.01; Windows 98)"
139.169.193.216 - - [22/Oct/1999:07:09:53 -0400] "GET /curt.jpg HTTP/1.1" 304 - "http://www.selectsmart.com/PRESIDENT/index.html" "Mozilla/4.0 (compatible; MSIE 4.01; Windows 98)"
139.169.193.216 - - [22/Oct/1999:07:10:04 -0400] "GET /PRESIDENT/ HTTP/1.1" 304 - "-" "Mozilla/4.0 (compatible; MSIE 4.01; Windows 98)"
139.169.193.216 - - [22/Oct/1999:07:10:13 -0400] "GET /PRESIDENT/poll.htm HTTP/1.1" 200 4489 "-" "Mozilla/4.0 (compatible; MSIE 4.01; Windows 98)"
164.224.250.55 - - [22/Oct/1999:07:10:32 -0400] "POST /PRESIDENT/results.php3 HTTP/1.0" 200 6626 "http://www.selectsmart.com/PRESIDENT/" "Mozilla/4.0 (compatible; MSIE 4.01; Windows 95)"
12.78.211.90 - - [22/Oct/1999:07:10:58 -0400] "POST /PRESIDENT/results.php3 HTTP/1.1" 200 6640 "http://www.selectsmart.com/PRESIDENT/" "Mozilla/4.0 (compatible; MSIE 4.01; Windows 98)"
164.224.250.55 - - [22/Oct/1999:07:11:03 -0400] "POST /PRESIDENT/results.php3 HTTP/1.0" 200 1376 "http://www.selectsmart.com/PRESIDENT/results.php3" "Mozilla/4.0 (compatible; MSIE 4.01; Windows 95)"
164.224.250.55 - - [22/Oct/1999:07:11:06 -0400] "GET /PRESIDENT/index.html HTTP/1.0" 200 29678 "http://www.selectsmart.com/PRESIDENT/results.php3" "Mozilla/4.0 (compatible; MSIE 4.01; Windows 95)"
207.140.187.2 - - [22/Oct/1999:07:11:17 -0400] "POST /PRESIDENT/results.php3 HTTP/1.0" 200 6625 "http://www.selectsmart.com/PRESIDENT/" "Mozilla/4.7 [en] (WinNT; U)"
207.140.187.2 - - [22/Oct/1999:07:11:23 -0400] "GET /PRESIDENT/results.php3?more=now&mid=18 HTTP/1.0" 200 3762 "http://www.selectsmart.com/PRESIDENT/results.php3" "Mozilla/4.7 [en] (WinNT; U)"
207.140.187.2 - - [22/Oct/1999:07:11:24 -0400] "GET /PRESIDENT/images/mcreynolds.jpg HTTP/1.0" 200 4631 "http://www.selectsmart.com/PRESIDENT/results.php3?more=now&mid=18" "Mozilla/4.7 [en] (WinNT; U)"
204.152.190.148 - - [22/Oct/1999:07:11:24 -0400] "GET /robots.txt HTTP/1.0" 404 204 "-" "Scooter/2.0 G.R.A.B. V1.1.0"
205.188.198.27 - - [22/Oct/1999:07:11:49 -0400] "POST /PRESIDENT/results.php3 HTTP/1.0" 200 6625 "http://www.selectsmart.com/PRESIDENT/" "Mozilla/4.0 (compatible; MSIE 5.0; AOL 5.0; Windows 98; DigExt)"
12.78.98.196 - - [22/Oct/1999:07:11:54 -0400] "GET /BUSINESS/drop_h.jpg HTTP/1.0" 200 2034 "http://www.selectsmart.com/PRESIDENT/" "Mozilla/4.7 [en] (Win98; U)"
12.78.98.196 - - [22/Oct/1999:07:11:54 -0400] "GET /BUSINESS/drop_v.jpg HTTP/1.0" 200 1963 "http://www.selectsmart.com/PRESIDENT/" "Mozilla/4.7 [en] (Win98; U)"
12.78.98.196 - - [22/Oct/1999:07:11:54 -0400] "GET /BUSINESS/16.gif HTTP/1.0" 200 6704 "http://www.selectsmart.com/PRESIDENT/" "Mozilla/4.7 [en] (Win98; U)"
12.78.98.196 - - [22/Oct/1999:07:11:54 -0400] "GET /PRESIDENT/ HTTP/1.0" 200 29678 "-" "Mozilla/4.7 [en] (Win98; U)"
12.78.98.196 - - [22/Oct/1999:07:11:56 -0400] "GET /PRESIDENT/TR.gif HTTP/1.0" 200 5566 "http://www.selectsmart.com/PRESIDENT/" "Mozilla/4.7 [en] (Win98; U)"
12.78.98.196 - - [22/Oct/1999:07:11:56 -0400] "GET /PRESIDENT/anecdote.gif HTTP/1.0" 200 6898 "http://www.selectsmart.com/PRESIDENT/" "Mozilla/4.7 [en] (Win98; U)"
12.78.98.196 - - [22/Oct/1999:07:11:56 -0400] "GET /PRESIDENT/packaging.gif HTTP/1.0" 200 10663 "http://www.selectsmart.com/PRESIDENT/" "Mozilla/4.7 [en] (Win98; U)"
12.78.98.196 - - [22/Oct/1999:07:11:58 -0400] "GET /PRESIDENT/camp2000.gif HTTP/1.0" 200 7449 "http://www.selectsmart.com/PRESIDENT/" "Mozilla/4.7 [en] (Win98; U)"
12.78.98.196 - - [22/Oct/1999:07:12:00 -0400] "GET /PRESIDENT/vidal.gif HTTP/1.0" 200 11342 "http://www.selectsmart.com/PRESIDENT/" "Mozilla/4.7 [en] (Win98; U)"
12.78.98.196 - - [22/Oct/1999:07:12:00 -0400] "GET /curt.jpg HTTP/1.0" 200 4228 "http://www.selectsmart.com/PRESIDENT/" "Mozilla/4.7 [en] (Win98; U)"
12.78.211.90 - - [22/Oct/1999:07:12:02 -0400] "POST /PRESIDENT/results.php3 HTTP/1.1" 200 1388 "http://www.selectsmart.com/PRESIDENT/results.php3" "Mozilla/4.0 (compatible; MSIE 4.01; Windows 98)"
12.78.98.196 - - [22/Oct/1999:07:12:03 -0400] "GET /PRESIDENT/campaigns.gif HTTP/1.0" 200 5835 "http://www.selectsmart.com/PRESIDENT/" "Mozilla/4.7 [en] (Win98; U)"
198.77.180.66 - - [22/Oct/1999:07:12:31 -0400] "GET /PRESIDENT/packaging.gif HTTP/1.0" 304 - "-" "MSProxy/2.0"
198.77.180.66 - - [22/Oct/1999:07:12:32 -0400] "GET /BUSINESS/drop_h.jpg HTTP/1.0" 304 - "-" "MSProxy/2.0"
205.188.198.27 - - [22/Oct/1999:07:12:33 -0400] "POST /PRESIDENT/results.php3 HTTP/1.0" 200 24136 "http://www.selectsmart.com/PRESIDENT/results.php3" "Mozilla/4.0 (compatible; MSIE 5.0; AOL 5.0; Windows 98; DigExt)"
198.77.180.66 - - [22/Oct/1999:07:12:37 -0400] "GET /BUSINESS/16.gif HTTP/1.0" 304 - "-" "MSProxy/2.0"
205.188.209.136 - - [22/Oct/1999:07:12:44 -0400] "GET / HTTP/1.0" 200 1839 "-" "Mozilla/4.0 (compatible; MSIE 4.01; AOL 4.0; Windows 95)"
205.188.209.169 - - [22/Oct/1999:07:12:52 -0400] "GET /sidepanel.html HTTP/1.0" 200 3890 "http://www.selectsmart.com/" "Mozilla/4.0 (compatible; MSIE 4.01; AOL 4.0; Windows 95)"
205.188.209.167 - - [22/Oct/1999:07:12:53 -0400] "GET /indexa.html HTTP/1.0" 200 20372 "http://www.selectsmart.com/" "Mozilla/4.0 (compatible; MSIE 4.01; AOL 4.0; Windows 95)"
205.188.209.104 - - [22/Oct/1999:07:12:59 -0400] "GET /solid48.gif HTTP/1.0" 200 987 "http://www.selectsmart.com/sidepanel.html" "Mozilla/4.0 (compatible; MSIE 4.01; AOL 4.0; Windows 95)"
205.188.209.170 - - [22/Oct/1999:07:13:01 -0400] "GET /solid17.gif HTTP/1.0" 200 988 "http://www.selectsmart.com/sidepanel.html" "Mozilla/4.0 (compatible; MSIE 4.01; AOL 4.0; Windows 95)"
152.163.232.121 - - [22/Oct/1999:07:13:24 -0400] "GET /PRESIDENT/ HTTP/1.0" 200 29678 "http://www.freerepublic.com/forum/a380fd23a2489.htm" "Mozilla/4.0 (compatible; MSIE 4.01; AOL 4.0; Windows 95)"
152.163.232.26 - - [22/Oct/1999:07:13:28 -0400] "GET /BUSINESS/drop_v.jpg HTTP/1.0" 200 1963 "http://www.selectsmart.com/PRESIDENT/" "Mozilla/4.0 (compatible; MSIE 4.01; AOL 4.0; Windows 95)"
152.163.232.121 - - [22/Oct/1999:07:13:28 -0400] "GET /PRESIDENT/anecdote.gif HTTP/1.0" 304 - "http://www.selectsmart.com/PRESIDENT/" "Mozilla/4.0 (compatible; MSIE 4.01; AOL 4.0; Windows 95)"
152.163.232.120 - - [22/Oct/1999:07:13:28 -0400] "GET /BUSINESS/16.gif HTTP/1.0" 304 - "http://www.selectsmart.com/PRESIDENT/" "Mozilla/4.0 (compatible; MSIE 4.01; AOL 4.0; Windows 95)"
152.163.232.120 - - [22/Oct/1999:07:13:33 -0400] "GET /PRESIDENT/campaigns.gif HTTP/1.0" 304 - "http://www.selectsmart.com/PRESIDENT/" "Mozilla/4.0 (compatible; MSIE 4.01; AOL 4.0; Windows 95)"
152.163.232.121 - - [22/Oct/1999:07:13:33 -0400] "GET /PRESIDENT/packaging.gif HTTP/1.0" 304 - "http://www.selectsmart.com/PRESIDENT/" "Mozilla/4.0 (compatible; MSIE 4.01; AOL 4.0; Windows 95)"
152.163.232.26 - - [22/Oct/1999:07:13:36 -0400] "GET /PRESIDENT/vidal.gif HTTP/1.0" 200 11342 "http://www.selectsmart.com/PRESIDENT/" "Mozilla/4.0 (compatible; MSIE 4.01; AOL 4.0; Windows 95)"
152.163.232.27 - - [22/Oct/1999:07:13:36 -0400] "GET /PRESIDENT/TR.gif HTTP/1.0" 200 5566 "http://www.selectsmart.com/PRESIDENT/" "Mozilla/4.0 (compatible; MSIE 4.01; AOL 4.0; Windows 95)"
152.163.232.121 - - [22/Oct/1999:07:13:42 -0400] "GET /PRESIDENT/camp2000.gif HTTP/1.0" 304 - "http://www.selectsmart.com/PRESIDENT/" "Mozilla/4.0 (compatible; MSIE 4.01; AOL 4.0; Windows 95)"
152.163.232.120 - - [22/Oct/1999:07:13:45 -0400] "GET /curt.jpg HTTP/1.0" 304 - "http://www.selectsmart.com/PRESIDENT/" "Mozilla/4.0 (compatible; MSIE 4.01; AOL 4.0; Windows 95)"
12.78.211.90 - - [22/Oct/1999:07:14:10 -0400] "POST /PRESIDENT/results.php3 HTTP/1.1" 200 11143 "http://www.selectsmart.com/PRESIDENT/results.php3" "Mozilla/4.0 (compatible; MSIE 4.01; Windows 98)"
12.78.211.90 - - [22/Oct/1999:07:14:11 -0400] "GET /PRESIDENT/buchanan.jpg HTTP/1.1" 200 8053 "http://www.selectsmart.com/PRESIDENT/results.php3" "Mozilla/4.0 (compatible; MSIE 4.01; Windows 98)"
12.78.211.90 - - [22/Oct/1999:07:14:11 -0400] "GET /PRESIDENT/images/bush.jpg HTTP/1.1" 200 2977 "http://www.selectsmart.com/PRESIDENT/results.php3" "Mozilla/4.0 (compatible; MSIE 4.01; Windows 98)"
208.193.27.68 - - [22/Oct/1999:07:15:07 -0400] "GET /PRESIDENT/ HTTP/1.1" 304 - "-" "Mozilla/4.0 (compatible; MSIE 4.01; Windows NT)"
208.193.27.68 - - [22/Oct/1999:07:15:10 -0400] "GET /PRESIDENT/anecdote.gif HTTP/1.1" 304 - "http://www.selectsmart.com/PRESIDENT/" "Mozilla/4.0 (compatible; MSIE 4.01; Windows NT)"
208.193.27.68 - - [22/Oct/1999:07:15:10 -0400] "GET /BUSINESS/16.gif HTTP/1.1" 304 - "http://www.selectsmart.com/PRESIDENT/" "Mozilla/4.0 (compatible; MSIE 4.01; Windows NT)"
208.193.27.68 - - [22/Oct/1999:07:15:10 -0400] "GET /PRESIDENT/packaging.gif HTTP/1.1" 304 - "http://www.selectsmart.com/PRESIDENT/" "Mozilla/4.0 (compatible; MSIE 4.01; Windows NT)"
208.193.27.68 - - [22/Oct/1999:07:15:10 -0400] "GET /PRESIDENT/campaigns.gif HTTP/1.1" 304 - "http://www.selectsmart.com/PRESIDENT/" "Mozilla/4.0 (compatible; MSIE 4.01; Windows NT)"
208.193.27.68 - - [22/Oct/1999:07:15:10 -0400] "GET /BUSINESS/drop_h.jpg HTTP/1.1" 304 - "http://www.selectsmart.com/PRESIDENT/" "Mozilla/4.0 (compatible; MSIE 4.01; Windows NT)"
208.193.27.68 - - [22/Oct/1999:07:15:10 -0400] "GET /BUSINESS/drop_v.jpg HTTP/1.1" 304 - "http://www.selectsmart.com/PRESIDENT/" "Mozilla/4.0 (compatible; MSIE 4.01; Windows NT)"
208.193.27.68 - - [22/Oct/1999:07:15:10 -0400] "GET /PRESIDENT/vidal.gif HTTP/1.1" 304 - "http://www.selectsmart.com/PRESIDENT/" "Mozilla/4.0 (compatible; MSIE 4.01; Windows NT)"
208.193.27.68 - - [22/Oct/1999:07:15:10 -0400] "GET /PRESIDENT/TR.gif HTTP/1.1" 304 - "http://www.selectsmart.com/PRESIDENT/" "Mozilla/4.0 (compatible; MSIE 4.01; Windows NT)"
208.193.27.68 - - [22/Oct/1999:07:15:10 -0400] "GET /PRESIDENT/camp2000.gif HTTP/1.1" 304 - "http://www.selectsmart.com/PRESIDENT/" "Mozilla/4.0 (compatible; MSIE 4.01; Windows NT)"
208.193.27.68 - - [22/Oct/1999:07:15:10 -0400] "GET /curt.jpg HTTP/1.1" 304 - "http://www.selectsmart.com/PRESIDENT/" "Mozilla/4.0 (compatible; MSIE 4.01; Windows NT)"
208.193.27.68 - - [22/Oct/1999:07:16:25 -0400] "POST /PRESIDENT/results.php3 HTTP/1.1" 200 6623 "http://www.selectsmart.com/PRESIDENT/" "Mozilla/4.0 (compatible; MSIE 4.01; Windows NT)"
152.163.189.129 - - [22/Oct/1999:07:16:31 -0400] "GET /PRESIDENT/ HTTP/1.0" 200 29678 "-" "Mozilla/4.0 (compatible; MSIE 5.0; MSN 2.5; AOL 5.0; Windows 98; Compaq; DigExt)"
208.193.27.68 - - [22/Oct/1999:07:16:41 -0400] "POST /PRESIDENT/results.php3 HTTP/1.1" 200 7380 "http://www.selectsmart.com/PRESIDENT/results.php3" "Mozilla/4.0 (compatible; MSIE 4.01; Windows NT)"
208.193.27.68 - - [22/Oct/1999:07:16:41 -0400] "GET /PRESIDENT/images/bauer.jpg HTTP/1.1" 200 2154 "http://www.selectsmart.com/PRESIDENT/results.php3" "Mozilla/4.0 (compatible; MSIE 4.01; Windows NT)"
12.78.98.196 - - [22/Oct/1999:07:16:45 -0400] "POST /PRESIDENT/results.php3 HTTP/1.0" 200 6627 "http://www.selectsmart.com/PRESIDENT/" "Mozilla/4.7 [en] (Win98; U)"
12.78.98.196 - - [22/Oct/1999:07:17:06 -0400] "POST /PRESIDENT/results.php3 HTTP/1.0" 200 17736 "http://www.selectsmart.com/PRESIDENT/results.php3" "Mozilla/4.7 [en] (Win98; U)"
12.78.98.196 - - [22/Oct/1999:07:17:07 -0400] "GET /PRESIDENT/images/bradley.jpg HTTP/1.0" 200 2294 "http://www.selectsmart.com/PRESIDENT/results.php3" "Mozilla/4.7 [en] (Win98; U)"
12.78.98.196 - - [22/Oct/1999:07:17:08 -0400] "GET /PRESIDENT/images/bush.jpg HTTP/1.0" 200 2977 "http://www.selectsmart.com/PRESIDENT/results.php3" "Mozilla/4.7 [en] (Win98; U)"
12.78.98.196 - - [22/Oct/1999:07:17:08 -0400] "GET /PRESIDENT/images/gore.jpg HTTP/1.0" 200 2930 "http://www.selectsmart.com/PRESIDENT/results.php3" "Mozilla/4.7 [en] (Win98; U)"
209.150.23.116 - - [22/Oct/1999:07:17:21 -0400] "GET /PRESIDENT/ HTTP/1.1" 200 29678 "http://www.FreeRepublic.com/forum/a380fd23a2489.htm" "Mozilla/4.0 (compatible; MSIE 4.01; Mac_PowerPC)"
209.150.23.116 - - [22/Oct/1999:07:17:23 -0400] "GET /BUSINESS/drop_v.jpg HTTP/1.1" 200 1963 "http://www.selectsmart.com/PRESIDENT/" "Mozilla/4.0 (compatible; MSIE 4.01; Mac_PowerPC)"
209.150.23.116 - - [22/Oct/1999:07:17:24 -0400] "GET /BUSINESS/drop_h.jpg HTTP/1.1" 200 2034 "http://www.selectsmart.com/PRESIDENT/" "Mozilla/4.0 (compatible; MSIE 4.01; Mac_PowerPC)"
209.150.23.116 - - [22/Oct/1999:07:17:24 -0400] "GET /PRESIDENT/vidal.gif HTTP/1.1" 200 11342 "http://www.selectsmart.com/PRESIDENT/" "Mozilla/4.0 (compatible; MSIE 4.01; Mac_PowerPC)"
209.150.23.116 - - [22/Oct/1999:07:17:25 -0400] "GET /PRESIDENT/campaigns.gif HTTP/1.1" 200 5835 "http://www.selectsmart.com/PRESIDENT/" "Mozilla/4.0 (compatible; MSIE 4.01; Mac_PowerPC)"
209.150.23.116 - - [22/Oct/1999:07:17:25 -0400] "GET /PRESIDENT/TR.gif HTTP/1.1" 200 5566 "http://www.selectsmart.com/PRESIDENT/" "Mozilla/4.0 (compatible; MSIE 4.01; Mac_PowerPC)"
209.150.23.116 - - [22/Oct/1999:07:17:29 -0400] "GET /PRESIDENT/packaging.gif HTTP/1.1" 200 10663 "http://www.selectsmart.com/PRESIDENT/" "Mozilla/4.0 (compatible; MSIE 4.01; Mac_PowerPC)"
209.150.23.116 - - [22/Oct/1999:07:17:29 -0400] "GET /PRESIDENT/camp2000.gif HTTP/1.1" 200 7449 "http://www.selectsmart.com/PRESIDENT/" "Mozilla/4.0 (compatible; MSIE 4.01; Mac_PowerPC)"
209.150.23.116 - - [22/Oct/1999:07:17:33 -0400] "GET /curt.jpg HTTP/1.1" 200 4228 "http://www.selectsmart.com/PRESIDENT/" "Mozilla/4.0 (compatible; MSIE 4.01; Mac_PowerPC)"
152.163.232.22 - - [22/Oct/1999:07:17:33 -0400] "POST /PRESIDENT/results.php3 HTTP/1.0" 200 6624 "http://www.selectsmart.com/PRESIDENT/" "Mozilla/4.0 (compatible; MSIE 4.01; AOL 4.0; Windows 95)"
216.107.10.193 - - [22/Oct/1999:07:17:51 -0400] "GET /PRESIDENT/ HTTP/1.0" 304 - "-" "Mozilla/3.04Gold (Win16; I)"
12.78.98.196 - - [22/Oct/1999:07:17:51 -0400] "POST /PRESIDENT/results.php3 HTTP/1.0" 200 6625 "http://www.selectsmart.com/PRESIDENT/" "Mozilla/4.7 [en] (Win98; U)"
216.107.10.193 - - [22/Oct/1999:07:17:54 -0400] "GET /PRESIDENT/anecdote.gif HTTP/1.0" 304 - "http://www.selectsmart.com/PRESIDENT/" "Mozilla/3.04Gold (Win16; I)"
216.107.10.193 - - [22/Oct/1999:07:17:54 -0400] "GET /BUSINESS/drop_h.jpg HTTP/1.0" 304 - "http://www.selectsmart.com/PRESIDENT/" "Mozilla/3.04Gold (Win16; I)"
216.107.10.193 - - [22/Oct/1999:07:17:54 -0400] "GET /BUSINESS/drop_v.jpg HTTP/1.0" 304 - "http://www.selectsmart.com/PRESIDENT/" "Mozilla/3.04Gold (Win16; I)"
216.107.10.193 - - [22/Oct/1999:07:17:54 -0400] "GET /BUSINESS/16.gif HTTP/1.0" 304 - "http://www.selectsmart.com/PRESIDENT/" "Mozilla/3.04Gold (Win16; I)"
216.107.10.193 - - [22/Oct/1999:07:17:55 -0400] "GET /PRESIDENT/camp2000.gif HTTP/1.0" 304 - "http://www.selectsmart.com/PRESIDENT/" "Mozilla/3.04Gold (Win16; I)"
216.107.10.193 - - [22/Oct/1999:07:17:55 -0400] "GET /PRESIDENT/campaigns.gif HTTP/1.0" 304 - "http://www.selectsmart.com/PRESIDENT/" "Mozilla/3.04Gold (Win16; I)"
216.107.10.193 - - [22/Oct/1999:07:17:55 -0400] "GET /PRESIDENT/packaging.gif HTTP/1.0" 304 - "http://www.selectsmart.com/PRESIDENT/" "Mozilla/3.04Gold (Win16; I)"
216.107.10.193 - - [22/Oct/1999:07:17:55 -0400] "GET /PRESIDENT/vidal.gif HTTP/1.0" 304 - "http://www.selectsmart.com/PRESIDENT/" "Mozilla/3.04Gold (Win16; I)"
216.107.10.193 - - [22/Oct/1999:07:17:55 -0400] "GET /PRESIDENT/TR.gif HTTP/1.0" 304 - "http://www.selectsmart.com/PRESIDENT/" "Mozilla/3.04Gold (Win16; I)"
216.107.10.193 - - [22/Oct/1999:07:17:57 -0400] "GET /curt.jpg HTTP/1.0" 304 - "http://www.selectsmart.com/PRESIDENT/" "Mozilla/3.04Gold (Win16; I)"
207.251.201.123 - - [22/Oct/1999:07:20:21 -0400] "GET /indexa.html HTTP/1.0" 304 - "-" "Mozilla/3.01 (compatible;)"
165.2.186.10 - - [22/Oct/1999:07:20:42 -0400] "GET /BUSINESS/16.gif HTTP/1.0" 304 - "-" "MSProxy/2.0"
165.2.186.10 - - [22/Oct/1999:07:20:42 -0400] "GET /PRESIDENT/anecdote.gif HTTP/1.0" 304 - "-" "MSProxy/2.0"
165.2.186.10 - - [22/Oct/1999:07:20:42 -0400] "GET /PRESIDENT/vidal.gif HTTP/1.0" 304 - "-" "MSProxy/2.0"
209.150.23.116 - - [22/Oct/1999:07:20:45 -0400] "POST /PRESIDENT/results.php3 HTTP/1.1" 200 6639 "http://www.selectsmart.com/PRESIDENT/" "Mozilla/4.0 (compatible; MSIE 4.01; Mac_PowerPC)"
165.2.186.10 - - [22/Oct/1999:07:20:47 -0400] "GET /PRESIDENT/TR.gif HTTP/1.0" 304 - "-" "MSProxy/2.0"
165.2.186.10 - - [22/Oct/1999:07:20:47 -0400] "GET /BUSINESS/drop_h.jpg HTTP/1.0" 200 2034 "-" "MSProxy/2.0"
165.2.186.10 - - [22/Oct/1999:07:20:47 -0400] "GET /PRESIDENT/campaigns.gif HTTP/1.0" 304 - "-" "MSProxy/2.0"
165.2.186.10 - - [22/Oct/1999:07:20:47 -0400] "GET /curt.jpg HTTP/1.0" 304 - "-" "MSProxy/2.0"
165.2.186.10 - - [22/Oct/1999:07:20:47 -0400] "GET /BUSINESS/drop_v.jpg HTTP/1.0" 304 - "-" "MSProxy/2.0"
165.2.186.10 - - [22/Oct/1999:07:20:47 -0400] "GET /PRESIDENT/packaging.gif HTTP/1.0" 304 - "-" "MSProxy/2.0"
209.150.23.116 - - [22/Oct/1999:07:21:02 -0400] "GET /BUSINESS/16.gif HTTP/1.1" 200 6704 "http://www.selectsmart.com/PRESIDENT/" "Mozilla/4.0 (compatible; MSIE 4.01; Mac_PowerPC)"
209.150.23.116 - - [22/Oct/1999:07:21:03 -0400] "GET /PRESIDENT/anecdote.gif HTTP/1.1" 200 6898 "http://www.selectsmart.com/PRESIDENT/" "Mozilla/4.0 (compatible; MSIE 4.01; Mac_PowerPC)"
12.78.211.90 - - [22/Oct/1999:07:22:30 -0400] "POST /PRESIDENT/results.php3 HTTP/1.1" 200 13824 "http://www.selectsmart.com/PRESIDENT/results.php3" "Mozilla/4.0 (compatible; MSIE 4.01; Windows 98)"
12.78.211.90 - - [22/Oct/1999:07:22:31 -0400] "GET /PRESIDENT/images/bradley.jpg HTTP/1.1" 200 2294 "http://www.selectsmart.com/PRESIDENT/results.php3" "Mozilla/4.0 (compatible; MSIE 4.01; Windows 98)"
12.78.211.90 - - [22/Oct/1999:07:22:32 -0400] "GET /PRESIDENT/forbes.gif HTTP/1.1" 200 6324 "http://www.selectsmart.com/PRESIDENT/results.php3" "Mozilla/4.0 (compatible; MSIE 4.01; Windows 98)"
209.150.23.116 - - [22/Oct/1999:07:23:44 -0400] "POST /PRESIDENT/results.php3 HTTP/1.1" 200 6638 "http://www.selectsmart.com/PRESIDENT/" "Mozilla/4.0 (compatible; MSIE 4.01; Mac_PowerPC)"
207.251.201.123 - - [22/Oct/1999:07:24:15 -0400] "GET /planetclick.gif HTTP/1.0" 304 - "-" "Mozilla/3.01 (compatible;)"
209.150.23.116 - - [22/Oct/1999:07:24:37 -0400] "GET /PRESIDENT/results.php3?more=now&mid=18 HTTP/1.1" 200 3774 "http://www.selectsmart.com/PRESIDENT/results.php3" "Mozilla/4.0 (compatible; MSIE 4.01; Mac_PowerPC)"
209.150.23.116 - - [22/Oct/1999:07:24:38 -0400] "GET /PRESIDENT/images/mcreynolds.jpg HTTP/1.1" 200 4631 "http://www.selectsmart.com/PRESIDENT/results.php3?more=now&mid=18" "Mozilla/4.0 (compatible; MSIE 4.01; Mac_PowerPC)"
209.166.130.84 - - [22/Oct/1999:07:25:07 -0400] "GET /PRESIDENT/ HTTP/1.0" 200 29678 "-" "Mozilla/4.5 [en]C-CCK-MCD {TLC;RETAIL} (Win95; U)"
209.166.130.84 - - [22/Oct/1999:07:25:07 -0400] "GET /BUSINESS/drop_h.jpg HTTP/1.0" 200 2034 "http://www.selectsmart.com/PRESIDENT/" "Mozilla/4.5 [en]C-CCK-MCD {TLC;RETAIL} (Win95; U)"
209.166.130.84 - - [22/Oct/1999:07:25:07 -0400] "GET /BUSINESS/drop_v.jpg HTTP/1.0" 200 1963 "http://www.selectsmart.com/PRESIDENT/" "Mozilla/4.5 [en]C-CCK-MCD {TLC;RETAIL} (Win95; U)"
209.166.130.84 - - [22/Oct/1999:07:25:07 -0400] "GET /BUSINESS/16.gif HTTP/1.0" 200 6704 "http://www.selectsmart.com/PRESIDENT/" "Mozilla/4.5 [en]C-CCK-MCD {TLC;RETAIL} (Win95; U)"
209.166.130.84 - - [22/Oct/1999:07:25:11 -0400] "GET /PRESIDENT/campaigns.gif HTTP/1.0" 200 5835 "http://www.selectsmart.com/PRESIDENT/" "Mozilla/4.5 [en]C-CCK-MCD {TLC;RETAIL} (Win95; U)"
209.166.130.84 - - [22/Oct/1999:07:25:11 -0400] "GET /PRESIDENT/vidal.gif HTTP/1.0" 200 11342 "http://www.selectsmart.com/PRESIDENT/" "Mozilla/4.5 [en]C-CCK-MCD {TLC;RETAIL} (Win95; U)"
209.166.130.84 - - [22/Oct/1999:07:25:11 -0400] "GET /PRESIDENT/anecdote.gif HTTP/1.0" 200 6898 "http://www.selectsmart.com/PRESIDENT/" "Mozilla/4.5 [en]C-CCK-MCD {TLC;RETAIL} (Win95; U)"
209.166.130.84 - - [22/Oct/1999:07:25:14 -0400] "GET /PRESIDENT/packaging.gif HTTP/1.0" 200 10663 "http://www.selectsmart.com/PRESIDENT/" "Mozilla/4.5 [en]C-CCK-MCD {TLC;RETAIL} (Win95; U)"
209.166.130.84 - - [22/Oct/1999:07:25:21 -0400] "GET /PRESIDENT/TR.gif HTTP/1.0" 200 5566 "http://www.selectsmart.com/PRESIDENT/" "Mozilla/4.5 [en]C-CCK-MCD {TLC;RETAIL} (Win95; U)"
209.166.130.84 - - [22/Oct/1999:07:25:26 -0400] "GET /curt.jpg HTTP/1.0" 200 4228 "http://www.selectsmart.com/PRESIDENT/" "Mozilla/4.5 [en]C-CCK-MCD {TLC;RETAIL} (Win95; U)"
209.166.130.84 - - [22/Oct/1999:07:25:27 -0400] "GET /PRESIDENT/camp2000.gif HTTP/1.0" 200 7449 "http://www.selectsmart.com/PRESIDENT/" "Mozilla/4.5 [en]C-CCK-MCD {TLC;RETAIL} (Win95; U)"
206.180.128.38 - - [22/Oct/1999:07:25:54 -0400] "GET /PRESIDENT/ HTTP/1.1" 200 29678 "http://www.freerepublic.com/forum/a380fd23a2489.htm" "Mozilla/4.0 (compatible; MSIE 5.0; Windows 95)"
206.180.128.38 - - [22/Oct/1999:07:25:54 -0400] "GET /BUSINESS/16.gif HTTP/1.1" 200 6704 "http://www.selectsmart.com/PRESIDENT/" "Mozilla/4.0 (compatible; MSIE 5.0; Windows 95)"
206.180.128.38 - - [22/Oct/1999:07:25:54 -0400] "GET /BUSINESS/drop_v.jpg HTTP/1.1" 200 1963 "http://www.selectsmart.com/PRESIDENT/" "Mozilla/4.0 (compatible; MSIE 5.0; Windows 95)"
206.180.128.38 - - [22/Oct/1999:07:25:55 -0400] "GET /PRESIDENT/anecdote.gif HTTP/1.1" 200 6898 "http://www.selectsmart.com/PRESIDENT/" "Mozilla/4.0 (compatible; MSIE 5.0; Windows 95)"
206.180.128.38 - - [22/Oct/1999:07:25:56 -0400] "GET /BUSINESS/drop_h.jpg HTTP/1.1" 200 2034 "http://www.selectsmart.com/PRESIDENT/" "Mozilla/4.0 (compatible; MSIE 5.0; Windows 95)"
206.180.128.38 - - [22/Oct/1999:07:25:58 -0400] "GET /PRESIDENT/campaigns.gif HTTP/1.1" 200 5835 "http://www.selectsmart.com/PRESIDENT/" "Mozilla/4.0 (compatible; MSIE 5.0; Windows 95)"
206.180.128.38 - - [22/Oct/1999:07:26:03 -0400] "GET /PRESIDENT/packaging.gif HTTP/1.1" 200 10663 "http://www.selectsmart.com/PRESIDENT/" "Mozilla/4.0 (compatible; MSIE 5.0; Windows 95)"
206.180.128.38 - - [22/Oct/1999:07:26:06 -0400] "GET /PRESIDENT/vidal.gif HTTP/1.1" 200 11342 "http://www.selectsmart.com/PRESIDENT/" "Mozilla/4.0 (compatible; MSIE 5.0; Windows 95)"
206.180.128.38 - - [22/Oct/1999:07:26:06 -0400] "GET /PRESIDENT/camp2000.gif HTTP/1.1" 200 7449 "http://www.selectsmart.com/PRESIDENT/" "Mozilla/4.0 (compatible; MSIE 5.0; Windows 95)"
206.180.128.38 - - [22/Oct/1999:07:26:10 -0400] "GET /curt.jpg HTTP/1.1" 200 4228 "http://www.selectsmart.com/PRESIDENT/" "Mozilla/4.0 (compatible; MSIE 5.0; Windows 95)"
206.180.128.38 - - [22/Oct/1999:07:26:12 -0400] "GET /PRESIDENT/TR.gif HTTP/1.1" 200 5566 "http://www.selectsmart.com/PRESIDENT/" "Mozilla/4.0 (compatible; MSIE 5.0; Windows 95)"
209.166.130.84 - - [22/Oct/1999:07:27:39 -0400] "POST /PRESIDENT/results.php3 HTTP/1.0" 200 6626 "http://www.selectsmart.com/PRESIDENT/" "Mozilla/4.5 [en]C-CCK-MCD {TLC;RETAIL} (Win95; U)"
207.251.201.123 - - [22/Oct/1999:07:27:50 -0400] "GET /PRESIDENT/camp2000.gif HTTP/1.0" 304 - "-" "Mozilla/3.01 (compatible;)"
206.180.128.38 - - [22/Oct/1999:07:28:39 -0400] "GET /PRESIDENT/define.htm HTTP/1.1" 200 151 "-" "Mozilla/4.0 (compatible; MSIE 5.0; Windows 95)"
206.180.128.38 - - [22/Oct/1999:07:28:50 -0400] "GET /PRESIDENT/define1.htm HTTP/1.1" 200 144 "-" "Mozilla/4.0 (compatible; MSIE 5.0; Windows 95)"
63.70.138.35 - - [22/Oct/1999:07:29:46 -0400] "GET /PRESIDENT/ HTTP/1.0" 200 29678 "-" "Mozilla/4.0 (compatible; MSIE 5.0; Windows 95)"
63.70.138.35 - - [22/Oct/1999:07:29:46 -0400] "GET /BUSINESS/16.gif HTTP/1.0" 200 6704 "http://www.selectsmart.com/PRESIDENT/" "Mozilla/4.0 (compatible; MSIE 5.0; Windows 95)"
63.70.138.35 - - [22/Oct/1999:07:29:47 -0400] "GET /BUSINESS/drop_v.jpg HTTP/1.0" 200 1963 "http://www.selectsmart.com/PRESIDENT/" "Mozilla/4.0 (compatible; MSIE 5.0; Windows 95)"
63.70.138.35 - - [22/Oct/1999:07:29:47 -0400] "GET /BUSINESS/drop_h.jpg HTTP/1.0" 200 2034 "http://www.selectsmart.com/PRESIDENT/" "Mozilla/4.0 (compatible; MSIE 5.0; Windows 95)"
63.70.138.35 - - [22/Oct/1999:07:29:47 -0400] "GET /PRESIDENT/anecdote.gif HTTP/1.0" 200 6898 "http://www.selectsmart.com/PRESIDENT/" "Mozilla/4.0 (compatible; MSIE 5.0; Windows 95)"
63.70.138.35 - - [22/Oct/1999:07:29:48 -0400] "GET /PRESIDENT/campaigns.gif HTTP/1.0" 200 5835 "http://www.selectsmart.com/PRESIDENT/" "Mozilla/4.0 (compatible; MSIE 5.0; Windows 95)"
63.70.138.35 - - [22/Oct/1999:07:29:48 -0400] "GET /PRESIDENT/packaging.gif HTTP/1.0" 200 10663 "http://www.selectsmart.com/PRESIDENT/" "Mozilla/4.0 (compatible; MSIE 5.0; Windows 95)"
63.70.138.35 - - [22/Oct/1999:07:29:48 -0400] "GET /PRESIDENT/vidal.gif HTTP/1.0" 200 11342 "http://www.selectsmart.com/PRESIDENT/" "Mozilla/4.0 (compatible; MSIE 5.0; Windows 95)"
63.70.138.35 - - [22/Oct/1999:07:29:48 -0400] "GET /PRESIDENT/TR.gif HTTP/1.0" 200 5566 "http://www.selectsmart.com/PRESIDENT/" "Mozilla/4.0 (compatible; MSIE 5.0; Windows 95)"
63.70.138.35 - - [22/Oct/1999:07:29:49 -0400] "GET /PRESIDENT/camp2000.gif HTTP/1.0" 200 7449 "http://www.selectsmart.com/PRESIDENT/" "Mozilla/4.0 (compatible; MSIE 5.0; Windows 95)"
63.70.138.35 - - [22/Oct/1999:07:29:49 -0400] "GET /curt.jpg HTTP/1.0" 200 4228 "http://www.selectsmart.com/PRESIDENT/" "Mozilla/4.0 (compatible; MSIE 5.0; Windows 95)"
206.180.128.38 - - [22/Oct/1999:07:30:54 -0400] "POST /PRESIDENT/results.php3 HTTP/1.1" 200 6638 "http://www.selectsmart.com/PRESIDENT/" "Mozilla/4.0 (compatible; MSIE 5.0; Windows 95)"
206.180.128.38 - - [22/Oct/1999:07:31:37 -0400] "POST /PRESIDENT/results.php3 HTTP/1.1" 200 1388 "http://www.selectsmart.com/PRESIDENT/results.php3" "Mozilla/4.0 (compatible; MSIE 5.0; Windows 95)"
12.78.211.90 - - [22/Oct/1999:07:31:38 -0400] "POST /PRESIDENT/results.php3 HTTP/1.1" 200 11679 "http://www.selectsmart.com/PRESIDENT/results.php3" "Mozilla/4.0 (compatible; MSIE 4.01; Windows 98)"
12.78.211.90 - - [22/Oct/1999:07:31:39 -0400] "GET /PRESIDENT/images/browne.jpg HTTP/1.1" 200 2199 "http://www.selectsmart.com/PRESIDENT/results.php3" "Mozilla/4.0 (compatible; MSIE 4.01; Windows 98)"
12.78.211.90 - - [22/Oct/1999:07:31:40 -0400] "GET /PRESIDENT/images/mccain.jpg HTTP/1.1" 200 2299 "http://www.selectsmart.com/PRESIDENT/results.php3" "Mozilla/4.0 (compatible; MSIE 4.01; Windows 98)"
168.122.223.39 - - [22/Oct/1999:07:31:58 -0400] "GET /PRESIDENT HTTP/1.1" 301 253 "http://209.185.131.251/cgi-bin/linkrd?_lang=&lah=e949453d910f30f499a7e3fa6a042930&lat=940591736&hm___action=http%3a%2f%2fwww%2eselectsmart%2ecom%2fPRESIDENT" "Mozilla/4.0 (compatible; MSIE 5.0; Windows 98; DigExt; BU99)"
168.122.223.39 - - [22/Oct/1999:07:31:58 -0400] "GET /PRESIDENT/ HTTP/1.1" 200 29678 "http://209.185.131.251/cgi-bin/linkrd?_lang=&lah=e949453d910f30f499a7e3fa6a042930&lat=940591736&hm___action=http%3a%2f%2fwww%2eselectsmart%2ecom%2fPRESIDENT" "Mozilla/4.0 (compatible; MSIE 5.0; Windows 98; DigExt; BU99)"
168.122.223.39 - - [22/Oct/1999:07:31:58 -0400] "GET /BUSINESS/16.gif HTTP/1.1" 200 6704 "http://www.selectsmart.com/PRESIDENT/" "Mozilla/4.0 (compatible; MSIE 5.0; Windows 98; DigExt; BU99)"
168.122.223.39 - - [22/Oct/1999:07:31:58 -0400] "GET /PRESIDENT/anecdote.gif HTTP/1.1" 200 6898 "http://www.selectsmart.com/PRESIDENT/" "Mozilla/4.0 (compatible; MSIE 5.0; Windows 98; DigExt; BU99)"
168.122.223.39 - - [22/Oct/1999:07:31:58 -0400] "GET /BUSINESS/drop_v.jpg HTTP/1.1" 200 1963 "http://www.selectsmart.com/PRESIDENT/" "Mozilla/4.0 (compatible; MSIE 5.0; Windows 98; DigExt; BU99)"
168.122.223.39 - - [22/Oct/1999:07:31:58 -0400] "GET /PRESIDENT/campaigns.gif HTTP/1.1" 200 5835 "http://www.selectsmart.com/PRESIDENT/" "Mozilla/4.0 (compatible; MSIE 5.0; Windows 98; DigExt; BU99)"
168.122.223.39 - - [22/Oct/1999:07:31:58 -0400] "GET /BUSINESS/drop_h.jpg HTTP/1.1" 200 2034 "http://www.selectsmart.com/PRESIDENT/" "Mozilla/4.0 (compatible; MSIE 5.0; Windows 98; DigExt; BU99)"
168.122.223.39 - - [22/Oct/1999:07:31:58 -0400] "GET /PRESIDENT/packaging.gif HTTP/1.1" 200 10663 "http://www.selectsmart.com/PRESIDENT/" "Mozilla/4.0 (compatible; MSIE 5.0; Windows 98; DigExt; BU99)"
168.122.223.39 - - [22/Oct/1999:07:31:58 -0400] "GET /PRESIDENT/vidal.gif HTTP/1.1" 200 11342 "http://www.selectsmart.com/PRESIDENT/" "Mozilla/4.0 (compatible; MSIE 5.0; Windows 98; DigExt; BU99)"
168.122.223.39 - - [22/Oct/1999:07:31:58 -0400] "GET /PRESIDENT/TR.gif HTTP/1.1" 200 5566 "http://www.selectsmart.com/PRESIDENT/" "Mozilla/4.0 (compatible; MSIE 5.0; Windows 98; DigExt; BU99)"
168.122.223.39 - - [22/Oct/1999:07:31:58 -0400] "GET /PRESIDENT/camp2000.gif HTTP/1.1" 200 7449 "http://www.selectsmart.com/PRESIDENT/" "Mozilla/4.0 (compatible; MSIE 5.0; Windows 98; DigExt; BU99)"
168.122.223.39 - - [22/Oct/1999:07:31:58 -0400] "GET /curt.jpg HTTP/1.1" 200 4228 "http://www.selectsmart.com/PRESIDENT/" "Mozilla/4.0 (compatible; MSIE 5.0; Windows 98; DigExt; BU99)"
206.180.128.38 - - [22/Oct/1999:07:32:01 -0400] "GET /PRESIDENT/index.html HTTP/1.1" 200 29678 "http://www.selectsmart.com/PRESIDENT/results.php3" "Mozilla/4.0 (compatible; MSIE 5.0; Windows 95)"
206.180.128.38 - - [22/Oct/1999:07:32:16 -0400] "GET /PRESIDENT/poll.htm HTTP/1.1" 200 4489 "-" "Mozilla/4.0 (compatible; MSIE 5.0; Windows 95)"
199.228.142.1 - - [22/Oct/1999:07:32:26 -0400] "GET /DOG/ HTTP/1.0" 200 26494 "http://www.choosingtheperfectdog.net/20_links.htm" "Mozilla/4.0 (compatible; MSIE 4.01; Windows 98)"
199.228.142.1 - - [22/Oct/1999:07:32:27 -0400] "GET /solid41.gif HTTP/1.0" 200 987 "http://www.selectsmart.com/DOG/" "Mozilla/4.0 (compatible; MSIE 4.01; Windows 98)"
199.228.142.1 - - [22/Oct/1999:07:32:27 -0400] "GET /solid17.gif HTTP/1.0" 304 - "http://www.selectsmart.com/DOG/" "Mozilla/4.0 (compatible; MSIE 4.01; Windows 98)"
199.228.142.1 - - [22/Oct/1999:07:32:27 -0400] "GET /solid11.gif HTTP/1.0" 200 1006 "http://www.selectsmart.com/DOG/" "Mozilla/4.0 (compatible; MSIE 4.01; Windows 98)"
199.228.142.1 - - [22/Oct/1999:07:32:27 -0400] "GET /solid52.gif HTTP/1.0" 304 - "http://www.selectsmart.com/DOG/" "Mozilla/4.0 (compatible; MSIE 4.01; Windows 98)"
199.228.142.1 - - [22/Oct/1999:07:32:27 -0400] "GET /DOG/purinadog.gif HTTP/1.0" 304 - "http://www.selectsmart.com/DOG/" "Mozilla/4.0 (compatible; MSIE 4.01; Windows 98)"
199.228.142.1 - - [22/Oct/1999:07:32:27 -0400] "GET /DOG/compet.gif HTTP/1.0" 200 15373 "http://www.selectsmart.com/DOG/" "Mozilla/4.0 (compatible; MSIE 4.01; Windows 98)"
199.228.142.1 - - [22/Oct/1999:07:32:27 -0400] "GET /DOG/toydog.gif HTTP/1.0" 304 - "http://www.selectsmart.com/DOG/" "Mozilla/4.0 (compatible; MSIE 4.01; Windows 98)"
199.228.142.1 - - [22/Oct/1999:07:32:27 -0400] "GET /DOG/gettingthemost.gif HTTP/1.0" 200 7267 "http://www.selectsmart.com/DOG/" "Mozilla/4.0 (compatible; MSIE 4.01; Windows 98)"
199.228.142.1 - - [22/Oct/1999:07:32:27 -0400] "GET /DOG/trickisin.gif HTTP/1.0" 304 - "http://www.selectsmart.com/DOG/" "Mozilla/4.0 (compatible; MSIE 4.01; Windows 98)"
199.228.142.1 - - [22/Oct/1999:07:32:27 -0400] "GET /DOG/pudgy.gif HTTP/1.0" 304 - "http://www.selectsmart.com/DOG/" "Mozilla/4.0 (compatible; MSIE 4.01; Windows 98)"
199.228.142.1 - - [22/Oct/1999:07:32:28 -0400] "GET /curt.jpg HTTP/1.0" 304 - "http://www.selectsmart.com/DOG/" "Mozilla/4.0 (compatible; MSIE 4.01; Windows 98)"
207.251.201.123 - - [22/Oct/1999:07:32:35 -0400] "GET /indexa.html HTTP/1.0" 304 - "-" "Mozilla/3.01 (compatible;)"
199.228.142.1 - - [22/Oct/1999:07:34:25 -0400] "POST /cgi-bin/dog/rdog.cgi HTTP/1.0" 200 14689 "http://www.selectsmart.com/DOG/" "Mozilla/4.0 (compatible; MSIE 4.01; Windows 98)"
199.228.142.1 - - [22/Oct/1999:07:34:30 -0400] "GET /DOG/description.htm HTTP/1.0" 200 35830 "http://www.selectsmart.com/cgi-bin/dog/rdog.cgi" "Mozilla/4.0 (compatible; MSIE 4.01; Windows 98)"
199.228.142.1 - - [22/Oct/1999:07:34:30 -0400] "GET /DOG/purinadog.jpg HTTP/1.0" 200 3418 "http://www.selectsmart.com/DOG/description.htm" "Mozilla/4.0 (compatible; MSIE 4.01; Windows 98)"
199.228.142.1 - - [22/Oct/1999:07:34:30 -0400] "GET /DOG/compet.jpg HTTP/1.0" 304 - "http://www.selectsmart.com/DOG/description.htm" "Mozilla/4.0 (compatible; MSIE 4.01; Windows 98)"
199.228.142.1 - - [22/Oct/1999:07:34:30 -0400] "GET /DOG/toydog.jpg HTTP/1.0" 304 - "http://www.selectsmart.com/DOG/description.htm" "Mozilla/4.0 (compatible; MSIE 4.01; Windows 98)"
199.228.142.1 - - [22/Oct/1999:07:34:30 -0400] "GET /DOG/gettingthemost.jpg HTTP/1.0" 200 3605 "http://www.selectsmart.com/DOG/description.htm" "Mozilla/4.0 (compatible; MSIE 4.01; Windows 98)"
199.228.142.1 - - [22/Oct/1999:07:34:30 -0400] "GET /DOG/trickisin.jpg HTTP/1.0" 304 - "http://www.selectsmart.com/DOG/description.htm" "Mozilla/4.0 (compatible; MSIE 4.01; Windows 98)"
199.228.142.1 - - [22/Oct/1999:07:34:30 -0400] "GET /DOG/pudgy.jpg HTTP/1.0" 304 - "http://www.selectsmart.com/DOG/description.htm" "Mozilla/4.0 (compatible; MSIE 4.01; Windows 98)"
199.228.142.1 - - [22/Oct/1999:07:34:31 -0400] "GET /dogtoys/dtlogo.gif HTTP/1.0" 200 2778 "http://www.selectsmart.com/DOG/description.htm" "Mozilla/4.0 (compatible; MSIE 4.01; Windows 98)"
199.228.142.1 - - [22/Oct/1999:07:34:31 -0400] "GET /DOG/images/akita.jpg HTTP/1.0" 304 - "http://www.selectsmart.com/DOG/description.htm" "Mozilla/4.0 (compatible; MSIE 4.01; Windows 98)"
199.228.142.1 - - [22/Oct/1999:07:34:31 -0400] "GET /DOG/images/affen1.jpg HTTP/1.0" 200 1219 "http://www.selectsmart.com/DOG/description.htm" "Mozilla/4.0 (compatible; MSIE 4.01; Windows 98)"
199.228.142.1 - - [22/Oct/1999:07:34:31 -0400] "GET /DOG/images/Alaskanm.jpg HTTP/1.0" 304 - "http://www.selectsmart.com/DOG/description.htm" "Mozilla/4.0 (compatible; MSIE 4.01; Windows 98)"
199.228.142.1 - - [22/Oct/1999:07:34:31 -0400] "GET /DOG/images/ivory.jpg HTTP/1.0" 200 1197 "http://www.selectsmart.com/DOG/description.htm" "Mozilla/4.0 (compatible; MSIE 4.01; Windows 98)"
199.228.142.1 - - [22/Oct/1999:07:34:31 -0400] "GET /DOG/images/bluehead.jpg HTTP/1.0" 200 1262 "http://www.selectsmart.com/DOG/description.htm" "Mozilla/4.0 (compatible; MSIE 4.01; Windows 98)"
199.228.142.1 - - [22/Oct/1999:07:34:31 -0400] "GET /DOG/images/amstaff.jpg HTTP/1.0" 200 1440 "http://www.selectsmart.com/DOG/description.htm" "Mozilla/4.0 (compatible; MSIE 4.01; Windows 98)"
199.228.142.1 - - [22/Oct/1999:07:34:31 -0400] "GET /DOG/images/anatolian.JPG HTTP/1.0" 200 1597 "http://www.selectsmart.com/DOG/description.htm" "Mozilla/4.0 (compatible; MSIE 4.01; Windows 98)"
199.228.142.1 - - [22/Oct/1999:07:34:31 -0400] "GET /DOG/images/Ausblue.jpg HTTP/1.0" 304 - "http://www.selectsmart.com/DOG/description.htm" "Mozilla/4.0 (compatible; MSIE 4.01; Windows 98)"
199.228.142.1 - - [22/Oct/1999:07:34:32 -0400] "GET /DOG/images/beagle1.jpg HTTP/1.0" 200 1163 "http://www.selectsmart.com/DOG/description.htm" "Mozilla/4.0 (compatible; MSIE 4.01; Windows 98)"
199.228.142.1 - - [22/Oct/1999:07:34:32 -0400] "GET /DOG/images/belgiantev.jpg HTTP/1.0" 200 1189 "http://www.selectsmart.com/DOG/description.htm" "Mozilla/4.0 (compatible; MSIE 4.01; Windows 98)"
199.228.142.1 - - [22/Oct/1999:07:34:32 -0400] "GET /DOG/images/bichon.jpg HTTP/1.0" 200 1056 "http://www.selectsmart.com/DOG/description.htm" "Mozilla/4.0 (compatible; MSIE 4.01; Windows 98)"
199.228.142.1 - - [22/Oct/1999:07:34:32 -0400] "GET /DOG/images/blood.jpg HTTP/1.0" 200 1450 "http://www.selectsmart.com/DOG/description.htm" "Mozilla/4.0 (compatible; MSIE 4.01; Windows 98)"
199.228.142.1 - - [22/Oct/1999:07:34:32 -0400] "GET /DOG/images/bordcoll.jpg HTTP/1.0" 200 1363 "http://www.selectsmart.com/DOG/description.htm" "Mozilla/4.0 (compatible; MSIE 4.01; Windows 98)"
199.228.142.1 - - [22/Oct/1999:07:34:32 -0400] "GET /DOG/gable.jpg HTTP/1.0" 200 23718 "http://www.selectsmart.com/DOG/description.htm" "Mozilla/4.0 (compatible; MSIE 4.01; Windows 98)"
199.228.142.1 - - [22/Oct/1999:07:34:32 -0400] "GET /DOG/images/bordert.jpg HTTP/1.0" 200 1421 "http://www.selectsmart.com/DOG/description.htm" "Mozilla/4.0 (compatible; MSIE 4.01; Windows 98)"
199.228.142.1 - - [22/Oct/1999:07:34:32 -0400] "GET /DOG/images/boston.jpg HTTP/1.0" 200 1412 "http://www.selectsmart.com/DOG/description.htm" "Mozilla/4.0 (compatible; MSIE 4.01; Windows 98)"
199.228.142.1 - - [22/Oct/1999:07:34:32 -0400] "GET /DOG/images/borzoi.jpg HTTP/1.0" 200 2135 "http://www.selectsmart.com/DOG/description.htm" "Mozilla/4.0 (compatible; MSIE 4.01; Windows 98)"
199.228.142.1 - - [22/Oct/1999:07:34:32 -0400] "GET /DOG/images/bmd.jpg HTTP/1.0" 200 1599 "http://www.selectsmart.com/DOG/description.htm" "Mozilla/4.0 (compatible; MSIE 4.01; Windows 98)"
199.228.142.1 - - [22/Oct/1999:07:34:32 -0400] "GET /DOG/images/beagle.jpg HTTP/1.0" 200 1624 "http://www.selectsmart.com/DOG/description.htm" "Mozilla/4.0 (compatible; MSIE 4.01; Windows 98)"
199.228.142.1 - - [22/Oct/1999:07:34:32 -0400] "GET /DOG/images/boxerhead.jpg HTTP/1.0" 200 1325 "http://www.selectsmart.com/DOG/description.htm" "Mozilla/4.0 (compatible; MSIE 4.01; Windows 98)"
199.228.142.1 - - [22/Oct/1999:07:34:32 -0400] "GET /DOG/images/bullterrier.jpg HTTP/1.0" 200 1160 "http://www.selectsmart.com/DOG/description.htm" "Mozilla/4.0 (compatible; MSIE 4.01; Windows 98)"
199.228.142.1 - - [22/Oct/1999:07:34:32 -0400] "GET /DOG/images/bulldog.jpg HTTP/1.0" 200 2110 "http://www.selectsmart.com/DOG/description.htm" "Mozilla/4.0 (compatible; MSIE 4.01; Windows 98)"
199.228.142.1 - - [22/Oct/1999:07:34:33 -0400] "GET /DOG/images/bullmastiff.jpg HTTP/1.0" 200 1357 "http://www.selectsmart.com/DOG/description.htm" "Mozilla/4.0 (compatible; MSIE 4.01; Windows 98)"
151.201.117.212 - - [22/Oct/1999:07:34:42 -0400] "GET /BUSINESS/drop_v.jpg HTTP/1.0" 200 1963 "http://www.selectsmart.com/PRESIDENT/" "Mozilla/4.04 [en] (Win95; I)"
151.201.117.212 - - [22/Oct/1999:07:34:42 -0400] "GET /BUSINESS/drop_h.jpg HTTP/1.0" 200 2034 "http://www.selectsmart.com/PRESIDENT/" "Mozilla/4.04 [en] (Win95; I)"
151.201.117.212 - - [22/Oct/1999:07:34:42 -0400] "GET /BUSINESS/16.gif HTTP/1.0" 200 6704 "http://www.selectsmart.com/PRESIDENT/" "Mozilla/4.04 [en] (Win95; I)"
151.201.117.212 - - [22/Oct/1999:07:34:42 -0400] "GET /PRESIDENT/ HTTP/1.0" 200 29678 "-" "Mozilla/4.04 [en] (Win95; I)"
151.201.117.212 - - [22/Oct/1999:07:34:44 -0400] "GET /PRESIDENT/campaigns.gif HTTP/1.0" 200 5835 "http://www.selectsmart.com/PRESIDENT/" "Mozilla/4.04 [en] (Win95; I)"
151.201.117.212 - - [22/Oct/1999:07:34:45 -0400] "GET /PRESIDENT/vidal.gif HTTP/1.0" 200 11342 "http://www.selectsmart.com/PRESIDENT/" "Mozilla/4.04 [en] (Win95; I)"
152.163.195.196 - - [22/Oct/1999:07:34:45 -0400] "GET /PRESIDENT/ HTTP/1.0" 200 29678 "-" "Mozilla/4.0 (compatible; MSIE 4.01; AOL 4.0; Mac_PPC)"
151.201.117.212 - - [22/Oct/1999:07:34:46 -0400] "GET /PRESIDENT/anecdote.gif HTTP/1.0" 200 6898 "http://www.selectsmart.com/PRESIDENT/" "Mozilla/4.04 [en] (Win95; I)"
151.201.117.212 - - [22/Oct/1999:07:34:48 -0400] "GET /PRESIDENT/TR.gif HTTP/1.0" 200 5566 "http://www.selectsmart.com/PRESIDENT/" "Mozilla/4.04 [en] (Win95; I)"
151.201.117.212 - - [22/Oct/1999:07:34:51 -0400] "GET /PRESIDENT/packaging.gif HTTP/1.0" 200 10663 "http://www.selectsmart.com/PRESIDENT/" "Mozilla/4.04 [en] (Win95; I)"
152.163.195.196 - - [22/Oct/1999:07:34:52 -0400] "GET /BUSINESS/drop_v.jpg HTTP/1.0" 200 1963 "http://www.selectsmart.com/PRESIDENT/" "Mozilla/4.0 (compatible; MSIE 4.01; AOL 4.0; Mac_PPC)"
152.163.195.196 - - [22/Oct/1999:07:34:52 -0400] "GET /PRESIDENT/anecdote.gif HTTP/1.0" 200 6898 "http://www.selectsmart.com/PRESIDENT/" "Mozilla/4.0 (compatible; MSIE 4.01; AOL 4.0; Mac_PPC)"
151.201.117.212 - - [22/Oct/1999:07:34:55 -0400] "GET /PRESIDENT/camp2000.gif HTTP/1.0" 200 7449 "http://www.selectsmart.com/PRESIDENT/" "Mozilla/4.04 [en] (Win95; I)"
216.192.146.2 - - [22/Oct/1999:07:34:57 -0400] "GET /PRESIDENT HTTP/1.1" 301 253 "-" "Mozilla/4.0 (compatible; MSIE 4.01; Windows 95; iFLINT 1.0)"
151.201.117.212 - - [22/Oct/1999:07:34:59 -0400] "GET /curt.jpg HTTP/1.0" 200 4228 "http://www.selectsmart.com/PRESIDENT/" "Mozilla/4.04 [en] (Win95; I)"
216.192.146.2 - - [22/Oct/1999:07:35:00 -0400] "GET /PRESIDENT/ HTTP/1.1" 200 29678 "-" "Mozilla/4.0 (compatible; MSIE 4.01; Windows 95; iFLINT 1.0)"
216.192.146.2 - - [22/Oct/1999:07:35:00 -0400] "GET /BUSINESS/16.gif HTTP/1.1" 200 6704 "http://www.selectsmart.com/PRESIDENT/" "Mozilla/4.0 (compatible; MSIE 4.01; Windows 95; iFLINT 1.0)"
216.192.146.2 - - [22/Oct/1999:07:35:01 -0400] "GET /BUSINESS/drop_v.jpg HTTP/1.1" 200 1963 "http://www.selectsmart.com/PRESIDENT/" "Mozilla/4.0 (compatible; MSIE 4.01; Windows 95; iFLINT 1.0)"
152.163.195.196 - - [22/Oct/1999:07:35:02 -0400] "GET /PRESIDENT/vidal.gif HTTP/1.0" 200 11342 "http://www.selectsmart.com/PRESIDENT/" "Mozilla/4.0 (compatible; MSIE 4.01; AOL 4.0; Mac_PPC)"
216.192.146.2 - - [22/Oct/1999:07:35:02 -0400] "GET /BUSINESS/drop_h.jpg HTTP/1.1" 200 2034 "http://www.selectsmart.com/PRESIDENT/" "Mozilla/4.0 (compatible; MSIE 4.01; Windows 95; iFLINT 1.0)"
216.192.146.2 - - [22/Oct/1999:07:35:02 -0400] "GET /PRESIDENT/anecdote.gif HTTP/1.1" 200 6898 "http://www.selectsmart.com/PRESIDENT/" "Mozilla/4.0 (compatible; MSIE 4.01; Windows 95; iFLINT 1.0)"
216.192.146.2 - - [22/Oct/1999:07:35:02 -0400] "GET /PRESIDENT/campaigns.gif HTTP/1.1" 200 5835 "http://www.selectsmart.com/PRESIDENT/" "Mozilla/4.0 (compatible; MSIE 4.01; Windows 95; iFLINT 1.0)"
216.192.146.2 - - [22/Oct/1999:07:35:05 -0400] "GET /PRESIDENT/packaging.gif HTTP/1.1" 200 10663 "http://www.selectsmart.com/PRESIDENT/" "Mozilla/4.0 (compatible; MSIE 4.01; Windows 95; iFLINT 1.0)"
216.192.146.2 - - [22/Oct/1999:07:35:06 -0400] "GET /PRESIDENT/vidal.gif HTTP/1.1" 200 11342 "http://www.selectsmart.com/PRESIDENT/" "Mozilla/4.0 (compatible; MSIE 4.01; Windows 95; iFLINT 1.0)"
152.163.188.227 - - [22/Oct/1999:07:35:07 -0400] "GET /PRESIDENT/camp2000.gif HTTP/1.0" 304 - "http://www.selectsmart.com/PRESIDENT/" "Mozilla/4.0 (compatible; MSIE 4.01; AOL 4.0; Mac_PPC)"
216.192.146.2 - - [22/Oct/1999:07:35:10 -0400] "GET /PRESIDENT/TR.gif HTTP/1.1" 200 5566 "http://www.selectsmart.com/PRESIDENT/" "Mozilla/4.0 (compatible; MSIE 4.01; Windows 95; iFLINT 1.0)"
216.192.146.2 - - [22/Oct/1999:07:35:10 -0400] "GET /PRESIDENT/camp2000.gif HTTP/1.1" 200 7449 "http://www.selectsmart.com/PRESIDENT/" "Mozilla/4.0 (compatible; MSIE 4.01; Windows 95; iFLINT 1.0)"
216.192.146.2 - - [22/Oct/1999:07:35:12 -0400] "GET /curt.jpg HTTP/1.1" 200 4228 "http://www.selectsmart.com/PRESIDENT/" "Mozilla/4.0 (compatible; MSIE 4.01; Windows 95; iFLINT 1.0)"
24.25.68.77 - - [22/Oct/1999:07:35:16 -0400] "GET /PRESIDENT/ HTTP/1.1" 200 29678 "-" "Mozilla/4.0 (compatible; MSIE 5.0; Windows 95; DigExt)"
24.25.68.77 - - [22/Oct/1999:07:35:16 -0400] "GET /PRESIDENT/anecdote.gif HTTP/1.1" 200 6898 "http://www.selectsmart.com/PRESIDENT/" "Mozilla/4.0 (compatible; MSIE 5.0; Windows 95; DigExt)"
24.25.68.77 - - [22/Oct/1999:07:35:16 -0400] "GET /BUSINESS/16.gif HTTP/1.1" 200 6704 "http://www.selectsmart.com/PRESIDENT/" "Mozilla/4.0 (compatible; MSIE 5.0; Windows 95; DigExt)"
24.25.68.77 - - [22/Oct/1999:07:35:16 -0400] "GET /BUSINESS/drop_v.jpg HTTP/1.1" 200 1963 "http://www.selectsmart.com/PRESIDENT/" "Mozilla/4.0 (compatible; MSIE 5.0; Windows 95; DigExt)"
24.25.68.77 - - [22/Oct/1999:07:35:16 -0400] "GET /PRESIDENT/campaigns.gif HTTP/1.1" 200 5835 "http://www.selectsmart.com/PRESIDENT/" "Mozilla/4.0 (compatible; MSIE 5.0; Windows 95; DigExt)"
24.25.68.77 - - [22/Oct/1999:07:35:17 -0400] "GET /PRESIDENT/packaging.gif HTTP/1.1" 200 10663 "http://www.selectsmart.com/PRESIDENT/" "Mozilla/4.0 (compatible; MSIE 5.0; Windows 95; DigExt)"
24.25.68.77 - - [22/Oct/1999:07:35:17 -0400] "GET /BUSINESS/drop_h.jpg HTTP/1.1" 200 2034 "http://www.selectsmart.com/PRESIDENT/" "Mozilla/4.0 (compatible; MSIE 5.0; Windows 95; DigExt)"
24.25.68.77 - - [22/Oct/1999:07:35:17 -0400] "GET /PRESIDENT/vidal.gif HTTP/1.1" 200 11342 "http://www.selectsmart.com/PRESIDENT/" "Mozilla/4.0 (compatible; MSIE 5.0; Windows 95; DigExt)"
