63.21.114.138 - - [22/Oct/1999:01:00:06 -0400] "GET /PRESIDENT/packaging.gif HTTP/1.1" 200 10663 "http://www.selectsmart.com/PRESIDENT/" "Mozilla/4.0 (compatible; MSIE 4.01; Windows 98)"
63.21.114.138 - - [22/Oct/1999:01:00:11 -0400] "GET /PRESIDENT/vidal.gif HTTP/1.1" 200 11342 "http://www.selectsmart.com/PRESIDENT/" "Mozilla/4.0 (compatible; MSIE 4.01; Windows 98)"
63.21.114.138 - - [22/Oct/1999:01:00:15 -0400] "GET /PRESIDENT/TR.gif HTTP/1.1" 200 5566 "http://www.selectsmart.com/PRESIDENT/" "Mozilla/4.0 (compatible; MSIE 4.01; Windows 98)"
63.21.114.138 - - [22/Oct/1999:01:00:18 -0400] "GET /PRESIDENT/camp2000.gif HTTP/1.1" 200 7449 "http://www.selectsmart.com/PRESIDENT/" "Mozilla/4.0 (compatible; MSIE 4.01; Windows 98)"
63.21.114.138 - - [22/Oct/1999:01:00:21 -0400] "GET /curt.jpg HTTP/1.1" 200 4228 "http://www.selectsmart.com/PRESIDENT/" "Mozilla/4.0 (compatible; MSIE 4.01; Windows 98)"
24.9.140.24 - - [22/Oct/1999:01:00:32 -0400] "POST /PRESIDENT/results.php3 HTTP/1.0" 200 1376 "http://www.selectsmart.com/PRESIDENT/results.php3" "Mozilla/4.05 [en]C-AtHome0404 (Win95; U)"
152.163.204.204 - - [22/Oct/1999:01:00:39 -0400] "POST /PRESIDENT/results.php3 HTTP/1.0" 200 23969 "http://www.selectsmart.com/PRESIDENT/results.php3" "Mozilla/4.0 (compatible; MSIE 5.0; AOL 5.0; Windows 98; DigExt)"
24.9.140.24 - - [22/Oct/1999:01:00:39 -0400] "GET /PRESIDENT/index.html HTTP/1.0" 200 29678 "http://www.selectsmart.com/PRESIDENT/results.php3" "Mozilla/4.05 [en]C-AtHome0404 (Win95; U)"
152.163.189.129 - - [22/Oct/1999:01:00:41 -0400] "GET /PRESIDENT/images/browne.jpg HTTP/1.0" 200 2199 "http://www.selectsmart.com/PRESIDENT/results.php3" "Mozilla/4.0 (compatible; MSIE 5.0; AOL 5.0; Windows 98; DigExt)"
152.163.189.193 - - [22/Oct/1999:01:00:43 -0400] "GET /PRESIDENT/hatch.gif HTTP/1.0" 200 6423 "http://www.selectsmart.com/PRESIDENT/results.php3" "Mozilla/4.0 (compatible; MSIE 5.0; AOL 5.0; Windows 98; DigExt)"
152.163.189.99 - - [22/Oct/1999:01:00:43 -0400] "GET /PRESIDENT/images/gore.jpg HTTP/1.0" 200 2930 "http://www.selectsmart.com/PRESIDENT/results.php3" "Mozilla/4.0 (compatible; MSIE 5.0; AOL 5.0; Windows 98; DigExt)"
204.248.210.68 - - [22/Oct/1999:01:00:49 -0400] "GET /PRESIDENT/define2.htm HTTP/1.1" 200 201 "-" "Mozilla/4.0 (compatible; MSIE 4.01; Windows 98)"
129.1.190.239 - - [22/Oct/1999:01:00:57 -0400] "GET /PRESIDENT/define16.htm HTTP/1.1" 200 229 "-" "Mozilla/4.0 (compatible; MSIE 4.01; Windows 98)"
24.9.140.24 - - [22/Oct/1999:01:01:06 -0400] "POST /PRESIDENT/results.php3 HTTP/1.0" 200 11605 "http://www.selectsmart.com/PRESIDENT/results.php3" "Mozilla/4.05 [en]C-AtHome0404 (Win95; U)"
24.9.140.24 - - [22/Oct/1999:01:01:06 -0400] "GET /PRESIDENT/images/bush.jpg HTTP/1.0" 200 2977 "http://www.selectsmart.com/PRESIDENT/results.php3" "Mozilla/4.05 [en]C-AtHome0404 (Win95; U)"
24.9.140.24 - - [22/Oct/1999:01:01:07 -0400] "GET /PRESIDENT/images/mccain.jpg HTTP/1.0" 200 2299 "http://www.selectsmart.com/PRESIDENT/results.php3" "Mozilla/4.05 [en]C-AtHome0404 (Win95; U)"
63.14.146.149 - - [22/Oct/1999:01:01:12 -0400] "POST /PRESIDENT/results.php3 HTTP/1.1" 200 6637 "http://www.selectsmart.com/PRESIDENT/" "Mozilla/4.0 (compatible; MSIE 4.01; Windows 98)"
63.21.114.138 - - [22/Oct/1999:01:01:37 -0400] "POST /PRESIDENT/results.php3 HTTP/1.1" 200 6638 "http://www.selectsmart.com/PRESIDENT/" "Mozilla/4.0 (compatible; MSIE 4.01; Windows 98)"
129.1.190.239 - - [22/Oct/1999:01:01:40 -0400] "POST /PRESIDENT/results.php3 HTTP/1.1" 200 6640 "http://www.selectsmart.com/PRESIDENT/" "Mozilla/4.0 (compatible; MSIE 4.01; Windows 98)"
63.21.114.138 - - [22/Oct/1999:01:01:53 -0400] "GET /PRESIDENT/results.php3?more=now&mid=11 HTTP/1.1" 200 6634 "http://www.selectsmart.com/PRESIDENT/results.php3" "Mozilla/4.0 (compatible; MSIE 4.01; Windows 98)"
63.14.146.149 - - [22/Oct/1999:01:01:53 -0400] "POST /PRESIDENT/results.php3 HTTP/1.1" 200 5027 "http://www.selectsmart.com/PRESIDENT/results.php3" "Mozilla/4.0 (compatible; MSIE 4.01; Windows 98)"
63.21.114.138 - - [22/Oct/1999:01:01:55 -0400] "GET /PRESIDENT/hatch.gif HTTP/1.1" 200 6423 "http://www.selectsmart.com/PRESIDENT/results.php3?more=now&mid=11" "Mozilla/4.0 (compatible; MSIE 4.01; Windows 98)"
63.14.146.149 - - [22/Oct/1999:01:01:55 -0400] "GET /PRESIDENT/images/keyes.jpg HTTP/1.1" 200 2466 "http://www.selectsmart.com/PRESIDENT/results.php3" "Mozilla/4.0 (compatible; MSIE 4.01; Windows 98)"
208.142.129.214 - - [22/Oct/1999:01:02:07 -0400] "GET /PRESIDENT/ HTTP/1.0" 304 - "-" "MSProxy/2.0"
204.248.210.68 - - [22/Oct/1999:01:02:12 -0400] "GET /PRESIDENT/define3.htm HTTP/1.1" 200 270 "-" "Mozilla/4.0 (compatible; MSIE 4.01; Windows 98)"
24.0.133.238 - - [22/Oct/1999:01:02:25 -0400] "GET /PRESIDENT/ HTTP/1.1" 200 29678 "http://www.freerepublic.com/forum/a380fd23a2489.htm" "Mozilla/4.0 (compatible; MSIE 5.0; Windows 98; DigExt; AtHome0107)"
24.0.133.238 - - [22/Oct/1999:01:02:26 -0400] "GET /PRESIDENT/campaigns.gif HTTP/1.1" 200 5835 "http://www.selectsmart.com/PRESIDENT/" "Mozilla/4.0 (compatible; MSIE 5.0; Windows 98; DigExt; AtHome0107)"
24.0.133.238 - - [22/Oct/1999:01:02:26 -0400] "GET /BUSINESS/drop_v.jpg HTTP/1.1" 200 1963 "http://www.selectsmart.com/PRESIDENT/" "Mozilla/4.0 (compatible; MSIE 5.0; Windows 98; DigExt; AtHome0107)"
24.0.133.238 - - [22/Oct/1999:01:02:26 -0400] "GET /BUSINESS/16.gif HTTP/1.1" 200 6704 "http://www.selectsmart.com/PRESIDENT/" "Mozilla/4.0 (compatible; MSIE 5.0; Windows 98; DigExt; AtHome0107)"
24.0.133.238 - - [22/Oct/1999:01:02:26 -0400] "GET /PRESIDENT/packaging.gif HTTP/1.1" 200 10663 "http://www.selectsmart.com/PRESIDENT/" "Mozilla/4.0 (compatible; MSIE 5.0; Windows 98; DigExt; AtHome0107)"
24.0.133.238 - - [22/Oct/1999:01:02:26 -0400] "GET /PRESIDENT/anecdote.gif HTTP/1.1" 200 6898 "http://www.selectsmart.com/PRESIDENT/" "Mozilla/4.0 (compatible; MSIE 5.0; Windows 98; DigExt; AtHome0107)"
24.0.133.238 - - [22/Oct/1999:01:02:27 -0400] "GET /BUSINESS/drop_h.jpg HTTP/1.1" 200 2034 "http://www.selectsmart.com/PRESIDENT/" "Mozilla/4.0 (compatible; MSIE 5.0; Windows 98; DigExt; AtHome0107)"
24.0.133.238 - - [22/Oct/1999:01:02:28 -0400] "GET /PRESIDENT/vidal.gif HTTP/1.1" 200 11342 "http://www.selectsmart.com/PRESIDENT/" "Mozilla/4.0 (compatible; MSIE 5.0; Windows 98; DigExt; AtHome0107)"
24.0.133.238 - - [22/Oct/1999:01:02:28 -0400] "GET /curt.jpg HTTP/1.1" 200 4228 "http://www.selectsmart.com/PRESIDENT/" "Mozilla/4.0 (compatible; MSIE 5.0; Windows 98; DigExt; AtHome0107)"
24.0.133.238 - - [22/Oct/1999:01:02:28 -0400] "GET /PRESIDENT/TR.gif HTTP/1.1" 200 5566 "http://www.selectsmart.com/PRESIDENT/" "Mozilla/4.0 (compatible; MSIE 5.0; Windows 98; DigExt; AtHome0107)"
24.0.133.238 - - [22/Oct/1999:01:02:28 -0400] "GET /PRESIDENT/camp2000.gif HTTP/1.1" 200 7449 "http://www.selectsmart.com/PRESIDENT/" "Mozilla/4.0 (compatible; MSIE 5.0; Windows 98; DigExt; AtHome0107)"
63.21.114.138 - - [22/Oct/1999:01:02:47 -0400] "GET /PRESIDENT/results.php3?more=now&mid=18 HTTP/1.1" 200 3774 "http://www.selectsmart.com/PRESIDENT/results.php3" "Mozilla/4.0 (compatible; MSIE 4.01; Windows 98)"
63.21.114.138 - - [22/Oct/1999:01:02:49 -0400] "GET /PRESIDENT/images/mcreynolds.jpg HTTP/1.1" 200 4631 "http://www.selectsmart.com/PRESIDENT/results.php3?more=now&mid=18" "Mozilla/4.0 (compatible; MSIE 4.01; Windows 98)"
204.152.191.47 - - [22/Oct/1999:01:02:59 -0400] "GET /catalogue-newdesigns.html HTTP/1.0" 200 6091 "-" "Scooter/2.0 G.R.A.B. V1.1.0"
63.14.146.149 - - [22/Oct/1999:01:03:27 -0400] "GET /BUSINESS/16.gif HTTP/1.1" 200 6704 "http://www.selectsmart.com/PRESIDENT/" "Mozilla/4.0 (compatible; MSIE 4.01; Windows 98)"
63.14.146.149 - - [22/Oct/1999:01:03:27 -0400] "GET /BUSINESS/drop_v.jpg HTTP/1.1" 200 1963 "http://www.selectsmart.com/PRESIDENT/" "Mozilla/4.0 (compatible; MSIE 4.01; Windows 98)"
63.14.146.149 - - [22/Oct/1999:01:03:27 -0400] "GET /PRESIDENT/ HTTP/1.1" 200 29678 "http://www.freerepublic.com/forum/a380fd23a2489.htm" "Mozilla/4.0 (compatible; MSIE 4.01; Windows 98)"
63.21.114.138 - - [22/Oct/1999:01:03:28 -0400] "GET /PRESIDENT/ HTTP/1.1" 304 - "http://www.freerepublic.com/forum/a380fd23a2489.htm" "Mozilla/4.0 (compatible; MSIE 4.01; Windows 98)"
63.21.114.138 - - [22/Oct/1999:01:03:28 -0400] "GET /PRESIDENT/anecdote.gif HTTP/1.1" 304 - "http://www.selectsmart.com/PRESIDENT/" "Mozilla/4.0 (compatible; MSIE 4.01; Windows 98)"
63.21.114.138 - - [22/Oct/1999:01:03:28 -0400] "GET /BUSINESS/16.gif HTTP/1.1" 304 - "http://www.selectsmart.com/PRESIDENT/" "Mozilla/4.0 (compatible; MSIE 4.01; Windows 98)"
63.21.114.138 - - [22/Oct/1999:01:03:28 -0400] "GET /BUSINESS/drop_v.jpg HTTP/1.1" 304 - "http://www.selectsmart.com/PRESIDENT/" "Mozilla/4.0 (compatible; MSIE 4.01; Windows 98)"
63.21.114.138 - - [22/Oct/1999:01:03:29 -0400] "GET /PRESIDENT/campaigns.gif HTTP/1.1" 304 - "http://www.selectsmart.com/PRESIDENT/" "Mozilla/4.0 (compatible; MSIE 4.01; Windows 98)"
63.21.114.138 - - [22/Oct/1999:01:03:29 -0400] "GET /PRESIDENT/packaging.gif HTTP/1.1" 304 - "http://www.selectsmart.com/PRESIDENT/" "Mozilla/4.0 (compatible; MSIE 4.01; Windows 98)"
63.21.114.138 - - [22/Oct/1999:01:03:29 -0400] "GET /BUSINESS/drop_h.jpg HTTP/1.1" 304 - "http://www.selectsmart.com/PRESIDENT/" "Mozilla/4.0 (compatible; MSIE 4.01; Windows 98)"
63.21.114.138 - - [22/Oct/1999:01:03:29 -0400] "GET /PRESIDENT/vidal.gif HTTP/1.1" 304 - "http://www.selectsmart.com/PRESIDENT/" "Mozilla/4.0 (compatible; MSIE 4.01; Windows 98)"
63.21.114.138 - - [22/Oct/1999:01:03:29 -0400] "GET /PRESIDENT/TR.gif HTTP/1.1" 304 - "http://www.selectsmart.com/PRESIDENT/" "Mozilla/4.0 (compatible; MSIE 4.01; Windows 98)"
63.21.114.138 - - [22/Oct/1999:01:03:29 -0400] "GET /PRESIDENT/camp2000.gif HTTP/1.1" 304 - "http://www.selectsmart.com/PRESIDENT/" "Mozilla/4.0 (compatible; MSIE 4.01; Windows 98)"
63.21.114.138 - - [22/Oct/1999:01:03:29 -0400] "GET /curt.jpg HTTP/1.1" 304 - "http://www.selectsmart.com/PRESIDENT/" "Mozilla/4.0 (compatible; MSIE 4.01; Windows 98)"
63.14.146.149 - - [22/Oct/1999:01:03:29 -0400] "GET /BUSINESS/drop_h.jpg HTTP/1.1" 200 2034 "http://www.selectsmart.com/PRESIDENT/" "Mozilla/4.0 (compatible; MSIE 4.01; Windows 98)"
63.14.146.149 - - [22/Oct/1999:01:03:29 -0400] "GET /PRESIDENT/anecdote.gif HTTP/1.1" 200 6898 "http://www.selectsmart.com/PRESIDENT/" "Mozilla/4.0 (compatible; MSIE 4.01; Windows 98)"
63.14.146.149 - - [22/Oct/1999:01:03:30 -0400] "GET /PRESIDENT/campaigns.gif HTTP/1.1" 200 5835 "http://www.selectsmart.com/PRESIDENT/" "Mozilla/4.0 (compatible; MSIE 4.01; Windows 98)"
63.14.146.149 - - [22/Oct/1999:01:03:32 -0400] "GET /PRESIDENT/packaging.gif HTTP/1.1" 200 10663 "http://www.selectsmart.com/PRESIDENT/" "Mozilla/4.0 (compatible; MSIE 4.01; Windows 98)"
63.14.146.149 - - [22/Oct/1999:01:03:38 -0400] "GET /PRESIDENT/poll.htm HTTP/1.1" 200 4489 "-" "Mozilla/4.0 (compatible; MSIE 4.01; Windows 98)"
205.188.209.70 - - [22/Oct/1999:01:03:57 -0400] "GET /PRESIDENT/ HTTP/1.0" 304 - "-" "Mozilla/4.0 (compatible; MSIE 5.0; AOL 5.0; Windows 98; DigExt)"
63.21.114.138 - - [22/Oct/1999:01:03:58 -0400] "POST /PRESIDENT/results.php3 HTTP/1.1" 200 6638 "http://www.selectsmart.com/PRESIDENT/" "Mozilla/4.0 (compatible; MSIE 4.01; Windows 98)"
206.151.156.75 - - [22/Oct/1999:01:03:59 -0400] "GET /indexa.html HTTP/1.1" 206 7019 "http://www.selectsmart.com/" "Mozilla/4.0 (compatible; MSIE 4.0; Windows 95)"
206.151.156.75 - - [22/Oct/1999:01:04:00 -0400] "GET /BUSINESS/14.gif HTTP/1.1" 200 6644 "http://www.selectsmart.com/indexa.html" "Mozilla/4.0 (compatible; MSIE 4.0; Windows 95)"
206.151.156.75 - - [22/Oct/1999:01:04:00 -0400] "GET /solid6.gif HTTP/1.1" 200 993 "http://www.selectsmart.com/indexa.html" "Mozilla/4.0 (compatible; MSIE 4.0; Windows 95)"
206.151.156.75 - - [22/Oct/1999:01:04:00 -0400] "GET /planetclick.gif HTTP/1.1" 200 4949 "http://www.selectsmart.com/indexa.html" "Mozilla/4.0 (compatible; MSIE 4.0; Windows 95)"
206.151.156.75 - - [22/Oct/1999:01:04:09 -0400] "GET /PRESIDENT/results.php3?more=now&mid=18 HTTP/1.1" 200 3774 "http://www.selectsmart.com/PRESIDENT/results.php3" "Mozilla/4.0 (compatible; MSIE 4.0; Windows 95)"
206.151.156.75 - - [22/Oct/1999:01:04:10 -0400] "GET /PRESIDENT/images/mcreynolds.jpg HTTP/1.1" 304 - "http://www.selectsmart.com/PRESIDENT/results.php3?more=now&mid=18" "Mozilla/4.0 (compatible; MSIE 4.0; Windows 95)"
204.248.210.68 - - [22/Oct/1999:01:04:21 -0400] "GET /PRESIDENT/define8.htm HTTP/1.1" 200 322 "-" "Mozilla/4.0 (compatible; MSIE 4.01; Windows 98)"
207.251.201.123 - - [22/Oct/1999:01:04:29 -0400] "GET /planetclick.gif HTTP/1.0" 304 - "-" "Mozilla/3.01 (compatible;)"
209.166.160.51 - - [22/Oct/1999:01:04:38 -0400] "GET /BUSINESS/drop_h.jpg HTTP/1.0" 200 2034 "-" "Mozilla/3.01 (compatible;)"
209.166.160.51 - - [22/Oct/1999:01:04:38 -0400] "GET /BUSINESS/16.gif HTTP/1.0" 200 6704 "-" "Mozilla/3.01 (compatible;)"
209.166.160.51 - - [22/Oct/1999:01:04:38 -0400] "GET /BUSINESS/drop_v.jpg HTTP/1.0" 200 1963 "-" "Mozilla/3.01 (compatible;)"
209.166.160.51 - - [22/Oct/1999:01:04:38 -0400] "GET /PRESIDENT/ HTTP/1.0" 200 29678 "-" "Mozilla/3.01 (compatible;)"
209.166.160.51 - - [22/Oct/1999:01:04:38 -0400] "GET /PRESIDENT/campaigns.gif HTTP/1.0" 200 5835 "-" "Mozilla/3.01 (compatible;)"
209.166.160.51 - - [22/Oct/1999:01:04:38 -0400] "GET /PRESIDENT/anecdote.gif HTTP/1.0" 200 6898 "-" "Mozilla/3.01 (compatible;)"
209.166.160.51 - - [22/Oct/1999:01:04:38 -0400] "GET /PRESIDENT/TR.gif HTTP/1.0" 200 5566 "-" "Mozilla/3.01 (compatible;)"
209.166.160.51 - - [22/Oct/1999:01:04:38 -0400] "GET /PRESIDENT/vidal.gif HTTP/1.0" 200 11342 "-" "Mozilla/3.01 (compatible;)"
209.166.160.51 - - [22/Oct/1999:01:04:38 -0400] "GET /PRESIDENT/packaging.gif HTTP/1.0" 200 10663 "-" "Mozilla/3.01 (compatible;)"
209.166.160.51 - - [22/Oct/1999:01:04:38 -0400] "GET /PRESIDENT/camp2000.gif HTTP/1.0" 200 7449 "-" "Mozilla/3.01 (compatible;)"
209.166.160.51 - - [22/Oct/1999:01:04:38 -0400] "GET /curt.jpg HTTP/1.0" 200 4228 "-" "Mozilla/3.01 (compatible;)"
207.251.201.123 - - [22/Oct/1999:01:04:42 -0400] "GET /indexa.html HTTP/1.0" 304 - "-" "Mozilla/3.01 (compatible;)"
136.160.176.153 - - [22/Oct/1999:01:04:49 -0400] "GET /PRESIDENT/ HTTP/1.0" 200 29678 "-" "Mozilla/4.7 [en] (WinNT; I)"
136.160.176.153 - - [22/Oct/1999:01:04:49 -0400] "GET /PRESIDENT/ HTTP/1.0" 304 - "-" "Mozilla/4.7 [en] (WinNT; I)"
136.160.176.153 - - [22/Oct/1999:01:04:50 -0400] "GET /PRESIDENT/ HTTP/1.0" 206 19112 "-" "Mozilla/4.7 [en] (WinNT; I)"
136.160.176.153 - - [22/Oct/1999:01:04:50 -0400] "GET /PRESIDENT/anecdote.gif HTTP/1.0" 200 6898 "http://www.selectsmart.com/PRESIDENT/" "Mozilla/4.7 [en] (WinNT; I)"
136.160.176.153 - - [22/Oct/1999:01:04:50 -0400] "GET /PRESIDENT/packaging.gif HTTP/1.0" 200 10663 "http://www.selectsmart.com/PRESIDENT/" "Mozilla/4.7 [en] (WinNT; I)"
136.160.176.153 - - [22/Oct/1999:01:04:50 -0400] "GET /PRESIDENT/campaigns.gif HTTP/1.0" 200 5835 "http://www.selectsmart.com/PRESIDENT/" "Mozilla/4.7 [en] (WinNT; I)"
136.160.176.153 - - [22/Oct/1999:01:04:50 -0400] "GET /PRESIDENT/vidal.gif HTTP/1.0" 200 11342 "http://www.selectsmart.com/PRESIDENT/" "Mozilla/4.7 [en] (WinNT; I)"
136.160.176.153 - - [22/Oct/1999:01:04:50 -0400] "GET /PRESIDENT/camp2000.gif HTTP/1.0" 200 7449 "http://www.selectsmart.com/PRESIDENT/" "Mozilla/4.7 [en] (WinNT; I)"
136.160.176.153 - - [22/Oct/1999:01:04:50 -0400] "GET /PRESIDENT/TR.gif HTTP/1.0" 200 5566 "http://www.selectsmart.com/PRESIDENT/" "Mozilla/4.7 [en] (WinNT; I)"
136.160.176.153 - - [22/Oct/1999:01:04:50 -0400] "GET /curt.jpg HTTP/1.0" 200 4228 "http://www.selectsmart.com/PRESIDENT/" "Mozilla/4.7 [en] (WinNT; I)"
206.151.156.75 - - [22/Oct/1999:01:05:10 -0400] "GET /PRESIDENT/poll.htm HTTP/1.1" 200 4489 "-" "Mozilla/4.0 (compatible; MSIE 4.0; Windows 95)"
12.72.25.158 - - [22/Oct/1999:01:05:53 -0400] "GET /BUSINESS/16.gif HTTP/1.1" 200 6704 "http://www.selectsmart.com/PRESIDENT/" "Mozilla/4.0 (compatible; MSIE 4.01; Windows 98)"
12.72.25.158 - - [22/Oct/1999:01:05:53 -0400] "GET /BUSINESS/drop_v.jpg HTTP/1.1" 200 1963 "http://www.selectsmart.com/PRESIDENT/" "Mozilla/4.0 (compatible; MSIE 4.01; Windows 98)"
12.72.25.158 - - [22/Oct/1999:01:05:53 -0400] "GET /PRESIDENT/ HTTP/1.1" 200 29678 "http://www.selectsmart.com/PRESIDENT/" "Mozilla/4.0 (compatible; MSIE 4.01; Windows 98)"
12.72.25.158 - - [22/Oct/1999:01:05:55 -0400] "GET /PRESIDENT/anecdote.gif HTTP/1.1" 200 6898 "http://www.selectsmart.com/PRESIDENT/" "Mozilla/4.0 (compatible; MSIE 4.01; Windows 98)"
206.208.132.18 - - [22/Oct/1999:01:05:56 -0400] "GET /PRESIDENT/ HTTP/1.1" 200 29678 "http://www.selectsmart.com/indexa.html" "Mozilla/4.0 (compatible; MSIE 5.0; Windows NT; DigExt)"
206.208.132.18 - - [22/Oct/1999:01:05:56 -0400] "GET /BUSINESS/16.gif HTTP/1.1" 200 6704 "http://www.selectsmart.com/PRESIDENT/" "Mozilla/4.0 (compatible; MSIE 5.0; Windows NT; DigExt)"
12.72.25.158 - - [22/Oct/1999:01:05:56 -0400] "GET /BUSINESS/drop_h.jpg HTTP/1.1" 200 2034 "http://www.selectsmart.com/PRESIDENT/" "Mozilla/4.0 (compatible; MSIE 4.01; Windows 98)"
206.208.132.18 - - [22/Oct/1999:01:05:56 -0400] "GET /PRESIDENT/anecdote.gif HTTP/1.1" 200 6898 "http://www.selectsmart.com/PRESIDENT/" "Mozilla/4.0 (compatible; MSIE 5.0; Windows NT; DigExt)"
206.208.132.18 - - [22/Oct/1999:01:05:56 -0400] "GET /PRESIDENT/campaigns.gif HTTP/1.1" 200 5835 "http://www.selectsmart.com/PRESIDENT/" "Mozilla/4.0 (compatible; MSIE 5.0; Windows NT; DigExt)"
12.72.25.158 - - [22/Oct/1999:01:05:56 -0400] "GET /PRESIDENT/campaigns.gif HTTP/1.1" 200 5835 "http://www.selectsmart.com/PRESIDENT/" "Mozilla/4.0 (compatible; MSIE 4.01; Windows 98)"
206.208.132.18 - - [22/Oct/1999:01:05:56 -0400] "GET /PRESIDENT/packaging.gif HTTP/1.1" 200 10663 "http://www.selectsmart.com/PRESIDENT/" "Mozilla/4.0 (compatible; MSIE 5.0; Windows NT; DigExt)"
206.208.132.18 - - [22/Oct/1999:01:05:56 -0400] "GET /PRESIDENT/vidal.gif HTTP/1.1" 200 11342 "http://www.selectsmart.com/PRESIDENT/" "Mozilla/4.0 (compatible; MSIE 5.0; Windows NT; DigExt)"
206.208.132.18 - - [22/Oct/1999:01:05:56 -0400] "GET /PRESIDENT/TR.gif HTTP/1.1" 200 5566 "http://www.selectsmart.com/PRESIDENT/" "Mozilla/4.0 (compatible; MSIE 5.0; Windows NT; DigExt)"
206.208.132.18 - - [22/Oct/1999:01:05:56 -0400] "GET /PRESIDENT/camp2000.gif HTTP/1.1" 200 7449 "http://www.selectsmart.com/PRESIDENT/" "Mozilla/4.0 (compatible; MSIE 5.0; Windows NT; DigExt)"
12.72.25.158 - - [22/Oct/1999:01:06:00 -0400] "GET /PRESIDENT/packaging.gif HTTP/1.1" 200 10663 "http://www.selectsmart.com/PRESIDENT/" "Mozilla/4.0 (compatible; MSIE 4.01; Windows 98)"
12.72.25.158 - - [22/Oct/1999:01:06:07 -0400] "GET /PRESIDENT/vidal.gif HTTP/1.1" 200 11342 "http://www.selectsmart.com/PRESIDENT/" "Mozilla/4.0 (compatible; MSIE 4.01; Windows 98)"
12.72.25.158 - - [22/Oct/1999:01:06:07 -0400] "GET /PRESIDENT/camp2000.gif HTTP/1.1" 200 7449 "http://www.selectsmart.com/PRESIDENT/" "Mozilla/4.0 (compatible; MSIE 4.01; Windows 98)"
12.72.25.158 - - [22/Oct/1999:01:06:14 -0400] "GET /curt.jpg HTTP/1.1" 200 4228 "http://www.selectsmart.com/PRESIDENT/" "Mozilla/4.0 (compatible; MSIE 4.01; Windows 98)"
12.72.25.158 - - [22/Oct/1999:01:06:15 -0400] "GET /PRESIDENT/TR.gif HTTP/1.1" 200 5566 "http://www.selectsmart.com/PRESIDENT/" "Mozilla/4.0 (compatible; MSIE 4.01; Windows 98)"
206.67.169.30 - - [22/Oct/1999:01:06:45 -0400] "GET / HTTP/1.1" 200 1839 "-" "Mozilla/4.0 (compatible; MSIE 4.01; Windows 98)"
206.67.169.30 - - [22/Oct/1999:01:06:47 -0400] "GET /sidepanel.html HTTP/1.1" 200 3890 "http://www.selectsmart.com/" "Mozilla/4.0 (compatible; MSIE 4.01; Windows 98)"
206.67.169.30 - - [22/Oct/1999:01:06:48 -0400] "GET /solid52.gif HTTP/1.1" 200 980 "http://www.selectsmart.com/sidepanel.html" "Mozilla/4.0 (compatible; MSIE 4.01; Windows 98)"
206.67.169.30 - - [22/Oct/1999:01:06:48 -0400] "GET /AMAZON/amzn-buy.gif HTTP/1.1" 200 3051 "http://www.selectsmart.com/sidepanel.html" "Mozilla/4.0 (compatible; MSIE 4.01; Windows 98)"
206.67.169.30 - - [22/Oct/1999:01:06:52 -0400] "GET /thnkyell.jpg HTTP/1.1" 200 23337 "http://www.selectsmart.com/sidepanel.html" "Mozilla/4.0 (compatible; MSIE 4.01; Windows 98)"
206.67.169.30 - - [22/Oct/1999:01:06:55 -0400] "GET /solid59.gif HTTP/1.1" 200 977 "http://www.selectsmart.com/sidepanel.html" "Mozilla/4.0 (compatible; MSIE 4.01; Windows 98)"
206.67.169.30 - - [22/Oct/1999:01:06:55 -0400] "GET /indexa.html HTTP/1.1" 200 20372 "http://www.selectsmart.com/" "Mozilla/4.0 (compatible; MSIE 4.01; Windows 98)"
24.0.133.238 - - [22/Oct/1999:01:06:57 -0400] "POST /PRESIDENT/results.php3 HTTP/1.1" 200 6638 "http://www.selectsmart.com/PRESIDENT/" "Mozilla/4.0 (compatible; MSIE 5.0; Windows 98; DigExt; AtHome0107)"
206.67.169.30 - - [22/Oct/1999:01:07:04 -0400] "GET /solid17.gif HTTP/1.1" 200 988 "http://www.selectsmart.com/sidepanel.html" "Mozilla/4.0 (compatible; MSIE 4.01; Windows 98)"
206.67.169.30 - - [22/Oct/1999:01:07:04 -0400] "GET /solid48.gif HTTP/1.1" 200 987 "http://www.selectsmart.com/sidepanel.html" "Mozilla/4.0 (compatible; MSIE 4.01; Windows 98)"
206.67.169.30 - - [22/Oct/1999:01:07:05 -0400] "GET /solid41.gif HTTP/1.1" 200 987 "http://www.selectsmart.com/sidepanel.html" "Mozilla/4.0 (compatible; MSIE 4.01; Windows 98)"
206.67.169.30 - - [22/Oct/1999:01:07:05 -0400] "GET /up.jpg HTTP/1.1" 200 2511 "http://www.selectsmart.com/sidepanel.html" "Mozilla/4.0 (compatible; MSIE 4.01; Windows 98)"
206.67.169.30 - - [22/Oct/1999:01:07:06 -0400] "GET /BUSINESS/drop_v.jpg HTTP/1.1" 200 1963 "http://www.selectsmart.com/indexa.html" "Mozilla/4.0 (compatible; MSIE 4.01; Windows 98)"
206.67.169.30 - - [22/Oct/1999:01:07:06 -0400] "GET /curt.jpg HTTP/1.1" 200 4228 "http://www.selectsmart.com/sidepanel.html" "Mozilla/4.0 (compatible; MSIE 4.01; Windows 98)"
206.67.169.30 - - [22/Oct/1999:01:07:06 -0400] "GET /BUSINESS/drop_h.jpg HTTP/1.1" 200 2034 "http://www.selectsmart.com/indexa.html" "Mozilla/4.0 (compatible; MSIE 4.01; Windows 98)"
206.67.169.30 - - [22/Oct/1999:01:07:09 -0400] "GET /solid17.gif HTTP/1.1" 200 988 "http://www.selectsmart.com/sidepanel.html" "Mozilla/4.0 (compatible; MSIE 4.01; Windows 98)"
206.67.169.30 - - [22/Oct/1999:01:07:09 -0400] "GET /solid6.gif HTTP/1.1" 200 993 "http://www.selectsmart.com/indexa.html" "Mozilla/4.0 (compatible; MSIE 4.01; Windows 98)"
206.67.169.30 - - [22/Oct/1999:01:07:10 -0400] "GET /planetclick.gif HTTP/1.1" 200 4949 "http://www.selectsmart.com/indexa.html" "Mozilla/4.0 (compatible; MSIE 4.01; Windows 98)"
206.67.169.30 - - [22/Oct/1999:01:07:10 -0400] "GET /solid11.gif HTTP/1.1" 200 1006 "http://www.selectsmart.com/indexa.html" "Mozilla/4.0 (compatible; MSIE 4.01; Windows 98)"
206.67.169.30 - - [22/Oct/1999:01:07:12 -0400] "GET /sltrib.gif HTTP/1.1" 200 5673 "http://www.selectsmart.com/indexa.html" "Mozilla/4.0 (compatible; MSIE 4.01; Windows 98)"
206.67.169.30 - - [22/Oct/1999:01:07:12 -0400] "GET /solid28.gif HTTP/1.1" 200 972 "http://www.selectsmart.com/indexa.html" "Mozilla/4.0 (compatible; MSIE 4.01; Windows 98)"
206.67.169.30 - - [22/Oct/1999:01:07:14 -0400] "GET /cooltools.gif HTTP/1.1" 200 3810 "http://www.selectsmart.com/indexa.html" "Mozilla/4.0 (compatible; MSIE 4.01; Windows 98)"
206.67.169.30 - - [22/Oct/1999:01:07:14 -0400] "GET /solid48.gif HTTP/1.1" 200 987 "http://www.selectsmart.com/indexa.html" "Mozilla/4.0 (compatible; MSIE 4.01; Windows 98)"
206.67.169.30 - - [22/Oct/1999:01:07:15 -0400] "GET /BUSINESS/14.gif HTTP/1.1" 200 6644 "http://www.selectsmart.com/indexa.html" "Mozilla/4.0 (compatible; MSIE 4.01; Windows 98)"
206.67.169.30 - - [22/Oct/1999:01:07:17 -0400] "GET /cooldogsiteselected.gif HTTP/1.1" 200 2982 "http://www.selectsmart.com/indexa.html" "Mozilla/4.0 (compatible; MSIE 4.01; Windows 98)"
206.67.169.30 - - [22/Oct/1999:01:07:17 -0400] "GET /exclaim.jpg HTTP/1.1" 200 7859 "http://www.selectsmart.com/indexa.html" "Mozilla/4.0 (compatible; MSIE 4.01; Windows 98)"
206.67.169.30 - - [22/Oct/1999:01:07:22 -0400] "GET /carolin2.gif HTTP/1.1" 200 3241 "http://www.selectsmart.com/indexa.html" "Mozilla/4.0 (compatible; MSIE 4.01; Windows 98)"
206.67.169.30 - - [22/Oct/1999:01:07:29 -0400] "GET /DOG HTTP/1.1" 301 247 "http://www.selectsmart.com/indexa.html" "Mozilla/4.0 (compatible; MSIE 4.01; Windows 98)"
38.27.175.216 - - [22/Oct/1999:01:07:31 -0400] "GET /BUSINESS/drop_h.jpg HTTP/1.0" 200 2034 "http://www.selectsmart.com/PRESIDENT/" "Mozilla/4.51 [en] (Win98; U)"
38.27.175.216 - - [22/Oct/1999:01:07:31 -0400] "GET /BUSINESS/drop_v.jpg HTTP/1.0" 200 1963 "http://www.selectsmart.com/PRESIDENT/" "Mozilla/4.51 [en] (Win98; U)"
38.27.175.216 - - [22/Oct/1999:01:07:31 -0400] "GET /BUSINESS/16.gif HTTP/1.0" 200 6704 "http://www.selectsmart.com/PRESIDENT/" "Mozilla/4.51 [en] (Win98; U)"
38.27.175.216 - - [22/Oct/1999:01:07:31 -0400] "GET /PRESIDENT/ HTTP/1.0" 200 29678 "-" "Mozilla/4.51 [en] (Win98; U)"
206.67.169.30 - - [22/Oct/1999:01:07:32 -0400] "GET /DOG/ HTTP/1.1" 200 26494 "http://www.selectsmart.com/indexa.html" "Mozilla/4.0 (compatible; MSIE 4.01; Windows 98)"
206.67.169.30 - - [22/Oct/1999:01:07:32 -0400] "GET /DOG/purinadog.gif HTTP/1.1" 200 11906 "http://www.selectsmart.com/DOG/" "Mozilla/4.0 (compatible; MSIE 4.01; Windows 98)"
38.27.175.216 - - [22/Oct/1999:01:07:36 -0400] "GET /PRESIDENT/TR.gif HTTP/1.0" 200 5566 "http://www.selectsmart.com/PRESIDENT/" "Mozilla/4.51 [en] (Win98; U)"
38.27.175.216 - - [22/Oct/1999:01:07:36 -0400] "GET /PRESIDENT/anecdote.gif HTTP/1.0" 200 6898 "http://www.selectsmart.com/PRESIDENT/" "Mozilla/4.51 [en] (Win98; U)"
38.27.175.216 - - [22/Oct/1999:01:07:36 -0400] "GET /PRESIDENT/packaging.gif HTTP/1.0" 200 10663 "http://www.selectsmart.com/PRESIDENT/" "Mozilla/4.51 [en] (Win98; U)"
206.67.169.30 - - [22/Oct/1999:01:07:38 -0400] "GET /DOG/compet.gif HTTP/1.1" 200 15373 "http://www.selectsmart.com/DOG/" "Mozilla/4.0 (compatible; MSIE 4.01; Windows 98)"
38.27.175.216 - - [22/Oct/1999:01:07:40 -0400] "GET /PRESIDENT/campaigns.gif HTTP/1.0" 200 5835 "http://www.selectsmart.com/PRESIDENT/" "Mozilla/4.51 [en] (Win98; U)"
206.67.169.30 - - [22/Oct/1999:01:07:43 -0400] "GET /DOG/toydog.gif HTTP/1.1" 200 11205 "http://www.selectsmart.com/DOG/" "Mozilla/4.0 (compatible; MSIE 4.01; Windows 98)"
38.27.175.216 - - [22/Oct/1999:01:07:43 -0400] "GET /PRESIDENT/vidal.gif HTTP/1.0" 200 11342 "http://www.selectsmart.com/PRESIDENT/" "Mozilla/4.51 [en] (Win98; U)"
38.27.175.216 - - [22/Oct/1999:01:07:44 -0400] "GET /curt.jpg HTTP/1.0" 200 4228 "http://www.selectsmart.com/PRESIDENT/" "Mozilla/4.51 [en] (Win98; U)"
24.0.133.238 - - [22/Oct/1999:01:07:47 -0400] "POST /PRESIDENT/results.php3 HTTP/1.1" 200 7380 "http://www.selectsmart.com/PRESIDENT/results.php3" "Mozilla/4.0 (compatible; MSIE 5.0; Windows 98; DigExt; AtHome0107)"
24.0.133.238 - - [22/Oct/1999:01:07:47 -0400] "GET /PRESIDENT/images/bauer.jpg HTTP/1.1" 200 2154 "http://www.selectsmart.com/PRESIDENT/results.php3" "Mozilla/4.0 (compatible; MSIE 5.0; Windows 98; DigExt; AtHome0107)"
206.67.169.30 - - [22/Oct/1999:01:07:47 -0400] "GET /DOG/trickisin.gif HTTP/1.1" 200 13603 "http://www.selectsmart.com/DOG/" "Mozilla/4.0 (compatible; MSIE 4.01; Windows 98)"
205.188.198.156 - - [22/Oct/1999:01:07:52 -0400] "POST /PRESIDENT/results.php3 HTTP/1.0" 200 6627 "http://www.selectsmart.com/PRESIDENT/" "Mozilla/4.0 (compatible; MSIE 5.0; AOL 5.0; Windows 98; DigExt)"
206.67.169.30 - - [22/Oct/1999:01:07:52 -0400] "GET /DOG/pudgy.gif HTTP/1.1" 200 14675 "http://www.selectsmart.com/DOG/" "Mozilla/4.0 (compatible; MSIE 4.01; Windows 98)"
38.27.175.216 - - [22/Oct/1999:01:07:59 -0400] "GET /PRESIDENT/camp2000.gif HTTP/1.0" 200 7449 "http://www.selectsmart.com/PRESIDENT/" "Mozilla/4.51 [en] (Win98; U)"
206.67.169.30 - - [22/Oct/1999:01:08:00 -0400] "GET /DOG/gettingthemost.gif HTTP/1.1" 200 7267 "http://www.selectsmart.com/DOG/" "Mozilla/4.0 (compatible; MSIE 4.01; Windows 98)"
152.163.188.133 - - [22/Oct/1999:01:08:07 -0400] "GET /PRESIDENT/ HTTP/1.0" 304 - "-" "Mozilla/4.0 (compatible; MSIE 5.0; AOL 5.0; Windows 98; DigExt)"
24.0.133.238 - - [22/Oct/1999:01:08:08 -0400] "POST /PRESIDENT/results.php3 HTTP/1.1" 200 13171 "http://www.selectsmart.com/PRESIDENT/results.php3" "Mozilla/4.0 (compatible; MSIE 5.0; Windows 98; DigExt; AtHome0107)"
24.0.133.238 - - [22/Oct/1999:01:08:09 -0400] "GET /PRESIDENT/forbes.gif HTTP/1.1" 200 6324 "http://www.selectsmart.com/PRESIDENT/results.php3" "Mozilla/4.0 (compatible; MSIE 5.0; Windows 98; DigExt; AtHome0107)"
209.67.247.202 - - [22/Oct/1999:01:08:14 -0400] "GET /dog/pcorgi.htm HTTP/1.0" 304 - "-" "FAST-WebCrawler/0.5 (crawler@fast.no; http://www.fast.no/faq/faqfastwebsearch/faqfastwebcrawler.html)"
152.173.100.175 - - [22/Oct/1999:01:08:27 -0400] "GET /PRESIDENT/ HTTP/1.0" 200 29678 "-" "Mozilla/4.6 [en] (Win98; I)"
152.173.100.175 - - [22/Oct/1999:01:08:28 -0400] "GET /BUSINESS/drop_h.jpg HTTP/1.0" 200 2034 "http://www.selectsmart.com/PRESIDENT/" "Mozilla/4.6 [en] (Win98; I)"
152.173.100.175 - - [22/Oct/1999:01:08:28 -0400] "GET /BUSINESS/drop_v.jpg HTTP/1.0" 200 1963 "http://www.selectsmart.com/PRESIDENT/" "Mozilla/4.6 [en] (Win98; I)"
152.173.100.175 - - [22/Oct/1999:01:08:28 -0400] "GET /BUSINESS/16.gif HTTP/1.0" 200 6704 "http://www.selectsmart.com/PRESIDENT/" "Mozilla/4.6 [en] (Win98; I)"
152.173.100.175 - - [22/Oct/1999:01:08:30 -0400] "GET /PRESIDENT/TR.gif HTTP/1.0" 200 5566 "http://www.selectsmart.com/PRESIDENT/" "Mozilla/4.6 [en] (Win98; I)"
152.173.100.175 - - [22/Oct/1999:01:08:30 -0400] "GET /PRESIDENT/anecdote.gif HTTP/1.0" 200 6898 "http://www.selectsmart.com/PRESIDENT/" "Mozilla/4.6 [en] (Win98; I)"
152.173.100.175 - - [22/Oct/1999:01:08:30 -0400] "GET /PRESIDENT/packaging.gif HTTP/1.0" 200 10663 "http://www.selectsmart.com/PRESIDENT/" "Mozilla/4.6 [en] (Win98; I)"
152.173.100.175 - - [22/Oct/1999:01:08:32 -0400] "GET /PRESIDENT/campaigns.gif HTTP/1.0" 200 5835 "http://www.selectsmart.com/PRESIDENT/" "Mozilla/4.6 [en] (Win98; I)"
152.173.100.175 - - [22/Oct/1999:01:08:35 -0400] "GET /PRESIDENT/vidal.gif HTTP/1.0" 200 11342 "http://www.selectsmart.com/PRESIDENT/" "Mozilla/4.6 [en] (Win98; I)"
152.173.100.175 - - [22/Oct/1999:01:08:37 -0400] "GET /curt.jpg HTTP/1.0" 200 4228 "http://www.selectsmart.com/PRESIDENT/" "Mozilla/4.6 [en] (Win98; I)"
152.173.100.175 - - [22/Oct/1999:01:08:42 -0400] "GET /PRESIDENT/camp2000.gif HTTP/1.0" 200 7449 "http://www.selectsmart.com/PRESIDENT/" "Mozilla/4.6 [en] (Win98; I)"
38.27.175.216 - - [22/Oct/1999:01:09:02 -0400] "GET /PRESIDENT/define8.htm HTTP/1.0" 200 322 "http://www.selectsmart.com/PRESIDENT/" "Mozilla/4.51 [en] (Win98; U)"
205.188.198.156 - - [22/Oct/1999:01:09:12 -0400] "GET /PRESIDENT/results.php3?more=now&mid=18 HTTP/1.0" 200 3762 "http://www.selectsmart.com/PRESIDENT/results.php3" "Mozilla/4.0 (compatible; MSIE 5.0; AOL 5.0; Windows 98; DigExt)"
38.27.175.216 - - [22/Oct/1999:01:09:15 -0400] "GET /PRESIDENT/define8a.htm HTTP/1.0" 200 193 "http://www.selectsmart.com/PRESIDENT/" "Mozilla/4.51 [en] (Win98; U)"
206.67.169.30 - - [22/Oct/1999:01:09:19 -0400] "GET /BUSINESS/14.gif HTTP/1.1" 206 1217 "http://www.selectsmart.com/indexa.html" "Mozilla/4.0 (compatible; MSIE 4.01; Windows 98)"
206.67.169.30 - - [22/Oct/1999:01:09:19 -0400] "GET /exclaim.jpg HTTP/1.1" 200 7859 "http://www.selectsmart.com/indexa.html" "Mozilla/4.0 (compatible; MSIE 4.01; Windows 98)"
206.67.169.30 - - [22/Oct/1999:01:09:20 -0400] "GET /sltrib.gif HTTP/1.1" 206 2198 "http://www.selectsmart.com/indexa.html" "Mozilla/4.0 (compatible; MSIE 4.01; Windows 98)"
206.67.169.30 - - [22/Oct/1999:01:09:20 -0400] "GET /carolin2.gif HTTP/1.1" 200 3241 "http://www.selectsmart.com/indexa.html" "Mozilla/4.0 (compatible; MSIE 4.01; Windows 98)"
206.67.169.30 - - [22/Oct/1999:01:09:23 -0400] "GET /CoolAward2.gif HTTP/1.1" 200 5548 "http://www.selectsmart.com/indexa.html" "Mozilla/4.0 (compatible; MSIE 4.01; Windows 98)"
216.101.134.172 - - [22/Oct/1999:01:09:25 -0400] "GET /PRESIDENT/ HTTP/1.0" 200 29678 "http://www.FreeRepublic.com/forum/a380fd23a2489.htm" "Mozilla/4.6 [en] (WinNT; I)"
216.101.134.172 - - [22/Oct/1999:01:09:25 -0400] "GET /BUSINESS/drop_h.jpg HTTP/1.0" 200 2034 "http://www.selectsmart.com/PRESIDENT/" "Mozilla/4.6 [en] (WinNT; I)"
216.101.134.172 - - [22/Oct/1999:01:09:25 -0400] "GET /BUSINESS/drop_v.jpg HTTP/1.0" 200 1963 "http://www.selectsmart.com/PRESIDENT/" "Mozilla/4.6 [en] (WinNT; I)"
216.101.134.172 - - [22/Oct/1999:01:09:25 -0400] "GET /BUSINESS/16.gif HTTP/1.0" 200 6704 "http://www.selectsmart.com/PRESIDENT/" "Mozilla/4.6 [en] (WinNT; I)"
216.101.134.172 - - [22/Oct/1999:01:09:26 -0400] "GET /PRESIDENT/vidal.gif HTTP/1.0" 200 11342 "http://www.selectsmart.com/PRESIDENT/" "Mozilla/4.6 [en] (WinNT; I)"
216.101.134.172 - - [22/Oct/1999:01:09:26 -0400] "GET /PRESIDENT/anecdote.gif HTTP/1.0" 200 6898 "http://www.selectsmart.com/PRESIDENT/" "Mozilla/4.6 [en] (WinNT; I)"
216.101.134.172 - - [22/Oct/1999:01:09:26 -0400] "GET /PRESIDENT/campaigns.gif HTTP/1.0" 200 5835 "http://www.selectsmart.com/PRESIDENT/" "Mozilla/4.6 [en] (WinNT; I)"
216.101.134.172 - - [22/Oct/1999:01:09:26 -0400] "GET /PRESIDENT/packaging.gif HTTP/1.0" 200 10663 "http://www.selectsmart.com/PRESIDENT/" "Mozilla/4.6 [en] (WinNT; I)"
216.101.134.172 - - [22/Oct/1999:01:09:27 -0400] "GET /PRESIDENT/camp2000.gif HTTP/1.0" 200 7449 "http://www.selectsmart.com/PRESIDENT/" "Mozilla/4.6 [en] (WinNT; I)"
216.101.134.172 - - [22/Oct/1999:01:09:27 -0400] "GET /PRESIDENT/TR.gif HTTP/1.0" 200 5566 "http://www.selectsmart.com/PRESIDENT/" "Mozilla/4.6 [en] (WinNT; I)"
216.101.134.172 - - [22/Oct/1999:01:09:27 -0400] "GET /curt.jpg HTTP/1.0" 200 4228 "http://www.selectsmart.com/PRESIDENT/" "Mozilla/4.6 [en] (WinNT; I)"
206.67.169.30 - - [22/Oct/1999:01:09:31 -0400] "GET /BUSINESS/16.gif HTTP/1.1" 200 6704 "http://www.selectsmart.com/DOG/expert.htm" "Mozilla/4.0 (compatible; MSIE 4.01; Windows 98)"
206.67.169.30 - - [22/Oct/1999:01:09:32 -0400] "GET /DOG/expert.htm HTTP/1.1" 200 26446 "http://www.selectsmart.com/indexa.html" "Mozilla/4.0 (compatible; MSIE 4.01; Windows 98)"
209.240.200.136 - - [22/Oct/1999:01:09:32 -0400] "GET / HTTP/1.0" 200 1839 "wtv-favorite:/serve-browser?favorite-folder-name=Car%20Source" "Mozilla/3.0 WebTV/1.2 (compatible; MSIE 2.0)"
209.240.200.132 - - [22/Oct/1999:01:09:34 -0400] "GET /sidepanel.html HTTP/1.0" 200 3890 "http://www.selectsmart.com/" "Mozilla/3.0 WebTV/1.2 (compatible; MSIE 2.0)"
206.67.169.30 - - [22/Oct/1999:01:09:36 -0400] "GET /DOG/yorkie.jpg HTTP/1.1" 200 1968 "http://www.selectsmart.com/DOG/expert.htm" "Mozilla/4.0 (compatible; MSIE 4.01; Windows 98)"
209.240.200.133 - - [22/Oct/1999:01:09:38 -0400] "GET /indexa.html HTTP/1.0" 200 20372 "http://www.selectsmart.com/" "Mozilla/3.0 WebTV/1.2 (compatible; MSIE 2.0)"
209.240.200.138 - - [22/Oct/1999:01:09:38 -0400] "GET /thnkyell.jpg HTTP/1.0" 200 23337 "http://www.selectsmart.com/sidepanel.html" "Mozilla/3.0 WebTV/1.2 (compatible; MSIE 2.0)"
209.240.200.133 - - [22/Oct/1999:01:09:39 -0400] "GET /AMAZON/amzn-buy.gif HTTP/1.0" 200 3051 "http://www.selectsmart.com/sidepanel.html" "Mozilla/3.0 WebTV/1.2 (compatible; MSIE 2.0)"
209.240.200.131 - - [22/Oct/1999:01:09:43 -0400] "GET /solid59.gif HTTP/1.0" 200 977 "http://www.selectsmart.com/sidepanel.html" "Mozilla/3.0 WebTV/1.2 (compatible; MSIE 2.0)"
209.240.200.131 - - [22/Oct/1999:01:09:44 -0400] "GET /solid48.gif HTTP/1.0" 200 987 "http://www.selectsmart.com/sidepanel.html" "Mozilla/3.0 WebTV/1.2 (compatible; MSIE 2.0)"
209.240.200.138 - - [22/Oct/1999:01:09:45 -0400] "GET /solid17.gif HTTP/1.0" 200 988 "http://www.selectsmart.com/sidepanel.html" "Mozilla/3.0 WebTV/1.2 (compatible; MSIE 2.0)"
206.208.132.18 - - [22/Oct/1999:01:09:46 -0400] "POST /PRESIDENT/results.php3 HTTP/1.1" 200 6639 "http://www.selectsmart.com/PRESIDENT/" "Mozilla/4.0 (compatible; MSIE 5.0; Windows NT; DigExt)"
209.240.200.131 - - [22/Oct/1999:01:09:46 -0400] "GET /BUSINESS/14.gif HTTP/1.0" 200 6644 "http://www.selectsmart.com/indexa.html" "Mozilla/3.0 WebTV/1.2 (compatible; MSIE 2.0)"
209.240.200.131 - - [22/Oct/1999:01:09:55 -0400] "GET /solid6.gif HTTP/1.0" 200 993 "http://www.selectsmart.com/indexa.html" "Mozilla/3.0 WebTV/1.2 (compatible; MSIE 2.0)"
209.240.200.138 - - [22/Oct/1999:01:09:58 -0400] "GET /solid28.gif HTTP/1.0" 200 972 "http://www.selectsmart.com/indexa.html" "Mozilla/3.0 WebTV/1.2 (compatible; MSIE 2.0)"
209.240.200.131 - - [22/Oct/1999:01:09:59 -0400] "GET /solid48.gif HTTP/1.0" 200 987 "http://www.selectsmart.com/indexa.html" "Mozilla/3.0 WebTV/1.2 (compatible; MSIE 2.0)"
209.240.200.138 - - [22/Oct/1999:01:09:59 -0400] "GET /exclaim.jpg HTTP/1.0" 200 7859 "http://www.selectsmart.com/indexa.html" "Mozilla/3.0 WebTV/1.2 (compatible; MSIE 2.0)"
206.208.132.18 - - [22/Oct/1999:01:10:00 -0400] "GET /PRESIDENT/results.php3?more=now&mid=14 HTTP/1.1" 200 6619 "http://www.selectsmart.com/PRESIDENT/results.php3" "Mozilla/4.0 (compatible; MSIE 5.0; Windows NT; DigExt)"
206.208.132.18 - - [22/Oct/1999:01:10:01 -0400] "GET /PRESIDENT/images/mccain.jpg HTTP/1.1" 200 2299 "http://www.selectsmart.com/PRESIDENT/results.php3?more=now&mid=14" "Mozilla/4.0 (compatible; MSIE 5.0; Windows NT; DigExt)"
206.67.169.30 - - [22/Oct/1999:01:10:01 -0400] "GET /exclaim.jpg HTTP/1.1" 206 2242 "http://www.selectsmart.com/indexa.html" "Mozilla/4.0 (compatible; MSIE 4.01; Windows 98)"
206.67.169.30 - - [22/Oct/1999:01:10:01 -0400] "GET /carolin2.gif HTTP/1.1" 206 838 "http://www.selectsmart.com/indexa.html" "Mozilla/4.0 (compatible; MSIE 4.01; Windows 98)"
206.67.169.30 - - [22/Oct/1999:01:10:01 -0400] "GET /CoolAward2.gif HTTP/1.1" 200 5548 "http://www.selectsmart.com/indexa.html" "Mozilla/4.0 (compatible; MSIE 4.01; Windows 98)"
204.248.210.68 - - [22/Oct/1999:01:10:03 -0400] "GET /PRESIDENT/define16.htm HTTP/1.1" 304 - "-" "Mozilla/4.0 (compatible; MSIE 4.01; Windows 98)"
209.240.200.137 - - [22/Oct/1999:01:10:04 -0400] "GET /up.jpg HTTP/1.0" 200 2511 "http://www.selectsmart.com/indexa.html" "Mozilla/3.0 WebTV/1.2 (compatible; MSIE 2.0)"
209.240.200.133 - - [22/Oct/1999:01:10:04 -0400] "GET /planetclick.gif HTTP/1.0" 200 4949 "http://www.selectsmart.com/indexa.html" "Mozilla/3.0 WebTV/1.2 (compatible; MSIE 2.0)"
209.240.200.138 - - [22/Oct/1999:01:10:05 -0400] "GET /sltrib.gif HTTP/1.0" 200 5673 "http://www.selectsmart.com/indexa.html" "Mozilla/3.0 WebTV/1.2 (compatible; MSIE 2.0)"
209.240.200.133 - - [22/Oct/1999:01:10:09 -0400] "GET /cooltools.gif HTTP/1.0" 200 3810 "http://www.selectsmart.com/indexa.html" "Mozilla/3.0 WebTV/1.2 (compatible; MSIE 2.0)"
207.251.201.123 - - [22/Oct/1999:01:10:10 -0400] "GET /BUSINESS/16.gif HTTP/1.0" 304 - "-" "Mozilla/3.01 (compatible;)"
155.58.148.206 - - [22/Oct/1999:01:10:11 -0400] "GET /PRESIDENT/ HTTP/1.1" 200 29678 "-" "Mozilla/4.0 (compatible; MSIE 4.01; Windows NT)"
209.240.200.138 - - [22/Oct/1999:01:10:13 -0400] "GET /cooldogsiteselected.gif HTTP/1.0" 200 2982 "http://www.selectsmart.com/indexa.html" "Mozilla/3.0 WebTV/1.2 (compatible; MSIE 2.0)"
209.240.200.135 - - [22/Oct/1999:01:10:13 -0400] "GET /carolin2.gif HTTP/1.0" 200 3241 "http://www.selectsmart.com/indexa.html" "Mozilla/3.0 WebTV/1.2 (compatible; MSIE 2.0)"
209.240.200.137 - - [22/Oct/1999:01:10:13 -0400] "GET /CoolAward2.gif HTTP/1.0" 200 5548 "http://www.selectsmart.com/indexa.html" "Mozilla/3.0 WebTV/1.2 (compatible; MSIE 2.0)"
155.58.148.206 - - [22/Oct/1999:01:10:14 -0400] "GET /PRESIDENT/anecdote.gif HTTP/1.1" 200 6898 "http://www.selectsmart.com/PRESIDENT/" "Mozilla/4.0 (compatible; MSIE 4.01; Windows NT)"
155.58.148.206 - - [22/Oct/1999:01:10:14 -0400] "GET /BUSINESS/drop_v.jpg HTTP/1.1" 200 1963 "http://www.selectsmart.com/PRESIDENT/" "Mozilla/4.0 (compatible; MSIE 4.01; Windows NT)"
155.58.148.206 - - [22/Oct/1999:01:10:14 -0400] "GET /PRESIDENT/campaigns.gif HTTP/1.1" 200 5835 "http://www.selectsmart.com/PRESIDENT/" "Mozilla/4.0 (compatible; MSIE 4.01; Windows NT)"
155.58.148.206 - - [22/Oct/1999:01:10:14 -0400] "GET /BUSINESS/16.gif HTTP/1.1" 200 6704 "http://www.selectsmart.com/PRESIDENT/" "Mozilla/4.0 (compatible; MSIE 4.01; Windows NT)"
155.58.148.206 - - [22/Oct/1999:01:10:14 -0400] "GET /PRESIDENT/packaging.gif HTTP/1.1" 200 10663 "http://www.selectsmart.com/PRESIDENT/" "Mozilla/4.0 (compatible; MSIE 4.01; Windows NT)"
155.58.148.206 - - [22/Oct/1999:01:10:14 -0400] "GET /BUSINESS/drop_h.jpg HTTP/1.1" 200 2034 "http://www.selectsmart.com/PRESIDENT/" "Mozilla/4.0 (compatible; MSIE 4.01; Windows NT)"
155.58.148.206 - - [22/Oct/1999:01:10:14 -0400] "GET /PRESIDENT/vidal.gif HTTP/1.1" 200 11342 "http://www.selectsmart.com/PRESIDENT/" "Mozilla/4.0 (compatible; MSIE 4.01; Windows NT)"
155.58.148.206 - - [22/Oct/1999:01:10:14 -0400] "GET /PRESIDENT/TR.gif HTTP/1.1" 200 5566 "http://www.selectsmart.com/PRESIDENT/" "Mozilla/4.0 (compatible; MSIE 4.01; Windows NT)"
155.58.148.206 - - [22/Oct/1999:01:10:14 -0400] "GET /PRESIDENT/camp2000.gif HTTP/1.1" 200 7449 "http://www.selectsmart.com/PRESIDENT/" "Mozilla/4.0 (compatible; MSIE 4.01; Windows NT)"
155.58.148.206 - - [22/Oct/1999:01:10:14 -0400] "GET /curt.jpg HTTP/1.1" 200 4228 "http://www.selectsmart.com/PRESIDENT/" "Mozilla/4.0 (compatible; MSIE 4.01; Windows NT)"
209.240.200.136 - - [22/Oct/1999:01:10:18 -0400] "GET /sitename60_mining.gif HTTP/1.0" 200 2015 "http://www.selectsmart.com/indexa.html" "Mozilla/3.0 WebTV/1.2 (compatible; MSIE 2.0)"
209.240.200.133 - - [22/Oct/1999:01:10:20 -0400] "GET /cpetsitm.gif HTTP/1.0" 200 6269 "http://www.selectsmart.com/indexa.html" "Mozilla/3.0 WebTV/1.2 (compatible; MSIE 2.0)"
209.240.200.134 - - [22/Oct/1999:01:10:21 -0400] "GET /blkpaw.gif HTTP/1.0" 200 936 "http://www.selectsmart.com/indexa.html" "Mozilla/3.0 WebTV/1.2 (compatible; MSIE 2.0)"
152.163.206.202 - - [22/Oct/1999:01:10:29 -0400] "POST /PRESIDENT/results.php3 HTTP/1.0" 200 6626 "http://www.selectsmart.com/PRESIDENT/" "Mozilla/4.0 (compatible; MSIE 5.0; AOL 5.0; Windows 98; DigExt)"
38.27.175.216 - - [22/Oct/1999:01:10:32 -0400] "POST /PRESIDENT/results.php3 HTTP/1.0" 200 6623 "http://www.selectsmart.com/PRESIDENT/" "Mozilla/4.51 [en] (Win98; U)"
171.210.171.11 - - [22/Oct/1999:01:11:02 -0400] "GET /PRESIDENT/ HTTP/1.1" 200 29678 "http://www.freerepublic.com/forum/a380fd23a2489.htm" "Mozilla/4.0 (compatible; MSIE 5.0; Windows 95; DigExt)"
171.210.171.11 - - [22/Oct/1999:01:11:02 -0400] "GET /BUSINESS/16.gif HTTP/1.1" 200 6704 "http://www.selectsmart.com/PRESIDENT/" "Mozilla/4.0 (compatible; MSIE 5.0; Windows 95; DigExt)"
38.27.175.216 - - [22/Oct/1999:01:11:02 -0400] "POST /PRESIDENT/results.php3 HTTP/1.0" 200 17736 "http://www.selectsmart.com/PRESIDENT/results.php3" "Mozilla/4.51 [en] (Win98; U)"
209.232.186.12 - - [22/Oct/1999:01:11:03 -0400] "GET /BUSINESS/16.gif HTTP/1.1" 200 6704 "http://www.selectsmart.com/PRESIDENT/" "Mozilla/4.0 (compatible; MSIE 5.0; Windows 98; DigExt)"
209.232.186.12 - - [22/Oct/1999:01:11:03 -0400] "GET /BUSINESS/drop_v.jpg HTTP/1.1" 200 1963 "http://www.selectsmart.com/PRESIDENT/" "Mozilla/4.0 (compatible; MSIE 5.0; Windows 98; DigExt)"
171.210.171.11 - - [22/Oct/1999:01:11:03 -0400] "GET /BUSINESS/drop_h.jpg HTTP/1.1" 200 2034 "http://www.selectsmart.com/PRESIDENT/" "Mozilla/4.0 (compatible; MSIE 5.0; Windows 95; DigExt)"
209.232.186.12 - - [22/Oct/1999:01:11:03 -0400] "GET /PRESIDENT/ HTTP/1.1" 200 29678 "-" "Mozilla/4.0 (compatible; MSIE 5.0; Windows 98; DigExt)"
209.232.186.12 - - [22/Oct/1999:01:11:03 -0400] "GET /BUSINESS/drop_h.jpg HTTP/1.1" 200 2034 "http://www.selectsmart.com/PRESIDENT/" "Mozilla/4.0 (compatible; MSIE 5.0; Windows 98; DigExt)"
209.232.186.12 - - [22/Oct/1999:01:11:03 -0400] "GET /PRESIDENT/anecdote.gif HTTP/1.1" 200 6898 "http://www.selectsmart.com/PRESIDENT/" "Mozilla/4.0 (compatible; MSIE 5.0; Windows 98; DigExt)"
209.232.186.12 - - [22/Oct/1999:01:11:03 -0400] "GET /PRESIDENT/campaigns.gif HTTP/1.1" 200 5835 "http://www.selectsmart.com/PRESIDENT/" "Mozilla/4.0 (compatible; MSIE 5.0; Windows 98; DigExt)"
209.232.186.12 - - [22/Oct/1999:01:11:03 -0400] "GET /PRESIDENT/packaging.gif HTTP/1.1" 200 10663 "http://www.selectsmart.com/PRESIDENT/" "Mozilla/4.0 (compatible; MSIE 5.0; Windows 98; DigExt)"
209.232.186.12 - - [22/Oct/1999:01:11:04 -0400] "GET /PRESIDENT/vidal.gif HTTP/1.1" 200 11342 "http://www.selectsmart.com/PRESIDENT/" "Mozilla/4.0 (compatible; MSIE 5.0; Windows 98; DigExt)"
209.232.186.12 - - [22/Oct/1999:01:11:04 -0400] "GET /PRESIDENT/TR.gif HTTP/1.1" 200 5566 "http://www.selectsmart.com/PRESIDENT/" "Mozilla/4.0 (compatible; MSIE 5.0; Windows 98; DigExt)"
209.232.186.12 - - [22/Oct/1999:01:11:04 -0400] "GET /PRESIDENT/camp2000.gif HTTP/1.1" 200 7449 "http://www.selectsmart.com/PRESIDENT/" "Mozilla/4.0 (compatible; MSIE 5.0; Windows 98; DigExt)"
209.232.186.12 - - [22/Oct/1999:01:11:04 -0400] "GET /curt.jpg HTTP/1.1" 200 4228 "http://www.selectsmart.com/PRESIDENT/" "Mozilla/4.0 (compatible; MSIE 5.0; Windows 98; DigExt)"
38.27.175.216 - - [22/Oct/1999:01:11:05 -0400] "GET /PRESIDENT/images/bradley.jpg HTTP/1.0" 200 2294 "http://www.selectsmart.com/PRESIDENT/results.php3" "Mozilla/4.51 [en] (Win98; U)"
38.27.175.216 - - [22/Oct/1999:01:11:06 -0400] "GET /PRESIDENT/images/bush.jpg HTTP/1.0" 200 2977 "http://www.selectsmart.com/PRESIDENT/results.php3" "Mozilla/4.51 [en] (Win98; U)"
38.27.175.216 - - [22/Oct/1999:01:11:07 -0400] "GET /PRESIDENT/images/gore.jpg HTTP/1.0" 200 2930 "http://www.selectsmart.com/PRESIDENT/results.php3" "Mozilla/4.51 [en] (Win98; U)"
171.210.171.11 - - [22/Oct/1999:01:11:10 -0400] "GET /PRESIDENT/anecdote.gif HTTP/1.1" 200 6898 "http://www.selectsmart.com/PRESIDENT/" "Mozilla/4.0 (compatible; MSIE 5.0; Windows 95; DigExt)"
171.210.171.11 - - [22/Oct/1999:01:11:21 -0400] "GET /PRESIDENT/campaigns.gif HTTP/1.1" 200 5835 "http://www.selectsmart.com/PRESIDENT/" "Mozilla/4.0 (compatible; MSIE 5.0; Windows 95; DigExt)"
204.248.210.68 - - [22/Oct/1999:01:11:21 -0400] "POST /PRESIDENT/results.php3 HTTP/1.1" 200 6639 "http://www.selectsmart.com/PRESIDENT/" "Mozilla/4.0 (compatible; MSIE 4.01; Windows 98)"
171.210.171.11 - - [22/Oct/1999:01:11:24 -0400] "GET /BUSINESS/drop_v.jpg HTTP/1.1" 200 1963 "http://www.selectsmart.com/PRESIDENT/" "Mozilla/4.0 (compatible; MSIE 5.0; Windows 95; DigExt)"
216.101.134.172 - - [22/Oct/1999:01:11:28 -0400] "POST /PRESIDENT/results.php3 HTTP/1.0" 200 6624 "http://www.selectsmart.com/PRESIDENT/" "Mozilla/4.6 [en] (WinNT; I)"
152.163.206.202 - - [22/Oct/1999:01:11:34 -0400] "POST /PRESIDENT/results.php3 HTTP/1.0" 200 12880 "http://www.selectsmart.com/PRESIDENT/results.php3" "Mozilla/4.0 (compatible; MSIE 5.0; AOL 5.0; Windows 98; DigExt)"
152.163.188.69 - - [22/Oct/1999:01:11:35 -0400] "GET /PRESIDENT/images/browne.jpg HTTP/1.0" 200 2199 "http://www.selectsmart.com/PRESIDENT/results.php3" "Mozilla/4.0 (compatible; MSIE 5.0; AOL 5.0; Windows 98; DigExt)"
171.210.171.11 - - [22/Oct/1999:01:11:36 -0400] "GET /PRESIDENT/vidal.gif HTTP/1.1" 200 11342 "http://www.selectsmart.com/PRESIDENT/" "Mozilla/4.0 (compatible; MSIE 5.0; Windows 95; DigExt)"
171.210.171.11 - - [22/Oct/1999:01:11:37 -0400] "GET /PRESIDENT/TR.gif HTTP/1.1" 200 5566 "http://www.selectsmart.com/PRESIDENT/" "Mozilla/4.0 (compatible; MSIE 5.0; Windows 95; DigExt)"
204.248.210.68 - - [22/Oct/1999:01:11:47 -0400] "GET /PRESIDENT/results.php3?more=now&mid=1 HTTP/1.1" 200 7187 "http://www.selectsmart.com/PRESIDENT/results.php3" "Mozilla/4.0 (compatible; MSIE 4.01; Windows 98)"
204.248.210.68 - - [22/Oct/1999:01:11:49 -0400] "GET /PRESIDENT/images/bauer.jpg HTTP/1.1" 200 2154 "http://www.selectsmart.com/PRESIDENT/results.php3?more=now&mid=1" "Mozilla/4.0 (compatible; MSIE 4.01; Windows 98)"
152.173.100.175 - - [22/Oct/1999:01:11:58 -0400] "POST /PRESIDENT/results.php3 HTTP/1.0" 200 6627 "http://www.selectsmart.com/PRESIDENT/" "Mozilla/4.6 [en] (Win98; I)"
171.210.171.11 - - [22/Oct/1999:01:11:59 -0400] "GET /curt.jpg HTTP/1.1" 200 4228 "http://www.selectsmart.com/PRESIDENT/" "Mozilla/4.0 (compatible; MSIE 5.0; Windows 95; DigExt)"
171.210.171.11 - - [22/Oct/1999:01:11:59 -0400] "GET /PRESIDENT/camp2000.gif HTTP/1.1" 200 7449 "http://www.selectsmart.com/PRESIDENT/" "Mozilla/4.0 (compatible; MSIE 5.0; Windows 95; DigExt)"
204.210.20.106 - - [22/Oct/1999:01:12:08 -0400] "GET /PRESIDENT/results.php3?more=now&mid=8 HTTP/1.1" 200 6979 "http://www.selectsmart.com/PRESIDENT/results.php3" "Mozilla/4.0 (compatible; MSIE 5.0; Windows 95; DigExt)"
204.210.20.106 - - [22/Oct/1999:01:12:08 -0400] "GET /PRESIDENT/forbes.gif HTTP/1.1" 200 6324 "http://www.selectsmart.com/PRESIDENT/results.php3?more=now&mid=8" "Mozilla/4.0 (compatible; MSIE 5.0; Windows 95; DigExt)"
171.210.171.11 - - [22/Oct/1999:01:12:15 -0400] "GET /PRESIDENT/packaging.gif HTTP/1.1" 200 10663 "http://www.selectsmart.com/PRESIDENT/" "Mozilla/4.0 (compatible; MSIE 5.0; Windows 95; DigExt)"
204.210.20.106 - - [22/Oct/1999:01:12:34 -0400] "GET /PRESIDENT/results.php3?more=now&mid=11 HTTP/1.1" 200 6634 "http://www.selectsmart.com/PRESIDENT/results.php3" "Mozilla/4.0 (compatible; MSIE 5.0; Windows 95; DigExt)"
204.210.20.106 - - [22/Oct/1999:01:12:34 -0400] "GET /PRESIDENT/hatch.gif HTTP/1.1" 200 6423 "http://www.selectsmart.com/PRESIDENT/results.php3?more=now&mid=11" "Mozilla/4.0 (compatible; MSIE 5.0; Windows 95; DigExt)"
171.210.171.11 - - [22/Oct/1999:01:12:37 -0400] "POST /PRESIDENT/results.php3 HTTP/1.1" 200 6638 "http://www.selectsmart.com/PRESIDENT/" "Mozilla/4.0 (compatible; MSIE 5.0; Windows 95; DigExt)"
207.212.80.156 - - [22/Oct/1999:01:12:42 -0400] "GET /PRESIDENT/results.php3?more=now&mid=1 HTTP/1.0" 200 7174 "http://www.selectsmart.com/PRESIDENT/results.php3" "Mozilla/3.01-C-MACOS8 (Macintosh; I; PPC)"
155.58.148.206 - - [22/Oct/1999:01:12:48 -0400] "GET /PRESIDENT/define8.htm HTTP/1.1" 200 322 "-" "Mozilla/4.0 (compatible; MSIE 4.01; Windows NT)"
207.212.80.156 - - [22/Oct/1999:01:12:51 -0400] "GET /PRESIDENT/images/bauer.jpg HTTP/1.0" 200 2154 "http://www.selectsmart.com/PRESIDENT/results.php3?more=now&mid=1" "Mozilla/3.01-C-MACOS8 (Macintosh; I; PPC)"
155.58.148.206 - - [22/Oct/1999:01:13:00 -0400] "GET /PRESIDENT/define8a.htm HTTP/1.1" 200 193 "-" "Mozilla/4.0 (compatible; MSIE 4.01; Windows NT)"
