216.12.2.94 - - [22/Oct/1999:08:40:56 -0400] "GET /PRESIDENT/index.html HTTP/1.0" 200 29678 "http://www.selectsmart.com/PRESIDENT/results.php3" "Mozilla/4.0 (compatible; MSIE 5.0; Windows 95; DigExt)"
148.127.68.8 - - [22/Oct/1999:08:40:56 -0400] "GET /DOG/germanshort.jpg HTTP/1.0" 200 2396 "http://www.selectsmart.com/DOG/description1A.htm#Foxhound(American)" "Mozilla/4.04 [en] (WinNT; U)"
209.91.21.113 - - [22/Oct/1999:08:40:56 -0400] "GET /PRESIDENT/TR.gif HTTP/1.1" 200 5566 "http://www.selectsmart.com/PRESIDENT/" "Mozilla/4.0 (compatible; MSIE 4.01; Windows 95)"
148.127.68.8 - - [22/Oct/1999:08:40:56 -0400] "GET /DOG/espringer.jpg HTTP/1.0" 200 20220 "http://www.selectsmart.com/DOG/description1A.htm#Foxhound(American)" "Mozilla/4.04 [en] (WinNT; U)"
148.127.68.8 - - [22/Oct/1999:08:40:56 -0400] "GET /dogtoys/dtlogo.gif HTTP/1.0" 200 2778 "http://www.selectsmart.com/DOG/description1A.htm#Foxhound(American)" "Mozilla/4.04 [en] (WinNT; U)"
199.75.225.44 - - [22/Oct/1999:08:40:56 -0400] "GET /PRESIDENT/campaigns.gif HTTP/1.0" 200 5835 "http://www.selectsmart.com/PRESIDENT/" "Mozilla/4.01 [en] (Win95; I)"
148.127.68.8 - - [22/Oct/1999:08:40:57 -0400] "GET /DOG/greatpyr.jpg HTTP/1.0" 200 1197 "http://www.selectsmart.com/DOG/description1A.htm#Foxhound(American)" "Mozilla/4.04 [en] (WinNT; U)"
209.91.21.113 - - [22/Oct/1999:08:40:58 -0400] "GET /PRESIDENT/camp2000.gif HTTP/1.1" 200 7449 "http://www.selectsmart.com/PRESIDENT/" "Mozilla/4.0 (compatible; MSIE 4.01; Windows 95)"
148.127.68.8 - - [22/Oct/1999:08:40:58 -0400] "GET /DOG/frenchbull.gif HTTP/1.0" 200 2273 "http://www.selectsmart.com/DOG/description1A.htm#Foxhound(American)" "Mozilla/4.04 [en] (WinNT; U)"
209.91.21.113 - - [22/Oct/1999:08:40:58 -0400] "GET /curt.jpg HTTP/1.1" 200 4228 "http://www.selectsmart.com/PRESIDENT/" "Mozilla/4.0 (compatible; MSIE 4.01; Windows 95)"
209.140.228.235 - - [22/Oct/1999:08:41:02 -0400] "GET /PRESIDENT/results.php3?more=now&mid=9 HTTP/1.1" 200 6106 "http://www.selectsmart.com/PRESIDENT/results.php3" "Mozilla/4.0 (compatible; MSIE 5.0; Windows NT; DigExt)"
209.140.228.235 - - [22/Oct/1999:08:41:02 -0400] "GET /PRESIDENT/images/gore.jpg HTTP/1.1" 200 2930 "http://www.selectsmart.com/PRESIDENT/results.php3?more=now&mid=9" "Mozilla/4.0 (compatible; MSIE 5.0; Windows NT; DigExt)"
38.229.225.169 - - [22/Oct/1999:08:41:08 -0400] "GET /PRESIDENT/ HTTP/1.0" 200 0 "-" "Mozilla/3.0 (Win95; I)"
152.163.197.58 - - [22/Oct/1999:08:41:08 -0400] "GET /PRESIDENT/results.php3?more=now&mid=6 HTTP/1.0" 200 5989 "http://www.selectsmart.com/PRESIDENT/results.php3" "Mozilla/4.0 (compatible; MSIE 5.0; MSN 2.5; AOL 5.0; Windows 95; DigExt)"
38.229.225.169 - - [22/Oct/1999:08:41:08 -0400] "GET /PRESIDENT/ HTTP/1.0" 200 29678 "-" "Mozilla/3.0 (Win95; I)"
199.105.144.14 - - [22/Oct/1999:08:41:08 -0400] "GET /PRESIDENT/ HTTP/1.0" 304 - "http://proxy.milton.edu:80/Authenticate" "Mozilla/4.61 [en] (Win95; I)"
38.229.225.169 - - [22/Oct/1999:08:41:11 -0400] "GET /PRESIDENT/camp2000.gif HTTP/1.0" 200 7449 "http://www.selectsmart.com/PRESIDENT/" "Mozilla/3.0 (Win95; I)"
38.229.225.169 - - [22/Oct/1999:08:41:11 -0400] "GET /BUSINESS/drop_h.jpg HTTP/1.0" 200 2034 "http://www.selectsmart.com/PRESIDENT/" "Mozilla/3.0 (Win95; I)"
38.229.225.169 - - [22/Oct/1999:08:41:11 -0400] "GET /BUSINESS/drop_v.jpg HTTP/1.0" 200 1963 "http://www.selectsmart.com/PRESIDENT/" "Mozilla/3.0 (Win95; I)"
38.229.225.169 - - [22/Oct/1999:08:41:11 -0400] "GET /BUSINESS/16.gif HTTP/1.0" 200 6704 "http://www.selectsmart.com/PRESIDENT/" "Mozilla/3.0 (Win95; I)"
38.229.225.169 - - [22/Oct/1999:08:41:11 -0400] "GET /curt.jpg HTTP/1.0" 200 4228 "http://www.selectsmart.com/PRESIDENT/" "Mozilla/3.0 (Win95; I)"
38.229.225.169 - - [22/Oct/1999:08:41:12 -0400] "GET /PRESIDENT/vidal.gif HTTP/1.0" 200 11342 "http://www.selectsmart.com/PRESIDENT/" "Mozilla/3.0 (Win95; I)"
38.229.225.169 - - [22/Oct/1999:08:41:12 -0400] "GET /PRESIDENT/packaging.gif HTTP/1.0" 200 10663 "http://www.selectsmart.com/PRESIDENT/" "Mozilla/3.0 (Win95; I)"
38.229.225.169 - - [22/Oct/1999:08:41:13 -0400] "GET /PRESIDENT/TR.gif HTTP/1.0" 200 5566 "http://www.selectsmart.com/PRESIDENT/" "Mozilla/3.0 (Win95; I)"
38.229.225.169 - - [22/Oct/1999:08:41:13 -0400] "GET /PRESIDENT/anecdote.gif HTTP/1.0" 200 6898 "http://www.selectsmart.com/PRESIDENT/" "Mozilla/3.0 (Win95; I)"
38.229.225.169 - - [22/Oct/1999:08:41:13 -0400] "GET /PRESIDENT/campaigns.gif HTTP/1.0" 200 5835 "http://www.selectsmart.com/PRESIDENT/" "Mozilla/3.0 (Win95; I)"
63.22.138.21 - - [22/Oct/1999:08:41:14 -0400] "POST /PRESIDENT/results.php3 HTTP/1.0" 200 6625 "http://www.selectsmart.com/PRESIDENT/index.html" "Mozilla/4.04 [en] (Win95; I)"
199.176.179.4 - - [22/Oct/1999:08:41:17 -0400] "GET /president/ HTTP/1.0" 404 204 "-" "Mozilla/4.0 (compatible; MSIE 4.01; Windows 95)"
216.181.41.55 - - [22/Oct/1999:08:41:18 -0400] "POST /PRESIDENT/results.php3 HTTP/1.1" 200 11025 "http://www.selectsmart.com/PRESIDENT/results.php3" "Mozilla/4.0 (compatible; MSIE 5.0; Windows 95; DigExt)"
216.181.41.55 - - [22/Oct/1999:08:41:18 -0400] "GET /PRESIDENT/images/keyes.jpg HTTP/1.1" 200 2466 "http://www.selectsmart.com/PRESIDENT/results.php3" "Mozilla/4.0 (compatible; MSIE 5.0; Windows 95; DigExt)"
216.12.2.94 - - [22/Oct/1999:08:41:19 -0400] "GET /PRESIDENT/poll.htm HTTP/1.0" 200 4489 "-" "Mozilla/4.0 (compatible; MSIE 5.0; Windows 95; DigExt)"
148.127.68.8 - - [22/Oct/1999:08:41:21 -0400] "GET /DOG/description3.htm HTTP/1.0" 200 17372 "http://www.selectsmart.com/beta_dog/results.php3" "Mozilla/4.04 [en] (WinNT; U)"
148.127.68.8 - - [22/Oct/1999:08:41:22 -0400] "GET /DOG/purinadog.jpg HTTP/1.0" 200 3418 "http://www.selectsmart.com/DOG/description3.htm#Pointer" "Mozilla/4.04 [en] (WinNT; U)"
148.127.68.8 - - [22/Oct/1999:08:41:23 -0400] "GET /DOG/compet.jpg HTTP/1.0" 200 3155 "http://www.selectsmart.com/DOG/description3.htm#Pointer" "Mozilla/4.04 [en] (WinNT; U)"
148.127.68.8 - - [22/Oct/1999:08:41:23 -0400] "GET /DOG/toydog.jpg HTTP/1.0" 200 2061 "http://www.selectsmart.com/DOG/description3.htm#Pointer" "Mozilla/4.04 [en] (WinNT; U)"
148.127.68.8 - - [22/Oct/1999:08:41:23 -0400] "GET /DOG/gettingthemost.jpg HTTP/1.0" 200 3605 "http://www.selectsmart.com/DOG/description3.htm#Pointer" "Mozilla/4.04 [en] (WinNT; U)"
148.127.68.8 - - [22/Oct/1999:08:41:23 -0400] "GET /DOG/pudgy.jpg HTTP/1.0" 200 3777 "http://www.selectsmart.com/DOG/description3.htm#Pointer" "Mozilla/4.04 [en] (WinNT; U)"
148.127.68.8 - - [22/Oct/1999:08:41:24 -0400] "GET /DOG/images/pomeranian.jpg HTTP/1.0" 200 1572 "http://www.selectsmart.com/DOG/description3.htm#Pointer" "Mozilla/4.04 [en] (WinNT; U)"
148.127.68.8 - - [22/Oct/1999:08:41:24 -0400] "GET /DOG/images/toypoodle.jpg HTTP/1.0" 200 1479 "http://www.selectsmart.com/DOG/description3.htm#Pointer" "Mozilla/4.04 [en] (WinNT; U)"
148.127.68.8 - - [22/Oct/1999:08:41:24 -0400] "GET /DOG/images/pug.jpg HTTP/1.0" 200 1889 "http://www.selectsmart.com/DOG/description3.htm#Pointer" "Mozilla/4.04 [en] (WinNT; U)"
148.127.68.8 - - [22/Oct/1999:08:41:24 -0400] "GET /DOG/images/rotweil.jpg HTTP/1.0" 200 1424 "http://www.selectsmart.com/DOG/description3.htm#Pointer" "Mozilla/4.04 [en] (WinNT; U)"
148.127.68.8 - - [22/Oct/1999:08:41:24 -0400] "GET /DOG/images/pap.jpg HTTP/1.0" 200 1295 "http://www.selectsmart.com/DOG/description3.htm#Pointer" "Mozilla/4.04 [en] (WinNT; U)"
148.127.68.8 - - [22/Oct/1999:08:41:25 -0400] "GET /DOG/images/PWD.jpg HTTP/1.0" 200 1267 "http://www.selectsmart.com/DOG/description3.htm#Pointer" "Mozilla/4.04 [en] (WinNT; U)"
148.127.68.8 - - [22/Oct/1999:08:41:25 -0400] "GET /DOG/trickisin.jpg HTTP/1.0" 200 3388 "http://www.selectsmart.com/DOG/description3.htm#Pointer" "Mozilla/4.04 [en] (WinNT; U)"
148.127.68.8 - - [22/Oct/1999:08:41:25 -0400] "GET /DOG/images/rhodesian.jpg HTTP/1.0" 200 1588 "http://www.selectsmart.com/DOG/description3.htm#Pointer" "Mozilla/4.04 [en] (WinNT; U)"
164.117.157.245 - - [22/Oct/1999:08:41:26 -0400] "POST /PRESIDENT/results.php3 HTTP/1.0" 200 6627 "http://www.selectsmart.com/PRESIDENT/" "Mozilla/4.05 [en] (WinNT; U)"
148.127.68.8 - - [22/Oct/1999:08:41:28 -0400] "GET /DOG/description2.htm HTTP/1.0" 200 30884 "http://www.selectsmart.com/beta_dog/results.php3" "Mozilla/4.04 [en] (WinNT; U)"
148.127.68.8 - - [22/Oct/1999:08:41:29 -0400] "GET /DOG/images/havahead.gif HTTP/1.0" 200 1864 "http://www.selectsmart.com/DOG/description2.htm#Harrier" "Mozilla/4.04 [en] (WinNT; U)"
148.127.68.8 - - [22/Oct/1999:08:41:29 -0400] "GET /DOG/images/IWS.jpg HTTP/1.0" 200 1593 "http://www.selectsmart.com/DOG/description2.htm#Harrier" "Mozilla/4.04 [en] (WinNT; U)"
148.127.68.8 - - [22/Oct/1999:08:41:29 -0400] "GET /DOG/images/spinoni.jpg HTTP/1.0" 200 1272 "http://www.selectsmart.com/DOG/description2.htm#Harrier" "Mozilla/4.04 [en] (WinNT; U)"
148.127.68.8 - - [22/Oct/1999:08:41:29 -0400] "GET /DOG/images/keeshond.jpg HTTP/1.0" 200 1516 "http://www.selectsmart.com/DOG/description2.htm#Harrier" "Mozilla/4.04 [en] (WinNT; U)"
148.127.68.8 - - [22/Oct/1999:08:41:30 -0400] "GET /DOG/images/lab1.jpg HTTP/1.0" 200 1467 "http://www.selectsmart.com/DOG/description2.htm#Harrier" "Mozilla/4.04 [en] (WinNT; U)"
148.127.68.8 - - [22/Oct/1999:08:41:30 -0400] "GET /DOG/images/mastiff.jpg HTTP/1.0" 200 1403 "http://www.selectsmart.com/DOG/description2.htm#Harrier" "Mozilla/4.04 [en] (WinNT; U)"
38.176.139.2 - - [22/Oct/1999:08:41:30 -0400] "POST /PRESIDENT/results.php3 HTTP/1.1" 200 6641 "http://www.selectsmart.com/PRESIDENT/" "Mozilla/4.0 (compatible; MSIE 4.01; Windows 95)"
148.127.68.8 - - [22/Oct/1999:08:41:30 -0400] "GET /DOG/images/minschnauz.jpg HTTP/1.0" 200 1305 "http://www.selectsmart.com/DOG/description2.htm#Harrier" "Mozilla/4.04 [en] (WinNT; U)"
148.127.68.8 - - [22/Oct/1999:08:41:30 -0400] "GET /DOG/images/otter.jpg HTTP/1.0" 200 1206 "http://www.selectsmart.com/DOG/description2.htm#Harrier" "Mozilla/4.04 [en] (WinNT; U)"
148.127.68.8 - - [22/Oct/1999:08:41:30 -0400] "GET /DOG/images/kira.jpg HTTP/1.0" 200 1337 "http://www.selectsmart.com/DOG/description2.htm#Harrier" "Mozilla/4.04 [en] (WinNT; U)"
148.127.68.8 - - [22/Oct/1999:08:41:31 -0400] "GET /DOG/images/minpin.jpg HTTP/1.0" 200 1849 "http://www.selectsmart.com/DOG/description2.htm#Harrier" "Mozilla/4.04 [en] (WinNT; U)"
148.127.68.8 - - [22/Oct/1999:08:41:32 -0400] "GET /DOG/images/JACKruss.jpg HTTP/1.0" 200 1448 "http://www.selectsmart.com/DOG/description2.htm#Harrier" "Mozilla/4.04 [en] (WinNT; U)"
148.127.68.8 - - [22/Oct/1999:08:41:32 -0400] "GET /DOG/images/elkhound.jpg HTTP/1.0" 200 1687 "http://www.selectsmart.com/DOG/description2.htm#Harrier" "Mozilla/4.04 [en] (WinNT; U)"
148.127.68.8 - - [22/Oct/1999:08:41:32 -0400] "GET /DOG/images/lab3.jpg HTTP/1.0" 200 1396 "http://www.selectsmart.com/DOG/description2.htm#Harrier" "Mozilla/4.04 [en] (WinNT; U)"
192.58.199.174 - - [22/Oct/1999:08:41:42 -0400] "GET /PRESIDENT/ HTTP/1.0" 200 29678 "-" "Mozilla/4.0 (compatible; MSIE 4.01; Windows 98)"
192.58.199.178 - - [22/Oct/1999:08:41:43 -0400] "GET /PRESIDENT/anecdote.gif HTTP/1.0" 200 6898 "http://www.selectsmart.com/PRESIDENT/" "Mozilla/4.0 (compatible; MSIE 4.01; Windows 98)"
192.58.199.182 - - [22/Oct/1999:08:41:43 -0400] "GET /BUSINESS/16.gif HTTP/1.0" 200 6704 "http://www.selectsmart.com/PRESIDENT/" "Mozilla/4.0 (compatible; MSIE 4.01; Windows 98)"
192.58.199.174 - - [22/Oct/1999:08:41:43 -0400] "GET /PRESIDENT/packaging.gif HTTP/1.0" 200 10663 "http://www.selectsmart.com/PRESIDENT/" "Mozilla/4.0 (compatible; MSIE 4.01; Windows 98)"
192.58.199.176 - - [22/Oct/1999:08:41:43 -0400] "GET /PRESIDENT/campaigns.gif HTTP/1.0" 200 5835 "http://www.selectsmart.com/PRESIDENT/" "Mozilla/4.0 (compatible; MSIE 4.01; Windows 98)"
192.58.199.182 - - [22/Oct/1999:08:41:43 -0400] "GET /PRESIDENT/TR.gif HTTP/1.0" 200 5566 "http://www.selectsmart.com/PRESIDENT/" "Mozilla/4.0 (compatible; MSIE 4.01; Windows 98)"
192.58.199.180 - - [22/Oct/1999:08:41:44 -0400] "GET /BUSINESS/drop_h.jpg HTTP/1.0" 200 2034 "http://www.selectsmart.com/PRESIDENT/" "Mozilla/4.0 (compatible; MSIE 4.01; Windows 98)"
192.58.199.182 - - [22/Oct/1999:08:41:44 -0400] "GET /PRESIDENT/camp2000.gif HTTP/1.0" 200 7449 "http://www.selectsmart.com/PRESIDENT/" "Mozilla/4.0 (compatible; MSIE 4.01; Windows 98)"
209.140.228.235 - - [22/Oct/1999:08:41:46 -0400] "GET /PRESIDENT/results.php3?more=now&mid=3 HTTP/1.1" 200 7840 "http://www.selectsmart.com/PRESIDENT/results.php3" "Mozilla/4.0 (compatible; MSIE 5.0; Windows NT; DigExt)"
192.58.199.172 - - [22/Oct/1999:08:41:46 -0400] "GET /PRESIDENT/vidal.gif HTTP/1.0" 200 11342 "http://www.selectsmart.com/PRESIDENT/" "Mozilla/4.0 (compatible; MSIE 4.01; Windows 98)"
209.140.228.235 - - [22/Oct/1999:08:41:46 -0400] "GET /PRESIDENT/images/bradley.jpg HTTP/1.1" 200 2294 "http://www.selectsmart.com/PRESIDENT/results.php3?more=now&mid=3" "Mozilla/4.0 (compatible; MSIE 5.0; Windows NT; DigExt)"
192.58.199.180 - - [22/Oct/1999:08:41:48 -0400] "GET /BUSINESS/drop_v.jpg HTTP/1.0" 200 1963 "http://www.selectsmart.com/PRESIDENT/" "Mozilla/4.0 (compatible; MSIE 4.01; Windows 98)"
192.58.199.176 - - [22/Oct/1999:08:41:48 -0400] "GET /curt.jpg HTTP/1.0" 200 4228 "http://www.selectsmart.com/PRESIDENT/" "Mozilla/4.0 (compatible; MSIE 4.01; Windows 98)"
199.176.179.4 - - [22/Oct/1999:08:41:50 -0400] "GET /president/ HTTP/1.0" 404 204 "-" "Mozilla/4.0 (compatible; MSIE 4.01; Windows 95)"
199.67.241.56 - - [22/Oct/1999:08:41:52 -0400] "GET /PRESIDENT/define8.htm HTTP/1.0" 200 322 "http://www.selectsmart.com/PRESIDENT/" "Mozilla/4.5 [en] (WinNT; U)"
148.127.68.8 - - [22/Oct/1999:08:41:55 -0400] "GET /DOG/description.htm HTTP/1.0" 200 35830 "http://www.selectsmart.com/beta_dog/results.php3" "Mozilla/4.04 [en] (WinNT; U)"
148.127.68.8 - - [22/Oct/1999:08:41:56 -0400] "GET /DOG/images/affen1.jpg HTTP/1.0" 200 1219 "http://www.selectsmart.com/DOG/description.htm#BlackandTanCoonhound" "Mozilla/4.04 [en] (WinNT; U)"
148.127.68.8 - - [22/Oct/1999:08:41:56 -0400] "GET /DOG/images/akita.jpg HTTP/1.0" 200 1749 "http://www.selectsmart.com/DOG/description.htm#BlackandTanCoonhound" "Mozilla/4.04 [en] (WinNT; U)"
148.127.68.8 - - [22/Oct/1999:08:41:56 -0400] "GET /DOG/images/Alaskanm.jpg HTTP/1.0" 200 1341 "http://www.selectsmart.com/DOG/description.htm#BlackandTanCoonhound" "Mozilla/4.04 [en] (WinNT; U)"
198.187.214.202 - - [22/Oct/1999:08:41:56 -0400] "POST /PRESIDENT/results.php3 HTTP/1.1" 200 6623 "http://www.selectsmart.com/PRESIDENT/" "Mozilla/4.0 (compatible; MSIE 4.01; Windows 95)"
148.127.68.8 - - [22/Oct/1999:08:41:57 -0400] "GET /DOG/images/ivory.jpg HTTP/1.0" 200 1197 "http://www.selectsmart.com/DOG/description.htm#BlackandTanCoonhound" "Mozilla/4.04 [en] (WinNT; U)"
148.127.68.8 - - [22/Oct/1999:08:41:57 -0400] "GET /DOG/images/anatolian.JPG HTTP/1.0" 200 1597 "http://www.selectsmart.com/DOG/description.htm#BlackandTanCoonhound" "Mozilla/4.04 [en] (WinNT; U)"
148.127.68.8 - - [22/Oct/1999:08:41:57 -0400] "GET /DOG/images/Ausblue.jpg HTTP/1.0" 200 1255 "http://www.selectsmart.com/DOG/description.htm#BlackandTanCoonhound" "Mozilla/4.04 [en] (WinNT; U)"
148.127.68.8 - - [22/Oct/1999:08:41:57 -0400] "GET /DOG/images/beagle.jpg HTTP/1.0" 200 1624 "http://www.selectsmart.com/DOG/description.htm#BlackandTanCoonhound" "Mozilla/4.04 [en] (WinNT; U)"
148.127.68.8 - - [22/Oct/1999:08:41:57 -0400] "GET /DOG/images/belgiantev.jpg HTTP/1.0" 200 1189 "http://www.selectsmart.com/DOG/description.htm#BlackandTanCoonhound" "Mozilla/4.04 [en] (WinNT; U)"
148.127.68.8 - - [22/Oct/1999:08:41:57 -0400] "GET /DOG/images/bichon.jpg HTTP/1.0" 200 1056 "http://www.selectsmart.com/DOG/description.htm#BlackandTanCoonhound" "Mozilla/4.04 [en] (WinNT; U)"
148.127.68.8 - - [22/Oct/1999:08:41:57 -0400] "GET /DOG/images/bordcoll.jpg HTTP/1.0" 200 1363 "http://www.selectsmart.com/DOG/description.htm#BlackandTanCoonhound" "Mozilla/4.04 [en] (WinNT; U)"
148.127.68.8 - - [22/Oct/1999:08:41:58 -0400] "GET /DOG/images/borzoi.jpg HTTP/1.0" 200 2135 "http://www.selectsmart.com/DOG/description.htm#BlackandTanCoonhound" "Mozilla/4.04 [en] (WinNT; U)"
148.127.68.8 - - [22/Oct/1999:08:41:58 -0400] "GET /DOG/images/boxerhead.jpg HTTP/1.0" 200 1325 "http://www.selectsmart.com/DOG/description.htm#BlackandTanCoonhound" "Mozilla/4.04 [en] (WinNT; U)"
148.127.68.8 - - [22/Oct/1999:08:41:58 -0400] "GET /DOG/images/bulldog.jpg HTTP/1.0" 200 2110 "http://www.selectsmart.com/DOG/description.htm#BlackandTanCoonhound" "Mozilla/4.04 [en] (WinNT; U)"
148.127.68.8 - - [22/Oct/1999:08:41:58 -0400] "GET /DOG/images/amstaff.jpg HTTP/1.0" 200 1440 "http://www.selectsmart.com/DOG/description.htm#BlackandTanCoonhound" "Mozilla/4.04 [en] (WinNT; U)"
148.127.68.8 - - [22/Oct/1999:08:41:59 -0400] "GET /DOG/images/bmd.jpg HTTP/1.0" 200 1599 "http://www.selectsmart.com/DOG/description.htm#BlackandTanCoonhound" "Mozilla/4.04 [en] (WinNT; U)"
148.127.68.8 - - [22/Oct/1999:08:41:59 -0400] "GET /DOG/gable.jpg HTTP/1.0" 200 23718 "http://www.selectsmart.com/DOG/description.htm#BlackandTanCoonhound" "Mozilla/4.04 [en] (WinNT; U)"
148.127.68.8 - - [22/Oct/1999:08:41:59 -0400] "GET /DOG/images/bordert.jpg HTTP/1.0" 200 1421 "http://www.selectsmart.com/DOG/description.htm#BlackandTanCoonhound" "Mozilla/4.04 [en] (WinNT; U)"
148.127.68.8 - - [22/Oct/1999:08:41:59 -0400] "GET /DOG/images/bullterrier.jpg HTTP/1.0" 200 1160 "http://www.selectsmart.com/DOG/description.htm#BlackandTanCoonhound" "Mozilla/4.04 [en] (WinNT; U)"
148.127.68.8 - - [22/Oct/1999:08:42:00 -0400] "GET /DOG/images/bluehead.jpg HTTP/1.0" 200 1262 "http://www.selectsmart.com/DOG/description.htm#BlackandTanCoonhound" "Mozilla/4.04 [en] (WinNT; U)"
148.127.68.8 - - [22/Oct/1999:08:42:00 -0400] "GET /DOG/images/blood.jpg HTTP/1.0" 200 1450 "http://www.selectsmart.com/DOG/description.htm#BlackandTanCoonhound" "Mozilla/4.04 [en] (WinNT; U)"
148.127.68.8 - - [22/Oct/1999:08:42:00 -0400] "GET /DOG/images/bullmastiff.jpg HTTP/1.0" 200 1357 "http://www.selectsmart.com/DOG/description.htm#BlackandTanCoonhound" "Mozilla/4.04 [en] (WinNT; U)"
148.127.68.8 - - [22/Oct/1999:08:42:00 -0400] "GET /DOG/images/boston.jpg HTTP/1.0" 200 1412 "http://www.selectsmart.com/DOG/description.htm#BlackandTanCoonhound" "Mozilla/4.04 [en] (WinNT; U)"
148.127.68.8 - - [22/Oct/1999:08:42:01 -0400] "GET /DOG/images/beagle1.jpg HTTP/1.0" 200 1163 "http://www.selectsmart.com/DOG/description.htm#BlackandTanCoonhound" "Mozilla/4.04 [en] (WinNT; U)"
209.140.228.235 - - [22/Oct/1999:08:42:01 -0400] "GET /PRESIDENT/results.php3?more=now&mid=6 HTTP/1.1" 200 6002 "http://www.selectsmart.com/PRESIDENT/results.php3" "Mozilla/4.0 (compatible; MSIE 5.0; Windows NT; DigExt)"
209.140.228.235 - - [22/Oct/1999:08:42:02 -0400] "GET /PRESIDENT/images/bush.jpg HTTP/1.1" 200 2977 "http://www.selectsmart.com/PRESIDENT/results.php3?more=now&mid=6" "Mozilla/4.0 (compatible; MSIE 5.0; Windows NT; DigExt)"
38.176.139.2 - - [22/Oct/1999:08:42:10 -0400] "POST /PRESIDENT/results.php3 HTTP/1.1" 200 12951 "http://www.selectsmart.com/PRESIDENT/results.php3" "Mozilla/4.0 (compatible; MSIE 4.01; Windows 95)"
38.176.139.2 - - [22/Oct/1999:08:42:10 -0400] "GET /PRESIDENT/images/bradley.jpg HTTP/1.1" 200 2294 "http://www.selectsmart.com/PRESIDENT/results.php3" "Mozilla/4.0 (compatible; MSIE 4.01; Windows 95)"
38.176.139.2 - - [22/Oct/1999:08:42:10 -0400] "GET /PRESIDENT/images/gore.jpg HTTP/1.1" 200 2930 "http://www.selectsmart.com/PRESIDENT/results.php3" "Mozilla/4.0 (compatible; MSIE 4.01; Windows 95)"
199.67.241.56 - - [22/Oct/1999:08:42:11 -0400] "GET /PRESIDENT/define8a.htm HTTP/1.0" 200 193 "http://www.selectsmart.com/PRESIDENT/" "Mozilla/4.5 [en] (WinNT; U)"
207.242.210.66 - - [22/Oct/1999:08:42:19 -0400] "POST /PRESIDENT/results.php3 HTTP/1.0" 200 6627 "http://www.selectsmart.com/PRESIDENT/" "Mozilla/4.08 [en] (Win95; I ;Nav)"
207.207.211.233 - - [22/Oct/1999:08:42:23 -0400] "POST /PRESIDENT/results.php3 HTTP/1.1" 200 6637 "http://www.selectsmart.com/PRESIDENT/" "Mozilla/4.0 (compatible; MSIE 4.01; Windows 98)"
129.1.204.161 - - [22/Oct/1999:08:42:24 -0400] "GET / HTTP/1.1" 200 1839 "-" "Mozilla/4.0 (compatible; MSIE 4.01; MSN 2.5; Windows 98)"
129.1.204.161 - - [22/Oct/1999:08:42:24 -0400] "GET /sidepanel.html HTTP/1.1" 200 3890 "http://www.selectsmart.com/" "Mozilla/4.0 (compatible; MSIE 4.01; MSN 2.5; Windows 98)"
129.1.204.161 - - [22/Oct/1999:08:42:24 -0400] "GET /thnkyell.jpg HTTP/1.1" 200 23337 "http://www.selectsmart.com/sidepanel.html" "Mozilla/4.0 (compatible; MSIE 4.01; MSN 2.5; Windows 98)"
129.1.204.161 - - [22/Oct/1999:08:42:24 -0400] "GET /AMAZON/amzn-buy.gif HTTP/1.1" 304 - "http://www.selectsmart.com/sidepanel.html" "Mozilla/4.0 (compatible; MSIE 4.01; MSN 2.5; Windows 98)"
129.1.204.161 - - [22/Oct/1999:08:42:24 -0400] "GET /indexa.html HTTP/1.1" 200 20372 "http://www.selectsmart.com/" "Mozilla/4.0 (compatible; MSIE 4.01; MSN 2.5; Windows 98)"
129.1.204.161 - - [22/Oct/1999:08:42:25 -0400] "GET /solid59.gif HTTP/1.1" 200 977 "http://www.selectsmart.com/sidepanel.html" "Mozilla/4.0 (compatible; MSIE 4.01; MSN 2.5; Windows 98)"
129.1.204.161 - - [22/Oct/1999:08:42:25 -0400] "GET /solid17.gif HTTP/1.1" 200 988 "http://www.selectsmart.com/sidepanel.html" "Mozilla/4.0 (compatible; MSIE 4.01; MSN 2.5; Windows 98)"
129.1.204.161 - - [22/Oct/1999:08:42:25 -0400] "GET /solid41.gif HTTP/1.1" 200 987 "http://www.selectsmart.com/sidepanel.html" "Mozilla/4.0 (compatible; MSIE 4.01; MSN 2.5; Windows 98)"
129.1.204.161 - - [22/Oct/1999:08:42:25 -0400] "GET /BUSINESS/14.gif HTTP/1.1" 200 6644 "http://www.selectsmart.com/indexa.html" "Mozilla/4.0 (compatible; MSIE 4.01; MSN 2.5; Windows 98)"
129.1.204.161 - - [22/Oct/1999:08:42:26 -0400] "GET /BUSINESS/drop_v.jpg HTTP/1.1" 200 1963 "http://www.selectsmart.com/indexa.html" "Mozilla/4.0 (compatible; MSIE 4.01; MSN 2.5; Windows 98)"
129.1.204.161 - - [22/Oct/1999:08:42:26 -0400] "GET /solid17.gif HTTP/1.1" 200 988 "http://www.selectsmart.com/sidepanel.html" "Mozilla/4.0 (compatible; MSIE 4.01; MSN 2.5; Windows 98)"
129.1.204.161 - - [22/Oct/1999:08:42:26 -0400] "GET /BUSINESS/drop_h.jpg HTTP/1.1" 200 2034 "http://www.selectsmart.com/indexa.html" "Mozilla/4.0 (compatible; MSIE 4.01; MSN 2.5; Windows 98)"
129.1.204.161 - - [22/Oct/1999:08:42:26 -0400] "GET /solid48.gif HTTP/1.1" 200 987 "http://www.selectsmart.com/sidepanel.html" "Mozilla/4.0 (compatible; MSIE 4.01; MSN 2.5; Windows 98)"
129.1.204.161 - - [22/Oct/1999:08:42:27 -0400] "GET /solid52.gif HTTP/1.1" 200 980 "http://www.selectsmart.com/sidepanel.html" "Mozilla/4.0 (compatible; MSIE 4.01; MSN 2.5; Windows 98)"
129.1.204.161 - - [22/Oct/1999:08:42:27 -0400] "GET /solid6.gif HTTP/1.1" 200 993 "http://www.selectsmart.com/indexa.html" "Mozilla/4.0 (compatible; MSIE 4.01; MSN 2.5; Windows 98)"
129.1.204.161 - - [22/Oct/1999:08:42:27 -0400] "GET /solid11.gif HTTP/1.1" 200 1006 "http://www.selectsmart.com/indexa.html" "Mozilla/4.0 (compatible; MSIE 4.01; MSN 2.5; Windows 98)"
129.1.204.161 - - [22/Oct/1999:08:42:27 -0400] "GET /solid28.gif HTTP/1.1" 200 972 "http://www.selectsmart.com/indexa.html" "Mozilla/4.0 (compatible; MSIE 4.01; MSN 2.5; Windows 98)"
129.1.204.161 - - [22/Oct/1999:08:42:27 -0400] "GET /solid48.gif HTTP/1.1" 200 987 "http://www.selectsmart.com/indexa.html" "Mozilla/4.0 (compatible; MSIE 4.01; MSN 2.5; Windows 98)"
129.1.204.161 - - [22/Oct/1999:08:42:27 -0400] "GET /exclaim.jpg HTTP/1.1" 200 7859 "http://www.selectsmart.com/indexa.html" "Mozilla/4.0 (compatible; MSIE 4.01; MSN 2.5; Windows 98)"
129.1.204.161 - - [22/Oct/1999:08:42:27 -0400] "GET /up.jpg HTTP/1.1" 304 - "http://www.selectsmart.com/sidepanel.html" "Mozilla/4.0 (compatible; MSIE 4.01; MSN 2.5; Windows 98)"
129.1.204.161 - - [22/Oct/1999:08:42:27 -0400] "GET /curt.jpg HTTP/1.1" 304 - "http://www.selectsmart.com/sidepanel.html" "Mozilla/4.0 (compatible; MSIE 4.01; MSN 2.5; Windows 98)"
129.1.204.161 - - [22/Oct/1999:08:42:27 -0400] "GET /planetclick.gif HTTP/1.1" 200 4949 "http://www.selectsmart.com/indexa.html" "Mozilla/4.0 (compatible; MSIE 4.01; MSN 2.5; Windows 98)"
129.1.204.161 - - [22/Oct/1999:08:42:28 -0400] "GET /sltrib.gif HTTP/1.1" 200 5673 "http://www.selectsmart.com/indexa.html" "Mozilla/4.0 (compatible; MSIE 4.01; MSN 2.5; Windows 98)"
129.1.204.161 - - [22/Oct/1999:08:42:31 -0400] "GET /BUSINESS/16.gif HTTP/1.1" 200 6704 "http://www.selectsmart.com/PRESIDENT/" "Mozilla/4.0 (compatible; MSIE 4.01; MSN 2.5; Windows 98)"
129.1.204.161 - - [22/Oct/1999:08:42:31 -0400] "GET /PRESIDENT/ HTTP/1.1" 200 29678 "http://www.selectsmart.com/indexa.html" "Mozilla/4.0 (compatible; MSIE 4.01; MSN 2.5; Windows 98)"
129.1.204.161 - - [22/Oct/1999:08:42:31 -0400] "GET /BUSINESS/drop_h.jpg HTTP/1.1" 206 851 "http://www.selectsmart.com/PRESIDENT/" "Mozilla/4.0 (compatible; MSIE 4.01; MSN 2.5; Windows 98)"
129.1.204.161 - - [22/Oct/1999:08:42:31 -0400] "GET /PRESIDENT/anecdote.gif HTTP/1.1" 200 6898 "http://www.selectsmart.com/PRESIDENT/" "Mozilla/4.0 (compatible; MSIE 4.01; MSN 2.5; Windows 98)"
129.1.204.161 - - [22/Oct/1999:08:42:32 -0400] "GET /PRESIDENT/campaigns.gif HTTP/1.1" 200 5835 "http://www.selectsmart.com/PRESIDENT/" "Mozilla/4.0 (compatible; MSIE 4.01; MSN 2.5; Windows 98)"
148.127.68.8 - - [22/Oct/1999:08:42:32 -0400] "GET /DOG/description1.htm HTTP/1.0" 200 19423 "http://www.selectsmart.com/beta_dog/results.php3" "Mozilla/4.04 [en] (WinNT; U)"
129.1.204.161 - - [22/Oct/1999:08:42:32 -0400] "GET /PRESIDENT/packaging.gif HTTP/1.1" 200 10663 "http://www.selectsmart.com/PRESIDENT/" "Mozilla/4.0 (compatible; MSIE 4.01; MSN 2.5; Windows 98)"
148.127.68.8 - - [22/Oct/1999:08:42:33 -0400] "GET /DOG/images/cairn.jpg HTTP/1.0" 200 1264 "http://www.selectsmart.com/DOG/description1.htm#ChesapeakeBayRetriever" "Mozilla/4.04 [en] (WinNT; U)"
148.127.68.8 - - [22/Oct/1999:08:42:33 -0400] "GET /DOG/images/chesa.jpg HTTP/1.0" 200 1631 "http://www.selectsmart.com/DOG/description1.htm#ChesapeakeBayRetriever" "Mozilla/4.04 [en] (WinNT; U)"
148.127.68.8 - - [22/Oct/1999:08:42:33 -0400] "GET /DOG/images/chihuahua.jpg HTTP/1.0" 200 1165 "http://www.selectsmart.com/DOG/description1.htm#ChesapeakeBayRetriever" "Mozilla/4.04 [en] (WinNT; U)"
148.127.68.8 - - [22/Oct/1999:08:42:33 -0400] "GET /DOG/images/crested.jpg HTTP/1.0" 200 1393 "http://www.selectsmart.com/DOG/description1.htm#ChesapeakeBayRetriever" "Mozilla/4.04 [en] (WinNT; U)"
129.1.204.161 - - [22/Oct/1999:08:42:33 -0400] "GET /PRESIDENT/vidal.gif HTTP/1.1" 200 11342 "http://www.selectsmart.com/PRESIDENT/" "Mozilla/4.0 (compatible; MSIE 4.01; MSN 2.5; Windows 98)"
148.127.68.8 - - [22/Oct/1999:08:42:33 -0400] "GET /DOG/images/chow.jpg HTTP/1.0" 200 1296 "http://www.selectsmart.com/DOG/description1.htm#ChesapeakeBayRetriever" "Mozilla/4.04 [en] (WinNT; U)"
148.127.68.8 - - [22/Oct/1999:08:42:33 -0400] "GET /DOG/images/dachs.jpg HTTP/1.0" 200 1476 "http://www.selectsmart.com/DOG/description1.htm#ChesapeakeBayRetriever" "Mozilla/4.04 [en] (WinNT; U)"
148.127.68.8 - - [22/Oct/1999:08:42:33 -0400] "GET /DOG/images/dandie.jpg HTTP/1.0" 200 1531 "http://www.selectsmart.com/DOG/description1.htm#ChesapeakeBayRetriever" "Mozilla/4.04 [en] (WinNT; U)"
148.127.68.8 - - [22/Oct/1999:08:42:33 -0400] "GET /DOG/images/sharpei.jpg HTTP/1.0" 200 1205 "http://www.selectsmart.com/DOG/description1.htm#ChesapeakeBayRetriever" "Mozilla/4.04 [en] (WinNT; U)"
129.1.204.161 - - [22/Oct/1999:08:42:34 -0400] "GET /PRESIDENT/TR.gif HTTP/1.1" 200 5566 "http://www.selectsmart.com/PRESIDENT/" "Mozilla/4.0 (compatible; MSIE 4.01; MSN 2.5; Windows 98)"
129.1.204.161 - - [22/Oct/1999:08:42:34 -0400] "GET /PRESIDENT/camp2000.gif HTTP/1.1" 200 7449 "http://www.selectsmart.com/PRESIDENT/" "Mozilla/4.0 (compatible; MSIE 4.01; MSN 2.5; Windows 98)"
148.127.68.8 - - [22/Oct/1999:08:42:34 -0400] "GET /DOG/images/dal.gif HTTP/1.0" 200 1908 "http://www.selectsmart.com/DOG/description1.htm#ChesapeakeBayRetriever" "Mozilla/4.04 [en] (WinNT; U)"
148.127.68.8 - - [22/Oct/1999:08:42:34 -0400] "GET /DOG/images/cocker.jpg HTTP/1.0" 200 1625 "http://www.selectsmart.com/DOG/description1.htm#ChesapeakeBayRetriever" "Mozilla/4.04 [en] (WinNT; U)"
148.127.68.8 - - [22/Oct/1999:08:42:34 -0400] "GET /DOG/images/dobie.jpg HTTP/1.0" 200 1600 "http://www.selectsmart.com/DOG/description1.htm#ChesapeakeBayRetriever" "Mozilla/4.04 [en] (WinNT; U)"
207.242.210.66 - - [22/Oct/1999:08:42:38 -0400] "POST /PRESIDENT/results.php3 HTTP/1.0" 200 1376 "http://www.selectsmart.com/PRESIDENT/results.php3" "Mozilla/4.08 [en] (Win95; I ;Nav)"
207.251.201.123 - - [22/Oct/1999:08:42:43 -0400] "GET /planetclick.gif HTTP/1.0" 304 - "-" "Mozilla/3.01 (compatible;)"
199.67.241.56 - - [22/Oct/1999:08:42:44 -0400] "GET /PRESIDENT/define8.htm HTTP/1.0" 304 - "http://www.selectsmart.com/PRESIDENT/" "Mozilla/4.5 [en] (WinNT; U)"
205.188.209.169 - - [22/Oct/1999:08:42:46 -0400] "GET /PRESIDENT/poll.htm HTTP/1.0" 200 4489 "-" "Mozilla/4.0 (compatible; MSIE 4.01; CS 2000; Windows 98)"
207.207.211.233 - - [22/Oct/1999:08:42:56 -0400] "GET /PRESIDENT/results.php3?more=now&mid=18 HTTP/1.1" 200 3774 "http://www.selectsmart.com/PRESIDENT/results.php3" "Mozilla/4.0 (compatible; MSIE 4.01; Windows 98)"
143.231.93.71 - - [22/Oct/1999:08:42:56 -0400] "GET /PRESIDENT/ HTTP/1.1" 200 29678 "-" "Mozilla/4.0 (compatible; MSIE 4.01; Windows NT; ACS_IQ)"
131.107.3.75 - - [22/Oct/1999:08:42:56 -0400] "POST /PRESIDENT/results.php3 HTTP/1.0" 200 6627 "http://www.selectsmart.com/PRESIDENT/" "Mozilla/4.0 (compatible; MSIE 4.01; Windows 98)"
207.207.211.233 - - [22/Oct/1999:08:42:56 -0400] "GET /PRESIDENT/images/mcreynolds.jpg HTTP/1.1" 200 4631 "http://www.selectsmart.com/PRESIDENT/results.php3?more=now&mid=18" "Mozilla/4.0 (compatible; MSIE 4.01; Windows 98)"
143.231.93.71 - - [22/Oct/1999:08:42:58 -0400] "GET /PRESIDENT/anecdote.gif HTTP/1.1" 200 6898 "http://www.selectsmart.com/PRESIDENT/" "Mozilla/4.0 (compatible; MSIE 4.01; Windows NT; ACS_IQ)"
143.231.93.71 - - [22/Oct/1999:08:42:58 -0400] "GET /PRESIDENT/packaging.gif HTTP/1.1" 200 10663 "http://www.selectsmart.com/PRESIDENT/" "Mozilla/4.0 (compatible; MSIE 4.01; Windows NT; ACS_IQ)"
143.231.93.71 - - [22/Oct/1999:08:42:58 -0400] "GET /PRESIDENT/vidal.gif HTTP/1.1" 200 11342 "http://www.selectsmart.com/PRESIDENT/" "Mozilla/4.0 (compatible; MSIE 4.01; Windows NT; ACS_IQ)"
143.231.93.71 - - [22/Oct/1999:08:42:58 -0400] "GET /PRESIDENT/TR.gif HTTP/1.1" 200 5566 "http://www.selectsmart.com/PRESIDENT/" "Mozilla/4.0 (compatible; MSIE 4.01; Windows NT; ACS_IQ)"
143.231.93.71 - - [22/Oct/1999:08:42:58 -0400] "GET /PRESIDENT/camp2000.gif HTTP/1.1" 200 7449 "http://www.selectsmart.com/PRESIDENT/" "Mozilla/4.0 (compatible; MSIE 4.01; Windows NT; ACS_IQ)"
143.231.93.71 - - [22/Oct/1999:08:42:58 -0400] "GET /curt.jpg HTTP/1.1" 200 4228 "http://www.selectsmart.com/PRESIDENT/" "Mozilla/4.0 (compatible; MSIE 4.01; Windows NT; ACS_IQ)"
207.242.210.66 - - [22/Oct/1999:08:42:59 -0400] "POST /PRESIDENT/results.php3 HTTP/1.0" 200 17736 "http://www.selectsmart.com/PRESIDENT/results.php3" "Mozilla/4.08 [en] (Win95; I ;Nav)"
143.231.93.71 - - [22/Oct/1999:08:43:00 -0400] "GET /BUSINESS/drop_v.jpg HTTP/1.1" 200 1963 "http://www.selectsmart.com/PRESIDENT/" "Mozilla/4.0 (compatible; MSIE 4.01; Windows NT; ACS_IQ)"
143.231.93.71 - - [22/Oct/1999:08:43:00 -0400] "GET /BUSINESS/drop_h.jpg HTTP/1.1" 200 2034 "http://www.selectsmart.com/PRESIDENT/" "Mozilla/4.0 (compatible; MSIE 4.01; Windows NT; ACS_IQ)"
143.231.93.71 - - [22/Oct/1999:08:43:00 -0400] "GET /PRESIDENT/campaigns.gif HTTP/1.1" 200 5835 "http://www.selectsmart.com/PRESIDENT/" "Mozilla/4.0 (compatible; MSIE 4.01; Windows NT; ACS_IQ)"
143.231.93.71 - - [22/Oct/1999:08:43:00 -0400] "GET /BUSINESS/16.gif HTTP/1.1" 200 6704 "http://www.selectsmart.com/PRESIDENT/" "Mozilla/4.0 (compatible; MSIE 4.01; Windows NT; ACS_IQ)"
207.242.210.66 - - [22/Oct/1999:08:43:02 -0400] "GET /PRESIDENT/images/bradley.jpg HTTP/1.0" 200 2294 "http://www.selectsmart.com/PRESIDENT/results.php3" "Mozilla/4.08 [en] (Win95; I ;Nav)"
198.137.241.10 - - [22/Oct/1999:08:43:09 -0400] "GET /PRESIDENT/ HTTP/1.0" 200 29678 "-" "Mozilla/4.0 (compatible; MSIE 4.01; Windows NT)"
198.232.250.51 - - [22/Oct/1999:08:43:10 -0400] "POST /PRESIDENT/results.php3 HTTP/1.0" 200 6627 "http://www.selectsmart.com/PRESIDENT/" "Mozilla/3.04 (Win95; U)"
198.137.241.10 - - [22/Oct/1999:08:43:11 -0400] "GET /BUSINESS/drop_v.jpg HTTP/1.0" 200 1963 "http://www.selectsmart.com/PRESIDENT/" "Mozilla/4.0 (compatible; MSIE 4.01; Windows NT)"
198.137.241.10 - - [22/Oct/1999:08:43:11 -0400] "GET /PRESIDENT/anecdote.gif HTTP/1.0" 200 6898 "http://www.selectsmart.com/PRESIDENT/" "Mozilla/4.0 (compatible; MSIE 4.01; Windows NT)"
198.137.241.10 - - [22/Oct/1999:08:43:11 -0400] "GET /BUSINESS/16.gif HTTP/1.0" 200 6704 "http://www.selectsmart.com/PRESIDENT/" "Mozilla/4.0 (compatible; MSIE 4.01; Windows NT)"
198.137.241.10 - - [22/Oct/1999:08:43:11 -0400] "GET /BUSINESS/drop_h.jpg HTTP/1.0" 200 2034 "http://www.selectsmart.com/PRESIDENT/" "Mozilla/4.0 (compatible; MSIE 4.01; Windows NT)"
207.242.210.66 - - [22/Oct/1999:08:43:11 -0400] "POST /PRESIDENT/results.php3 HTTP/1.0" 200 23159 "http://www.selectsmart.com/PRESIDENT/results.php3" "Mozilla/4.08 [en] (Win95; I ;Nav)"
216.181.41.55 - - [22/Oct/1999:08:43:12 -0400] "GET /PRESIDENT/results.php3?more=now&mid=2 HTTP/1.1" 200 3359 "http://www.selectsmart.com/PRESIDENT/results.php3" "Mozilla/4.0 (compatible; MSIE 5.0; Windows 95; DigExt)"
198.137.241.10 - - [22/Oct/1999:08:43:12 -0400] "GET /PRESIDENT/campaigns.gif HTTP/1.0" 200 5835 "http://www.selectsmart.com/PRESIDENT/" "Mozilla/4.0 (compatible; MSIE 4.01; Windows NT)"
216.181.41.55 - - [22/Oct/1999:08:43:12 -0400] "GET /PRESIDENT/images/beatty.jpg HTTP/1.1" 200 5811 "http://www.selectsmart.com/PRESIDENT/results.php3?more=now&mid=2" "Mozilla/4.0 (compatible; MSIE 5.0; Windows 95; DigExt)"
198.137.241.10 - - [22/Oct/1999:08:43:12 -0400] "GET /PRESIDENT/packaging.gif HTTP/1.0" 200 10663 "http://www.selectsmart.com/PRESIDENT/" "Mozilla/4.0 (compatible; MSIE 4.01; Windows NT)"
198.137.241.10 - - [22/Oct/1999:08:43:12 -0400] "GET /PRESIDENT/vidal.gif HTTP/1.0" 200 11342 "http://www.selectsmart.com/PRESIDENT/" "Mozilla/4.0 (compatible; MSIE 4.01; Windows NT)"
207.242.210.66 - - [22/Oct/1999:08:43:12 -0400] "GET /PRESIDENT/images/bush.jpg HTTP/1.0" 200 2977 "http://www.selectsmart.com/PRESIDENT/results.php3" "Mozilla/4.08 [en] (Win95; I ;Nav)"
207.242.210.66 - - [22/Oct/1999:08:43:12 -0400] "GET /PRESIDENT/images/gore.jpg HTTP/1.0" 200 2930 "http://www.selectsmart.com/PRESIDENT/results.php3" "Mozilla/4.08 [en] (Win95; I ;Nav)"
207.242.210.66 - - [22/Oct/1999:08:43:13 -0400] "GET /PRESIDENT/images/mccain.jpg HTTP/1.0" 200 2299 "http://www.selectsmart.com/PRESIDENT/results.php3" "Mozilla/4.08 [en] (Win95; I ;Nav)"
198.137.241.10 - - [22/Oct/1999:08:43:15 -0400] "GET /PRESIDENT/TR.gif HTTP/1.0" 200 5566 "http://www.selectsmart.com/PRESIDENT/" "Mozilla/4.0 (compatible; MSIE 4.01; Windows NT)"
198.137.241.10 - - [22/Oct/1999:08:43:15 -0400] "GET /PRESIDENT/camp2000.gif HTTP/1.0" 200 7449 "http://www.selectsmart.com/PRESIDENT/" "Mozilla/4.0 (compatible; MSIE 4.01; Windows NT)"
198.137.241.10 - - [22/Oct/1999:08:43:15 -0400] "GET /curt.jpg HTTP/1.0" 200 4228 "http://www.selectsmart.com/PRESIDENT/" "Mozilla/4.0 (compatible; MSIE 4.01; Windows NT)"
208.199.102.3 - - [22/Oct/1999:08:43:16 -0400] "GET /PRESIDENT/ HTTP/1.0" 200 29678 "-" "Mozilla/4.0 (compatible; MSIE 4.01; Windows 95)"
131.107.3.75 - - [22/Oct/1999:08:43:16 -0400] "POST /PRESIDENT/results.php3 HTTP/1.0" 200 1376 "http://www.selectsmart.com/PRESIDENT/results.php3" "Mozilla/4.0 (compatible; MSIE 4.01; Windows 98)"
198.137.241.10 - - [22/Oct/1999:08:43:17 -0400] "GET /PRESIDENT/ HTTP/1.0" 200 29678 "-" "Lotus-Notes/4.5 ( Windows-NT )"
208.199.102.3 - - [22/Oct/1999:08:43:17 -0400] "GET /BUSINESS/16.gif HTTP/1.0" 200 6704 "http://www.selectsmart.com/PRESIDENT/" "Mozilla/4.0 (compatible; MSIE 4.01; Windows 95)"
208.199.102.3 - - [22/Oct/1999:08:43:17 -0400] "GET /BUSINESS/drop_h.jpg HTTP/1.0" 200 2034 "http://www.selectsmart.com/PRESIDENT/" "Mozilla/4.0 (compatible; MSIE 4.01; Windows 95)"
208.199.102.3 - - [22/Oct/1999:08:43:17 -0400] "GET /BUSINESS/drop_v.jpg HTTP/1.0" 200 1963 "http://www.selectsmart.com/PRESIDENT/" "Mozilla/4.0 (compatible; MSIE 4.01; Windows 95)"
208.199.102.3 - - [22/Oct/1999:08:43:17 -0400] "GET /PRESIDENT/anecdote.gif HTTP/1.0" 200 6898 "http://www.selectsmart.com/PRESIDENT/" "Mozilla/4.0 (compatible; MSIE 4.01; Windows 95)"
208.199.102.3 - - [22/Oct/1999:08:43:18 -0400] "GET /curt.jpg HTTP/1.0" 200 4228 "http://www.selectsmart.com/PRESIDENT/" "Mozilla/4.0 (compatible; MSIE 4.01; Windows 95)"
208.199.102.3 - - [22/Oct/1999:08:43:18 -0400] "GET /PRESIDENT/vidal.gif HTTP/1.0" 200 11342 "http://www.selectsmart.com/PRESIDENT/" "Mozilla/4.0 (compatible; MSIE 4.01; Windows 95)"
208.199.102.3 - - [22/Oct/1999:08:43:18 -0400] "GET /PRESIDENT/packaging.gif HTTP/1.0" 200 10663 "http://www.selectsmart.com/PRESIDENT/" "Mozilla/4.0 (compatible; MSIE 4.01; Windows 95)"
208.199.102.3 - - [22/Oct/1999:08:43:18 -0400] "GET /PRESIDENT/TR.gif HTTP/1.0" 200 5566 "http://www.selectsmart.com/PRESIDENT/" "Mozilla/4.0 (compatible; MSIE 4.01; Windows 95)"
208.199.102.3 - - [22/Oct/1999:08:43:18 -0400] "GET /PRESIDENT/camp2000.gif HTTP/1.0" 200 7449 "http://www.selectsmart.com/PRESIDENT/" "Mozilla/4.0 (compatible; MSIE 4.01; Windows 95)"
208.199.102.3 - - [22/Oct/1999:08:43:18 -0400] "GET /PRESIDENT/campaigns.gif HTTP/1.0" 200 5835 "http://www.selectsmart.com/PRESIDENT/" "Mozilla/4.0 (compatible; MSIE 4.01; Windows 95)"
131.107.3.75 - - [22/Oct/1999:08:43:19 -0400] "GET /PRESIDENT/index.html HTTP/1.0" 200 29678 "http://www.selectsmart.com/PRESIDENT/results.php3" "Mozilla/4.0 (compatible; MSIE 4.01; Windows 98)"
63.22.138.21 - - [22/Oct/1999:08:43:19 -0400] "POST /PRESIDENT/results.php3 HTTP/1.0" 200 6182 "http://www.selectsmart.com/PRESIDENT/results.php3" "Mozilla/4.04 [en] (Win95; I)"
63.22.138.21 - - [22/Oct/1999:08:43:25 -0400] "GET /PRESIDENT/images/bush.jpg HTTP/1.0" 200 2977 "http://www.selectsmart.com/PRESIDENT/results.php3" "Mozilla/4.04 [en] (Win95; I)"
209.183.236.151 - - [22/Oct/1999:08:43:27 -0400] "GET /PRESIDENT/results.php3?more=now&mid=6 HTTP/1.1" 200 6002 "http://www.selectsmart.com/PRESIDENT/results.php3" "Mozilla/4.0 (compatible; MSIE 5.0; Windows 95; DigExt)"
209.183.236.151 - - [22/Oct/1999:08:43:29 -0400] "GET /PRESIDENT/images/bush.jpg HTTP/1.1" 200 2977 "http://www.selectsmart.com/PRESIDENT/results.php3?more=now&mid=6" "Mozilla/4.0 (compatible; MSIE 5.0; Windows 95; DigExt)"
199.75.44.37 - - [22/Oct/1999:08:43:32 -0400] "GET /PRESIDENT/ HTTP/1.0" 200 29678 "-" "Mozilla/4.0 (compatible; MSIE 5.0; Windows NT; DigExt)"
199.75.44.37 - - [22/Oct/1999:08:43:32 -0400] "GET /BUSINESS/drop_v.jpg HTTP/1.0" 200 1963 "http://www.selectsmart.com/PRESIDENT/" "Mozilla/4.0 (compatible; MSIE 5.0; Windows NT; DigExt)"
199.75.44.37 - - [22/Oct/1999:08:43:32 -0400] "GET /BUSINESS/16.gif HTTP/1.0" 200 6704 "http://www.selectsmart.com/PRESIDENT/" "Mozilla/4.0 (compatible; MSIE 5.0; Windows NT; DigExt)"
199.75.44.37 - - [22/Oct/1999:08:43:32 -0400] "GET /BUSINESS/drop_h.jpg HTTP/1.0" 200 2034 "http://www.selectsmart.com/PRESIDENT/" "Mozilla/4.0 (compatible; MSIE 5.0; Windows NT; DigExt)"
199.75.44.37 - - [22/Oct/1999:08:43:33 -0400] "GET /PRESIDENT/anecdote.gif HTTP/1.0" 200 6898 "http://www.selectsmart.com/PRESIDENT/" "Mozilla/4.0 (compatible; MSIE 5.0; Windows NT; DigExt)"
199.75.44.37 - - [22/Oct/1999:08:43:33 -0400] "GET /PRESIDENT/packaging.gif HTTP/1.0" 200 10663 "http://www.selectsmart.com/PRESIDENT/" "Mozilla/4.0 (compatible; MSIE 5.0; Windows NT; DigExt)"
199.75.44.37 - - [22/Oct/1999:08:43:33 -0400] "GET /PRESIDENT/campaigns.gif HTTP/1.0" 200 5835 "http://www.selectsmart.com/PRESIDENT/" "Mozilla/4.0 (compatible; MSIE 5.0; Windows NT; DigExt)"
199.75.44.37 - - [22/Oct/1999:08:43:33 -0400] "GET /PRESIDENT/vidal.gif HTTP/1.0" 200 11342 "http://www.selectsmart.com/PRESIDENT/" "Mozilla/4.0 (compatible; MSIE 5.0; Windows NT; DigExt)"
199.75.44.37 - - [22/Oct/1999:08:43:33 -0400] "GET /PRESIDENT/TR.gif HTTP/1.0" 200 5566 "http://www.selectsmart.com/PRESIDENT/" "Mozilla/4.0 (compatible; MSIE 5.0; Windows NT; DigExt)"
199.75.44.37 - - [22/Oct/1999:08:43:33 -0400] "GET /PRESIDENT/camp2000.gif HTTP/1.0" 200 7449 "http://www.selectsmart.com/PRESIDENT/" "Mozilla/4.0 (compatible; MSIE 5.0; Windows NT; DigExt)"
199.75.44.37 - - [22/Oct/1999:08:43:33 -0400] "GET /curt.jpg HTTP/1.0" 200 4228 "http://www.selectsmart.com/PRESIDENT/" "Mozilla/4.0 (compatible; MSIE 5.0; Windows NT; DigExt)"
199.67.241.56 - - [22/Oct/1999:08:43:39 -0400] "POST /PRESIDENT/results.php3 HTTP/1.0" 200 6627 "http://www.selectsmart.com/PRESIDENT/" "Mozilla/4.5 [en] (WinNT; U)"
38.182.119.249 - - [22/Oct/1999:08:43:50 -0400] "GET /PRESIDENT/ HTTP/1.0" 200 29678 "-" "Mozilla/4.61 [en] (Win95; I)"
38.182.119.249 - - [22/Oct/1999:08:43:51 -0400] "GET /BUSINESS/drop_v.jpg HTTP/1.0" 200 1963 "http://www.selectsmart.com/PRESIDENT/" "Mozilla/4.61 [en] (Win95; I)"
38.182.119.249 - - [22/Oct/1999:08:43:51 -0400] "GET /BUSINESS/drop_h.jpg HTTP/1.0" 200 2034 "http://www.selectsmart.com/PRESIDENT/" "Mozilla/4.61 [en] (Win95; I)"
38.182.119.249 - - [22/Oct/1999:08:43:51 -0400] "GET /BUSINESS/16.gif HTTP/1.0" 200 6704 "http://www.selectsmart.com/PRESIDENT/" "Mozilla/4.61 [en] (Win95; I)"
38.182.119.249 - - [22/Oct/1999:08:43:51 -0400] "GET /PRESIDENT/anecdote.gif HTTP/1.0" 200 6898 "http://www.selectsmart.com/PRESIDENT/" "Mozilla/4.61 [en] (Win95; I)"
38.182.119.249 - - [22/Oct/1999:08:43:51 -0400] "GET /curt.jpg HTTP/1.0" 200 4228 "http://www.selectsmart.com/PRESIDENT/" "Mozilla/4.61 [en] (Win95; I)"
38.182.119.249 - - [22/Oct/1999:08:43:51 -0400] "GET /PRESIDENT/packaging.gif HTTP/1.0" 200 10663 "http://www.selectsmart.com/PRESIDENT/" "Mozilla/4.61 [en] (Win95; I)"
38.182.119.249 - - [22/Oct/1999:08:43:51 -0400] "GET /PRESIDENT/TR.gif HTTP/1.0" 200 5566 "http://www.selectsmart.com/PRESIDENT/" "Mozilla/4.61 [en] (Win95; I)"
205.188.195.57 - - [22/Oct/1999:08:43:51 -0400] "POST /PRESIDENT/results.php3 HTTP/1.0" 200 6625 "http://www.selectsmart.com/PRESIDENT/" "Mozilla/4.0 (compatible; MSIE 4.01; CS 2000; Windows 98)"
38.182.119.249 - - [22/Oct/1999:08:43:51 -0400] "GET /PRESIDENT/vidal.gif HTTP/1.0" 200 11342 "http://www.selectsmart.com/PRESIDENT/" "Mozilla/4.61 [en] (Win95; I)"
38.182.119.249 - - [22/Oct/1999:08:43:52 -0400] "GET /PRESIDENT/camp2000.gif HTTP/1.0" 200 7449 "http://www.selectsmart.com/PRESIDENT/" "Mozilla/4.61 [en] (Win95; I)"
38.182.119.249 - - [22/Oct/1999:08:43:52 -0400] "GET /PRESIDENT/campaigns.gif HTTP/1.0" 200 5835 "http://www.selectsmart.com/PRESIDENT/" "Mozilla/4.61 [en] (Win95; I)"
209.219.72.168 - - [22/Oct/1999:08:44:05 -0400] "GET /PRESIDENT/ HTTP/1.0" 200 29678 "-" "Mozilla/4.7 [en] (Win95; I)"
209.219.72.168 - - [22/Oct/1999:08:44:06 -0400] "GET /BUSINESS/16.gif HTTP/1.0" 200 6704 "http://www.selectsmart.com/PRESIDENT/" "Mozilla/4.7 [en] (Win95; I)"
209.219.72.168 - - [22/Oct/1999:08:44:06 -0400] "GET /BUSINESS/drop_h.jpg HTTP/1.0" 200 2034 "http://www.selectsmart.com/PRESIDENT/" "Mozilla/4.7 [en] (Win95; I)"
209.219.72.168 - - [22/Oct/1999:08:44:06 -0400] "GET /BUSINESS/drop_v.jpg HTTP/1.0" 200 1963 "http://www.selectsmart.com/PRESIDENT/" "Mozilla/4.7 [en] (Win95; I)"
209.219.72.168 - - [22/Oct/1999:08:44:06 -0400] "GET /PRESIDENT/anecdote.gif HTTP/1.0" 200 6898 "http://www.selectsmart.com/PRESIDENT/" "Mozilla/4.7 [en] (Win95; I)"
209.219.72.168 - - [22/Oct/1999:08:44:06 -0400] "GET /PRESIDENT/campaigns.gif HTTP/1.0" 200 5835 "http://www.selectsmart.com/PRESIDENT/" "Mozilla/4.7 [en] (Win95; I)"
209.219.72.168 - - [22/Oct/1999:08:44:06 -0400] "GET /PRESIDENT/packaging.gif HTTP/1.0" 200 10663 "http://www.selectsmart.com/PRESIDENT/" "Mozilla/4.7 [en] (Win95; I)"
209.219.72.168 - - [22/Oct/1999:08:44:06 -0400] "GET /PRESIDENT/vidal.gif HTTP/1.0" 200 11342 "http://www.selectsmart.com/PRESIDENT/" "Mozilla/4.7 [en] (Win95; I)"
209.219.72.168 - - [22/Oct/1999:08:44:07 -0400] "GET /PRESIDENT/camp2000.gif HTTP/1.0" 200 7449 "http://www.selectsmart.com/PRESIDENT/" "Mozilla/4.7 [en] (Win95; I)"
209.219.72.168 - - [22/Oct/1999:08:44:07 -0400] "GET /PRESIDENT/TR.gif HTTP/1.0" 200 5566 "http://www.selectsmart.com/PRESIDENT/" "Mozilla/4.7 [en] (Win95; I)"
209.219.72.168 - - [22/Oct/1999:08:44:07 -0400] "GET /curt.jpg HTTP/1.0" 200 4228 "http://www.selectsmart.com/PRESIDENT/" "Mozilla/4.7 [en] (Win95; I)"
144.92.44.76 - - [22/Oct/1999:08:44:22 -0400] "GET /BUSINESS/drop_v.jpg HTTP/1.0" 200 1963 "-" "Mozilla/3.01 (compatible;)"
144.92.44.76 - - [22/Oct/1999:08:44:22 -0400] "GET /BUSINESS/16.gif HTTP/1.0" 200 6704 "-" "Mozilla/3.01 (compatible;)"
144.92.44.76 - - [22/Oct/1999:08:44:22 -0400] "GET /BUSINESS/drop_h.jpg HTTP/1.0" 200 2034 "-" "Mozilla/3.01 (compatible;)"
144.92.44.76 - - [22/Oct/1999:08:44:22 -0400] "GET /PRESIDENT/ HTTP/1.0" 200 29678 "-" "Mozilla/4.5 [en] (Win95; I)"
144.92.44.76 - - [22/Oct/1999:08:44:22 -0400] "GET /PRESIDENT/vidal.gif HTTP/1.0" 200 11342 "-" "Mozilla/3.01 (compatible;)"
144.92.44.76 - - [22/Oct/1999:08:44:22 -0400] "GET /PRESIDENT/packaging.gif HTTP/1.0" 200 10663 "-" "Mozilla/3.01 (compatible;)"
144.92.44.76 - - [22/Oct/1999:08:44:22 -0400] "GET /PRESIDENT/campaigns.gif HTTP/1.0" 200 5835 "-" "Mozilla/3.01 (compatible;)"
144.92.44.76 - - [22/Oct/1999:08:44:22 -0400] "GET /PRESIDENT/anecdote.gif HTTP/1.0" 200 6898 "-" "Mozilla/3.01 (compatible;)"
144.92.44.76 - - [22/Oct/1999:08:44:22 -0400] "GET /PRESIDENT/TR.gif HTTP/1.0" 200 5566 "-" "Mozilla/3.01 (compatible;)"
144.92.44.76 - - [22/Oct/1999:08:44:22 -0400] "GET /PRESIDENT/camp2000.gif HTTP/1.0" 200 7449 "-" "Mozilla/3.01 (compatible;)"
144.92.44.76 - - [22/Oct/1999:08:44:22 -0400] "GET /curt.jpg HTTP/1.0" 200 4228 "-" "Mozilla/3.01 (compatible;)"
208.248.162.194 - - [22/Oct/1999:08:44:24 -0400] "GET /PRESIDENT HTTP/1.0" 301 241 "-" "Mozilla/4.0 (compatible; MSIE 4.01; Windows 95)"
208.248.162.194 - - [22/Oct/1999:08:44:24 -0400] "GET /PRESIDENT/ HTTP/1.0" 200 29678 "-" "Mozilla/4.0 (compatible; MSIE 4.01; Windows 95)"
158.72.64.25 - - [22/Oct/1999:08:44:28 -0400] "GET /PRESIDENT/ HTTP/1.1" 200 29678 "-" "Mozilla/4.0 (compatible; MSIE 5.0; Windows NT; DigExt)"
208.248.162.194 - - [22/Oct/1999:08:44:30 -0400] "GET /BUSINESS/drop_v.jpg HTTP/1.0" 200 1963 "http://www.selectsmart.com/PRESIDENT/" "Mozilla/4.0 (compatible; MSIE 4.01; Windows 95)"
208.248.162.194 - - [22/Oct/1999:08:44:33 -0400] "GET /BUSINESS/16.gif HTTP/1.0" 200 6704 "http://www.selectsmart.com/PRESIDENT/" "Mozilla/4.0 (compatible; MSIE 4.01; Windows 95)"
158.72.64.25 - - [22/Oct/1999:08:44:33 -0400] "GET /PRESIDENT/anecdote.gif HTTP/1.1" 200 6898 "http://www.selectsmart.com/PRESIDENT/" "Mozilla/4.0 (compatible; MSIE 5.0; Windows NT; DigExt)"
158.72.64.25 - - [22/Oct/1999:08:44:33 -0400] "GET /BUSINESS/16.gif HTTP/1.1" 200 6704 "http://www.selectsmart.com/PRESIDENT/" "Mozilla/4.0 (compatible; MSIE 5.0; Windows NT; DigExt)"
158.72.64.25 - - [22/Oct/1999:08:44:33 -0400] "GET /BUSINESS/drop_v.jpg HTTP/1.1" 200 1963 "http://www.selectsmart.com/PRESIDENT/" "Mozilla/4.0 (compatible; MSIE 5.0; Windows NT; DigExt)"
158.72.64.25 - - [22/Oct/1999:08:44:34 -0400] "GET /PRESIDENT/campaigns.gif HTTP/1.1" 200 5835 "http://www.selectsmart.com/PRESIDENT/" "Mozilla/4.0 (compatible; MSIE 5.0; Windows NT; DigExt)"
158.72.64.25 - - [22/Oct/1999:08:44:34 -0400] "GET /PRESIDENT/packaging.gif HTTP/1.1" 200 10663 "http://www.selectsmart.com/PRESIDENT/" "Mozilla/4.0 (compatible; MSIE 5.0; Windows NT; DigExt)"
158.72.64.25 - - [22/Oct/1999:08:44:34 -0400] "GET /BUSINESS/drop_h.jpg HTTP/1.1" 200 2034 "http://www.selectsmart.com/PRESIDENT/" "Mozilla/4.0 (compatible; MSIE 5.0; Windows NT; DigExt)"
158.72.64.25 - - [22/Oct/1999:08:44:34 -0400] "GET /PRESIDENT/vidal.gif HTTP/1.1" 200 11342 "http://www.selectsmart.com/PRESIDENT/" "Mozilla/4.0 (compatible; MSIE 5.0; Windows NT; DigExt)"
158.72.64.25 - - [22/Oct/1999:08:44:34 -0400] "GET /PRESIDENT/TR.gif HTTP/1.1" 200 5566 "http://www.selectsmart.com/PRESIDENT/" "Mozilla/4.0 (compatible; MSIE 5.0; Windows NT; DigExt)"
158.72.64.25 - - [22/Oct/1999:08:44:35 -0400] "GET /PRESIDENT/camp2000.gif HTTP/1.1" 200 7449 "http://www.selectsmart.com/PRESIDENT/" "Mozilla/4.0 (compatible; MSIE 5.0; Windows NT; DigExt)"
158.72.64.25 - - [22/Oct/1999:08:44:35 -0400] "GET /curt.jpg HTTP/1.1" 200 4228 "http://www.selectsmart.com/PRESIDENT/" "Mozilla/4.0 (compatible; MSIE 5.0; Windows NT; DigExt)"
192.91.146.34 - - [22/Oct/1999:08:44:37 -0400] "GET /PRESIDENT/ HTTP/1.0" 200 29678 "http://forums.ar15.com/Forum3/HTML/004287.html" "Mozilla/4.61 [en] (WinNT; U)"
192.91.146.34 - - [22/Oct/1999:08:44:40 -0400] "GET /BUSINESS/16.gif HTTP/1.0" 200 6704 "http://www.selectsmart.com/PRESIDENT/" "Mozilla/4.61 [en] (WinNT; U)"
192.91.146.34 - - [22/Oct/1999:08:44:40 -0400] "GET /BUSINESS/drop_v.jpg HTTP/1.0" 200 1963 "http://www.selectsmart.com/PRESIDENT/" "Mozilla/4.61 [en] (WinNT; U)"
192.91.146.34 - - [22/Oct/1999:08:44:40 -0400] "GET /BUSINESS/drop_h.jpg HTTP/1.0" 200 2034 "http://www.selectsmart.com/PRESIDENT/" "Mozilla/4.61 [en] (WinNT; U)"
216.181.41.55 - - [22/Oct/1999:08:44:40 -0400] "GET /PRESIDENT/results.php3?more=now&mid=13 HTTP/1.1" 200 3772 "http://www.selectsmart.com/PRESIDENT/results.php3" "Mozilla/4.0 (compatible; MSIE 5.0; Windows 95; DigExt)"
208.248.162.194 - - [22/Oct/1999:08:44:40 -0400] "GET /BUSINESS/drop_h.jpg HTTP/1.0" 200 2034 "http://www.selectsmart.com/PRESIDENT/" "Mozilla/4.0 (compatible; MSIE 4.01; Windows 95)"
216.181.41.55 - - [22/Oct/1999:08:44:40 -0400] "GET /PRESIDENT/larouche.gif HTTP/1.1" 200 7990 "http://www.selectsmart.com/PRESIDENT/results.php3?more=now&mid=13" "Mozilla/4.0 (compatible; MSIE 5.0; Windows 95; DigExt)"
209.91.21.113 - - [22/Oct/1999:08:44:40 -0400] "POST /PRESIDENT/results.php3 HTTP/1.1" 200 6640 "http://www.selectsmart.com/PRESIDENT/" "Mozilla/4.0 (compatible; MSIE 4.01; Windows 95)"
192.91.146.34 - - [22/Oct/1999:08:44:41 -0400] "GET /PRESIDENT/anecdote.gif HTTP/1.0" 200 6898 "http://www.selectsmart.com/PRESIDENT/" "Mozilla/4.61 [en] (WinNT; U)"
