208.198.34.181 - - [22/Oct/1999:00:07:23 -0400] "GET /PRESIDENT/forbes.gif HTTP/1.0" 200 6324 "http://www.selectsmart.com/PRESIDENT/results.php3" "Mozilla/4.5 [en]C-CCK-MCD {TLC;RETAIL} (Win98; U)"
208.198.34.181 - - [22/Oct/1999:00:07:24 -0400] "GET /PRESIDENT/images/mccain.jpg HTTP/1.0" 200 2299 "http://www.selectsmart.com/PRESIDENT/results.php3" "Mozilla/4.5 [en]C-CCK-MCD {TLC;RETAIL} (Win98; U)"
205.188.208.9 - - [22/Oct/1999:00:07:24 -0400] "GET /PRESIDENT/anecdote.gif HTTP/1.0" 200 6898 "http://www.selectsmart.com/PRESIDENT/" "Mozilla/4.0 (compatible; MSIE 5.0; AOL 5.0; Windows 95; DigExt)"
209.245.170.71 - - [22/Oct/1999:00:07:24 -0400] "GET /PRESIDENT/results.php3?more=now&mid=14 HTTP/1.0" 200 6606 "http://www.selectsmart.com/PRESIDENT/results.php3" "Mozilla/4.05 (Macintosh; I; PPC, Nav)"
209.245.170.71 - - [22/Oct/1999:00:07:26 -0400] "GET /PRESIDENT/images/mccain.jpg HTTP/1.0" 200 2299 "http://www.selectsmart.com/PRESIDENT/results.php3?more=now&mid=14" "Mozilla/4.05 (Macintosh; I; PPC, Nav)"
209.214.107.201 - - [22/Oct/1999:00:07:32 -0400] "GET /PRESIDENT/results.php3?more=now&mid=9 HTTP/1.1" 200 6106 "http://www.selectsmart.com/PRESIDENT/results.php3" "Mozilla/4.0 (compatible; MSIE 4.01; Windows 98)"
209.214.107.201 - - [22/Oct/1999:00:07:33 -0400] "GET /PRESIDENT/images/gore.jpg HTTP/1.1" 200 2930 "http://www.selectsmart.com/PRESIDENT/results.php3?more=now&mid=9" "Mozilla/4.0 (compatible; MSIE 4.01; Windows 98)"
207.172.146.160 - - [22/Oct/1999:00:07:42 -0400] "POST /PRESIDENT/results.php3 HTTP/1.1" 200 6637 "http://www.selectsmart.com/PRESIDENT/" "Mozilla/4.0 (compatible; MSIE 5.0; Windows 98; DigExt)"
205.188.195.49 - - [22/Oct/1999:00:07:47 -0400] "POST /PRESIDENT/results.php3 HTTP/1.0" 200 1376 "http://www.selectsmart.com/PRESIDENT/results.php3" "Mozilla/4.0 (compatible; MSIE 4.01; CS 2000; Windows 98)"
208.15.144.112 - - [22/Oct/1999:00:08:20 -0400] "POST /PRESIDENT/results.php3 HTTP/1.0" 200 6625 "http://www.selectsmart.com/PRESIDENT/" "Mozilla/4.05 [en]C-SBIS-NC404 (Win95; U)"
208.232.137.13 - - [22/Oct/1999:00:08:25 -0400] "POST /PRESIDENT/results.php3 HTTP/1.0" 200 6625 "http://www.selectsmart.com/PRESIDENT/" "Mozilla/4.06 [en]C-gatewaynet (Win98; I)"
12.77.2.61 - - [22/Oct/1999:00:08:27 -0400] "GET /PRESIDENT/ HTTP/1.1" 200 29678 "http://www.selectsmart.com/PRESIDENT/" "Mozilla/4.0 (compatible; MSIE 4.0; MSN 2.5; Windows 95)"
12.77.2.61 - - [22/Oct/1999:00:08:28 -0400] "GET /BUSINESS/16.gif HTTP/1.1" 200 6704 "http://www.selectsmart.com/PRESIDENT/" "Mozilla/4.0 (compatible; MSIE 4.0; MSN 2.5; Windows 95)"
12.77.2.61 - - [22/Oct/1999:00:08:28 -0400] "GET /BUSINESS/drop_v.jpg HTTP/1.1" 200 1963 "http://www.selectsmart.com/PRESIDENT/" "Mozilla/4.0 (compatible; MSIE 4.0; MSN 2.5; Windows 95)"
12.77.2.61 - - [22/Oct/1999:00:08:29 -0400] "GET /PRESIDENT/anecdote.gif HTTP/1.1" 200 6898 "http://www.selectsmart.com/PRESIDENT/" "Mozilla/4.0 (compatible; MSIE 4.0; MSN 2.5; Windows 95)"
12.77.2.61 - - [22/Oct/1999:00:08:30 -0400] "GET /BUSINESS/drop_h.jpg HTTP/1.1" 200 2034 "http://www.selectsmart.com/PRESIDENT/" "Mozilla/4.0 (compatible; MSIE 4.0; MSN 2.5; Windows 95)"
12.77.2.61 - - [22/Oct/1999:00:08:32 -0400] "GET /PRESIDENT/campaigns.gif HTTP/1.1" 200 5835 "http://www.selectsmart.com/PRESIDENT/" "Mozilla/4.0 (compatible; MSIE 4.0; MSN 2.5; Windows 95)"
12.77.2.61 - - [22/Oct/1999:00:08:37 -0400] "GET /PRESIDENT/packaging.gif HTTP/1.1" 200 10663 "http://www.selectsmart.com/PRESIDENT/" "Mozilla/4.0 (compatible; MSIE 4.0; MSN 2.5; Windows 95)"
12.77.2.61 - - [22/Oct/1999:00:08:46 -0400] "GET /PRESIDENT/vidal.gif HTTP/1.1" 200 11342 "http://www.selectsmart.com/PRESIDENT/" "Mozilla/4.0 (compatible; MSIE 4.0; MSN 2.5; Windows 95)"
12.77.2.61 - - [22/Oct/1999:00:08:48 -0400] "GET /PRESIDENT/TR.gif HTTP/1.1" 200 5566 "http://www.selectsmart.com/PRESIDENT/" "Mozilla/4.0 (compatible; MSIE 4.0; MSN 2.5; Windows 95)"
208.232.137.13 - - [22/Oct/1999:00:08:53 -0400] "POST /PRESIDENT/results.php3 HTTP/1.0" 200 1376 "http://www.selectsmart.com/PRESIDENT/results.php3" "Mozilla/4.06 [en]C-gatewaynet (Win98; I)"
12.77.2.61 - - [22/Oct/1999:00:08:53 -0400] "GET /PRESIDENT/camp2000.gif HTTP/1.1" 200 7449 "http://www.selectsmart.com/PRESIDENT/" "Mozilla/4.0 (compatible; MSIE 4.0; MSN 2.5; Windows 95)"
207.172.146.160 - - [22/Oct/1999:00:08:56 -0400] "POST /PRESIDENT/results.php3 HTTP/1.1" 200 17142 "http://www.selectsmart.com/PRESIDENT/results.php3" "Mozilla/4.0 (compatible; MSIE 5.0; Windows 98; DigExt)"
207.172.146.160 - - [22/Oct/1999:00:08:57 -0400] "GET /PRESIDENT/images/bauer.jpg HTTP/1.1" 200 2154 "http://www.selectsmart.com/PRESIDENT/results.php3" "Mozilla/4.0 (compatible; MSIE 5.0; Windows 98; DigExt)"
12.77.2.61 - - [22/Oct/1999:00:08:58 -0400] "GET /curt.jpg HTTP/1.1" 200 4228 "http://www.selectsmart.com/PRESIDENT/" "Mozilla/4.0 (compatible; MSIE 4.0; MSN 2.5; Windows 95)"
207.172.146.160 - - [22/Oct/1999:00:08:59 -0400] "GET /PRESIDENT/buchanan.jpg HTTP/1.1" 200 8053 "http://www.selectsmart.com/PRESIDENT/results.php3" "Mozilla/4.0 (compatible; MSIE 5.0; Windows 98; DigExt)"
207.172.146.160 - - [22/Oct/1999:00:09:00 -0400] "GET /PRESIDENT/images/bush.jpg HTTP/1.1" 200 2977 "http://www.selectsmart.com/PRESIDENT/results.php3" "Mozilla/4.0 (compatible; MSIE 5.0; Windows 98; DigExt)"
204.152.191.47 - - [22/Oct/1999:00:09:04 -0400] "GET /CAT/ HTTP/1.0" 200 12704 "-" "Scooter/2.0 G.R.A.B. V1.1.0"
205.188.208.71 - - [22/Oct/1999:00:09:10 -0400] "GET / HTTP/1.0" 200 1839 "-" "Mozilla/4.0 (compatible; MSIE 5.0; CS 2000; Windows 98; CNETHomeBuild03171999)"
208.232.137.13 - - [22/Oct/1999:00:09:10 -0400] "GET /PRESIDENT/index.html HTTP/1.0" 200 29678 "http://www.selectsmart.com/PRESIDENT/results.php3" "Mozilla/4.06 [en]C-gatewaynet (Win98; I)"
205.188.208.71 - - [22/Oct/1999:00:09:11 -0400] "GET /sidepanel.html HTTP/1.0" 200 3890 "http://www.selectsmart.com/" "Mozilla/4.0 (compatible; MSIE 5.0; CS 2000; Windows 98; CNETHomeBuild03171999)"
205.188.208.7 - - [22/Oct/1999:00:09:12 -0400] "GET /indexa.html HTTP/1.0" 200 20372 "http://www.selectsmart.com/" "Mozilla/4.0 (compatible; MSIE 5.0; CS 2000; Windows 98; CNETHomeBuild03171999)"
205.188.208.41 - - [22/Oct/1999:00:09:17 -0400] "GET /solid48.gif HTTP/1.0" 200 987 "http://www.selectsmart.com/sidepanel.html" "Mozilla/4.0 (compatible; MSIE 5.0; CS 2000; Windows 98; CNETHomeBuild03171999)"
205.188.208.8 - - [22/Oct/1999:00:09:18 -0400] "GET /solid41.gif HTTP/1.0" 200 987 "http://www.selectsmart.com/sidepanel.html" "Mozilla/4.0 (compatible; MSIE 5.0; CS 2000; Windows 98; CNETHomeBuild03171999)"
205.188.208.39 - - [22/Oct/1999:00:09:18 -0400] "GET /BUSINESS/14.gif HTTP/1.0" 200 6644 "http://www.selectsmart.com/indexa.html" "Mozilla/4.0 (compatible; MSIE 5.0; CS 2000; Windows 98; CNETHomeBuild03171999)"
209.214.107.201 - - [22/Oct/1999:00:09:27 -0400] "GET /PRESIDENT/results.php3?more=now&mid=7 HTTP/1.1" 200 5826 "http://www.selectsmart.com/PRESIDENT/results.php3" "Mozilla/4.0 (compatible; MSIE 4.01; Windows 98)"
209.214.107.201 - - [22/Oct/1999:00:09:29 -0400] "GET /PRESIDENT/dole.gif HTTP/1.1" 200 5742 "http://www.selectsmart.com/PRESIDENT/results.php3?more=now&mid=7" "Mozilla/4.0 (compatible; MSIE 4.01; Windows 98)"
137.18.234.62 - - [22/Oct/1999:00:09:32 -0400] "POST /PRESIDENT/results.php3 HTTP/1.1" 200 6640 "http://www.selectsmart.com/PRESIDENT/" "Mozilla/4.0 (compatible; MSIE 4.01; Windows NT)"
204.210.20.106 - - [22/Oct/1999:00:09:36 -0400] "GET /BUSINESS/16.gif HTTP/1.1" 200 6704 "http://www.selectsmart.com/PRESIDENT/" "Mozilla/4.0 (compatible; MSIE 5.0; Windows 95; DigExt)"
204.210.20.106 - - [22/Oct/1999:00:09:36 -0400] "GET /BUSINESS/drop_v.jpg HTTP/1.1" 200 1963 "http://www.selectsmart.com/PRESIDENT/" "Mozilla/4.0 (compatible; MSIE 5.0; Windows 95; DigExt)"
204.210.20.106 - - [22/Oct/1999:00:09:36 -0400] "GET /BUSINESS/drop_h.jpg HTTP/1.1" 200 2034 "http://www.selectsmart.com/PRESIDENT/" "Mozilla/4.0 (compatible; MSIE 5.0; Windows 95; DigExt)"
204.210.20.106 - - [22/Oct/1999:00:09:38 -0400] "GET /PRESIDENT/ HTTP/1.1" 200 29678 "http://www.freerepublic.com/forum/a380fd23a2489.htm" "Mozilla/4.0 (compatible; MSIE 5.0; Windows 95; DigExt)"
204.210.20.106 - - [22/Oct/1999:00:09:38 -0400] "GET /PRESIDENT/anecdote.gif HTTP/1.1" 200 6898 "http://www.selectsmart.com/PRESIDENT/" "Mozilla/4.0 (compatible; MSIE 5.0; Windows 95; DigExt)"
204.210.20.106 - - [22/Oct/1999:00:09:39 -0400] "GET /PRESIDENT/campaigns.gif HTTP/1.1" 200 5835 "http://www.selectsmart.com/PRESIDENT/" "Mozilla/4.0 (compatible; MSIE 5.0; Windows 95; DigExt)"
204.210.20.106 - - [22/Oct/1999:00:09:39 -0400] "GET /PRESIDENT/packaging.gif HTTP/1.1" 200 10663 "http://www.selectsmart.com/PRESIDENT/" "Mozilla/4.0 (compatible; MSIE 5.0; Windows 95; DigExt)"
204.210.20.106 - - [22/Oct/1999:00:09:39 -0400] "GET /PRESIDENT/vidal.gif HTTP/1.1" 200 11342 "http://www.selectsmart.com/PRESIDENT/" "Mozilla/4.0 (compatible; MSIE 5.0; Windows 95; DigExt)"
204.210.20.106 - - [22/Oct/1999:00:09:39 -0400] "GET /PRESIDENT/TR.gif HTTP/1.1" 200 5566 "http://www.selectsmart.com/PRESIDENT/" "Mozilla/4.0 (compatible; MSIE 5.0; Windows 95; DigExt)"
204.210.20.106 - - [22/Oct/1999:00:09:39 -0400] "GET /PRESIDENT/camp2000.gif HTTP/1.1" 200 7449 "http://www.selectsmart.com/PRESIDENT/" "Mozilla/4.0 (compatible; MSIE 5.0; Windows 95; DigExt)"
204.210.20.106 - - [22/Oct/1999:00:09:39 -0400] "GET /curt.jpg HTTP/1.1" 200 4228 "http://www.selectsmart.com/PRESIDENT/" "Mozilla/4.0 (compatible; MSIE 5.0; Windows 95; DigExt)"
204.210.20.106 - - [22/Oct/1999:00:10:01 -0400] "GET /PRESIDENT/campaigns.gif HTTP/1.1" 304 - "-" "Mozilla/4.0 (compatible; MSIE 5.0; Windows 95; DigExt)"
204.210.20.106 - - [22/Oct/1999:00:10:01 -0400] "GET /PRESIDENT/anecdote.gif HTTP/1.1" 304 - "-" "Mozilla/4.0 (compatible; MSIE 5.0; Windows 95; DigExt)"
204.210.20.106 - - [22/Oct/1999:00:10:01 -0400] "GET /PRESIDENT/packaging.gif HTTP/1.1" 304 - "-" "Mozilla/4.0 (compatible; MSIE 5.0; Windows 95; DigExt)"
204.210.20.106 - - [22/Oct/1999:00:10:01 -0400] "GET /PRESIDENT/vidal.gif HTTP/1.1" 304 - "-" "Mozilla/4.0 (compatible; MSIE 5.0; Windows 95; DigExt)"
204.210.20.106 - - [22/Oct/1999:00:10:01 -0400] "GET /PRESIDENT/TR.gif HTTP/1.1" 304 - "-" "Mozilla/4.0 (compatible; MSIE 5.0; Windows 95; DigExt)"
204.210.20.106 - - [22/Oct/1999:00:10:01 -0400] "GET /PRESIDENT/camp2000.gif HTTP/1.1" 304 - "-" "Mozilla/4.0 (compatible; MSIE 5.0; Windows 95; DigExt)"
24.213.39.76 - - [22/Oct/1999:00:10:27 -0400] "GET /PRESIDENT/ HTTP/1.0" 200 29678 "http://www.FreeRepublic.com/forum/a380fd23a2489.htm" "Mozilla/4.7 [en] (Win98; I)"
24.213.39.76 - - [22/Oct/1999:00:10:27 -0400] "GET /BUSINESS/drop_h.jpg HTTP/1.0" 200 2034 "http://www.selectsmart.com/PRESIDENT/" "Mozilla/4.7 [en] (Win98; I)"
24.213.39.76 - - [22/Oct/1999:00:10:27 -0400] "GET /BUSINESS/drop_v.jpg HTTP/1.0" 200 1963 "http://www.selectsmart.com/PRESIDENT/" "Mozilla/4.7 [en] (Win98; I)"
24.213.39.76 - - [22/Oct/1999:00:10:27 -0400] "GET /BUSINESS/16.gif HTTP/1.0" 200 6704 "http://www.selectsmart.com/PRESIDENT/" "Mozilla/4.7 [en] (Win98; I)"
24.213.39.76 - - [22/Oct/1999:00:10:28 -0400] "GET /PRESIDENT/anecdote.gif HTTP/1.0" 200 6898 "http://www.selectsmart.com/PRESIDENT/" "Mozilla/4.7 [en] (Win98; I)"
24.213.39.76 - - [22/Oct/1999:00:10:28 -0400] "GET /PRESIDENT/campaigns.gif HTTP/1.0" 200 5835 "http://www.selectsmart.com/PRESIDENT/" "Mozilla/4.7 [en] (Win98; I)"
24.213.39.76 - - [22/Oct/1999:00:10:28 -0400] "GET /PRESIDENT/packaging.gif HTTP/1.0" 200 10663 "http://www.selectsmart.com/PRESIDENT/" "Mozilla/4.7 [en] (Win98; I)"
24.213.39.76 - - [22/Oct/1999:00:10:28 -0400] "GET /PRESIDENT/TR.gif HTTP/1.0" 200 5566 "http://www.selectsmart.com/PRESIDENT/" "Mozilla/4.7 [en] (Win98; I)"
24.213.39.76 - - [22/Oct/1999:00:10:28 -0400] "GET /PRESIDENT/vidal.gif HTTP/1.0" 200 11342 "http://www.selectsmart.com/PRESIDENT/" "Mozilla/4.7 [en] (Win98; I)"
24.213.39.76 - - [22/Oct/1999:00:10:28 -0400] "GET /PRESIDENT/camp2000.gif HTTP/1.0" 200 7449 "http://www.selectsmart.com/PRESIDENT/" "Mozilla/4.7 [en] (Win98; I)"
24.213.39.76 - - [22/Oct/1999:00:10:28 -0400] "GET /curt.jpg HTTP/1.0" 200 4228 "http://www.selectsmart.com/PRESIDENT/" "Mozilla/4.7 [en] (Win98; I)"
151.200.126.45 - - [22/Oct/1999:00:10:30 -0400] "POST /PRESIDENT/results.php3 HTTP/1.0" 200 6628 "http://www.selectsmart.com/PRESIDENT/" "Mozilla/4.61 [en] (WinNT; U)"
209.245.170.71 - - [22/Oct/1999:00:10:45 -0400] "GET /PRESIDENT/results.php3?more=now&mid=3 HTTP/1.0" 200 7827 "http://www.selectsmart.com/PRESIDENT/results.php3" "Mozilla/4.05 (Macintosh; I; PPC, Nav)"
209.245.170.71 - - [22/Oct/1999:00:10:47 -0400] "GET /PRESIDENT/images/bradley.jpg HTTP/1.0" 200 2294 "http://www.selectsmart.com/PRESIDENT/results.php3?more=now&mid=3" "Mozilla/4.05 (Macintosh; I; PPC, Nav)"
165.236.189.201 - - [22/Oct/1999:00:10:48 -0400] "GET /PRESIDENT/ HTTP/1.0" 200 29678 "-" "Mozilla/4.0 (compatible; MSIE 5.0; Windows 95; DigExt)"
209.214.107.201 - - [22/Oct/1999:00:10:49 -0400] "GET /PRESIDENT/results.php3?more=now&mid=3 HTTP/1.1" 200 7840 "http://www.selectsmart.com/PRESIDENT/results.php3" "Mozilla/4.0 (compatible; MSIE 4.01; Windows 98)"
165.236.189.201 - - [22/Oct/1999:00:10:52 -0400] "GET /PRESIDENT/anecdote.gif HTTP/1.0" 200 6898 "http://www.selectsmart.com/PRESIDENT/" "Mozilla/4.0 (compatible; MSIE 5.0; Windows 95; DigExt)"
165.236.189.201 - - [22/Oct/1999:00:10:52 -0400] "GET /BUSINESS/drop_v.jpg HTTP/1.0" 200 1963 "http://www.selectsmart.com/PRESIDENT/" "Mozilla/4.0 (compatible; MSIE 5.0; Windows 95; DigExt)"
165.236.189.201 - - [22/Oct/1999:00:10:52 -0400] "GET /BUSINESS/16.gif HTTP/1.0" 200 6704 "http://www.selectsmart.com/PRESIDENT/" "Mozilla/4.0 (compatible; MSIE 5.0; Windows 95; DigExt)"
165.236.189.201 - - [22/Oct/1999:00:10:53 -0400] "GET /PRESIDENT/campaigns.gif HTTP/1.0" 304 - "http://www.selectsmart.com/PRESIDENT/" "Mozilla/4.0 (compatible; MSIE 5.0; Windows 95; DigExt)"
205.188.208.71 - - [22/Oct/1999:00:10:54 -0400] "GET /PRESIDENT/poll.htm HTTP/1.0" 200 4489 "-" "Mozilla/4.0 (compatible; MSIE 5.0; CS 2000; Windows 98; CNETHomeBuild03171999)"
165.236.189.201 - - [22/Oct/1999:00:10:55 -0400] "GET /BUSINESS/drop_h.jpg HTTP/1.0" 200 2034 "http://www.selectsmart.com/PRESIDENT/" "Mozilla/4.0 (compatible; MSIE 5.0; Windows 95; DigExt)"
12.77.2.61 - - [22/Oct/1999:00:10:56 -0400] "GET /PRESIDENT/define8.htm HTTP/1.1" 200 322 "-" "Mozilla/4.0 (compatible; MSIE 4.0; MSN 2.5; Windows 95)"
209.214.107.201 - - [22/Oct/1999:00:10:58 -0400] "GET /PRESIDENT/index.html HTTP/1.1" 200 29678 "http://www.selectsmart.com/PRESIDENT/results.php3?more=now&mid=3" "Mozilla/4.0 (compatible; MSIE 4.01; Windows 98)"
204.178.22.19 - - [22/Oct/1999:00:10:59 -0400] "POST /PRESIDENT/results.php3 HTTP/1.0" 200 6626 "http://www.selectsmart.com/PRESIDENT/.proxymate.qs" "Mozilla/4.07 [en] (X11; I; Linux 2.0.36 i686)"
209.214.107.201 - - [22/Oct/1999:00:11:00 -0400] "GET /BUSINESS/16.gif HTTP/1.1" 304 - "http://www.selectsmart.com/PRESIDENT/index.html" "Mozilla/4.0 (compatible; MSIE 4.01; Windows 98)"
209.214.107.201 - - [22/Oct/1999:00:11:00 -0400] "GET /PRESIDENT/campaigns.gif HTTP/1.1" 304 - "http://www.selectsmart.com/PRESIDENT/index.html" "Mozilla/4.0 (compatible; MSIE 4.01; Windows 98)"
209.214.107.201 - - [22/Oct/1999:00:11:00 -0400] "GET /BUSINESS/drop_v.jpg HTTP/1.1" 304 - "http://www.selectsmart.com/PRESIDENT/index.html" "Mozilla/4.0 (compatible; MSIE 4.01; Windows 98)"
209.214.107.201 - - [22/Oct/1999:00:11:00 -0400] "GET /PRESIDENT/anecdote.gif HTTP/1.1" 304 - "http://www.selectsmart.com/PRESIDENT/index.html" "Mozilla/4.0 (compatible; MSIE 4.01; Windows 98)"
165.236.189.201 - - [22/Oct/1999:00:11:00 -0400] "GET /PRESIDENT/vidal.gif HTTP/1.0" 304 - "http://www.selectsmart.com/PRESIDENT/" "Mozilla/4.0 (compatible; MSIE 5.0; Windows 95; DigExt)"
209.214.107.201 - - [22/Oct/1999:00:11:00 -0400] "GET /BUSINESS/drop_h.jpg HTTP/1.1" 304 - "http://www.selectsmart.com/PRESIDENT/index.html" "Mozilla/4.0 (compatible; MSIE 4.01; Windows 98)"
209.214.107.201 - - [22/Oct/1999:00:11:00 -0400] "GET /PRESIDENT/packaging.gif HTTP/1.1" 304 - "http://www.selectsmart.com/PRESIDENT/index.html" "Mozilla/4.0 (compatible; MSIE 4.01; Windows 98)"
209.214.107.201 - - [22/Oct/1999:00:11:00 -0400] "GET /PRESIDENT/vidal.gif HTTP/1.1" 304 - "http://www.selectsmart.com/PRESIDENT/index.html" "Mozilla/4.0 (compatible; MSIE 4.01; Windows 98)"
165.236.189.201 - - [22/Oct/1999:00:11:00 -0400] "GET /PRESIDENT/packaging.gif HTTP/1.0" 200 10663 "http://www.selectsmart.com/PRESIDENT/" "Mozilla/4.0 (compatible; MSIE 5.0; Windows 95; DigExt)"
209.214.107.201 - - [22/Oct/1999:00:11:01 -0400] "GET /PRESIDENT/TR.gif HTTP/1.1" 304 - "http://www.selectsmart.com/PRESIDENT/index.html" "Mozilla/4.0 (compatible; MSIE 4.01; Windows 98)"
209.214.107.201 - - [22/Oct/1999:00:11:01 -0400] "GET /PRESIDENT/camp2000.gif HTTP/1.1" 304 - "http://www.selectsmart.com/PRESIDENT/index.html" "Mozilla/4.0 (compatible; MSIE 4.01; Windows 98)"
209.214.107.201 - - [22/Oct/1999:00:11:01 -0400] "GET /curt.jpg HTTP/1.1" 304 - "http://www.selectsmart.com/PRESIDENT/index.html" "Mozilla/4.0 (compatible; MSIE 4.01; Windows 98)"
165.236.189.201 - - [22/Oct/1999:00:11:05 -0400] "GET /PRESIDENT/TR.gif HTTP/1.0" 200 5566 "http://www.selectsmart.com/PRESIDENT/" "Mozilla/4.0 (compatible; MSIE 5.0; Windows 95; DigExt)"
165.236.189.201 - - [22/Oct/1999:00:11:10 -0400] "GET /PRESIDENT/camp2000.gif HTTP/1.0" 304 - "http://www.selectsmart.com/PRESIDENT/" "Mozilla/4.0 (compatible; MSIE 5.0; Windows 95; DigExt)"
165.236.189.201 - - [22/Oct/1999:00:11:10 -0400] "GET /curt.jpg HTTP/1.0" 304 - "http://www.selectsmart.com/PRESIDENT/" "Mozilla/4.0 (compatible; MSIE 5.0; Windows 95; DigExt)"
12.77.2.61 - - [22/Oct/1999:00:11:16 -0400] "GET /PRESIDENT/define8a.htm HTTP/1.1" 200 193 "-" "Mozilla/4.0 (compatible; MSIE 4.0; MSN 2.5; Windows 95)"
24.213.39.76 - - [22/Oct/1999:00:12:04 -0400] "POST /PRESIDENT/results.php3 HTTP/1.0" 200 6624 "http://www.selectsmart.com/PRESIDENT/" "Mozilla/4.7 [en] (Win98; I)"
24.213.39.76 - - [22/Oct/1999:00:12:26 -0400] "GET /PRESIDENT/results.php3?more=now&mid=1 HTTP/1.0" 200 7174 "http://www.selectsmart.com/PRESIDENT/results.php3" "Mozilla/4.7 [en] (Win98; I)"
24.213.39.76 - - [22/Oct/1999:00:12:26 -0400] "GET /PRESIDENT/images/bauer.jpg HTTP/1.0" 200 2154 "http://www.selectsmart.com/PRESIDENT/results.php3?more=now&mid=1" "Mozilla/4.7 [en] (Win98; I)"
204.178.22.19 - - [22/Oct/1999:00:12:30 -0400] "POST /PRESIDENT/results.php3 HTTP/1.0" 200 15946 "http://www.selectsmart.com/PRESIDENT/results.php3" "Mozilla/4.07 [en] (X11; I; Linux 2.0.36 i686)"
204.178.22.19 - - [22/Oct/1999:00:12:31 -0400] "GET /PRESIDENT/buchanan.jpg HTTP/1.0" 200 8053 "http://www.selectsmart.com/PRESIDENT/results.php3" "Mozilla/4.07 [en] (X11; I; Linux 2.0.36 i686)"
204.178.22.19 - - [22/Oct/1999:00:12:31 -0400] "GET /PRESIDENT/images/keyes.jpg HTTP/1.0" 200 2466 "http://www.selectsmart.com/PRESIDENT/results.php3" "Mozilla/4.07 [en] (X11; I; Linux 2.0.36 i686)"
204.178.22.19 - - [22/Oct/1999:00:12:31 -0400] "GET /PRESIDENT/images/bauer.jpg HTTP/1.0" 200 2154 "http://www.selectsmart.com/PRESIDENT/results.php3" "Mozilla/4.07 [en] (X11; I; Linux 2.0.36 i686)"
12.77.2.61 - - [22/Oct/1999:00:12:35 -0400] "GET /PRESIDENT/define.htm HTTP/1.1" 200 151 "-" "Mozilla/4.0 (compatible; MSIE 4.0; MSN 2.5; Windows 95)"
208.142.129.214 - - [22/Oct/1999:00:12:37 -0400] "GET /PRESIDENT/camp2000.gif HTTP/1.0" 304 - "-" "MSProxy/2.0"
12.77.2.61 - - [22/Oct/1999:00:12:46 -0400] "GET /PRESIDENT/define1.htm HTTP/1.1" 200 144 "-" "Mozilla/4.0 (compatible; MSIE 4.0; MSN 2.5; Windows 95)"
165.236.189.201 - - [22/Oct/1999:00:13:28 -0400] "POST /PRESIDENT/results.php3 HTTP/1.0" 200 6625 "http://www.selectsmart.com/PRESIDENT/" "Mozilla/4.0 (compatible; MSIE 5.0; Windows 95; DigExt)"
204.210.20.106 - - [22/Oct/1999:00:13:28 -0400] "POST /PRESIDENT/results.php3 HTTP/1.1" 200 6638 "http://www.selectsmart.com/PRESIDENT/" "Mozilla/4.0 (compatible; MSIE 5.0; Windows 95; DigExt)"
165.236.189.201 - - [22/Oct/1999:00:13:39 -0400] "GET /PRESIDENT/results.php3?more=now&mid=18 HTTP/1.0" 200 3762 "http://www.selectsmart.com/PRESIDENT/results.php3" "Mozilla/4.0 (compatible; MSIE 5.0; Windows 95; DigExt)"
165.236.189.201 - - [22/Oct/1999:00:13:41 -0400] "GET /PRESIDENT/images/mcreynolds.jpg HTTP/1.0" 200 4631 "http://www.selectsmart.com/PRESIDENT/results.php3?more=now&mid=18" "Mozilla/4.0 (compatible; MSIE 5.0; Windows 95; DigExt)"
12.77.2.61 - - [22/Oct/1999:00:14:03 -0400] "GET /PRESIDENT/define16.htm HTTP/1.1" 200 229 "-" "Mozilla/4.0 (compatible; MSIE 4.0; MSN 2.5; Windows 95)"
165.236.189.201 - - [22/Oct/1999:00:14:34 -0400] "GET /PRESIDENT/results.php3?more=now&mid=10 HTTP/1.0" 200 5323 "http://www.selectsmart.com/PRESIDENT/results.php3" "Mozilla/4.0 (compatible; MSIE 5.0; Windows 95; DigExt)"
165.236.189.201 - - [22/Oct/1999:00:14:36 -0400] "GET /PRESIDENT/images/hagelin.jpg HTTP/1.0" 200 2243 "http://www.selectsmart.com/PRESIDENT/results.php3?more=now&mid=10" "Mozilla/4.0 (compatible; MSIE 5.0; Windows 95; DigExt)"
12.77.2.61 - - [22/Oct/1999:00:14:45 -0400] "POST /PRESIDENT/results.php3 HTTP/1.1" 200 6637 "http://www.selectsmart.com/PRESIDENT/" "Mozilla/4.0 (compatible; MSIE 4.0; MSN 2.5; Windows 95)"
165.236.189.201 - - [22/Oct/1999:00:15:01 -0400] "GET /indexa.html HTTP/1.0" 200 20372 "http://www.selectsmart.com/PRESIDENT/" "Mozilla/4.0 (compatible; MSIE 5.0; Windows 95; DigExt)"
165.236.189.201 - - [22/Oct/1999:00:15:03 -0400] "GET /BUSINESS/14.gif HTTP/1.0" 200 6644 "http://www.selectsmart.com/indexa.html" "Mozilla/4.0 (compatible; MSIE 5.0; Windows 95; DigExt)"
165.236.189.201 - - [22/Oct/1999:00:15:03 -0400] "GET /solid17.gif HTTP/1.0" 200 988 "http://www.selectsmart.com/indexa.html" "Mozilla/4.0 (compatible; MSIE 5.0; Windows 95; DigExt)"
165.236.189.201 - - [22/Oct/1999:00:15:05 -0400] "GET /up.jpg HTTP/1.0" 200 2511 "http://www.selectsmart.com/indexa.html" "Mozilla/4.0 (compatible; MSIE 5.0; Windows 95; DigExt)"
165.236.189.201 - - [22/Oct/1999:00:15:05 -0400] "GET /planetclick.gif HTTP/1.0" 200 4949 "http://www.selectsmart.com/indexa.html" "Mozilla/4.0 (compatible; MSIE 5.0; Windows 95; DigExt)"
165.236.189.201 - - [22/Oct/1999:00:15:06 -0400] "GET /solid41.gif HTTP/1.0" 200 987 "http://www.selectsmart.com/indexa.html" "Mozilla/4.0 (compatible; MSIE 5.0; Windows 95; DigExt)"
165.236.189.201 - - [22/Oct/1999:00:15:10 -0400] "GET /solid59.gif HTTP/1.0" 200 977 "http://www.selectsmart.com/indexa.html" "Mozilla/4.0 (compatible; MSIE 5.0; Windows 95; DigExt)"
165.236.189.201 - - [22/Oct/1999:00:15:10 -0400] "GET /solid52.gif HTTP/1.0" 200 980 "http://www.selectsmart.com/indexa.html" "Mozilla/4.0 (compatible; MSIE 5.0; Windows 95; DigExt)"
165.236.189.201 - - [22/Oct/1999:00:15:11 -0400] "GET /sltrib.gif HTTP/1.0" 200 5673 "http://www.selectsmart.com/indexa.html" "Mozilla/4.0 (compatible; MSIE 5.0; Windows 95; DigExt)"
165.236.189.201 - - [22/Oct/1999:00:15:11 -0400] "GET /cooltools.gif HTTP/1.0" 200 3810 "http://www.selectsmart.com/indexa.html" "Mozilla/4.0 (compatible; MSIE 5.0; Windows 95; DigExt)"
165.236.189.201 - - [22/Oct/1999:00:15:12 -0400] "GET /beta_all/ HTTP/1.0" 200 24593 "http://www.selectsmart.com/indexa.html" "Mozilla/4.0 (compatible; MSIE 5.0; Windows 95; DigExt)"
165.236.189.201 - - [22/Oct/1999:00:15:13 -0400] "GET /sandbox/all/images/title_psel.gif HTTP/1.0" 200 3173 "http://www.selectsmart.com/beta_all/" "Mozilla/4.0 (compatible; MSIE 5.0; Windows 95; DigExt)"
165.236.189.201 - - [22/Oct/1999:00:15:18 -0400] "GET /sandbox/all/images/cbegin.gif HTTP/1.0" 200 713 "http://www.selectsmart.com/beta_all/" "Mozilla/4.0 (compatible; MSIE 5.0; Windows 95; DigExt)"
165.236.189.201 - - [22/Oct/1999:00:15:18 -0400] "GET /sandbox/all/images/home.gif HTTP/1.0" 200 167 "http://www.selectsmart.com/beta_all/" "Mozilla/4.0 (compatible; MSIE 5.0; Windows 95; DigExt)"
165.236.189.201 - - [22/Oct/1999:00:15:19 -0400] "GET /sandbox/all/images/results.gif HTTP/1.0" 200 201 "http://www.selectsmart.com/beta_all/" "Mozilla/4.0 (compatible; MSIE 5.0; Windows 95; DigExt)"
165.236.189.201 - - [22/Oct/1999:00:15:19 -0400] "GET /sandbox/all/images/next.gif HTTP/1.0" 200 171 "http://www.selectsmart.com/beta_all/" "Mozilla/4.0 (compatible; MSIE 5.0; Windows 95; DigExt)"
165.236.189.201 - - [22/Oct/1999:00:15:20 -0400] "GET /sandbox/all/images/c.gif HTTP/1.0" 200 501 "http://www.selectsmart.com/beta_all/" "Mozilla/4.0 (compatible; MSIE 5.0; Windows 95; DigExt)"
165.236.189.201 - - [22/Oct/1999:00:15:20 -0400] "GET /sandbox/all/images/das.gif HTTP/1.0" 200 524 "http://www.selectsmart.com/beta_all/" "Mozilla/4.0 (compatible; MSIE 5.0; Windows 95; DigExt)"
165.236.189.201 - - [22/Oct/1999:00:15:21 -0400] "GET /sandbox/all/images/sas.gif HTTP/1.0" 200 502 "http://www.selectsmart.com/beta_all/" "Mozilla/4.0 (compatible; MSIE 5.0; Windows 95; DigExt)"
165.236.189.201 - - [22/Oct/1999:00:15:21 -0400] "GET /sandbox/all/images/mab.gif HTTP/1.0" 200 428 "http://www.selectsmart.com/beta_all/" "Mozilla/4.0 (compatible; MSIE 5.0; Windows 95; DigExt)"
165.236.189.201 - - [22/Oct/1999:00:15:21 -0400] "GET /sandbox/all/images/lal.gif HTTP/1.0" 200 370 "http://www.selectsmart.com/beta_all/" "Mozilla/4.0 (compatible; MSIE 5.0; Windows 95; DigExt)"
165.236.189.201 - - [22/Oct/1999:00:15:22 -0400] "GET /sandbox/all/images/back.gif HTTP/1.0" 200 171 "http://www.selectsmart.com/beta_all/" "Mozilla/4.0 (compatible; MSIE 5.0; Windows 95; DigExt)"
165.236.189.201 - - [22/Oct/1999:00:15:22 -0400] "GET /sandbox/all/images/cac.gif HTTP/1.0" 200 540 "http://www.selectsmart.com/beta_all/" "Mozilla/4.0 (compatible; MSIE 5.0; Windows 95; DigExt)"
12.77.2.61 - - [22/Oct/1999:00:15:42 -0400] "GET /PRESIDENT/results.php3?more=now&mid=1 HTTP/1.1" 200 7187 "http://www.selectsmart.com/PRESIDENT/results.php3" "Mozilla/4.0 (compatible; MSIE 4.0; MSN 2.5; Windows 95)"
12.77.2.61 - - [22/Oct/1999:00:15:44 -0400] "GET /PRESIDENT/images/bauer.jpg HTTP/1.1" 200 2154 "http://www.selectsmart.com/PRESIDENT/results.php3?more=now&mid=1" "Mozilla/4.0 (compatible; MSIE 4.0; MSN 2.5; Windows 95)"
204.227.255.9 - - [22/Oct/1999:00:16:00 -0400] "GET /PRESIDENT/ HTTP/1.0" 200 29678 "-" "Mozilla/4.0 (compatible; MSIE 4.01; Windows NT; Pillsbury Madision & Sutro)"
204.227.255.9 - - [22/Oct/1999:00:16:01 -0400] "GET /BUSINESS/16.gif HTTP/1.0" 200 6704 "http://www.selectsmart.com/PRESIDENT/" "Mozilla/4.0 (compatible; MSIE 4.01; Windows NT; Pillsbury Madision & Sutro)"
204.227.255.9 - - [22/Oct/1999:00:16:01 -0400] "GET /BUSINESS/drop_v.jpg HTTP/1.0" 200 1963 "http://www.selectsmart.com/PRESIDENT/" "Mozilla/4.0 (compatible; MSIE 4.01; Windows NT; Pillsbury Madision & Sutro)"
204.227.255.9 - - [22/Oct/1999:00:16:01 -0400] "GET /BUSINESS/drop_h.jpg HTTP/1.0" 200 2034 "http://www.selectsmart.com/PRESIDENT/" "Mozilla/4.0 (compatible; MSIE 4.01; Windows NT; Pillsbury Madision & Sutro)"
204.227.255.9 - - [22/Oct/1999:00:16:01 -0400] "GET /PRESIDENT/anecdote.gif HTTP/1.0" 200 6898 "http://www.selectsmart.com/PRESIDENT/" "Mozilla/4.0 (compatible; MSIE 4.01; Windows NT; Pillsbury Madision & Sutro)"
204.227.255.9 - - [22/Oct/1999:00:16:02 -0400] "GET /PRESIDENT/campaigns.gif HTTP/1.0" 200 5835 "http://www.selectsmart.com/PRESIDENT/" "Mozilla/4.0 (compatible; MSIE 4.01; Windows NT; Pillsbury Madision & Sutro)"
204.227.255.9 - - [22/Oct/1999:00:16:02 -0400] "GET /PRESIDENT/packaging.gif HTTP/1.0" 200 10663 "http://www.selectsmart.com/PRESIDENT/" "Mozilla/4.0 (compatible; MSIE 4.01; Windows NT; Pillsbury Madision & Sutro)"
204.227.255.9 - - [22/Oct/1999:00:16:02 -0400] "GET /PRESIDENT/vidal.gif HTTP/1.0" 200 11342 "http://www.selectsmart.com/PRESIDENT/" "Mozilla/4.0 (compatible; MSIE 4.01; Windows NT; Pillsbury Madision & Sutro)"
204.227.255.9 - - [22/Oct/1999:00:16:02 -0400] "GET /PRESIDENT/TR.gif HTTP/1.0" 200 5566 "http://www.selectsmart.com/PRESIDENT/" "Mozilla/4.0 (compatible; MSIE 4.01; Windows NT; Pillsbury Madision & Sutro)"
204.227.255.9 - - [22/Oct/1999:00:16:02 -0400] "GET /PRESIDENT/camp2000.gif HTTP/1.0" 200 7449 "http://www.selectsmart.com/PRESIDENT/" "Mozilla/4.0 (compatible; MSIE 4.01; Windows NT; Pillsbury Madision & Sutro)"
204.227.255.9 - - [22/Oct/1999:00:16:02 -0400] "GET /curt.jpg HTTP/1.0" 200 4228 "http://www.selectsmart.com/PRESIDENT/" "Mozilla/4.0 (compatible; MSIE 4.01; Windows NT; Pillsbury Madision & Sutro)"
206.109.29.87 - - [22/Oct/1999:00:16:27 -0400] "POST /PRESIDENT/results.php3 HTTP/1.0" 200 6628 "http://www.selectsmart.com/PRESIDENT/" "Mozilla/4.51 [en] (Win98; I)"
206.109.29.87 - - [22/Oct/1999:00:16:30 -0400] "POST /PRESIDENT/results.php3 HTTP/1.0" 200 6628 "http://www.selectsmart.com/PRESIDENT/" "Mozilla/4.51 [en] (Win98; I)"
165.236.189.201 - - [22/Oct/1999:00:17:03 -0400] "POST /beta_all/results.php3 HTTP/1.0" 200 11501 "http://www.selectsmart.com/beta_all/" "Mozilla/4.0 (compatible; MSIE 5.0; Windows 95; DigExt)"
165.236.189.201 - - [22/Oct/1999:00:17:05 -0400] "GET /sandbox/all/images/title_pres.gif HTTP/1.0" 200 3145 "http://www.selectsmart.com/beta_all/results.php3" "Mozilla/4.0 (compatible; MSIE 5.0; Windows 95; DigExt)"
63.15.198.196 - - [22/Oct/1999:00:17:13 -0400] "GET / HTTP/1.0" 200 1839 "-" "Mozilla/4.6 [en] (Win98; I)"
63.15.198.196 - - [22/Oct/1999:00:17:17 -0400] "GET /sidepanel.html HTTP/1.0" 200 3890 "-" "Mozilla/4.6 [en] (Win98; I)"
63.15.198.196 - - [22/Oct/1999:00:17:19 -0400] "GET /indexa.html HTTP/1.0" 200 20372 "-" "Mozilla/4.6 [en] (Win98; I)"
63.15.198.196 - - [22/Oct/1999:00:17:19 -0400] "GET /solid59.gif HTTP/1.0" 200 977 "http://www.selectsmart.com/sidepanel.html" "Mozilla/4.6 [en] (Win98; I)"
63.15.198.196 - - [22/Oct/1999:00:17:19 -0400] "GET /solid52.gif HTTP/1.0" 200 980 "http://www.selectsmart.com/sidepanel.html" "Mozilla/4.6 [en] (Win98; I)"
63.15.198.196 - - [22/Oct/1999:00:17:19 -0400] "GET /AMAZON/amzn-buy.gif HTTP/1.0" 200 3051 "http://www.selectsmart.com/sidepanel.html" "Mozilla/4.6 [en] (Win98; I)"
63.15.198.196 - - [22/Oct/1999:00:17:19 -0400] "GET /BUSINESS/14.gif HTTP/1.0" 200 6644 "http://www.selectsmart.com/indexa.html" "Mozilla/4.6 [en] (Win98; I)"
63.15.198.196 - - [22/Oct/1999:00:17:19 -0400] "GET /BUSINESS/drop_v.jpg HTTP/1.0" 200 1963 "http://www.selectsmart.com/indexa.html" "Mozilla/4.6 [en] (Win98; I)"
63.15.198.196 - - [22/Oct/1999:00:17:19 -0400] "GET /BUSINESS/drop_h.jpg HTTP/1.0" 200 2034 "http://www.selectsmart.com/indexa.html" "Mozilla/4.6 [en] (Win98; I)"
63.15.198.196 - - [22/Oct/1999:00:17:24 -0400] "GET /solid17.gif HTTP/1.0" 200 988 "http://www.selectsmart.com/sidepanel.html" "Mozilla/4.6 [en] (Win98; I)"
63.15.198.196 - - [22/Oct/1999:00:17:27 -0400] "GET /curt.jpg HTTP/1.0" 200 4228 "http://www.selectsmart.com/sidepanel.html" "Mozilla/4.6 [en] (Win98; I)"
63.15.198.196 - - [22/Oct/1999:00:17:29 -0400] "GET /solid17.gif HTTP/1.0" 200 988 "http://www.selectsmart.com/sidepanel.html" "Mozilla/4.6 [en] (Win98; I)"
63.15.198.196 - - [22/Oct/1999:00:17:29 -0400] "GET /up.jpg HTTP/1.0" 200 2511 "http://www.selectsmart.com/sidepanel.html" "Mozilla/4.6 [en] (Win98; I)"
63.15.198.196 - - [22/Oct/1999:00:17:30 -0400] "GET /solid6.gif HTTP/1.0" 200 993 "http://www.selectsmart.com/indexa.html" "Mozilla/4.6 [en] (Win98; I)"
63.15.198.196 - - [22/Oct/1999:00:17:30 -0400] "GET /solid28.gif HTTP/1.0" 200 972 "http://www.selectsmart.com/indexa.html" "Mozilla/4.6 [en] (Win98; I)"
63.15.198.196 - - [22/Oct/1999:00:17:30 -0400] "GET /thnkyell.jpg HTTP/1.0" 200 23337 "http://www.selectsmart.com/sidepanel.html" "Mozilla/4.6 [en] (Win98; I)"
63.15.198.196 - - [22/Oct/1999:00:17:32 -0400] "GET /solid11.gif HTTP/1.0" 200 1006 "http://www.selectsmart.com/indexa.html" "Mozilla/4.6 [en] (Win98; I)"
63.15.198.196 - - [22/Oct/1999:00:17:32 -0400] "GET /exclaim.jpg HTTP/1.0" 200 7859 "http://www.selectsmart.com/indexa.html" "Mozilla/4.6 [en] (Win98; I)"
63.15.198.196 - - [22/Oct/1999:00:17:34 -0400] "GET /carolin2.gif HTTP/1.0" 200 3241 "http://www.selectsmart.com/indexa.html" "Mozilla/4.6 [en] (Win98; I)"
63.15.198.196 - - [22/Oct/1999:00:17:34 -0400] "GET /solid48.gif HTTP/1.0" 200 987 "http://www.selectsmart.com/indexa.html" "Mozilla/4.6 [en] (Win98; I)"
63.15.198.196 - - [22/Oct/1999:00:17:36 -0400] "GET /solid41.gif HTTP/1.0" 200 987 "http://www.selectsmart.com/sidepanel.html" "Mozilla/4.6 [en] (Win98; I)"
63.15.198.196 - - [22/Oct/1999:00:17:39 -0400] "GET /solid48.gif HTTP/1.0" 200 987 "http://www.selectsmart.com/sidepanel.html" "Mozilla/4.6 [en] (Win98; I)"
63.15.198.196 - - [22/Oct/1999:00:17:41 -0400] "GET /planetclick.gif HTTP/1.0" 200 4949 "http://www.selectsmart.com/indexa.html" "Mozilla/4.6 [en] (Win98; I)"
63.15.198.196 - - [22/Oct/1999:00:17:42 -0400] "GET /cpetsitm.gif HTTP/1.0" 200 6269 "http://www.selectsmart.com/indexa.html" "Mozilla/4.6 [en] (Win98; I)"
165.134.110.26 - - [22/Oct/1999:00:17:46 -0400] "GET /PRESIDENT/ HTTP/1.0" 200 29678 "http://f14.mail.yahoo.com/ym/us/ShowLetter?box=Inbox&MsgId=3230_679942_1717_645_6091_0&PREV=1&inc=&num=&Search=&YY=7992&order=down&sort=date&pos=0" "Mozilla/4.51 (Macintosh; I; PPC)"
165.134.110.26 - - [22/Oct/1999:00:17:46 -0400] "GET /BUSINESS/16.gif HTTP/1.0" 200 6704 "http://www.selectsmart.com/PRESIDENT/" "Mozilla/4.51 (Macintosh; I; PPC)"
165.134.110.26 - - [22/Oct/1999:00:17:46 -0400] "GET /BUSINESS/drop_h.jpg HTTP/1.0" 200 2034 "http://www.selectsmart.com/PRESIDENT/" "Mozilla/4.51 (Macintosh; I; PPC)"
165.134.110.26 - - [22/Oct/1999:00:17:46 -0400] "GET /BUSINESS/drop_v.jpg HTTP/1.0" 200 1963 "http://www.selectsmart.com/PRESIDENT/" "Mozilla/4.51 (Macintosh; I; PPC)"
63.15.198.196 - - [22/Oct/1999:00:17:47 -0400] "GET /cooltools.gif HTTP/1.0" 200 3810 "http://www.selectsmart.com/indexa.html" "Mozilla/4.6 [en] (Win98; I)"
165.134.110.26 - - [22/Oct/1999:00:17:48 -0400] "GET /PRESIDENT/anecdote.gif HTTP/1.0" 200 6898 "http://www.selectsmart.com/PRESIDENT/" "Mozilla/4.51 (Macintosh; I; PPC)"
205.188.209.104 - - [22/Oct/1999:00:17:50 -0400] "GET /President/ HTTP/1.0" 404 204 "-" "Mozilla/4.0 (compatible; MSIE 5.0; AOL 4.0; Windows 95; DigExt)"
63.15.198.196 - - [22/Oct/1999:00:17:50 -0400] "GET /cooldogsiteselected.gif HTTP/1.0" 200 2982 "http://www.selectsmart.com/indexa.html" "Mozilla/4.6 [en] (Win98; I)"
63.15.198.196 - - [22/Oct/1999:00:17:51 -0400] "GET /sitename60_mining.gif HTTP/1.0" 200 2015 "http://www.selectsmart.com/indexa.html" "Mozilla/4.6 [en] (Win98; I)"
165.236.189.201 - - [22/Oct/1999:00:17:52 -0400] "GET /solid6.gif HTTP/1.0" 200 993 "http://www.selectsmart.com/indexa.html" "Mozilla/4.0 (compatible; MSIE 5.0; Windows 95; DigExt)"
165.236.189.201 - - [22/Oct/1999:00:17:52 -0400] "GET /solid11.gif HTTP/1.0" 200 1006 "http://www.selectsmart.com/indexa.html" "Mozilla/4.0 (compatible; MSIE 5.0; Windows 95; DigExt)"
165.134.110.26 - - [22/Oct/1999:00:17:54 -0400] "GET /curt.jpg HTTP/1.0" 200 4228 "http://www.selectsmart.com/PRESIDENT/" "Mozilla/4.51 (Macintosh; I; PPC)"
63.15.198.196 - - [22/Oct/1999:00:17:54 -0400] "GET /sltrib.gif HTTP/1.0" 200 5673 "http://www.selectsmart.com/indexa.html" "Mozilla/4.6 [en] (Win98; I)"
63.15.198.196 - - [22/Oct/1999:00:17:54 -0400] "GET /blkpaw.gif HTTP/1.0" 200 936 "http://www.selectsmart.com/indexa.html" "Mozilla/4.6 [en] (Win98; I)"
63.15.198.196 - - [22/Oct/1999:00:17:54 -0400] "GET /CoolAward2.gif HTTP/1.0" 200 5548 "http://www.selectsmart.com/indexa.html" "Mozilla/4.6 [en] (Win98; I)"
165.236.189.201 - - [22/Oct/1999:00:17:54 -0400] "GET /cooldogsiteselected.gif HTTP/1.0" 200 2982 "http://www.selectsmart.com/indexa.html" "Mozilla/4.0 (compatible; MSIE 5.0; Windows 95; DigExt)"
165.134.110.26 - - [22/Oct/1999:00:17:55 -0400] "GET /PRESIDENT/packaging.gif HTTP/1.0" 200 10663 "http://www.selectsmart.com/PRESIDENT/" "Mozilla/4.51 (Macintosh; I; PPC)"
165.236.189.201 - - [22/Oct/1999:00:17:55 -0400] "GET /solid28.gif HTTP/1.0" 200 972 "http://www.selectsmart.com/indexa.html" "Mozilla/4.0 (compatible; MSIE 5.0; Windows 95; DigExt)"
165.236.189.201 - - [22/Oct/1999:00:17:55 -0400] "GET /solid48.gif HTTP/1.0" 200 987 "http://www.selectsmart.com/indexa.html" "Mozilla/4.0 (compatible; MSIE 5.0; Windows 95; DigExt)"
165.236.189.201 - - [22/Oct/1999:00:17:55 -0400] "GET /carolin2.gif HTTP/1.0" 200 3241 "http://www.selectsmart.com/indexa.html" "Mozilla/4.0 (compatible; MSIE 5.0; Windows 95; DigExt)"
165.134.110.26 - - [22/Oct/1999:00:17:56 -0400] "GET /PRESIDENT/TR.gif HTTP/1.0" 200 5566 "http://www.selectsmart.com/PRESIDENT/" "Mozilla/4.51 (Macintosh; I; PPC)"
165.134.110.26 - - [22/Oct/1999:00:17:57 -0400] "GET /PRESIDENT/vidal.gif HTTP/1.0" 200 11342 "http://www.selectsmart.com/PRESIDENT/" "Mozilla/4.51 (Macintosh; I; PPC)"
165.236.189.201 - - [22/Oct/1999:00:17:58 -0400] "GET /exclaim.jpg HTTP/1.0" 200 7859 "http://www.selectsmart.com/indexa.html" "Mozilla/4.0 (compatible; MSIE 5.0; Windows 95; DigExt)"
165.236.189.201 - - [22/Oct/1999:00:17:58 -0400] "GET /CoolAward2.gif HTTP/1.0" 200 5548 "http://www.selectsmart.com/indexa.html" "Mozilla/4.0 (compatible; MSIE 5.0; Windows 95; DigExt)"
165.236.189.201 - - [22/Oct/1999:00:17:58 -0400] "GET /sitename60_mining.gif HTTP/1.0" 200 2015 "http://www.selectsmart.com/indexa.html" "Mozilla/4.0 (compatible; MSIE 5.0; Windows 95; DigExt)"
206.109.29.87 - - [22/Oct/1999:00:18:01 -0400] "POST /PRESIDENT/results.php3 HTTP/1.0" 200 1376 "http://www.selectsmart.com/PRESIDENT/results.php3" "Mozilla/4.51 [en] (Win98; I)"
165.236.189.201 - - [22/Oct/1999:00:18:03 -0400] "GET /DOG HTTP/1.0" 301 235 "http://www.selectsmart.com/indexa.html" "Mozilla/4.0 (compatible; MSIE 5.0; Windows 95; DigExt)"
165.236.189.201 - - [22/Oct/1999:00:18:05 -0400] "GET /DOG/ HTTP/1.0" 200 26494 "http://www.selectsmart.com/indexa.html" "Mozilla/4.0 (compatible; MSIE 5.0; Windows 95; DigExt)"
165.236.189.201 - - [22/Oct/1999:00:18:08 -0400] "GET /DOG/purinadog.gif HTTP/1.0" 200 11906 "http://www.selectsmart.com/DOG/" "Mozilla/4.0 (compatible; MSIE 5.0; Windows 95; DigExt)"
165.134.110.26 - - [22/Oct/1999:00:18:08 -0400] "GET /PRESIDENT/campaigns.gif HTTP/1.0" 200 5835 "http://www.selectsmart.com/PRESIDENT/" "Mozilla/4.51 (Macintosh; I; PPC)"
165.134.110.26 - - [22/Oct/1999:00:18:08 -0400] "GET /PRESIDENT/camp2000.gif HTTP/1.0" 200 7449 "http://www.selectsmart.com/PRESIDENT/" "Mozilla/4.51 (Macintosh; I; PPC)"
165.236.189.201 - - [22/Oct/1999:00:18:10 -0400] "GET /DOG/compet.gif HTTP/1.0" 200 15373 "http://www.selectsmart.com/DOG/" "Mozilla/4.0 (compatible; MSIE 5.0; Windows 95; DigExt)"
165.236.189.201 - - [22/Oct/1999:00:18:14 -0400] "GET /DOG/toydog.gif HTTP/1.0" 200 11205 "http://www.selectsmart.com/DOG/" "Mozilla/4.0 (compatible; MSIE 5.0; Windows 95; DigExt)"
129.133.252.117 - - [22/Oct/1999:00:18:16 -0400] "GET /BUSINESS/16.gif HTTP/1.0" 200 6704 "http://www.selectsmart.com/PRESIDENT/" "Mozilla/4.7 (Macintosh; U; PPC)"
129.133.252.117 - - [22/Oct/1999:00:18:16 -0400] "GET /BUSINESS/drop_h.jpg HTTP/1.0" 200 2034 "http://www.selectsmart.com/PRESIDENT/" "Mozilla/4.7 (Macintosh; U; PPC)"
129.133.252.117 - - [22/Oct/1999:00:18:16 -0400] "GET /BUSINESS/drop_v.jpg HTTP/1.0" 200 1963 "http://www.selectsmart.com/PRESIDENT/" "Mozilla/4.7 (Macintosh; U; PPC)"
129.133.252.117 - - [22/Oct/1999:00:18:16 -0400] "GET /PRESIDENT/ HTTP/1.0" 200 29678 "-" "Mozilla/4.7 (Macintosh; U; PPC)"
165.236.189.201 - - [22/Oct/1999:00:18:18 -0400] "GET /DOG/pudgy.gif HTTP/1.0" 200 14675 "http://www.selectsmart.com/DOG/" "Mozilla/4.0 (compatible; MSIE 5.0; Windows 95; DigExt)"
63.15.198.196 - - [22/Oct/1999:00:18:18 -0400] "GET /sandbox/dog/images/title_sel.gif HTTP/1.0" 200 3153 "http://www.selectsmart.com/beta_dog/" "Mozilla/4.6 [en] (Win98; I)"
129.133.252.117 - - [22/Oct/1999:00:18:20 -0400] "GET /PRESIDENT/anecdote.gif HTTP/1.0" 200 6898 "http://www.selectsmart.com/PRESIDENT/" "Mozilla/4.7 (Macintosh; U; PPC)"
129.133.252.117 - - [22/Oct/1999:00:18:20 -0400] "GET /PRESIDENT/packaging.gif HTTP/1.0" 200 10663 "http://www.selectsmart.com/PRESIDENT/" "Mozilla/4.7 (Macintosh; U; PPC)"
63.15.198.196 - - [22/Oct/1999:00:18:20 -0400] "GET /sandbox/dog/images/cbegin.gif HTTP/1.0" 200 713 "http://www.selectsmart.com/beta_dog/" "Mozilla/4.6 [en] (Win98; I)"
205.188.209.136 - - [22/Oct/1999:00:18:20 -0400] "GET / HTTP/1.0" 200 1839 "-" "Mozilla/4.0 (compatible; MSIE 5.0; AOL 4.0; Windows 95; DigExt)"
129.133.252.117 - - [22/Oct/1999:00:18:20 -0400] "GET /PRESIDENT/TR.gif HTTP/1.0" 200 5566 "http://www.selectsmart.com/PRESIDENT/" "Mozilla/4.7 (Macintosh; U; PPC)"
206.109.29.87 - - [22/Oct/1999:00:18:21 -0400] "GET /PRESIDENT/index.html HTTP/1.0" 200 29678 "http://www.selectsmart.com/PRESIDENT/results.php3" "Mozilla/4.51 [en] (Win98; I)"
205.188.209.169 - - [22/Oct/1999:00:18:21 -0400] "GET /sidepanel.html HTTP/1.0" 200 3890 "http://www.selectsmart.com/" "Mozilla/4.0 (compatible; MSIE 5.0; AOL 4.0; Windows 95; DigExt)"
205.188.209.167 - - [22/Oct/1999:00:18:21 -0400] "GET /indexa.html HTTP/1.0" 200 20372 "http://www.selectsmart.com/" "Mozilla/4.0 (compatible; MSIE 5.0; AOL 4.0; Windows 95; DigExt)"
165.236.189.201 - - [22/Oct/1999:00:18:22 -0400] "GET /DOG/gettingthemost.gif HTTP/1.0" 200 7267 "http://www.selectsmart.com/DOG/" "Mozilla/4.0 (compatible; MSIE 5.0; Windows 95; DigExt)"
63.15.198.196 - - [22/Oct/1999:00:18:22 -0400] "GET /beta_dog/ HTTP/1.0" 200 24154 "http://www.selectsmart.com/indexa.html" "Mozilla/4.6 [en] (Win98; I)"
129.133.252.117 - - [22/Oct/1999:00:18:22 -0400] "GET /PRESIDENT/vidal.gif HTTP/1.0" 200 11342 "http://www.selectsmart.com/PRESIDENT/" "Mozilla/4.7 (Macintosh; U; PPC)"
63.15.198.196 - - [22/Oct/1999:00:18:22 -0400] "GET /sandbox/dog/images/home.gif HTTP/1.0" 200 167 "http://www.selectsmart.com/beta_dog/" "Mozilla/4.6 [en] (Win98; I)"
63.15.198.196 - - [22/Oct/1999:00:18:22 -0400] "GET /sandbox/dog/images/results.gif HTTP/1.0" 200 201 "http://www.selectsmart.com/beta_dog/" "Mozilla/4.6 [en] (Win98; I)"
63.15.198.196 - - [22/Oct/1999:00:18:22 -0400] "GET /sandbox/dog/images/next.gif HTTP/1.0" 200 171 "http://www.selectsmart.com/beta_dog/" "Mozilla/4.6 [en] (Win98; I)"
63.15.198.196 - - [22/Oct/1999:00:18:23 -0400] "GET /sandbox/dog/images/g_cc.gif HTTP/1.0" 200 324 "http://www.selectsmart.com/beta_dog/" "Mozilla/4.6 [en] (Win98; I)"
63.15.198.196 - - [22/Oct/1999:00:18:23 -0400] "GET /sandbox/dog/images/g_com.gif HTTP/1.0" 200 298 "http://www.selectsmart.com/beta_dog/" "Mozilla/4.6 [en] (Win98; I)"
63.15.198.196 - - [22/Oct/1999:00:18:23 -0400] "GET /sandbox/dog/images/c_app.gif HTTP/1.0" 200 256 "http://www.selectsmart.com/beta_dog/" "Mozilla/4.6 [en] (Win98; I)"
129.133.252.117 - - [22/Oct/1999:00:18:24 -0400] "GET /PRESIDENT/camp2000.gif HTTP/1.0" 200 7449 "http://www.selectsmart.com/PRESIDENT/" "Mozilla/4.7 (Macintosh; U; PPC)"
205.188.209.105 - - [22/Oct/1999:00:18:24 -0400] "GET /AMAZON/amzn-buy.gif HTTP/1.0" 200 3051 "http://www.selectsmart.com/sidepanel.html" "Mozilla/4.0 (compatible; MSIE 5.0; AOL 4.0; Windows 95; DigExt)"
205.188.209.133 - - [22/Oct/1999:00:18:24 -0400] "GET /thnkyell.jpg HTTP/1.0" 200 23337 "http://www.selectsmart.com/sidepanel.html" "Mozilla/4.0 (compatible; MSIE 5.0; AOL 4.0; Windows 95; DigExt)"
63.15.198.196 - - [22/Oct/1999:00:18:24 -0400] "GET /sandbox/dog/images/g_tem.gif HTTP/1.0" 200 281 "http://www.selectsmart.com/beta_dog/" "Mozilla/4.6 [en] (Win98; I)"
63.15.198.196 - - [22/Oct/1999:00:18:24 -0400] "GET /sandbox/dog/images/back.gif HTTP/1.0" 200 171 "http://www.selectsmart.com/beta_dog/" "Mozilla/4.6 [en] (Win98; I)"
63.15.198.196 - - [22/Oct/1999:00:18:24 -0400] "GET /sandbox/dog/images/c_cc.gif HTTP/1.0" 200 315 "http://www.selectsmart.com/beta_dog/" "Mozilla/4.6 [en] (Win98; I)"
63.15.198.196 - - [22/Oct/1999:00:18:25 -0400] "GET /sandbox/dog/images/g_app.gif HTTP/1.0" 200 266 "http://www.selectsmart.com/beta_dog/" "Mozilla/4.6 [en] (Win98; I)"
63.15.198.196 - - [22/Oct/1999:00:18:25 -0400] "GET /sandbox/dog/images/g_men.gif HTTP/1.0" 200 296 "http://www.selectsmart.com/beta_dog/" "Mozilla/4.6 [en] (Win98; I)"
63.15.198.196 - - [22/Oct/1999:00:18:25 -0400] "GET /sandbox/dog/images/c_men.gif HTTP/1.0" 200 289 "http://www.selectsmart.com/beta_dog/" "Mozilla/4.6 [en] (Win98; I)"
165.236.189.201 - - [22/Oct/1999:00:18:26 -0400] "GET /DOG/trickisin.gif HTTP/1.0" 200 13603 "http://www.selectsmart.com/DOG/" "Mozilla/4.0 (compatible; MSIE 5.0; Windows 95; DigExt)"
63.15.198.196 - - [22/Oct/1999:00:18:27 -0400] "GET /sandbox/dog/images/c_com.gif HTTP/1.0" 200 292 "http://www.selectsmart.com/beta_dog/" "Mozilla/4.6 [en] (Win98; I)"
63.15.198.196 - - [22/Oct/1999:00:18:27 -0400] "GET /sandbox/dog/images/c_tem.gif HTTP/1.0" 200 271 "http://www.selectsmart.com/beta_dog/" "Mozilla/4.6 [en] (Win98; I)"
205.188.209.104 - - [22/Oct/1999:00:18:30 -0400] "GET /solid48.gif HTTP/1.0" 200 987 "http://www.selectsmart.com/sidepanel.html" "Mozilla/4.0 (compatible; MSIE 5.0; AOL 4.0; Windows 95; DigExt)"
205.188.209.102 - - [22/Oct/1999:00:18:30 -0400] "GET /solid17.gif HTTP/1.0" 200 988 "http://www.selectsmart.com/sidepanel.html" "Mozilla/4.0 (compatible; MSIE 5.0; AOL 4.0; Windows 95; DigExt)"
129.133.252.117 - - [22/Oct/1999:00:18:31 -0400] "GET /PRESIDENT/campaigns.gif HTTP/1.0" 200 5835 "http://www.selectsmart.com/PRESIDENT/" "Mozilla/4.7 (Macintosh; U; PPC)"
129.133.252.117 - - [22/Oct/1999:00:18:33 -0400] "GET /curt.jpg HTTP/1.0" 200 4228 "http://www.selectsmart.com/PRESIDENT/" "Mozilla/4.7 (Macintosh; U; PPC)"
165.134.110.26 - - [22/Oct/1999:00:18:34 -0400] "POST /PRESIDENT/results.php3 HTTP/1.0" 200 6610 "http://www.selectsmart.com/PRESIDENT/" "Mozilla/4.51 (Macintosh; I; PPC)"
152.163.188.2 - - [22/Oct/1999:00:18:35 -0400] "GET /president/ HTTP/1.0" 404 204 "-" "Mozilla/4.0 (compatible; MSIE 4.01; MSN 2.5; AOL 4.0; Windows 98)"
205.188.209.137 - - [22/Oct/1999:00:19:05 -0400] "GET /PRESIDENT/ HTTP/1.0" 304 - "http://www.selectsmart.com/indexa.html" "Mozilla/4.0 (compatible; MSIE 5.0; AOL 4.0; Windows 95; DigExt)"
207.93.148.139 - - [22/Oct/1999:00:19:29 -0400] "GET /BUSINESS/drop_h.jpg HTTP/1.0" 200 2034 "http://www.selectsmart.com/PRESIDENT/" "Mozilla/4.61 [en] (Win98; I)"
207.93.148.139 - - [22/Oct/1999:00:19:30 -0400] "GET /BUSINESS/drop_v.jpg HTTP/1.0" 200 1963 "http://www.selectsmart.com/PRESIDENT/" "Mozilla/4.61 [en] (Win98; I)"
207.93.148.139 - - [22/Oct/1999:00:19:30 -0400] "GET /BUSINESS/16.gif HTTP/1.0" 200 6704 "http://www.selectsmart.com/PRESIDENT/" "Mozilla/4.61 [en] (Win98; I)"
207.93.148.139 - - [22/Oct/1999:00:19:30 -0400] "GET /PRESIDENT/ HTTP/1.0" 200 29678 "http://www.FreeRepublic.com/forum/a380fd23a2489.htm" "Mozilla/4.61 [en] (Win98; I)"
207.93.148.139 - - [22/Oct/1999:00:19:33 -0400] "GET /PRESIDENT/TR.gif HTTP/1.0" 200 5566 "http://www.selectsmart.com/PRESIDENT/" "Mozilla/4.61 [en] (Win98; I)"
207.93.148.139 - - [22/Oct/1999:00:19:33 -0400] "GET /PRESIDENT/anecdote.gif HTTP/1.0" 200 6898 "http://www.selectsmart.com/PRESIDENT/" "Mozilla/4.61 [en] (Win98; I)"
207.93.148.139 - - [22/Oct/1999:00:19:33 -0400] "GET /PRESIDENT/packaging.gif HTTP/1.0" 200 10663 "http://www.selectsmart.com/PRESIDENT/" "Mozilla/4.61 [en] (Win98; I)"
207.93.148.139 - - [22/Oct/1999:00:19:36 -0400] "GET /PRESIDENT/campaigns.gif HTTP/1.0" 200 5835 "http://www.selectsmart.com/PRESIDENT/" "Mozilla/4.61 [en] (Win98; I)"
207.93.148.139 - - [22/Oct/1999:00:19:40 -0400] "GET /curt.jpg HTTP/1.0" 200 4228 "http://www.selectsmart.com/PRESIDENT/" "Mozilla/4.61 [en] (Win98; I)"
152.163.188.2 - - [22/Oct/1999:00:19:41 -0400] "GET /president/ HTTP/1.0" 404 204 "-" "Mozilla/4.0 (compatible; MSIE 4.01; MSN 2.5; AOL 4.0; Windows 98)"
207.93.148.139 - - [22/Oct/1999:00:19:41 -0400] "GET /PRESIDENT/vidal.gif HTTP/1.0" 200 11342 "http://www.selectsmart.com/PRESIDENT/" "Mozilla/4.61 [en] (Win98; I)"
207.93.148.139 - - [22/Oct/1999:00:19:45 -0400] "GET /PRESIDENT/camp2000.gif HTTP/1.0" 200 7449 "http://www.selectsmart.com/PRESIDENT/" "Mozilla/4.61 [en] (Win98; I)"
63.15.198.196 - - [22/Oct/1999:00:20:27 -0400] "GET /sandbox/dog/images/title_res.gif HTTP/1.0" 200 3281 "http://www.selectsmart.com/beta_dog/results.php3" "Mozilla/4.6 [en] (Win98; I)"
63.15.198.196 - - [22/Oct/1999:00:20:36 -0400] "POST /beta_dog/results.php3 HTTP/1.0" 200 64247 "http://www.selectsmart.com/beta_dog/#temperament" "Mozilla/4.6 [en] (Win98; I)"
165.236.189.201 - - [22/Oct/1999:00:20:40 -0400] "POST /cgi-bin/dog/rdog.cgi HTTP/1.0" 200 14689 "http://www.selectsmart.com/DOG/" "Mozilla/4.0 (compatible; MSIE 5.0; Windows 95; DigExt)"
165.236.189.201 - - [22/Oct/1999:00:20:54 -0400] "GET /DOG/description2.htm HTTP/1.0" 200 30884 "http://www.selectsmart.com/cgi-bin/dog/rdog.cgi" "Mozilla/4.0 (compatible; MSIE 5.0; Windows 95; DigExt)"
165.236.189.201 - - [22/Oct/1999:00:20:56 -0400] "GET /DOG/purinadog.jpg HTTP/1.0" 200 3418 "http://www.selectsmart.com/DOG/description2.htm" "Mozilla/4.0 (compatible; MSIE 5.0; Windows 95; DigExt)"
129.133.252.117 - - [22/Oct/1999:00:21:00 -0400] "POST /PRESIDENT/results.php3 HTTP/1.0" 200 6627 "http://www.selectsmart.com/PRESIDENT/" "Mozilla/4.7 (Macintosh; U; PPC)"
165.236.189.201 - - [22/Oct/1999:00:21:03 -0400] "GET /DOG/compet.jpg HTTP/1.0" 200 3155 "http://www.selectsmart.com/DOG/description2.htm" "Mozilla/4.0 (compatible; MSIE 5.0; Windows 95; DigExt)"
165.236.189.201 - - [22/Oct/1999:00:21:03 -0400] "GET /DOG/toydog.jpg HTTP/1.0" 200 2061 "http://www.selectsmart.com/DOG/description2.htm" "Mozilla/4.0 (compatible; MSIE 5.0; Windows 95; DigExt)"
165.236.189.201 - - [22/Oct/1999:00:21:05 -0400] "GET /DOG/gettingthemost.jpg HTTP/1.0" 200 3605 "http://www.selectsmart.com/DOG/description2.htm" "Mozilla/4.0 (compatible; MSIE 5.0; Windows 95; DigExt)"
165.236.189.201 - - [22/Oct/1999:00:21:05 -0400] "GET /DOG/trickisin.jpg HTTP/1.0" 200 3388 "http://www.selectsmart.com/DOG/description2.htm" "Mozilla/4.0 (compatible; MSIE 5.0; Windows 95; DigExt)"
165.236.189.201 - - [22/Oct/1999:00:21:08 -0400] "GET /DOG/pudgy.jpg HTTP/1.0" 200 3777 "http://www.selectsmart.com/DOG/description2.htm" "Mozilla/4.0 (compatible; MSIE 5.0; Windows 95; DigExt)"
165.236.189.201 - - [22/Oct/1999:00:21:08 -0400] "GET /dogtoys/dtlogo.gif HTTP/1.0" 200 2778 "http://www.selectsmart.com/DOG/description2.htm" "Mozilla/4.0 (compatible; MSIE 5.0; Windows 95; DigExt)"
