24.25.68.77 - - [22/Oct/1999:07:35:17 -0400] "GET /PRESIDENT/TR.gif HTTP/1.1" 200 5566 "http://www.selectsmart.com/PRESIDENT/" "Mozilla/4.0 (compatible; MSIE 5.0; Windows 95; DigExt)"
24.25.68.77 - - [22/Oct/1999:07:35:18 -0400] "GET /PRESIDENT/camp2000.gif HTTP/1.1" 200 7449 "http://www.selectsmart.com/PRESIDENT/" "Mozilla/4.0 (compatible; MSIE 5.0; Windows 95; DigExt)"
24.25.68.77 - - [22/Oct/1999:07:35:18 -0400] "GET /curt.jpg HTTP/1.1" 200 4228 "http://www.selectsmart.com/PRESIDENT/" "Mozilla/4.0 (compatible; MSIE 5.0; Windows 95; DigExt)"
199.228.142.1 - - [22/Oct/1999:07:35:30 -0400] "GET /DOG/description3.htm HTTP/1.0" 304 - "http://www.selectsmart.com/cgi-bin/dog/rdog.cgi" "Mozilla/4.0 (compatible; MSIE 4.01; Windows 98)"
199.228.142.1 - - [22/Oct/1999:07:35:31 -0400] "GET /DOG/images/pomeranian.jpg HTTP/1.0" 304 - "http://www.selectsmart.com/DOG/description3.htm" "Mozilla/4.0 (compatible; MSIE 4.01; Windows 98)"
199.228.142.1 - - [22/Oct/1999:07:35:31 -0400] "GET /DOG/images/pap.jpg HTTP/1.0" 200 1295 "http://www.selectsmart.com/DOG/description3.htm" "Mozilla/4.0 (compatible; MSIE 4.01; Windows 98)"
199.228.142.1 - - [22/Oct/1999:07:35:31 -0400] "GET /DOG/images/stanpood.jpg HTTP/1.0" 304 - "http://www.selectsmart.com/DOG/description3.htm" "Mozilla/4.0 (compatible; MSIE 4.01; Windows 98)"
199.228.142.1 - - [22/Oct/1999:07:35:31 -0400] "GET /DOG/images/toypoodle.jpg HTTP/1.0" 304 - "http://www.selectsmart.com/DOG/description3.htm" "Mozilla/4.0 (compatible; MSIE 4.01; Windows 98)"
199.228.142.1 - - [22/Oct/1999:07:35:31 -0400] "GET /DOG/images/PWD.jpg HTTP/1.0" 304 - "http://www.selectsmart.com/DOG/description3.htm" "Mozilla/4.0 (compatible; MSIE 4.01; Windows 98)"
199.228.142.1 - - [22/Oct/1999:07:35:31 -0400] "GET /DOG/images/rotweil.jpg HTTP/1.0" 304 - "http://www.selectsmart.com/DOG/description3.htm" "Mozilla/4.0 (compatible; MSIE 4.01; Windows 98)"
199.228.142.1 - - [22/Oct/1999:07:35:31 -0400] "GET /DOG/images/rhodesian.jpg HTTP/1.0" 304 - "http://www.selectsmart.com/DOG/description3.htm" "Mozilla/4.0 (compatible; MSIE 4.01; Windows 98)"
199.228.142.1 - - [22/Oct/1999:07:35:31 -0400] "GET /DOG/images/pug.jpg HTTP/1.0" 304 - "http://www.selectsmart.com/DOG/description3.htm" "Mozilla/4.0 (compatible; MSIE 4.01; Windows 98)"
199.208.239.20 - - [22/Oct/1999:07:35:49 -0400] "GET /PRESIDENT/ HTTP/1.0" 200 29678 "-" "Mozilla/4.0 (compatible; MSIE 5.0; Windows NT; DigExt)"
199.208.239.20 - - [22/Oct/1999:07:35:49 -0400] "GET /BUSINESS/16.gif HTTP/1.0" 200 6704 "http://www.selectsmart.com/PRESIDENT/" "Mozilla/4.0 (compatible; MSIE 5.0; Windows NT; DigExt)"
199.208.239.20 - - [22/Oct/1999:07:35:50 -0400] "GET /BUSINESS/drop_v.jpg HTTP/1.0" 200 1963 "http://www.selectsmart.com/PRESIDENT/" "Mozilla/4.0 (compatible; MSIE 5.0; Windows NT; DigExt)"
199.208.239.20 - - [22/Oct/1999:07:35:50 -0400] "GET /BUSINESS/drop_h.jpg HTTP/1.0" 200 2034 "http://www.selectsmart.com/PRESIDENT/" "Mozilla/4.0 (compatible; MSIE 5.0; Windows NT; DigExt)"
199.208.239.20 - - [22/Oct/1999:07:35:51 -0400] "GET /PRESIDENT/campaigns.gif HTTP/1.0" 200 5835 "http://www.selectsmart.com/PRESIDENT/" "Mozilla/4.0 (compatible; MSIE 5.0; Windows NT; DigExt)"
199.208.239.20 - - [22/Oct/1999:07:35:51 -0400] "GET /PRESIDENT/anecdote.gif HTTP/1.0" 200 6898 "http://www.selectsmart.com/PRESIDENT/" "Mozilla/4.0 (compatible; MSIE 5.0; Windows NT; DigExt)"
199.208.239.20 - - [22/Oct/1999:07:35:52 -0400] "GET /PRESIDENT/packaging.gif HTTP/1.0" 200 10663 "http://www.selectsmart.com/PRESIDENT/" "Mozilla/4.0 (compatible; MSIE 5.0; Windows NT; DigExt)"
199.208.239.20 - - [22/Oct/1999:07:35:52 -0400] "GET /PRESIDENT/vidal.gif HTTP/1.0" 200 11342 "http://www.selectsmart.com/PRESIDENT/" "Mozilla/4.0 (compatible; MSIE 5.0; Windows NT; DigExt)"
199.208.239.20 - - [22/Oct/1999:07:35:52 -0400] "GET /PRESIDENT/camp2000.gif HTTP/1.0" 200 7449 "http://www.selectsmart.com/PRESIDENT/" "Mozilla/4.0 (compatible; MSIE 5.0; Windows NT; DigExt)"
199.208.239.20 - - [22/Oct/1999:07:35:52 -0400] "GET /PRESIDENT/TR.gif HTTP/1.0" 200 5566 "http://www.selectsmart.com/PRESIDENT/" "Mozilla/4.0 (compatible; MSIE 5.0; Windows NT; DigExt)"
199.208.239.20 - - [22/Oct/1999:07:35:54 -0400] "GET /curt.jpg HTTP/1.0" 200 4228 "http://www.selectsmart.com/PRESIDENT/" "Mozilla/4.0 (compatible; MSIE 5.0; Windows NT; DigExt)"
199.228.142.1 - - [22/Oct/1999:07:35:55 -0400] "GET /DOG/description1A.htm HTTP/1.0" 200 23586 "http://www.selectsmart.com/cgi-bin/dog/rdog.cgi" "Mozilla/4.0 (compatible; MSIE 4.01; Windows 98)"
199.228.142.1 - - [22/Oct/1999:07:35:56 -0400] "GET /DOG/englishsetter.jpg HTTP/1.0" 200 2290 "http://www.selectsmart.com/DOG/description1A.htm" "Mozilla/4.0 (compatible; MSIE 4.01; Windows 98)"
199.228.142.1 - - [22/Oct/1999:07:35:56 -0400] "GET /DOG/jet.jpg HTTP/1.0" 200 4146 "http://www.selectsmart.com/DOG/description1A.htm" "Mozilla/4.0 (compatible; MSIE 4.01; Windows 98)"
199.228.142.1 - - [22/Oct/1999:07:35:56 -0400] "GET /DOG/frenchbull.gif HTTP/1.0" 200 2273 "http://www.selectsmart.com/DOG/description1A.htm" "Mozilla/4.0 (compatible; MSIE 4.01; Windows 98)"
199.228.142.1 - - [22/Oct/1999:07:35:56 -0400] "GET /DOG/espringer.jpg HTTP/1.0" 200 20220 "http://www.selectsmart.com/DOG/description1A.htm" "Mozilla/4.0 (compatible; MSIE 4.01; Windows 98)"
199.228.142.1 - - [22/Oct/1999:07:35:56 -0400] "GET /DOG/golden.jpg HTTP/1.0" 200 2257 "http://www.selectsmart.com/DOG/description1A.htm" "Mozilla/4.0 (compatible; MSIE 4.01; Windows 98)"
199.228.142.1 - - [22/Oct/1999:07:35:56 -0400] "GET /DOG/germanshort.jpg HTTP/1.0" 200 2396 "http://www.selectsmart.com/DOG/description1A.htm" "Mozilla/4.0 (compatible; MSIE 4.01; Windows 98)"
199.228.142.1 - - [22/Oct/1999:07:35:56 -0400] "GET /DOG/german1.jpg HTTP/1.0" 200 24778 "http://www.selectsmart.com/DOG/description1A.htm" "Mozilla/4.0 (compatible; MSIE 4.01; Windows 98)"
199.228.142.1 - - [22/Oct/1999:07:35:56 -0400] "GET /DOG/greatpyr.jpg HTTP/1.0" 200 1197 "http://www.selectsmart.com/DOG/description1A.htm" "Mozilla/4.0 (compatible; MSIE 4.01; Windows 98)"
207.233.179.2 - - [22/Oct/1999:07:36:00 -0400] "GET /PRESIDENT/ HTTP/1.0" 200 29678 "-" "Mozilla/4.0 (compatible; MSIE 4.01; Windows 95)"
207.233.179.2 - - [22/Oct/1999:07:36:01 -0400] "GET /BUSINESS/16.gif HTTP/1.0" 200 6704 "http://www.selectsmart.com/PRESIDENT/" "Mozilla/4.0 (compatible; MSIE 4.01; Windows 95)"
207.233.179.2 - - [22/Oct/1999:07:36:02 -0400] "GET /BUSINESS/drop_h.jpg HTTP/1.0" 200 2034 "http://www.selectsmart.com/PRESIDENT/" "Mozilla/4.0 (compatible; MSIE 4.01; Windows 95)"
207.233.179.2 - - [22/Oct/1999:07:36:02 -0400] "GET /PRESIDENT/anecdote.gif HTTP/1.0" 200 6898 "http://www.selectsmart.com/PRESIDENT/" "Mozilla/4.0 (compatible; MSIE 4.01; Windows 95)"
207.233.179.2 - - [22/Oct/1999:07:36:03 -0400] "GET /PRESIDENT/campaigns.gif HTTP/1.0" 200 5835 "http://www.selectsmart.com/PRESIDENT/" "Mozilla/4.0 (compatible; MSIE 4.01; Windows 95)"
207.233.179.2 - - [22/Oct/1999:07:36:03 -0400] "GET /BUSINESS/drop_v.jpg HTTP/1.0" 200 1963 "http://www.selectsmart.com/PRESIDENT/" "Mozilla/4.0 (compatible; MSIE 4.01; Windows 95)"
207.233.179.2 - - [22/Oct/1999:07:36:03 -0400] "GET /PRESIDENT/packaging.gif HTTP/1.0" 200 10663 "http://www.selectsmart.com/PRESIDENT/" "Mozilla/4.0 (compatible; MSIE 4.01; Windows 95)"
207.233.179.2 - - [22/Oct/1999:07:36:03 -0400] "GET /PRESIDENT/vidal.gif HTTP/1.0" 200 11342 "http://www.selectsmart.com/PRESIDENT/" "Mozilla/4.0 (compatible; MSIE 4.01; Windows 95)"
207.233.179.2 - - [22/Oct/1999:07:36:04 -0400] "GET /PRESIDENT/TR.gif HTTP/1.0" 200 5566 "http://www.selectsmart.com/PRESIDENT/" "Mozilla/4.0 (compatible; MSIE 4.01; Windows 95)"
207.233.179.2 - - [22/Oct/1999:07:36:04 -0400] "GET /PRESIDENT/camp2000.gif HTTP/1.0" 200 7449 "http://www.selectsmart.com/PRESIDENT/" "Mozilla/4.0 (compatible; MSIE 4.01; Windows 95)"
207.233.179.2 - - [22/Oct/1999:07:36:04 -0400] "GET /curt.jpg HTTP/1.0" 200 4228 "http://www.selectsmart.com/PRESIDENT/" "Mozilla/4.0 (compatible; MSIE 4.01; Windows 95)"
152.163.195.196 - - [22/Oct/1999:07:36:50 -0400] "GET /PRESIDENT/define8.htm HTTP/1.0" 200 322 "http://www.selectsmart.com/PRESIDENT/" "Mozilla/4.0 (compatible; MSIE 4.01; AOL 4.0; Mac_PPC)"
152.163.188.227 - - [22/Oct/1999:07:37:09 -0400] "GET /PRESIDENT/define8a.htm HTTP/1.0" 200 193 "http://www.selectsmart.com/PRESIDENT/" "Mozilla/4.0 (compatible; MSIE 4.01; AOL 4.0; Mac_PPC)"
161.80.94.86 - - [22/Oct/1999:07:37:41 -0400] "GET /PRESIDENT/ HTTP/1.0" 200 29678 "-" "Mozilla/4.5 [en] (Win98; U)"
161.80.94.86 - - [22/Oct/1999:07:37:41 -0400] "GET /BUSINESS/drop_h.jpg HTTP/1.0" 200 2034 "http://www.selectsmart.com/PRESIDENT/" "Mozilla/4.5 [en] (Win98; U)"
161.80.94.86 - - [22/Oct/1999:07:37:41 -0400] "GET /BUSINESS/drop_v.jpg HTTP/1.0" 200 1963 "http://www.selectsmart.com/PRESIDENT/" "Mozilla/4.5 [en] (Win98; U)"
161.80.94.86 - - [22/Oct/1999:07:37:41 -0400] "GET /BUSINESS/16.gif HTTP/1.0" 200 6704 "http://www.selectsmart.com/PRESIDENT/" "Mozilla/4.5 [en] (Win98; U)"
161.80.94.86 - - [22/Oct/1999:07:37:42 -0400] "GET /PRESIDENT/anecdote.gif HTTP/1.0" 200 6898 "http://www.selectsmart.com/PRESIDENT/" "Mozilla/4.5 [en] (Win98; U)"
161.80.94.86 - - [22/Oct/1999:07:37:42 -0400] "GET /PRESIDENT/packaging.gif HTTP/1.0" 200 10663 "http://www.selectsmart.com/PRESIDENT/" "Mozilla/4.5 [en] (Win98; U)"
161.80.94.86 - - [22/Oct/1999:07:37:42 -0400] "GET /PRESIDENT/campaigns.gif HTTP/1.0" 200 5835 "http://www.selectsmart.com/PRESIDENT/" "Mozilla/4.5 [en] (Win98; U)"
161.80.94.86 - - [22/Oct/1999:07:37:42 -0400] "GET /PRESIDENT/vidal.gif HTTP/1.0" 200 11342 "http://www.selectsmart.com/PRESIDENT/" "Mozilla/4.5 [en] (Win98; U)"
161.80.94.86 - - [22/Oct/1999:07:37:42 -0400] "GET /PRESIDENT/camp2000.gif HTTP/1.0" 200 7449 "http://www.selectsmart.com/PRESIDENT/" "Mozilla/4.5 [en] (Win98; U)"
161.80.94.86 - - [22/Oct/1999:07:37:42 -0400] "GET /PRESIDENT/TR.gif HTTP/1.0" 200 5566 "http://www.selectsmart.com/PRESIDENT/" "Mozilla/4.5 [en] (Win98; U)"
161.80.94.86 - - [22/Oct/1999:07:37:42 -0400] "GET /curt.jpg HTTP/1.0" 200 4228 "http://www.selectsmart.com/PRESIDENT/" "Mozilla/4.5 [en] (Win98; U)"
152.163.188.164 - - [22/Oct/1999:07:37:52 -0400] "GET /PRESIDENT/define.htm HTTP/1.0" 200 151 "http://www.selectsmart.com/PRESIDENT/" "Mozilla/4.0 (compatible; MSIE 4.01; AOL 4.0; Mac_PPC)"
152.163.188.196 - - [22/Oct/1999:07:38:08 -0400] "GET /PRESIDENT/define1.htm HTTP/1.0" 200 144 "http://www.selectsmart.com/PRESIDENT/" "Mozilla/4.0 (compatible; MSIE 4.01; AOL 4.0; Mac_PPC)"
12.78.211.90 - - [22/Oct/1999:07:38:12 -0400] "POST /PRESIDENT/results.php3 HTTP/1.1" 200 5027 "http://www.selectsmart.com/PRESIDENT/results.php3" "Mozilla/4.0 (compatible; MSIE 4.01; Windows 98)"
12.78.211.90 - - [22/Oct/1999:07:38:13 -0400] "GET /PRESIDENT/images/keyes.jpg HTTP/1.1" 200 2466 "http://www.selectsmart.com/PRESIDENT/results.php3" "Mozilla/4.0 (compatible; MSIE 4.01; Windows 98)"
216.192.146.2 - - [22/Oct/1999:07:38:19 -0400] "POST /PRESIDENT/results.php3 HTTP/1.1" 200 6639 "http://www.selectsmart.com/PRESIDENT/" "Mozilla/4.0 (compatible; MSIE 4.01; Windows 95; iFLINT 1.0)"
216.192.146.2 - - [22/Oct/1999:07:38:40 -0400] "GET /PRESIDENT/results.php3?more=now&mid=18 HTTP/1.1" 200 3774 "http://www.selectsmart.com/PRESIDENT/results.php3" "Mozilla/4.0 (compatible; MSIE 4.01; Windows 95; iFLINT 1.0)"
216.192.146.2 - - [22/Oct/1999:07:38:42 -0400] "GET /PRESIDENT/images/mcreynolds.jpg HTTP/1.1" 200 4631 "http://www.selectsmart.com/PRESIDENT/results.php3?more=now&mid=18" "Mozilla/4.0 (compatible; MSIE 4.01; Windows 95; iFLINT 1.0)"
209.42.142.167 - - [22/Oct/1999:07:38:48 -0400] "GET /PRESIDENT/ HTTP/1.1" 200 29678 "-" "Mozilla/4.0 (compatible; MSIE 4.01; Windows NT)"
209.42.142.167 - - [22/Oct/1999:07:38:50 -0400] "GET /BUSINESS/drop_v.jpg HTTP/1.1" 200 1963 "http://www.selectsmart.com/PRESIDENT/" "Mozilla/4.0 (compatible; MSIE 4.01; Windows NT)"
209.42.142.167 - - [22/Oct/1999:07:38:50 -0400] "GET /PRESIDENT/anecdote.gif HTTP/1.1" 200 6898 "http://www.selectsmart.com/PRESIDENT/" "Mozilla/4.0 (compatible; MSIE 4.01; Windows NT)"
209.42.142.167 - - [22/Oct/1999:07:38:50 -0400] "GET /BUSINESS/16.gif HTTP/1.1" 200 6704 "http://www.selectsmart.com/PRESIDENT/" "Mozilla/4.0 (compatible; MSIE 4.01; Windows NT)"
209.42.142.167 - - [22/Oct/1999:07:38:50 -0400] "GET /PRESIDENT/campaigns.gif HTTP/1.1" 200 5835 "http://www.selectsmart.com/PRESIDENT/" "Mozilla/4.0 (compatible; MSIE 4.01; Windows NT)"
209.42.142.167 - - [22/Oct/1999:07:38:50 -0400] "GET /BUSINESS/drop_h.jpg HTTP/1.1" 200 2034 "http://www.selectsmart.com/PRESIDENT/" "Mozilla/4.0 (compatible; MSIE 4.01; Windows NT)"
209.42.142.167 - - [22/Oct/1999:07:38:51 -0400] "GET /PRESIDENT/packaging.gif HTTP/1.1" 200 10663 "http://www.selectsmart.com/PRESIDENT/" "Mozilla/4.0 (compatible; MSIE 4.01; Windows NT)"
209.42.142.167 - - [22/Oct/1999:07:38:52 -0400] "GET /PRESIDENT/vidal.gif HTTP/1.1" 200 11342 "http://www.selectsmart.com/PRESIDENT/" "Mozilla/4.0 (compatible; MSIE 4.01; Windows NT)"
209.42.142.167 - - [22/Oct/1999:07:38:52 -0400] "GET /PRESIDENT/TR.gif HTTP/1.1" 200 5566 "http://www.selectsmart.com/PRESIDENT/" "Mozilla/4.0 (compatible; MSIE 4.01; Windows NT)"
209.42.142.167 - - [22/Oct/1999:07:38:53 -0400] "GET /PRESIDENT/camp2000.gif HTTP/1.1" 200 7449 "http://www.selectsmart.com/PRESIDENT/" "Mozilla/4.0 (compatible; MSIE 4.01; Windows NT)"
209.42.142.167 - - [22/Oct/1999:07:38:53 -0400] "GET /curt.jpg HTTP/1.1" 200 4228 "http://www.selectsmart.com/PRESIDENT/" "Mozilla/4.0 (compatible; MSIE 4.01; Windows NT)"
209.42.142.167 - - [22/Oct/1999:07:38:55 -0400] "GET /PRESIDENT/ HTTP/1.0" 200 29678 "-" "Lotus-Notes/4.5 ( Windows-NT )"
207.233.179.2 - - [22/Oct/1999:07:39:00 -0400] "POST /PRESIDENT/results.php3 HTTP/1.0" 200 6625 "http://www.selectsmart.com/PRESIDENT/" "Mozilla/4.0 (compatible; MSIE 4.01; Windows 95)"
216.192.146.2 - - [22/Oct/1999:07:39:04 -0400] "GET /PRESIDENT/results.php3 HTTP/1.1" 200 2515 "-" "Mozilla/4.0 (compatible; MSIE 4.01; Windows 95; iFLINT 1.0)"
143.231.154.222 - - [22/Oct/1999:07:39:11 -0400] "GET /PRESIDENT/ HTTP/1.0" 200 29678 "-" "Mozilla/4.51 [en] (Win95; U)"
143.231.154.222 - - [22/Oct/1999:07:39:13 -0400] "GET /BUSINESS/16.gif HTTP/1.0" 200 6704 "http://www.selectsmart.com/PRESIDENT/" "Mozilla/4.51 [en] (Win95; U)"
143.231.154.222 - - [22/Oct/1999:07:39:13 -0400] "GET /BUSINESS/drop_h.jpg HTTP/1.0" 200 2034 "http://www.selectsmart.com/PRESIDENT/" "Mozilla/4.51 [en] (Win95; U)"
143.231.154.222 - - [22/Oct/1999:07:39:13 -0400] "GET /BUSINESS/drop_v.jpg HTTP/1.0" 200 1963 "http://www.selectsmart.com/PRESIDENT/" "Mozilla/4.51 [en] (Win95; U)"
206.189.24.7 - - [22/Oct/1999:07:39:13 -0400] "GET / HTTP/1.0" 200 1839 "-" "Mozilla/4.0 (compatible; MSIE 4.01; Windows 95)"
206.189.24.7 - - [22/Oct/1999:07:39:14 -0400] "GET /sidepanel.html HTTP/1.0" 304 - "http://www.selectsmart.com/" "Mozilla/4.0 (compatible; MSIE 4.01; Windows 95)"
206.189.24.7 - - [22/Oct/1999:07:39:14 -0400] "GET /indexa.html HTTP/1.0" 200 20372 "http://www.selectsmart.com/" "Mozilla/4.0 (compatible; MSIE 4.01; Windows 95)"
143.231.154.222 - - [22/Oct/1999:07:39:14 -0400] "GET /PRESIDENT/ HTTP/1.0" 304 - "-" "Mozilla/4.51 [en] (Win95; U)"
206.189.24.7 - - [22/Oct/1999:07:39:15 -0400] "GET /BUSINESS/drop_v.jpg HTTP/1.0" 304 - "http://www.selectsmart.com/indexa.html" "Mozilla/4.0 (compatible; MSIE 4.01; Windows 95)"
206.189.24.7 - - [22/Oct/1999:07:39:15 -0400] "GET /BUSINESS/14.gif HTTP/1.0" 200 6644 "http://www.selectsmart.com/indexa.html" "Mozilla/4.0 (compatible; MSIE 4.01; Windows 95)"
143.231.154.222 - - [22/Oct/1999:07:39:15 -0400] "GET /PRESIDENT/ HTTP/1.0" 206 24540 "-" "Mozilla/4.51 [en] (Win95; U)"
206.189.24.7 - - [22/Oct/1999:07:39:15 -0400] "GET /BUSINESS/drop_h.jpg HTTP/1.0" 200 2034 "http://www.selectsmart.com/indexa.html" "Mozilla/4.0 (compatible; MSIE 4.01; Windows 95)"
206.189.24.7 - - [22/Oct/1999:07:39:15 -0400] "GET /solid17.gif HTTP/1.0" 200 988 "http://www.selectsmart.com/indexa.html" "Mozilla/4.0 (compatible; MSIE 4.01; Windows 95)"
206.189.24.7 - - [22/Oct/1999:07:39:15 -0400] "GET /solid41.gif HTTP/1.0" 304 - "http://www.selectsmart.com/indexa.html" "Mozilla/4.0 (compatible; MSIE 4.01; Windows 95)"
206.189.24.7 - - [22/Oct/1999:07:39:15 -0400] "GET /solid59.gif HTTP/1.0" 304 - "http://www.selectsmart.com/indexa.html" "Mozilla/4.0 (compatible; MSIE 4.01; Windows 95)"
206.189.24.7 - - [22/Oct/1999:07:39:15 -0400] "GET /solid52.gif HTTP/1.0" 200 980 "http://www.selectsmart.com/indexa.html" "Mozilla/4.0 (compatible; MSIE 4.01; Windows 95)"
206.189.24.7 - - [22/Oct/1999:07:39:16 -0400] "GET /solid11.gif HTTP/1.0" 304 - "http://www.selectsmart.com/indexa.html" "Mozilla/4.0 (compatible; MSIE 4.01; Windows 95)"
206.189.24.7 - - [22/Oct/1999:07:39:16 -0400] "GET /thnkyell.jpg HTTP/1.0" 200 23337 "http://www.selectsmart.com/sidepanel.html" "Mozilla/4.0 (compatible; MSIE 4.01; Windows 95)"
206.189.24.7 - - [22/Oct/1999:07:39:16 -0400] "GET /AMAZON/amzn-buy.gif HTTP/1.0" 200 3051 "http://www.selectsmart.com/sidepanel.html" "Mozilla/4.0 (compatible; MSIE 4.01; Windows 95)"
143.231.154.222 - - [22/Oct/1999:07:39:16 -0400] "GET /PRESIDENT/anecdote.gif HTTP/1.0" 200 6898 "http://www.selectsmart.com/PRESIDENT/" "Mozilla/4.51 [en] (Win95; U)"
143.231.154.222 - - [22/Oct/1999:07:39:16 -0400] "GET /PRESIDENT/campaigns.gif HTTP/1.0" 200 5835 "http://www.selectsmart.com/PRESIDENT/" "Mozilla/4.51 [en] (Win95; U)"
143.231.154.222 - - [22/Oct/1999:07:39:16 -0400] "GET /PRESIDENT/packaging.gif HTTP/1.0" 200 10663 "http://www.selectsmart.com/PRESIDENT/" "Mozilla/4.51 [en] (Win95; U)"
206.189.24.7 - - [22/Oct/1999:07:39:16 -0400] "GET /up.jpg HTTP/1.0" 200 2511 "http://www.selectsmart.com/sidepanel.html" "Mozilla/4.0 (compatible; MSIE 4.01; Windows 95)"
206.189.24.7 - - [22/Oct/1999:07:39:16 -0400] "GET /curt.jpg HTTP/1.0" 304 - "http://www.selectsmart.com/sidepanel.html" "Mozilla/4.0 (compatible; MSIE 4.01; Windows 95)"
143.231.154.222 - - [22/Oct/1999:07:39:17 -0400] "GET /PRESIDENT/vidal.gif HTTP/1.0" 200 11342 "http://www.selectsmart.com/PRESIDENT/" "Mozilla/4.51 [en] (Win95; U)"
143.231.154.222 - - [22/Oct/1999:07:39:17 -0400] "GET /PRESIDENT/camp2000.gif HTTP/1.0" 200 7449 "http://www.selectsmart.com/PRESIDENT/" "Mozilla/4.51 [en] (Win95; U)"
143.231.154.222 - - [22/Oct/1999:07:39:17 -0400] "GET /PRESIDENT/TR.gif HTTP/1.0" 200 5566 "http://www.selectsmart.com/PRESIDENT/" "Mozilla/4.51 [en] (Win95; U)"
206.189.24.7 - - [22/Oct/1999:07:39:17 -0400] "GET /exclaim.jpg HTTP/1.0" 304 - "http://www.selectsmart.com/indexa.html" "Mozilla/4.0 (compatible; MSIE 4.01; Windows 95)"
206.189.24.7 - - [22/Oct/1999:07:39:17 -0400] "GET /planetclick.gif HTTP/1.0" 200 4949 "http://www.selectsmart.com/indexa.html" "Mozilla/4.0 (compatible; MSIE 4.01; Windows 95)"
206.189.24.7 - - [22/Oct/1999:07:39:17 -0400] "GET /solid17.gif HTTP/1.0" 304 - "http://www.selectsmart.com/sidepanel.html" "Mozilla/4.0 (compatible; MSIE 4.01; Windows 95)"
143.231.154.222 - - [22/Oct/1999:07:39:17 -0400] "GET /curt.jpg HTTP/1.0" 200 4228 "http://www.selectsmart.com/PRESIDENT/" "Mozilla/4.51 [en] (Win95; U)"
206.189.24.7 - - [22/Oct/1999:07:39:18 -0400] "GET /cooltools.gif HTTP/1.0" 304 - "http://www.selectsmart.com/indexa.html" "Mozilla/4.0 (compatible; MSIE 4.01; Windows 95)"
206.189.24.7 - - [22/Oct/1999:07:39:18 -0400] "GET /cooldogsiteselected.gif HTTP/1.0" 304 - "http://www.selectsmart.com/indexa.html" "Mozilla/4.0 (compatible; MSIE 4.01; Windows 95)"
206.189.24.7 - - [22/Oct/1999:07:39:18 -0400] "GET /solid48.gif HTTP/1.0" 304 - "http://www.selectsmart.com/sidepanel.html" "Mozilla/4.0 (compatible; MSIE 4.01; Windows 95)"
206.189.24.7 - - [22/Oct/1999:07:39:18 -0400] "GET /cpetsitm.gif HTTP/1.0" 200 6269 "http://www.selectsmart.com/indexa.html" "Mozilla/4.0 (compatible; MSIE 4.01; Windows 95)"
206.189.24.7 - - [22/Oct/1999:07:39:18 -0400] "GET /blkpaw.gif HTTP/1.0" 200 936 "http://www.selectsmart.com/indexa.html" "Mozilla/4.0 (compatible; MSIE 4.01; Windows 95)"
206.189.24.7 - - [22/Oct/1999:07:39:19 -0400] "GET /carolin2.gif HTTP/1.0" 200 3241 "http://www.selectsmart.com/indexa.html" "Mozilla/4.0 (compatible; MSIE 4.01; Windows 95)"
206.189.24.7 - - [22/Oct/1999:07:39:19 -0400] "GET /solid28.gif HTTP/1.0" 200 972 "http://www.selectsmart.com/indexa.html" "Mozilla/4.0 (compatible; MSIE 4.01; Windows 95)"
206.189.24.7 - - [22/Oct/1999:07:39:19 -0400] "GET /solid48.gif HTTP/1.0" 200 987 "http://www.selectsmart.com/indexa.html" "Mozilla/4.0 (compatible; MSIE 4.01; Windows 95)"
206.189.24.7 - - [22/Oct/1999:07:39:19 -0400] "GET /solid6.gif HTTP/1.0" 304 - "http://www.selectsmart.com/indexa.html" "Mozilla/4.0 (compatible; MSIE 4.01; Windows 95)"
206.189.24.7 - - [22/Oct/1999:07:39:20 -0400] "GET /sltrib.gif HTTP/1.0" 200 5673 "http://www.selectsmart.com/indexa.html" "Mozilla/4.0 (compatible; MSIE 4.01; Windows 95)"
206.189.24.7 - - [22/Oct/1999:07:39:20 -0400] "GET /sitename60_mining.gif HTTP/1.0" 200 2015 "http://www.selectsmart.com/indexa.html" "Mozilla/4.0 (compatible; MSIE 4.01; Windows 95)"
206.189.24.7 - - [22/Oct/1999:07:39:20 -0400] "GET /CoolAward2.gif HTTP/1.0" 200 5548 "http://www.selectsmart.com/indexa.html" "Mozilla/4.0 (compatible; MSIE 4.01; Windows 95)"
161.80.94.86 - - [22/Oct/1999:07:39:49 -0400] "POST /PRESIDENT/results.php3 HTTP/1.0" 200 6626 "http://www.selectsmart.com/PRESIDENT/" "Mozilla/4.5 [en] (Win98; U)"
152.163.195.196 - - [22/Oct/1999:07:39:54 -0400] "POST /PRESIDENT/results.php3 HTTP/1.0" 200 6625 "http://www.selectsmart.com/PRESIDENT/" "Mozilla/4.0 (compatible; MSIE 4.01; AOL 4.0; Mac_PPC)"
24.25.68.77 - - [22/Oct/1999:07:40:31 -0400] "POST /PRESIDENT/results.php3 HTTP/1.1" 200 6639 "http://www.selectsmart.com/PRESIDENT/" "Mozilla/4.0 (compatible; MSIE 5.0; Windows 95; DigExt)"
152.163.195.196 - - [22/Oct/1999:07:40:49 -0400] "POST /PRESIDENT/results.php3 HTTP/1.0" 200 8865 "http://www.selectsmart.com/PRESIDENT/results.php3" "Mozilla/4.0 (compatible; MSIE 4.01; AOL 4.0; Mac_PPC)"
152.163.188.227 - - [22/Oct/1999:07:40:51 -0400] "GET /PRESIDENT/images/mcreynolds.jpg HTTP/1.0" 200 4631 "http://www.selectsmart.com/PRESIDENT/results.php3" "Mozilla/4.0 (compatible; MSIE 4.01; AOL 4.0; Mac_PPC)"
152.163.188.225 - - [22/Oct/1999:07:40:51 -0400] "GET /PRESIDENT/images/gore.jpg HTTP/1.0" 200 2930 "http://www.selectsmart.com/PRESIDENT/results.php3" "Mozilla/4.0 (compatible; MSIE 4.01; AOL 4.0; Mac_PPC)"
199.208.239.20 - - [22/Oct/1999:07:41:16 -0400] "POST /PRESIDENT/results.php3 HTTP/1.0" 200 6628 "http://www.selectsmart.com/PRESIDENT/" "Mozilla/4.0 (compatible; MSIE 5.0; Windows NT; DigExt)"
199.228.142.1 - - [22/Oct/1999:07:41:34 -0400] "GET /DOG/description2.htm HTTP/1.0" 200 30884 "http://www.selectsmart.com/DOG/description1A.htm" "Mozilla/4.0 (compatible; MSIE 4.01; Windows 98)"
199.228.142.1 - - [22/Oct/1999:07:41:35 -0400] "GET /DOG/images/havahead.gif HTTP/1.0" 304 - "http://www.selectsmart.com/DOG/description2.htm" "Mozilla/4.0 (compatible; MSIE 4.01; Windows 98)"
199.228.142.1 - - [22/Oct/1999:07:41:35 -0400] "GET /DOG/images/IWS.jpg HTTP/1.0" 304 - "http://www.selectsmart.com/DOG/description2.htm" "Mozilla/4.0 (compatible; MSIE 4.01; Windows 98)"
199.228.142.1 - - [22/Oct/1999:07:41:35 -0400] "GET /DOG/images/spinoni.jpg HTTP/1.0" 200 1272 "http://www.selectsmart.com/DOG/description2.htm" "Mozilla/4.0 (compatible; MSIE 4.01; Windows 98)"
199.228.142.1 - - [22/Oct/1999:07:41:35 -0400] "GET /DOG/images/JACKruss.jpg HTTP/1.0" 304 - "http://www.selectsmart.com/DOG/description2.htm" "Mozilla/4.0 (compatible; MSIE 4.01; Windows 98)"
199.228.142.1 - - [22/Oct/1999:07:41:35 -0400] "GET /DOG/images/keeshond.jpg HTTP/1.0" 200 1516 "http://www.selectsmart.com/DOG/description2.htm" "Mozilla/4.0 (compatible; MSIE 4.01; Windows 98)"
199.228.142.1 - - [22/Oct/1999:07:41:35 -0400] "GET /DOG/images/kira.jpg HTTP/1.0" 200 1337 "http://www.selectsmart.com/DOG/description2.htm" "Mozilla/4.0 (compatible; MSIE 4.01; Windows 98)"
199.228.142.1 - - [22/Oct/1999:07:41:36 -0400] "GET /DOG/images/lab1.jpg HTTP/1.0" 304 - "http://www.selectsmart.com/DOG/description2.htm" "Mozilla/4.0 (compatible; MSIE 4.01; Windows 98)"
199.228.142.1 - - [22/Oct/1999:07:41:36 -0400] "GET /DOG/images/lab3.jpg HTTP/1.0" 304 - "http://www.selectsmart.com/DOG/description2.htm" "Mozilla/4.0 (compatible; MSIE 4.01; Windows 98)"
199.228.142.1 - - [22/Oct/1999:07:41:36 -0400] "GET /DOG/images/mastiff.jpg HTTP/1.0" 304 - "http://www.selectsmart.com/DOG/description2.htm" "Mozilla/4.0 (compatible; MSIE 4.01; Windows 98)"
199.228.142.1 - - [22/Oct/1999:07:41:36 -0400] "GET /DOG/images/minpin.jpg HTTP/1.0" 304 - "http://www.selectsmart.com/DOG/description2.htm" "Mozilla/4.0 (compatible; MSIE 4.01; Windows 98)"
199.228.142.1 - - [22/Oct/1999:07:41:36 -0400] "GET /DOG/images/minschnauz.jpg HTTP/1.0" 200 1305 "http://www.selectsmart.com/DOG/description2.htm" "Mozilla/4.0 (compatible; MSIE 4.01; Windows 98)"
199.228.142.1 - - [22/Oct/1999:07:41:36 -0400] "GET /DOG/images/elkhound.jpg HTTP/1.0" 200 1687 "http://www.selectsmart.com/DOG/description2.htm" "Mozilla/4.0 (compatible; MSIE 4.01; Windows 98)"
199.228.142.1 - - [22/Oct/1999:07:41:37 -0400] "GET /DOG/images/otter.jpg HTTP/1.0" 304 - "http://www.selectsmart.com/DOG/description2.htm" "Mozilla/4.0 (compatible; MSIE 4.01; Windows 98)"
12.78.211.90 - - [22/Oct/1999:07:42:18 -0400] "POST /PRESIDENT/results.php3 HTTP/1.1" 200 6827 "http://www.selectsmart.com/PRESIDENT/results.php3" "Mozilla/4.0 (compatible; MSIE 4.01; Windows 98)"
209.42.142.167 - - [22/Oct/1999:07:42:18 -0400] "POST /PRESIDENT/results.php3 HTTP/1.1" 200 6639 "http://www.selectsmart.com/PRESIDENT/" "Mozilla/4.0 (compatible; MSIE 4.01; Windows NT)"
209.42.142.167 - - [22/Oct/1999:07:42:19 -0400] "GET /PRESIDENT/results.php3 HTTP/1.0" 200 2503 "-" "Lotus-Notes/4.5 ( Windows-NT )"
12.78.211.90 - - [22/Oct/1999:07:42:19 -0400] "GET /PRESIDENT/hatch.gif HTTP/1.1" 200 6423 "http://www.selectsmart.com/PRESIDENT/results.php3" "Mozilla/4.0 (compatible; MSIE 4.01; Windows 98)"
143.231.154.222 - - [22/Oct/1999:07:42:46 -0400] "POST /PRESIDENT/results.php3 HTTP/1.0" 200 6623 "http://www.selectsmart.com/PRESIDENT/" "Mozilla/4.51 [en] (Win95; U)"
166.127.174.201 - - [22/Oct/1999:07:43:07 -0400] "GET /PRESIDENT/ HTTP/1.0" 200 29678 "-" "Mozilla/3.04 (Win95; I)"
166.127.174.201 - - [22/Oct/1999:07:43:15 -0400] "GET /PRESIDENT/camp2000.gif HTTP/1.0" 200 7449 "http://www.selectsmart.com/PRESIDENT/" "Mozilla/3.04 (Win95; I)"
166.127.174.201 - - [22/Oct/1999:07:43:15 -0400] "GET /BUSINESS/drop_v.jpg HTTP/1.0" 200 1963 "http://www.selectsmart.com/PRESIDENT/" "Mozilla/3.04 (Win95; I)"
166.127.174.201 - - [22/Oct/1999:07:43:15 -0400] "GET /BUSINESS/16.gif HTTP/1.0" 200 6704 "http://www.selectsmart.com/PRESIDENT/" "Mozilla/3.04 (Win95; I)"
166.127.174.201 - - [22/Oct/1999:07:43:15 -0400] "GET /curt.jpg HTTP/1.0" 200 4228 "http://www.selectsmart.com/PRESIDENT/" "Mozilla/3.04 (Win95; I)"
166.127.174.201 - - [22/Oct/1999:07:43:17 -0400] "GET /PRESIDENT/vidal.gif HTTP/1.0" 200 11342 "http://www.selectsmart.com/PRESIDENT/" "Mozilla/3.04 (Win95; I)"
166.127.174.201 - - [22/Oct/1999:07:43:17 -0400] "GET /PRESIDENT/packaging.gif HTTP/1.0" 200 10663 "http://www.selectsmart.com/PRESIDENT/" "Mozilla/3.04 (Win95; I)"
166.127.174.201 - - [22/Oct/1999:07:43:17 -0400] "GET /PRESIDENT/TR.gif HTTP/1.0" 200 5566 "http://www.selectsmart.com/PRESIDENT/" "Mozilla/3.04 (Win95; I)"
166.127.174.201 - - [22/Oct/1999:07:43:18 -0400] "GET /BUSINESS/drop_h.jpg HTTP/1.0" 200 2034 "http://www.selectsmart.com/PRESIDENT/" "Mozilla/3.04 (Win95; I)"
166.127.174.201 - - [22/Oct/1999:07:43:18 -0400] "GET /PRESIDENT/anecdote.gif HTTP/1.0" 200 6898 "http://www.selectsmart.com/PRESIDENT/" "Mozilla/3.04 (Win95; I)"
166.127.174.201 - - [22/Oct/1999:07:43:18 -0400] "GET /PRESIDENT/campaigns.gif HTTP/1.0" 200 5835 "http://www.selectsmart.com/PRESIDENT/" "Mozilla/3.04 (Win95; I)"
207.251.201.123 - - [22/Oct/1999:07:44:04 -0400] "GET /planetclick.gif HTTP/1.0" 304 - "-" "Mozilla/3.01 (compatible;)"
216.63.32.64 - - [22/Oct/1999:07:44:25 -0400] "GET /PRESIDENT/ HTTP/1.1" 200 29678 "-" "Mozilla/4.0 (compatible; MSIE 5.0; Windows 95; DigExt)"
216.63.32.64 - - [22/Oct/1999:07:44:27 -0400] "GET /PRESIDENT/anecdote.gif HTTP/1.1" 200 6898 "http://www.selectsmart.com/PRESIDENT/" "Mozilla/4.0 (compatible; MSIE 5.0; Windows 95; DigExt)"
216.63.32.64 - - [22/Oct/1999:07:44:27 -0400] "GET /PRESIDENT/campaigns.gif HTTP/1.1" 200 5835 "http://www.selectsmart.com/PRESIDENT/" "Mozilla/4.0 (compatible; MSIE 5.0; Windows 95; DigExt)"
216.63.32.64 - - [22/Oct/1999:07:44:28 -0400] "GET /BUSINESS/drop_v.jpg HTTP/1.1" 200 1963 "http://www.selectsmart.com/PRESIDENT/" "Mozilla/4.0 (compatible; MSIE 5.0; Windows 95; DigExt)"
216.63.32.64 - - [22/Oct/1999:07:44:28 -0400] "GET /BUSINESS/16.gif HTTP/1.1" 200 6704 "http://www.selectsmart.com/PRESIDENT/" "Mozilla/4.0 (compatible; MSIE 5.0; Windows 95; DigExt)"
216.63.32.64 - - [22/Oct/1999:07:44:28 -0400] "GET /PRESIDENT/packaging.gif HTTP/1.1" 200 10663 "http://www.selectsmart.com/PRESIDENT/" "Mozilla/4.0 (compatible; MSIE 5.0; Windows 95; DigExt)"
216.63.32.64 - - [22/Oct/1999:07:44:28 -0400] "GET /BUSINESS/drop_h.jpg HTTP/1.1" 200 2034 "http://www.selectsmart.com/PRESIDENT/" "Mozilla/4.0 (compatible; MSIE 5.0; Windows 95; DigExt)"
216.63.32.64 - - [22/Oct/1999:07:44:28 -0400] "GET /PRESIDENT/vidal.gif HTTP/1.1" 200 11342 "http://www.selectsmart.com/PRESIDENT/" "Mozilla/4.0 (compatible; MSIE 5.0; Windows 95; DigExt)"
216.63.32.64 - - [22/Oct/1999:07:44:30 -0400] "GET /PRESIDENT/TR.gif HTTP/1.1" 200 5566 "http://www.selectsmart.com/PRESIDENT/" "Mozilla/4.0 (compatible; MSIE 5.0; Windows 95; DigExt)"
216.63.32.64 - - [22/Oct/1999:07:44:30 -0400] "GET /PRESIDENT/camp2000.gif HTTP/1.1" 200 7449 "http://www.selectsmart.com/PRESIDENT/" "Mozilla/4.0 (compatible; MSIE 5.0; Windows 95; DigExt)"
216.63.32.64 - - [22/Oct/1999:07:44:31 -0400] "GET /curt.jpg HTTP/1.1" 200 4228 "http://www.selectsmart.com/PRESIDENT/" "Mozilla/4.0 (compatible; MSIE 5.0; Windows 95; DigExt)"
206.189.24.7 - - [22/Oct/1999:07:44:37 -0400] "GET / HTTP/1.0" 304 - "-" "Mozilla/4.0 (compatible; MSIE 4.01; Windows 95)"
206.189.24.7 - - [22/Oct/1999:07:44:37 -0400] "GET /sidepanel.html HTTP/1.0" 304 - "http://www.selectsmart.com/" "Mozilla/4.0 (compatible; MSIE 4.01; Windows 95)"
206.189.24.7 - - [22/Oct/1999:07:44:38 -0400] "GET /thnkyell.jpg HTTP/1.0" 304 - "http://www.selectsmart.com/sidepanel.html" "Mozilla/4.0 (compatible; MSIE 4.01; Windows 95)"
206.189.24.7 - - [22/Oct/1999:07:44:38 -0400] "GET /solid48.gif HTTP/1.0" 304 - "http://www.selectsmart.com/sidepanel.html" "Mozilla/4.0 (compatible; MSIE 4.01; Windows 95)"
206.189.24.7 - - [22/Oct/1999:07:44:38 -0400] "GET /AMAZON/amzn-buy.gif HTTP/1.0" 304 - "http://www.selectsmart.com/sidepanel.html" "Mozilla/4.0 (compatible; MSIE 4.01; Windows 95)"
206.189.24.7 - - [22/Oct/1999:07:44:38 -0400] "GET /solid17.gif HTTP/1.0" 304 - "http://www.selectsmart.com/sidepanel.html" "Mozilla/4.0 (compatible; MSIE 4.01; Windows 95)"
209.240.200.114 - - [22/Oct/1999:07:44:39 -0400] "GET /PRESIDENT/ HTTP/1.0" 200 29678 "http://www.freerepublic.com/forum/a380fd23a2489.htm" "Mozilla/3.0 WebTV/1.2 (compatible; MSIE 2.0)"
209.240.200.114 - - [22/Oct/1999:07:44:43 -0400] "GET /BUSINESS/drop_h.jpg HTTP/1.0" 200 2034 "http://www.selectsmart.com/PRESIDENT/" "Mozilla/3.0 WebTV/1.2 (compatible; MSIE 2.0)"
209.240.200.117 - - [22/Oct/1999:07:44:43 -0400] "GET /BUSINESS/drop_v.jpg HTTP/1.0" 200 1963 "http://www.selectsmart.com/PRESIDENT/" "Mozilla/3.0 WebTV/1.2 (compatible; MSIE 2.0)"
209.240.200.113 - - [22/Oct/1999:07:44:44 -0400] "GET /PRESIDENT/anecdote.gif HTTP/1.0" 200 6898 "http://www.selectsmart.com/PRESIDENT/" "Mozilla/3.0 WebTV/1.2 (compatible; MSIE 2.0)"
209.240.200.117 - - [22/Oct/1999:07:44:44 -0400] "GET /PRESIDENT/campaigns.gif HTTP/1.0" 200 5835 "http://www.selectsmart.com/PRESIDENT/" "Mozilla/3.0 WebTV/1.2 (compatible; MSIE 2.0)"
209.240.200.111 - - [22/Oct/1999:07:44:44 -0400] "GET /PRESIDENT/packaging.gif HTTP/1.0" 200 10663 "http://www.selectsmart.com/PRESIDENT/" "Mozilla/3.0 WebTV/1.2 (compatible; MSIE 2.0)"
209.240.200.113 - - [22/Oct/1999:07:44:48 -0400] "GET /PRESIDENT/vidal.gif HTTP/1.0" 200 11342 "http://www.selectsmart.com/PRESIDENT/" "Mozilla/3.0 WebTV/1.2 (compatible; MSIE 2.0)"
209.240.200.114 - - [22/Oct/1999:07:44:49 -0400] "GET /PRESIDENT/TR.gif HTTP/1.0" 200 5566 "http://www.selectsmart.com/PRESIDENT/" "Mozilla/3.0 WebTV/1.2 (compatible; MSIE 2.0)"
209.240.200.118 - - [22/Oct/1999:07:44:51 -0400] "GET /PRESIDENT/camp2000.gif HTTP/1.0" 200 7449 "http://www.selectsmart.com/PRESIDENT/" "Mozilla/3.0 WebTV/1.2 (compatible; MSIE 2.0)"
208.193.27.68 - - [22/Oct/1999:07:44:54 -0400] "POST /PRESIDENT/results.php3 HTTP/1.1" 200 12826 "http://www.selectsmart.com/PRESIDENT/results.php3" "Mozilla/4.0 (compatible; MSIE 4.01; Windows NT)"
208.193.27.68 - - [22/Oct/1999:07:44:54 -0400] "GET /PRESIDENT/images/bauer.jpg HTTP/1.1" 200 2154 "http://www.selectsmart.com/PRESIDENT/results.php3" "Mozilla/4.0 (compatible; MSIE 4.01; Windows NT)"
208.193.27.68 - - [22/Oct/1999:07:44:54 -0400] "GET /PRESIDENT/hatch.gif HTTP/1.1" 200 6423 "http://www.selectsmart.com/PRESIDENT/results.php3" "Mozilla/4.0 (compatible; MSIE 4.01; Windows NT)"
199.228.142.1 - - [22/Oct/1999:07:45:10 -0400] "GET /DOG/description1.htm HTTP/1.0" 200 19423 "http://www.selectsmart.com/DOG/description2.htm" "Mozilla/4.0 (compatible; MSIE 4.01; Windows 98)"
199.228.142.1 - - [22/Oct/1999:07:45:10 -0400] "GET /DOG/images/cairn.jpg HTTP/1.0" 200 1264 "http://www.selectsmart.com/DOG/description1.htm" "Mozilla/4.0 (compatible; MSIE 4.01; Windows 98)"
199.228.142.1 - - [22/Oct/1999:07:45:10 -0400] "GET /DOG/images/chesa.jpg HTTP/1.0" 200 1631 "http://www.selectsmart.com/DOG/description1.htm" "Mozilla/4.0 (compatible; MSIE 4.01; Windows 98)"
199.228.142.1 - - [22/Oct/1999:07:45:11 -0400] "GET /DOG/images/chihuahua.jpg HTTP/1.0" 200 1165 "http://www.selectsmart.com/DOG/description1.htm" "Mozilla/4.0 (compatible; MSIE 4.01; Windows 98)"
199.228.142.1 - - [22/Oct/1999:07:45:11 -0400] "GET /DOG/images/crested.jpg HTTP/1.0" 200 1393 "http://www.selectsmart.com/DOG/description1.htm" "Mozilla/4.0 (compatible; MSIE 4.01; Windows 98)"
199.228.142.1 - - [22/Oct/1999:07:45:11 -0400] "GET /DOG/images/sharpei.jpg HTTP/1.0" 200 1205 "http://www.selectsmart.com/DOG/description1.htm" "Mozilla/4.0 (compatible; MSIE 4.01; Windows 98)"
199.228.142.1 - - [22/Oct/1999:07:45:11 -0400] "GET /DOG/images/chow.jpg HTTP/1.0" 200 1296 "http://www.selectsmart.com/DOG/description1.htm" "Mozilla/4.0 (compatible; MSIE 4.01; Windows 98)"
199.228.142.1 - - [22/Oct/1999:07:45:11 -0400] "GET /DOG/images/cocker.jpg HTTP/1.0" 200 1625 "http://www.selectsmart.com/DOG/description1.htm" "Mozilla/4.0 (compatible; MSIE 4.01; Windows 98)"
199.228.142.1 - - [22/Oct/1999:07:45:11 -0400] "GET /DOG/images/dachs.jpg HTTP/1.0" 200 1476 "http://www.selectsmart.com/DOG/description1.htm" "Mozilla/4.0 (compatible; MSIE 4.01; Windows 98)"
199.228.142.1 - - [22/Oct/1999:07:45:12 -0400] "GET /DOG/images/dal.gif HTTP/1.0" 200 1908 "http://www.selectsmart.com/DOG/description1.htm" "Mozilla/4.0 (compatible; MSIE 4.01; Windows 98)"
199.228.142.1 - - [22/Oct/1999:07:45:12 -0400] "GET /DOG/images/dandie.jpg HTTP/1.0" 200 1531 "http://www.selectsmart.com/DOG/description1.htm" "Mozilla/4.0 (compatible; MSIE 4.01; Windows 98)"
199.228.142.1 - - [22/Oct/1999:07:45:12 -0400] "GET /DOG/images/dobie.jpg HTTP/1.0" 200 1600 "http://www.selectsmart.com/DOG/description1.htm" "Mozilla/4.0 (compatible; MSIE 4.01; Windows 98)"
199.228.142.1 - - [22/Oct/1999:07:46:07 -0400] "GET /DOG/groups.htm HTTP/1.0" 200 12588 "http://www.selectsmart.com/DOG/description.htm" "Mozilla/4.0 (compatible; MSIE 4.01; Windows 98)"
161.80.45.171 - - [22/Oct/1999:07:46:15 -0400] "GET /PRESIDENT/ HTTP/1.0" 200 29678 "-" "Mozilla/4.5 [en] (Win98; U)"
161.80.45.171 - - [22/Oct/1999:07:46:15 -0400] "GET /BUSINESS/drop_h.jpg HTTP/1.0" 200 2034 "http://www.selectsmart.com/PRESIDENT/" "Mozilla/4.5 [en] (Win98; U)"
161.80.45.171 - - [22/Oct/1999:07:46:15 -0400] "GET /BUSINESS/16.gif HTTP/1.0" 200 6704 "http://www.selectsmart.com/PRESIDENT/" "Mozilla/4.5 [en] (Win98; U)"
161.80.45.171 - - [22/Oct/1999:07:46:15 -0400] "GET /BUSINESS/drop_v.jpg HTTP/1.0" 200 1963 "http://www.selectsmart.com/PRESIDENT/" "Mozilla/4.5 [en] (Win98; U)"
161.80.45.171 - - [22/Oct/1999:07:46:15 -0400] "GET /PRESIDENT/anecdote.gif HTTP/1.0" 200 6898 "http://www.selectsmart.com/PRESIDENT/" "Mozilla/4.5 [en] (Win98; U)"
161.80.45.171 - - [22/Oct/1999:07:46:15 -0400] "GET /PRESIDENT/campaigns.gif HTTP/1.0" 200 5835 "http://www.selectsmart.com/PRESIDENT/" "Mozilla/4.5 [en] (Win98; U)"
161.80.45.171 - - [22/Oct/1999:07:46:15 -0400] "GET /PRESIDENT/packaging.gif HTTP/1.0" 200 10663 "http://www.selectsmart.com/PRESIDENT/" "Mozilla/4.5 [en] (Win98; U)"
161.80.45.171 - - [22/Oct/1999:07:46:15 -0400] "GET /PRESIDENT/vidal.gif HTTP/1.0" 200 11342 "http://www.selectsmart.com/PRESIDENT/" "Mozilla/4.5 [en] (Win98; U)"
161.80.45.171 - - [22/Oct/1999:07:46:16 -0400] "GET /PRESIDENT/camp2000.gif HTTP/1.0" 200 7449 "http://www.selectsmart.com/PRESIDENT/" "Mozilla/4.5 [en] (Win98; U)"
161.80.45.171 - - [22/Oct/1999:07:46:16 -0400] "GET /PRESIDENT/TR.gif HTTP/1.0" 200 5566 "http://www.selectsmart.com/PRESIDENT/" "Mozilla/4.5 [en] (Win98; U)"
161.80.45.171 - - [22/Oct/1999:07:46:16 -0400] "GET /curt.jpg HTTP/1.0" 200 4228 "http://www.selectsmart.com/PRESIDENT/" "Mozilla/4.5 [en] (Win98; U)"
206.189.24.7 - - [22/Oct/1999:07:46:24 -0400] "GET /classads HTTP/1.0" 301 240 "http://www.selectsmart.com/indexa.html" "Mozilla/4.0 (compatible; MSIE 4.01; Windows 95)"
206.189.24.7 - - [22/Oct/1999:07:46:30 -0400] "GET /DOG/purinadog.gif HTTP/1.0" 200 11906 "http://www.selectsmart.com/classads/" "Mozilla/4.0 (compatible; MSIE 4.01; Windows 95)"
206.189.24.7 - - [22/Oct/1999:07:46:30 -0400] "GET /DOG/compet.gif HTTP/1.0" 200 15373 "http://www.selectsmart.com/classads/" "Mozilla/4.0 (compatible; MSIE 4.01; Windows 95)"
206.189.24.7 - - [22/Oct/1999:07:46:30 -0400] "GET /DOG/toydog.gif HTTP/1.0" 200 11205 "http://www.selectsmart.com/classads/" "Mozilla/4.0 (compatible; MSIE 4.01; Windows 95)"
206.189.24.7 - - [22/Oct/1999:07:46:30 -0400] "GET /classads/ HTTP/1.0" 200 102824 "http://www.selectsmart.com/classads/" "Mozilla/4.0 (compatible; MSIE 4.01; Windows 95)"
206.189.24.7 - - [22/Oct/1999:07:46:30 -0400] "GET /DOG/gettingthemost.gif HTTP/1.0" 304 - "http://www.selectsmart.com/classads/" "Mozilla/4.0 (compatible; MSIE 4.01; Windows 95)"
206.189.24.7 - - [22/Oct/1999:07:46:30 -0400] "GET /DOG/trickisin.gif HTTP/1.0" 304 - "http://www.selectsmart.com/classads/" "Mozilla/4.0 (compatible; MSIE 4.01; Windows 95)"
206.189.24.7 - - [22/Oct/1999:07:46:31 -0400] "GET /heart.gif HTTP/1.0" 200 1806 "http://www.selectsmart.com/classads/" "Mozilla/4.0 (compatible; MSIE 4.01; Windows 95)"
206.189.24.7 - - [22/Oct/1999:07:46:32 -0400] "GET /DOG/pudgy.gif HTTP/1.0" 200 14675 "http://www.selectsmart.com/classads/" "Mozilla/4.0 (compatible; MSIE 4.01; Windows 95)"
12.78.211.90 - - [22/Oct/1999:07:47:10 -0400] "POST /PRESIDENT/results.php3 HTTP/1.1" 200 5529 "http://www.selectsmart.com/PRESIDENT/results.php3" "Mozilla/4.0 (compatible; MSIE 4.01; Windows 98)"
12.78.211.90 - - [22/Oct/1999:07:47:12 -0400] "GET /PRESIDENT/images/hagelin.jpg HTTP/1.1" 200 2243 "http://www.selectsmart.com/PRESIDENT/results.php3" "Mozilla/4.0 (compatible; MSIE 4.01; Windows 98)"
132.236.129.156 - - [22/Oct/1999:07:47:19 -0400] "GET /PRESIDENT/ HTTP/1.0" 200 29678 "-" "Mozilla/4.05 [en] (Win95; U ;Nav)"
132.236.129.156 - - [22/Oct/1999:07:47:19 -0400] "GET /BUSINESS/drop_h.jpg HTTP/1.0" 200 2034 "http://www.selectsmart.com/PRESIDENT/" "Mozilla/4.05 [en] (Win95; U ;Nav)"
132.236.129.156 - - [22/Oct/1999:07:47:19 -0400] "GET /BUSINESS/drop_v.jpg HTTP/1.0" 200 1963 "http://www.selectsmart.com/PRESIDENT/" "Mozilla/4.05 [en] (Win95; U ;Nav)"
132.236.129.156 - - [22/Oct/1999:07:47:19 -0400] "GET /BUSINESS/16.gif HTTP/1.0" 200 6704 "http://www.selectsmart.com/PRESIDENT/" "Mozilla/4.05 [en] (Win95; U ;Nav)"
132.236.129.156 - - [22/Oct/1999:07:47:20 -0400] "GET /PRESIDENT/TR.gif HTTP/1.0" 200 5566 "http://www.selectsmart.com/PRESIDENT/" "Mozilla/4.05 [en] (Win95; U ;Nav)"
132.236.129.156 - - [22/Oct/1999:07:47:20 -0400] "GET /PRESIDENT/packaging.gif HTTP/1.0" 200 10663 "http://www.selectsmart.com/PRESIDENT/" "Mozilla/4.05 [en] (Win95; U ;Nav)"
132.236.129.156 - - [22/Oct/1999:07:47:20 -0400] "GET /PRESIDENT/anecdote.gif HTTP/1.0" 200 6898 "http://www.selectsmart.com/PRESIDENT/" "Mozilla/4.05 [en] (Win95; U ;Nav)"
132.236.129.156 - - [22/Oct/1999:07:47:20 -0400] "GET /PRESIDENT/campaigns.gif HTTP/1.0" 200 5835 "http://www.selectsmart.com/PRESIDENT/" "Mozilla/4.05 [en] (Win95; U ;Nav)"
132.236.129.156 - - [22/Oct/1999:07:47:20 -0400] "GET /curt.jpg HTTP/1.0" 200 4228 "http://www.selectsmart.com/PRESIDENT/" "Mozilla/4.05 [en] (Win95; U ;Nav)"
132.236.129.156 - - [22/Oct/1999:07:47:20 -0400] "GET /PRESIDENT/vidal.gif HTTP/1.0" 200 11342 "http://www.selectsmart.com/PRESIDENT/" "Mozilla/4.05 [en] (Win95; U ;Nav)"
132.236.129.156 - - [22/Oct/1999:07:47:20 -0400] "GET /PRESIDENT/camp2000.gif HTTP/1.0" 200 7449 "http://www.selectsmart.com/PRESIDENT/" "Mozilla/4.05 [en] (Win95; U ;Nav)"
204.223.162.3 - - [22/Oct/1999:07:47:59 -0400] "GET /PRESIDENT/ HTTP/1.0" 200 29678 "-" "Mozilla/4.0 (compatible; MSIE 4.01; Windows NT)"
204.223.162.3 - - [22/Oct/1999:07:48:00 -0400] "GET /PRESIDENT/anecdote.gif HTTP/1.0" 200 6898 "http://www.selectsmart.com/PRESIDENT/" "Mozilla/4.0 (compatible; MSIE 4.01; Windows NT)"
204.223.162.3 - - [22/Oct/1999:07:48:01 -0400] "GET /PRESIDENT/packaging.gif HTTP/1.0" 200 10663 "http://www.selectsmart.com/PRESIDENT/" "Mozilla/4.0 (compatible; MSIE 4.01; Windows NT)"
204.223.162.3 - - [22/Oct/1999:07:48:01 -0400] "GET /PRESIDENT/campaigns.gif HTTP/1.0" 200 5835 "http://www.selectsmart.com/PRESIDENT/" "Mozilla/4.0 (compatible; MSIE 4.01; Windows NT)"
204.223.162.3 - - [22/Oct/1999:07:48:01 -0400] "GET /BUSINESS/drop_v.jpg HTTP/1.0" 200 1963 "http://www.selectsmart.com/PRESIDENT/" "Mozilla/4.0 (compatible; MSIE 4.01; Windows NT)"
204.223.162.3 - - [22/Oct/1999:07:48:01 -0400] "GET /BUSINESS/drop_h.jpg HTTP/1.0" 200 2034 "http://www.selectsmart.com/PRESIDENT/" "Mozilla/4.0 (compatible; MSIE 4.01; Windows NT)"
204.223.162.3 - - [22/Oct/1999:07:48:01 -0400] "GET /PRESIDENT/vidal.gif HTTP/1.0" 200 11342 "http://www.selectsmart.com/PRESIDENT/" "Mozilla/4.0 (compatible; MSIE 4.01; Windows NT)"
204.223.162.3 - - [22/Oct/1999:07:48:01 -0400] "GET /PRESIDENT/TR.gif HTTP/1.0" 200 5566 "http://www.selectsmart.com/PRESIDENT/" "Mozilla/4.0 (compatible; MSIE 4.01; Windows NT)"
204.223.162.3 - - [22/Oct/1999:07:48:02 -0400] "GET /PRESIDENT/camp2000.gif HTTP/1.0" 200 7449 "http://www.selectsmart.com/PRESIDENT/" "Mozilla/4.0 (compatible; MSIE 4.01; Windows NT)"
204.223.162.3 - - [22/Oct/1999:07:48:02 -0400] "GET /PRESIDENT/ HTTP/1.0" 200 29678 "-" "Lotus-Notes/4.5 ( Windows-NT )"
204.223.162.3 - - [22/Oct/1999:07:48:03 -0400] "GET /BUSINESS/16.gif HTTP/1.0" 200 6704 "http://www.selectsmart.com/PRESIDENT/" "Mozilla/4.0 (compatible; MSIE 4.01; Windows NT)"
204.223.162.3 - - [22/Oct/1999:07:48:04 -0400] "GET /curt.jpg HTTP/1.0" 200 4228 "http://www.selectsmart.com/PRESIDENT/" "Mozilla/4.0 (compatible; MSIE 4.01; Windows NT)"
207.251.201.123 - - [22/Oct/1999:07:48:19 -0400] "GET /indexa.html HTTP/1.0" 304 - "-" "Mozilla/3.01 (compatible;)"
12.78.211.90 - - [22/Oct/1999:07:48:19 -0400] "POST /PRESIDENT/results.php3 HTTP/1.1" 200 6299 "http://www.selectsmart.com/PRESIDENT/results.php3" "Mozilla/4.0 (compatible; MSIE 4.01; Windows 98)"
12.78.211.90 - - [22/Oct/1999:07:48:20 -0400] "GET /PRESIDENT/images/gore.jpg HTTP/1.1" 200 2930 "http://www.selectsmart.com/PRESIDENT/results.php3" "Mozilla/4.0 (compatible; MSIE 4.01; Windows 98)"
157.93.253.11 - - [22/Oct/1999:07:48:24 -0400] "GET /PRESIDENT/ HTTP/1.0" 200 29678 "http://www.freerepublic.com/forum/a380fd23a2489.htm" "Mozilla/4.0 (compatible; MSIE 4.01; Windows 98)"
157.93.253.11 - - [22/Oct/1999:07:48:24 -0400] "GET /BUSINESS/16.gif HTTP/1.0" 200 6704 "http://www.selectsmart.com/PRESIDENT/" "Mozilla/4.0 (compatible; MSIE 4.01; Windows 98)"
157.93.253.11 - - [22/Oct/1999:07:48:25 -0400] "GET /BUSINESS/drop_h.jpg HTTP/1.0" 200 2034 "http://www.selectsmart.com/PRESIDENT/" "Mozilla/4.0 (compatible; MSIE 4.01; Windows 98)"
157.93.253.11 - - [22/Oct/1999:07:48:25 -0400] "GET /PRESIDENT/anecdote.gif HTTP/1.0" 200 6898 "http://www.selectsmart.com/PRESIDENT/" "Mozilla/4.0 (compatible; MSIE 4.01; Windows 98)"
157.93.253.11 - - [22/Oct/1999:07:48:25 -0400] "GET /PRESIDENT/campaigns.gif HTTP/1.0" 200 5835 "http://www.selectsmart.com/PRESIDENT/" "Mozilla/4.0 (compatible; MSIE 4.01; Windows 98)"
157.93.253.11 - - [22/Oct/1999:07:48:26 -0400] "GET /PRESIDENT/packaging.gif HTTP/1.0" 200 10663 "http://www.selectsmart.com/PRESIDENT/" "Mozilla/4.0 (compatible; MSIE 4.01; Windows 98)"
157.93.253.11 - - [22/Oct/1999:07:48:26 -0400] "GET /PRESIDENT/vidal.gif HTTP/1.0" 200 11342 "http://www.selectsmart.com/PRESIDENT/" "Mozilla/4.0 (compatible; MSIE 4.01; Windows 98)"
157.93.253.11 - - [22/Oct/1999:07:48:26 -0400] "GET /PRESIDENT/TR.gif HTTP/1.0" 200 5566 "http://www.selectsmart.com/PRESIDENT/" "Mozilla/4.0 (compatible; MSIE 4.01; Windows 98)"
157.93.253.11 - - [22/Oct/1999:07:48:27 -0400] "GET /PRESIDENT/camp2000.gif HTTP/1.0" 200 7449 "http://www.selectsmart.com/PRESIDENT/" "Mozilla/4.0 (compatible; MSIE 4.01; Windows 98)"
157.93.253.11 - - [22/Oct/1999:07:48:27 -0400] "GET /curt.jpg HTTP/1.0" 200 4228 "http://www.selectsmart.com/PRESIDENT/" "Mozilla/4.0 (compatible; MSIE 4.01; Windows 98)"
157.93.253.11 - - [22/Oct/1999:07:48:27 -0400] "GET /BUSINESS/drop_v.jpg HTTP/1.0" 200 1963 "http://www.selectsmart.com/PRESIDENT/" "Mozilla/4.0 (compatible; MSIE 4.01; Windows 98)"
209.8.113.130 - - [22/Oct/1999:07:48:35 -0400] "GET /PRESIDENT/define2.htm HTTP/1.0" 200 201 "http://www.selectsmart.com/PRESIDENT/" "Mozilla/4.5 [en] (Win98; I)"
151.200.96.6 - - [22/Oct/1999:07:48:50 -0400] "GET /PRESIDENT/ HTTP/1.0" 200 29678 "-" "Mozilla/4.06 [en] (WinNT; U)"
151.200.96.6 - - [22/Oct/1999:07:48:51 -0400] "GET /BUSINESS/drop_h.jpg HTTP/1.0" 200 2034 "http://www.selectsmart.com/PRESIDENT/" "Mozilla/4.06 [en] (WinNT; U)"
151.200.96.6 - - [22/Oct/1999:07:48:51 -0400] "GET /BUSINESS/drop_v.jpg HTTP/1.0" 200 1963 "http://www.selectsmart.com/PRESIDENT/" "Mozilla/4.06 [en] (WinNT; U)"
151.200.96.6 - - [22/Oct/1999:07:48:51 -0400] "GET /BUSINESS/16.gif HTTP/1.0" 200 6704 "http://www.selectsmart.com/PRESIDENT/" "Mozilla/4.06 [en] (WinNT; U)"
209.8.113.130 - - [22/Oct/1999:07:48:52 -0400] "GET /PRESIDENT/define3.htm HTTP/1.0" 200 270 "http://www.selectsmart.com/PRESIDENT/" "Mozilla/4.5 [en] (Win98; I)"
151.200.96.6 - - [22/Oct/1999:07:48:52 -0400] "GET /PRESIDENT/packaging.gif HTTP/1.0" 200 10663 "http://www.selectsmart.com/PRESIDENT/" "Mozilla/4.06 [en] (WinNT; U)"
151.200.96.6 - - [22/Oct/1999:07:48:52 -0400] "GET /PRESIDENT/anecdote.gif HTTP/1.0" 200 6898 "http://www.selectsmart.com/PRESIDENT/" "Mozilla/4.06 [en] (WinNT; U)"
151.200.96.6 - - [22/Oct/1999:07:48:52 -0400] "GET /PRESIDENT/TR.gif HTTP/1.0" 200 5566 "http://www.selectsmart.com/PRESIDENT/" "Mozilla/4.06 [en] (WinNT; U)"
151.200.96.6 - - [22/Oct/1999:07:48:52 -0400] "GET /PRESIDENT/campaigns.gif HTTP/1.0" 200 5835 "http://www.selectsmart.com/PRESIDENT/" "Mozilla/4.06 [en] (WinNT; U)"
151.200.96.6 - - [22/Oct/1999:07:48:52 -0400] "GET /PRESIDENT/vidal.gif HTTP/1.0" 200 11342 "http://www.selectsmart.com/PRESIDENT/" "Mozilla/4.06 [en] (WinNT; U)"
151.200.96.6 - - [22/Oct/1999:07:48:53 -0400] "GET /curt.jpg HTTP/1.0" 200 4228 "http://www.selectsmart.com/PRESIDENT/" "Mozilla/4.06 [en] (WinNT; U)"
151.200.96.6 - - [22/Oct/1999:07:48:53 -0400] "GET /PRESIDENT/camp2000.gif HTTP/1.0" 200 7449 "http://www.selectsmart.com/PRESIDENT/" "Mozilla/4.06 [en] (WinNT; U)"
199.203.140.40 - - [22/Oct/1999:07:49:06 -0400] "GET /dog/descriptiox2.htm HTTP/1.0" 200 21389 "-" "Mozilla/4.0 (compatible; MSIE 4.01; Windows 98)"
199.203.140.40 - - [22/Oct/1999:07:49:07 -0400] "GET /dog/IWS.jpg HTTP/1.0" 200 15609 "http://www.selectsmart.com/dog/descriptiox2.htm" "Mozilla/4.0 (compatible; MSIE 4.01; Windows 98)"
199.203.140.40 - - [22/Oct/1999:07:49:07 -0400] "GET /dog/kira.jpg HTTP/1.0" 200 3139 "http://www.selectsmart.com/dog/descriptiox2.htm" "Mozilla/4.0 (compatible; MSIE 4.01; Windows 98)"
199.203.140.40 - - [22/Oct/1999:07:49:07 -0400] "GET /dog/rotweil.jpg HTTP/1.0" 200 4349 "http://www.selectsmart.com/dog/descriptiox2.htm" "Mozilla/4.0 (compatible; MSIE 4.01; Windows 98)"
199.203.140.40 - - [22/Oct/1999:07:49:08 -0400] "GET /dog/shiba.jpg HTTP/1.0" 200 8813 "http://www.selectsmart.com/dog/descriptiox2.htm" "Mozilla/4.0 (compatible; MSIE 4.01; Windows 98)"
199.203.140.40 - - [22/Oct/1999:07:49:08 -0400] "GET /dog/sschnauz.jpg HTTP/1.0" 200 1262 "http://www.selectsmart.com/dog/descriptiox2.htm" "Mozilla/4.0 (compatible; MSIE 4.01; Windows 98)"
199.203.140.40 - - [22/Oct/1999:07:49:09 -0400] "GET /dog/corgi.jpg HTTP/1.0" 200 2098 "http://www.selectsmart.com/dog/descriptiox2.htm" "Mozilla/4.0 (compatible; MSIE 4.01; Windows 98)"
206.189.24.7 - - [22/Oct/1999:07:49:12 -0400] "GET / HTTP/1.0" 304 - "-" "Mozilla/4.0 (compatible; MSIE 4.01; Windows 95)"
206.189.24.7 - - [22/Oct/1999:07:49:12 -0400] "GET /sidepanel.html HTTP/1.0" 304 - "http://www.selectsmart.com/" "Mozilla/4.0 (compatible; MSIE 4.01; Windows 95)"
206.189.24.7 - - [22/Oct/1999:07:49:12 -0400] "GET /indexa.html HTTP/1.0" 304 - "http://www.selectsmart.com/" "Mozilla/4.0 (compatible; MSIE 4.01; Windows 95)"
206.189.24.7 - - [22/Oct/1999:07:49:12 -0400] "GET /solid52.gif HTTP/1.0" 304 - "http://www.selectsmart.com/sidepanel.html" "Mozilla/4.0 (compatible; MSIE 4.01; Windows 95)"
206.189.24.7 - - [22/Oct/1999:07:49:13 -0400] "GET /solid48.gif HTTP/1.0" 304 - "http://www.selectsmart.com/sidepanel.html" "Mozilla/4.0 (compatible; MSIE 4.01; Windows 95)"
