24.4.252.42 - - [22/Oct/1999:08:48:34 -0400] "GET /PRESIDENT/vidal.gif HTTP/1.0" 200 11342 "http://www.selectsmart.com/PRESIDENT/" "Mozilla/4.5 [en]C-AtHome0405 (Win95; U)"
24.4.252.42 - - [22/Oct/1999:08:48:34 -0400] "GET /PRESIDENT/packaging.gif HTTP/1.0" 200 10663 "http://www.selectsmart.com/PRESIDENT/" "Mozilla/4.5 [en]C-AtHome0405 (Win95; U)"
24.4.252.42 - - [22/Oct/1999:08:48:34 -0400] "GET /PRESIDENT/campaigns.gif HTTP/1.0" 200 5835 "http://www.selectsmart.com/PRESIDENT/" "Mozilla/4.5 [en]C-AtHome0405 (Win95; U)"
24.4.252.43 - - [22/Oct/1999:08:48:34 -0400] "GET /PRESIDENT/camp2000.gif HTTP/1.0" 200 7449 "http://www.selectsmart.com/PRESIDENT/" "Mozilla/4.5 [en]C-AtHome0405 (Win95; U)"
24.4.252.43 - - [22/Oct/1999:08:48:34 -0400] "GET /PRESIDENT/TR.gif HTTP/1.0" 200 5566 "http://www.selectsmart.com/PRESIDENT/" "Mozilla/4.5 [en]C-AtHome0405 (Win95; U)"
24.4.252.43 - - [22/Oct/1999:08:48:34 -0400] "GET /curt.jpg HTTP/1.0" 200 4228 "http://www.selectsmart.com/PRESIDENT/" "Mozilla/4.5 [en]C-AtHome0405 (Win95; U)"
208.146.114.30 - - [22/Oct/1999:08:48:35 -0400] "GET /PRESIDENT/anecdote.gif HTTP/1.0" 200 6898 "http://www.selectsmart.com/PRESIDENT/" "Mozilla/4.5 [en] (Win95; I)"
208.146.114.30 - - [22/Oct/1999:08:48:35 -0400] "GET /PRESIDENT/packaging.gif HTTP/1.0" 200 10663 "http://www.selectsmart.com/PRESIDENT/" "Mozilla/4.5 [en] (Win95; I)"
208.146.114.30 - - [22/Oct/1999:08:48:35 -0400] "GET /PRESIDENT/TR.gif HTTP/1.0" 200 5566 "http://www.selectsmart.com/PRESIDENT/" "Mozilla/4.5 [en] (Win95; I)"
208.146.114.30 - - [22/Oct/1999:08:48:35 -0400] "GET /curt.jpg HTTP/1.0" 200 4228 "http://www.selectsmart.com/PRESIDENT/" "Mozilla/4.5 [en] (Win95; I)"
208.146.114.30 - - [22/Oct/1999:08:48:36 -0400] "GET /PRESIDENT/vidal.gif HTTP/1.0" 200 11342 "http://www.selectsmart.com/PRESIDENT/" "Mozilla/4.5 [en] (Win95; I)"
208.146.114.30 - - [22/Oct/1999:08:48:36 -0400] "GET /PRESIDENT/campaigns.gif HTTP/1.0" 200 5835 "http://www.selectsmart.com/PRESIDENT/" "Mozilla/4.5 [en] (Win95; I)"
208.146.114.30 - - [22/Oct/1999:08:48:36 -0400] "GET /PRESIDENT/camp2000.gif HTTP/1.0" 200 7449 "http://www.selectsmart.com/PRESIDENT/" "Mozilla/4.5 [en] (Win95; I)"
209.219.72.168 - - [22/Oct/1999:08:48:41 -0400] "GET /PRESIDENT/results.php3?more=now&mid=1 HTTP/1.0" 200 7174 "http://www.selectsmart.com/PRESIDENT/results.php3" "Mozilla/4.7 [en] (Win95; I)"
209.219.72.168 - - [22/Oct/1999:08:48:41 -0400] "GET /PRESIDENT/images/bauer.jpg HTTP/1.0" 200 2154 "http://www.selectsmart.com/PRESIDENT/results.php3?more=now&mid=1" "Mozilla/4.7 [en] (Win95; I)"
204.225.60.10 - - [22/Oct/1999:08:48:45 -0400] "POST /PRESIDENT/results.php3 HTTP/1.1" 200 6639 "http://www.selectsmart.com/PRESIDENT/" "Mozilla/4.0 (compatible; MSIE 4.01; Windows 98)"
158.72.64.25 - - [22/Oct/1999:08:48:49 -0400] "POST /PRESIDENT/results.php3 HTTP/1.1" 200 6640 "http://www.selectsmart.com/PRESIDENT/" "Mozilla/4.0 (compatible; MSIE 5.0; Windows NT; DigExt)"
216.61.237.130 - - [22/Oct/1999:08:48:49 -0400] "GET /PRESIDENT/define.htm HTTP/1.0" 200 151 "file:C:\WINDOWS\SYSTEM\blank.htm" "Mozilla/2.0 (compatible; MSIE 3.02; Update a; AK; Windows 95)"
209.244.214.130 - - [22/Oct/1999:08:48:51 -0400] "POST /PRESIDENT/results.php3 HTTP/1.0" 200 6626 "http://www.selectsmart.com/PRESIDENT/" "Mozilla/4.06 [en]C-gatewaynet (Win98; I)"
209.219.72.168 - - [22/Oct/1999:08:48:58 -0400] "GET /PRESIDENT/index.html HTTP/1.0" 200 29678 "http://www.selectsmart.com/PRESIDENT/results.php3?more=now&mid=1" "Mozilla/4.7 [en] (Win95; I)"
192.147.65.114 - - [22/Oct/1999:08:48:59 -0400] "GET /PRESIDENT/ HTTP/1.0" 200 29678 "-" "Mozilla/4.07 [en] (WinNT; U)"
192.147.65.114 - - [22/Oct/1999:08:48:59 -0400] "GET /BUSINESS/drop_h.jpg HTTP/1.0" 200 2034 "http://www.selectsmart.com/PRESIDENT/" "Mozilla/4.07 [en] (WinNT; U)"
192.147.65.114 - - [22/Oct/1999:08:48:59 -0400] "GET /BUSINESS/drop_v.jpg HTTP/1.0" 200 1963 "http://www.selectsmart.com/PRESIDENT/" "Mozilla/4.07 [en] (WinNT; U)"
192.147.65.114 - - [22/Oct/1999:08:48:59 -0400] "GET /BUSINESS/16.gif HTTP/1.0" 200 6704 "http://www.selectsmart.com/PRESIDENT/" "Mozilla/4.07 [en] (WinNT; U)"
204.225.60.10 - - [22/Oct/1999:08:49:00 -0400] "GET /PRESIDENT/results.php3?more=now&mid=3 HTTP/1.1" 200 7840 "http://www.selectsmart.com/PRESIDENT/results.php3" "Mozilla/4.0 (compatible; MSIE 4.01; Windows 98)"
204.225.60.10 - - [22/Oct/1999:08:49:00 -0400] "GET /PRESIDENT/images/bradley.jpg HTTP/1.1" 200 2294 "http://www.selectsmart.com/PRESIDENT/results.php3?more=now&mid=3" "Mozilla/4.0 (compatible; MSIE 4.01; Windows 98)"
216.61.237.130 - - [22/Oct/1999:08:49:00 -0400] "GET /PRESIDENT/define1.htm HTTP/1.0" 200 144 "file:C:\WINDOWS\SYSTEM\blank.htm" "Mozilla/2.0 (compatible; MSIE 3.02; Update a; AK; Windows 95)"
192.147.65.114 - - [22/Oct/1999:08:49:00 -0400] "GET /PRESIDENT/anecdote.gif HTTP/1.0" 200 6898 "http://www.selectsmart.com/PRESIDENT/" "Mozilla/4.07 [en] (WinNT; U)"
192.147.65.114 - - [22/Oct/1999:08:49:00 -0400] "GET /PRESIDENT/packaging.gif HTTP/1.0" 200 10663 "http://www.selectsmart.com/PRESIDENT/" "Mozilla/4.07 [en] (WinNT; U)"
192.147.65.114 - - [22/Oct/1999:08:49:00 -0400] "GET /PRESIDENT/TR.gif HTTP/1.0" 200 5566 "http://www.selectsmart.com/PRESIDENT/" "Mozilla/4.07 [en] (WinNT; U)"
192.147.65.114 - - [22/Oct/1999:08:49:00 -0400] "GET /curt.jpg HTTP/1.0" 200 4228 "http://www.selectsmart.com/PRESIDENT/" "Mozilla/4.07 [en] (WinNT; U)"
192.147.65.114 - - [22/Oct/1999:08:49:00 -0400] "GET /PRESIDENT/vidal.gif HTTP/1.0" 200 11342 "http://www.selectsmart.com/PRESIDENT/" "Mozilla/4.07 [en] (WinNT; U)"
192.147.65.114 - - [22/Oct/1999:08:49:00 -0400] "GET /PRESIDENT/campaigns.gif HTTP/1.0" 200 5835 "http://www.selectsmart.com/PRESIDENT/" "Mozilla/4.07 [en] (WinNT; U)"
192.147.65.114 - - [22/Oct/1999:08:49:00 -0400] "GET /PRESIDENT/camp2000.gif HTTP/1.0" 200 7449 "http://www.selectsmart.com/PRESIDENT/" "Mozilla/4.07 [en] (WinNT; U)"
38.176.236.163 - - [22/Oct/1999:08:49:03 -0400] "POST /PRESIDENT/results.php3 HTTP/1.1" 200 6641 "http://www.selectsmart.com/PRESIDENT/" "Mozilla/4.0 (compatible; MSIE 5.0; Windows 95; Toshiba Corporation; DigExt)"
143.231.93.71 - - [22/Oct/1999:08:49:06 -0400] "POST /PRESIDENT/results.php3 HTTP/1.1" 200 1388 "http://www.selectsmart.com/PRESIDENT/results.php3" "Mozilla/4.0 (compatible; MSIE 4.01; Windows NT; ACS_IQ)"
143.231.43.8 - - [22/Oct/1999:08:49:10 -0400] "GET /PRESIDENT/define8.htm HTTP/1.0" 200 322 "http://www.selectsmart.com/PRESIDENT/" "Mozilla/4.05 [en] (WinNT; I)"
207.233.189.24 - - [22/Oct/1999:08:49:17 -0400] "POST /PRESIDENT/results.php3 HTTP/1.1" 200 6640 "http://www.selectsmart.com/PRESIDENT/" "Mozilla/4.0 (compatible; MSIE 5.0; Windows 98; DigExt)"
209.122.238.40 - - [22/Oct/1999:08:49:21 -0400] "POST /PRESIDENT/results.php3 HTTP/1.1" 200 6638 "http://www.selectsmart.com/PRESIDENT/" "Mozilla/4.0 (compatible; MSIE 4.01; Windows 98; RR091798)"
143.231.230.67 - - [22/Oct/1999:08:49:26 -0400] "GET /PRESIDENT/ HTTP/1.0" 200 0 "-" "Mozilla/4.51 [en] (Win95; I)"
143.231.230.67 - - [22/Oct/1999:08:49:27 -0400] "GET /PRESIDENT/ HTTP/1.0" 200 29678 "-" "Mozilla/4.51 [en] (Win95; I)"
143.231.230.67 - - [22/Oct/1999:08:49:28 -0400] "GET /BUSINESS/drop_h.jpg HTTP/1.0" 200 2034 "http://www.selectsmart.com/PRESIDENT/" "Mozilla/4.51 [en] (Win95; I)"
143.231.230.67 - - [22/Oct/1999:08:49:28 -0400] "GET /BUSINESS/drop_v.jpg HTTP/1.0" 200 1963 "http://www.selectsmart.com/PRESIDENT/" "Mozilla/4.51 [en] (Win95; I)"
143.231.230.67 - - [22/Oct/1999:08:49:28 -0400] "GET /BUSINESS/16.gif HTTP/1.0" 200 6704 "http://www.selectsmart.com/PRESIDENT/" "Mozilla/4.51 [en] (Win95; I)"
143.231.43.8 - - [22/Oct/1999:08:49:28 -0400] "GET /PRESIDENT/define8a.htm HTTP/1.0" 200 193 "http://www.selectsmart.com/PRESIDENT/" "Mozilla/4.05 [en] (WinNT; I)"
143.231.230.67 - - [22/Oct/1999:08:49:29 -0400] "GET /PRESIDENT/packaging.gif HTTP/1.0" 200 10663 "http://www.selectsmart.com/PRESIDENT/" "Mozilla/4.51 [en] (Win95; I)"
143.231.230.67 - - [22/Oct/1999:08:49:29 -0400] "GET /PRESIDENT/anecdote.gif HTTP/1.0" 200 6898 "http://www.selectsmart.com/PRESIDENT/" "Mozilla/4.51 [en] (Win95; I)"
143.231.230.67 - - [22/Oct/1999:08:49:29 -0400] "GET /PRESIDENT/TR.gif HTTP/1.0" 200 5566 "http://www.selectsmart.com/PRESIDENT/" "Mozilla/4.51 [en] (Win95; I)"
143.231.230.67 - - [22/Oct/1999:08:49:29 -0400] "GET /curt.jpg HTTP/1.0" 200 4228 "http://www.selectsmart.com/PRESIDENT/" "Mozilla/4.51 [en] (Win95; I)"
143.231.230.67 - - [22/Oct/1999:08:49:29 -0400] "GET /PRESIDENT/vidal.gif HTTP/1.0" 200 11342 "http://www.selectsmart.com/PRESIDENT/" "Mozilla/4.51 [en] (Win95; I)"
143.231.230.67 - - [22/Oct/1999:08:49:30 -0400] "GET /PRESIDENT/campaigns.gif HTTP/1.0" 200 5835 "http://www.selectsmart.com/PRESIDENT/" "Mozilla/4.51 [en] (Win95; I)"
143.231.230.67 - - [22/Oct/1999:08:49:30 -0400] "GET /PRESIDENT/camp2000.gif HTTP/1.0" 200 7449 "http://www.selectsmart.com/PRESIDENT/" "Mozilla/4.51 [en] (Win95; I)"
143.231.43.5 - - [22/Oct/1999:08:49:34 -0400] "GET /PRESIDENT/ HTTP/1.1" 200 29678 "-" "Mozilla/4.0 (compatible; MSIE 4.01; Windows NT; ACS_IQ)"
143.231.43.5 - - [22/Oct/1999:08:49:36 -0400] "GET /BUSINESS/16.gif HTTP/1.1" 200 6704 "http://www.selectsmart.com/PRESIDENT/" "Mozilla/4.0 (compatible; MSIE 4.01; Windows NT; ACS_IQ)"
143.231.43.5 - - [22/Oct/1999:08:49:36 -0400] "GET /BUSINESS/drop_v.jpg HTTP/1.1" 200 1963 "http://www.selectsmart.com/PRESIDENT/" "Mozilla/4.0 (compatible; MSIE 4.01; Windows NT; ACS_IQ)"
143.231.43.5 - - [22/Oct/1999:08:49:36 -0400] "GET /PRESIDENT/anecdote.gif HTTP/1.1" 200 6898 "http://www.selectsmart.com/PRESIDENT/" "Mozilla/4.0 (compatible; MSIE 4.01; Windows NT; ACS_IQ)"
143.231.43.5 - - [22/Oct/1999:08:49:37 -0400] "GET /PRESIDENT/campaigns.gif HTTP/1.1" 200 5835 "http://www.selectsmart.com/PRESIDENT/" "Mozilla/4.0 (compatible; MSIE 4.01; Windows NT; ACS_IQ)"
143.231.43.5 - - [22/Oct/1999:08:49:37 -0400] "GET /BUSINESS/drop_h.jpg HTTP/1.1" 200 2034 "http://www.selectsmart.com/PRESIDENT/" "Mozilla/4.0 (compatible; MSIE 4.01; Windows NT; ACS_IQ)"
158.72.64.25 - - [22/Oct/1999:08:49:38 -0400] "POST /PRESIDENT/results.php3 HTTP/1.1" 200 1388 "http://www.selectsmart.com/PRESIDENT/results.php3" "Mozilla/4.0 (compatible; MSIE 5.0; Windows NT; DigExt)"
143.231.43.5 - - [22/Oct/1999:08:49:38 -0400] "GET /PRESIDENT/packaging.gif HTTP/1.1" 200 10663 "http://www.selectsmart.com/PRESIDENT/" "Mozilla/4.0 (compatible; MSIE 4.01; Windows NT; ACS_IQ)"
207.113.81.66 - - [22/Oct/1999:08:49:39 -0400] "GET /PRESIDENT/ HTTP/1.1" 304 - "-" "Mozilla/4.0 (compatible; MSIE 5.0; Windows NT; DigExt)"
207.113.81.66 - - [22/Oct/1999:08:49:40 -0400] "GET /PRESIDENT/anecdote.gif HTTP/1.1" 304 - "http://www.selectsmart.com/PRESIDENT/" "Mozilla/4.0 (compatible; MSIE 5.0; Windows NT; DigExt)"
207.113.81.66 - - [22/Oct/1999:08:49:40 -0400] "GET /BUSINESS/16.gif HTTP/1.1" 304 - "http://www.selectsmart.com/PRESIDENT/" "Mozilla/4.0 (compatible; MSIE 5.0; Windows NT; DigExt)"
207.113.81.66 - - [22/Oct/1999:08:49:40 -0400] "GET /BUSINESS/drop_v.jpg HTTP/1.1" 304 - "http://www.selectsmart.com/PRESIDENT/" "Mozilla/4.0 (compatible; MSIE 5.0; Windows NT; DigExt)"
207.113.81.66 - - [22/Oct/1999:08:49:40 -0400] "GET /PRESIDENT/campaigns.gif HTTP/1.1" 304 - "http://www.selectsmart.com/PRESIDENT/" "Mozilla/4.0 (compatible; MSIE 5.0; Windows NT; DigExt)"
207.113.81.66 - - [22/Oct/1999:08:49:40 -0400] "GET /BUSINESS/drop_h.jpg HTTP/1.1" 304 - "http://www.selectsmart.com/PRESIDENT/" "Mozilla/4.0 (compatible; MSIE 5.0; Windows NT; DigExt)"
207.113.81.66 - - [22/Oct/1999:08:49:40 -0400] "GET /PRESIDENT/packaging.gif HTTP/1.1" 304 - "http://www.selectsmart.com/PRESIDENT/" "Mozilla/4.0 (compatible; MSIE 5.0; Windows NT; DigExt)"
207.113.81.66 - - [22/Oct/1999:08:49:40 -0400] "GET /PRESIDENT/vidal.gif HTTP/1.1" 304 - "http://www.selectsmart.com/PRESIDENT/" "Mozilla/4.0 (compatible; MSIE 5.0; Windows NT; DigExt)"
207.113.81.66 - - [22/Oct/1999:08:49:40 -0400] "GET /PRESIDENT/TR.gif HTTP/1.1" 304 - "http://www.selectsmart.com/PRESIDENT/" "Mozilla/4.0 (compatible; MSIE 5.0; Windows NT; DigExt)"
207.113.81.66 - - [22/Oct/1999:08:49:41 -0400] "GET /PRESIDENT/camp2000.gif HTTP/1.1" 304 - "http://www.selectsmart.com/PRESIDENT/" "Mozilla/4.0 (compatible; MSIE 5.0; Windows NT; DigExt)"
207.113.81.66 - - [22/Oct/1999:08:49:41 -0400] "GET /curt.jpg HTTP/1.1" 304 - "http://www.selectsmart.com/PRESIDENT/" "Mozilla/4.0 (compatible; MSIE 5.0; Windows NT; DigExt)"
143.231.43.5 - - [22/Oct/1999:08:49:42 -0400] "GET /PRESIDENT/vidal.gif HTTP/1.1" 200 11342 "http://www.selectsmart.com/PRESIDENT/" "Mozilla/4.0 (compatible; MSIE 4.01; Windows NT; ACS_IQ)"
143.231.43.5 - - [22/Oct/1999:08:49:42 -0400] "GET /PRESIDENT/TR.gif HTTP/1.1" 200 5566 "http://www.selectsmart.com/PRESIDENT/" "Mozilla/4.0 (compatible; MSIE 4.01; Windows NT; ACS_IQ)"
209.26.36.180 - - [22/Oct/1999:08:49:43 -0400] "GET /PRESIDENT/index.html HTTP/1.0" 200 29678 "http://www.selectsmart.com/PRESIDENT/results.php3" "Mozilla/4.61 [en] (Win98; I)"
143.231.43.5 - - [22/Oct/1999:08:49:44 -0400] "GET /PRESIDENT/camp2000.gif HTTP/1.1" 200 7449 "http://www.selectsmart.com/PRESIDENT/" "Mozilla/4.0 (compatible; MSIE 4.01; Windows NT; ACS_IQ)"
207.113.81.66 - - [22/Oct/1999:08:49:44 -0400] "POST /PRESIDENT/results.php3 HTTP/1.1" 200 6623 "http://www.selectsmart.com/PRESIDENT/" "Mozilla/4.0 (compatible; MSIE 5.0; Windows NT; DigExt)"
143.231.43.5 - - [22/Oct/1999:08:49:45 -0400] "GET /curt.jpg HTTP/1.1" 200 4228 "http://www.selectsmart.com/PRESIDENT/" "Mozilla/4.0 (compatible; MSIE 4.01; Windows NT; ACS_IQ)"
38.179.56.93 - - [22/Oct/1999:08:49:55 -0400] "GET /PRESIDENT/ HTTP/1.0" 200 29678 "-" "Mozilla/4.61 [en] (WinNT; I)"
38.179.56.93 - - [22/Oct/1999:08:49:55 -0400] "GET /BUSINESS/16.gif HTTP/1.0" 200 6704 "http://www.selectsmart.com/PRESIDENT/" "Mozilla/4.61 [en] (WinNT; I)"
38.179.56.93 - - [22/Oct/1999:08:49:55 -0400] "GET /BUSINESS/drop_h.jpg HTTP/1.0" 200 2034 "http://www.selectsmart.com/PRESIDENT/" "Mozilla/4.61 [en] (WinNT; I)"
38.179.56.93 - - [22/Oct/1999:08:49:55 -0400] "GET /BUSINESS/drop_v.jpg HTTP/1.0" 200 1963 "http://www.selectsmart.com/PRESIDENT/" "Mozilla/4.61 [en] (WinNT; I)"
38.179.56.93 - - [22/Oct/1999:08:49:56 -0400] "GET /PRESIDENT/anecdote.gif HTTP/1.0" 200 6898 "http://www.selectsmart.com/PRESIDENT/" "Mozilla/4.61 [en] (WinNT; I)"
38.179.56.93 - - [22/Oct/1999:08:49:56 -0400] "GET /PRESIDENT/packaging.gif HTTP/1.0" 200 10663 "http://www.selectsmart.com/PRESIDENT/" "Mozilla/4.61 [en] (WinNT; I)"
38.179.56.93 - - [22/Oct/1999:08:49:56 -0400] "GET /PRESIDENT/campaigns.gif HTTP/1.0" 200 5835 "http://www.selectsmart.com/PRESIDENT/" "Mozilla/4.61 [en] (WinNT; I)"
38.179.56.93 - - [22/Oct/1999:08:49:56 -0400] "GET /PRESIDENT/vidal.gif HTTP/1.0" 200 11342 "http://www.selectsmart.com/PRESIDENT/" "Mozilla/4.61 [en] (WinNT; I)"
38.179.56.93 - - [22/Oct/1999:08:49:56 -0400] "GET /PRESIDENT/camp2000.gif HTTP/1.0" 200 7449 "http://www.selectsmart.com/PRESIDENT/" "Mozilla/4.61 [en] (WinNT; I)"
38.179.56.93 - - [22/Oct/1999:08:49:56 -0400] "GET /PRESIDENT/TR.gif HTTP/1.0" 200 5566 "http://www.selectsmart.com/PRESIDENT/" "Mozilla/4.61 [en] (WinNT; I)"
38.179.56.93 - - [22/Oct/1999:08:49:56 -0400] "GET /curt.jpg HTTP/1.0" 200 4228 "http://www.selectsmart.com/PRESIDENT/" "Mozilla/4.61 [en] (WinNT; I)"
207.113.81.66 - - [22/Oct/1999:08:49:57 -0400] "GET /PRESIDENT/results.php3?more=now&mid=18 HTTP/1.1" 200 3774 "http://www.selectsmart.com/PRESIDENT/results.php3" "Mozilla/4.0 (compatible; MSIE 5.0; Windows NT; DigExt)"
207.113.81.66 - - [22/Oct/1999:08:49:57 -0400] "GET /PRESIDENT/images/mcreynolds.jpg HTTP/1.1" 200 4631 "http://www.selectsmart.com/PRESIDENT/results.php3?more=now&mid=18" "Mozilla/4.0 (compatible; MSIE 5.0; Windows NT; DigExt)"
129.1.204.161 - - [22/Oct/1999:08:49:59 -0400] "POST /PRESIDENT/results.php3 HTTP/1.1" 200 6638 "http://www.selectsmart.com/PRESIDENT/" "Mozilla/4.0 (compatible; MSIE 4.01; MSN 2.5; Windows 98)"
209.156.137.95 - - [22/Oct/1999:08:50:03 -0400] "POST /PRESIDENT/results.php3 HTTP/1.0" 200 6626 "http://www.selectsmart.com/PRESIDENT/" "Mozilla/4.04 [en]C-NECCK (Win95; I ;Nav)"
208.199.102.3 - - [22/Oct/1999:08:50:03 -0400] "POST /PRESIDENT/results.php3 HTTP/1.0" 200 12930 "http://www.selectsmart.com/PRESIDENT/results.php3" "Mozilla/4.0 (compatible; MSIE 4.01; Windows 95)"
208.199.102.3 - - [22/Oct/1999:08:50:03 -0400] "GET /PRESIDENT/images/bradley.jpg HTTP/1.0" 200 2294 "http://www.selectsmart.com/PRESIDENT/results.php3" "Mozilla/4.0 (compatible; MSIE 4.01; Windows 95)"
208.199.102.3 - - [22/Oct/1999:08:50:04 -0400] "GET /PRESIDENT/images/gore.jpg HTTP/1.0" 200 2930 "http://www.selectsmart.com/PRESIDENT/results.php3" "Mozilla/4.0 (compatible; MSIE 4.01; Windows 95)"
143.231.43.8 - - [22/Oct/1999:08:50:15 -0400] "GET /PRESIDENT/define10b.htm HTTP/1.0" 200 160 "http://www.selectsmart.com/PRESIDENT/" "Mozilla/4.05 [en] (WinNT; I)"
143.231.14.249 - - [22/Oct/1999:08:50:15 -0400] "GET /PRESIDENT/define8a.htm HTTP/1.1" 200 193 "-" "Mozilla/4.0 (compatible; MSIE 4.01; Windows NT)"
216.61.237.130 - - [22/Oct/1999:08:50:20 -0400] "GET /PRESIDENT/define16.htm HTTP/1.0" 200 229 "file:C:\WINDOWS\SYSTEM\blank.htm" "Mozilla/2.0 (compatible; MSIE 3.02; Update a; AK; Windows 95)"
206.30.97.5 - - [22/Oct/1999:08:50:22 -0400] "GET /PRESIDENT/poll.htm HTTP/1.0" 200 4489 "-" "Mozilla/4.0 (compatible; MSIE 4.01; MSN 2.5; Windows 98)"
143.231.14.249 - - [22/Oct/1999:08:50:24 -0400] "GET /PRESIDENT/define8.htm HTTP/1.1" 200 322 "-" "Mozilla/4.0 (compatible; MSIE 4.01; Windows NT)"
208.46.96.34 - - [22/Oct/1999:08:50:33 -0400] "POST /PRESIDENT/results.php3 HTTP/1.1" 200 6639 "http://www.selectsmart.com/PRESIDENT/index.html" "Mozilla/4.0 (compatible; MSIE 4.01; Windows NT)"
209.122.238.40 - - [22/Oct/1999:08:50:34 -0400] "POST /PRESIDENT/results.php3 HTTP/1.1" 200 12826 "http://www.selectsmart.com/PRESIDENT/results.php3" "Mozilla/4.0 (compatible; MSIE 4.01; Windows 98; RR091798)"
209.122.238.40 - - [22/Oct/1999:08:50:36 -0400] "GET /PRESIDENT/images/bauer.jpg HTTP/1.1" 200 2154 "http://www.selectsmart.com/PRESIDENT/results.php3" "Mozilla/4.0 (compatible; MSIE 4.01; Windows 98; RR091798)"
209.122.238.40 - - [22/Oct/1999:08:50:36 -0400] "GET /PRESIDENT/hatch.gif HTTP/1.1" 200 6423 "http://www.selectsmart.com/PRESIDENT/results.php3" "Mozilla/4.0 (compatible; MSIE 4.01; Windows 98; RR091798)"
24.4.252.43 - - [22/Oct/1999:08:50:36 -0400] "GET /PRESIDENT/poll.htm HTTP/1.0" 200 4489 "http://www.selectsmart.com/PRESIDENT/" "Mozilla/4.5 [en]C-AtHome0405 (Win95; U)"
170.253.220.1 - - [22/Oct/1999:08:50:36 -0400] "GET /PRESIDENT/ HTTP/1.0" 200 29678 "-" "Mozilla/4.0 (compatible; MSIE 4.01; Windows 95)"
207.251.201.123 - - [22/Oct/1999:08:50:37 -0400] "GET /indexa.html HTTP/1.0" 304 - "-" "Mozilla/3.01 (compatible;)"
12.78.120.229 - - [22/Oct/1999:08:50:37 -0400] "POST /PRESIDENT/results.php3 HTTP/1.1" 200 6637 "http://www.selectsmart.com/PRESIDENT/" "Mozilla/4.0 (compatible; MSIE 4.01; Windows 95)"
38.176.139.2 - - [22/Oct/1999:08:50:40 -0400] "POST /PRESIDENT/results.php3 HTTP/1.1" 200 6637 "http://www.selectsmart.com/PRESIDENT/" "Mozilla/4.0 (compatible; MSIE 4.01; Windows 95)"
170.253.220.1 - - [22/Oct/1999:08:50:41 -0400] "GET /BUSINESS/16.gif HTTP/1.0" 200 6704 "http://www.selectsmart.com/PRESIDENT/" "Mozilla/4.0 (compatible; MSIE 4.01; Windows 95)"
170.253.220.1 - - [22/Oct/1999:08:50:41 -0400] "GET /PRESIDENT/anecdote.gif HTTP/1.0" 200 6898 "http://www.selectsmart.com/PRESIDENT/" "Mozilla/4.0 (compatible; MSIE 4.01; Windows 95)"
170.253.220.1 - - [22/Oct/1999:08:50:41 -0400] "GET /BUSINESS/drop_h.jpg HTTP/1.0" 200 2034 "http://www.selectsmart.com/PRESIDENT/" "Mozilla/4.0 (compatible; MSIE 4.01; Windows 95)"
170.253.220.1 - - [22/Oct/1999:08:50:41 -0400] "GET /BUSINESS/drop_v.jpg HTTP/1.0" 304 - "http://www.selectsmart.com/PRESIDENT/" "Mozilla/4.0 (compatible; MSIE 4.01; Windows 95)"
170.253.220.1 - - [22/Oct/1999:08:50:41 -0400] "GET /PRESIDENT/campaigns.gif HTTP/1.0" 304 - "http://www.selectsmart.com/PRESIDENT/" "Mozilla/4.0 (compatible; MSIE 4.01; Windows 95)"
170.253.220.1 - - [22/Oct/1999:08:50:41 -0400] "GET /PRESIDENT/vidal.gif HTTP/1.0" 200 11342 "http://www.selectsmart.com/PRESIDENT/" "Mozilla/4.0 (compatible; MSIE 4.01; Windows 95)"
170.253.220.1 - - [22/Oct/1999:08:50:41 -0400] "GET /PRESIDENT/packaging.gif HTTP/1.0" 304 - "http://www.selectsmart.com/PRESIDENT/" "Mozilla/4.0 (compatible; MSIE 4.01; Windows 95)"
170.253.220.1 - - [22/Oct/1999:08:50:42 -0400] "GET /PRESIDENT/TR.gif HTTP/1.0" 304 - "http://www.selectsmart.com/PRESIDENT/" "Mozilla/4.0 (compatible; MSIE 4.01; Windows 95)"
170.253.220.1 - - [22/Oct/1999:08:50:43 -0400] "GET /curt.jpg HTTP/1.0" 200 4228 "http://www.selectsmart.com/PRESIDENT/" "Mozilla/4.0 (compatible; MSIE 4.01; Windows 95)"
170.253.220.1 - - [22/Oct/1999:08:50:43 -0400] "GET /PRESIDENT/camp2000.gif HTTP/1.0" 200 7449 "http://www.selectsmart.com/PRESIDENT/" "Mozilla/4.0 (compatible; MSIE 4.01; Windows 95)"
216.61.237.130 - - [22/Oct/1999:08:50:44 -0400] "POST /PRESIDENT/results.php3 HTTP/1.0" 200 6625 "http://www.selectsmart.com/PRESIDENT/" "Mozilla/2.0 (compatible; MSIE 3.02; Update a; AK; Windows 95)"
209.219.72.168 - - [22/Oct/1999:08:50:50 -0400] "POST /PRESIDENT/results.php3 HTTP/1.0" 200 6625 "http://www.selectsmart.com/PRESIDENT/index.html" "Mozilla/4.7 [en] (Win95; I)"
207.22.92.18 - - [22/Oct/1999:08:50:55 -0400] "GET /PRESIDENT/ HTTP/1.0" 200 29678 "-" "Mozilla/4.5 [en] (Win95; U)"
206.30.97.5 - - [22/Oct/1999:08:51:00 -0400] "POST /PRESIDENT/results.php3 HTTP/1.0" 200 6625 "http://www.selectsmart.com/PRESIDENT/" "Mozilla/4.0 (compatible; MSIE 4.01; MSN 2.5; Windows 98)"
207.22.92.18 - - [22/Oct/1999:08:51:01 -0400] "GET /BUSINESS/drop_v.jpg HTTP/1.0" 200 1963 "http://www.selectsmart.com/PRESIDENT/" "Mozilla/4.5 [en] (Win95; U)"
207.22.92.18 - - [22/Oct/1999:08:51:01 -0400] "GET /BUSINESS/drop_h.jpg HTTP/1.0" 200 2034 "http://www.selectsmart.com/PRESIDENT/" "Mozilla/4.5 [en] (Win95; U)"
207.22.92.18 - - [22/Oct/1999:08:51:01 -0400] "GET /BUSINESS/16.gif HTTP/1.0" 200 6704 "http://www.selectsmart.com/PRESIDENT/" "Mozilla/4.5 [en] (Win95; U)"
207.22.92.18 - - [22/Oct/1999:08:51:02 -0400] "GET /PRESIDENT/anecdote.gif HTTP/1.0" 200 6898 "http://www.selectsmart.com/PRESIDENT/" "Mozilla/4.5 [en] (Win95; U)"
207.59.11.66 - - [22/Oct/1999:08:51:03 -0400] "POST /PRESIDENT/results.php3 HTTP/1.1" 200 6640 "http://www.selectsmart.com/PRESIDENT/" "Mozilla/4.0 (compatible; MSIE 4.01; Windows 95)"
207.22.92.18 - - [22/Oct/1999:08:51:03 -0400] "GET /PRESIDENT/TR.gif HTTP/1.0" 200 5566 "http://www.selectsmart.com/PRESIDENT/" "Mozilla/4.5 [en] (Win95; U)"
207.22.92.18 - - [22/Oct/1999:08:51:03 -0400] "GET /PRESIDENT/packaging.gif HTTP/1.0" 200 10663 "http://www.selectsmart.com/PRESIDENT/" "Mozilla/4.5 [en] (Win95; U)"
207.22.92.18 - - [22/Oct/1999:08:51:04 -0400] "GET /curt.jpg HTTP/1.0" 200 4228 "http://www.selectsmart.com/PRESIDENT/" "Mozilla/4.5 [en] (Win95; U)"
207.22.92.18 - - [22/Oct/1999:08:51:04 -0400] "GET /PRESIDENT/campaigns.gif HTTP/1.0" 200 5835 "http://www.selectsmart.com/PRESIDENT/" "Mozilla/4.5 [en] (Win95; U)"
207.22.92.18 - - [22/Oct/1999:08:51:06 -0400] "GET /PRESIDENT/camp2000.gif HTTP/1.0" 200 7449 "http://www.selectsmart.com/PRESIDENT/" "Mozilla/4.5 [en] (Win95; U)"
207.22.92.18 - - [22/Oct/1999:08:51:06 -0400] "GET /PRESIDENT/vidal.gif HTTP/1.0" 200 11342 "http://www.selectsmart.com/PRESIDENT/" "Mozilla/4.5 [en] (Win95; U)"
38.179.56.93 - - [22/Oct/1999:08:51:17 -0400] "GET /PRESIDENT/define2.htm HTTP/1.0" 200 201 "http://www.selectsmart.com/PRESIDENT/" "Mozilla/4.61 [en] (WinNT; I)"
204.214.145.2 - - [22/Oct/1999:08:51:17 -0400] "GET /PRESIDENT/ HTTP/1.0" 200 29678 "-" "Mozilla/4.51 [en] (Win95; U)"
204.214.145.2 - - [22/Oct/1999:08:51:17 -0400] "GET /BUSINESS/drop_h.jpg HTTP/1.0" 200 2034 "http://www.selectsmart.com/PRESIDENT/" "Mozilla/4.51 [en] (Win95; U)"
204.214.145.2 - - [22/Oct/1999:08:51:17 -0400] "GET /BUSINESS/drop_v.jpg HTTP/1.0" 200 1963 "http://www.selectsmart.com/PRESIDENT/" "Mozilla/4.51 [en] (Win95; U)"
204.214.145.2 - - [22/Oct/1999:08:51:17 -0400] "GET /BUSINESS/16.gif HTTP/1.0" 200 6704 "http://www.selectsmart.com/PRESIDENT/" "Mozilla/4.51 [en] (Win95; U)"
204.214.145.2 - - [22/Oct/1999:08:51:18 -0400] "GET /PRESIDENT/anecdote.gif HTTP/1.0" 200 6898 "http://www.selectsmart.com/PRESIDENT/" "Mozilla/4.51 [en] (Win95; U)"
204.214.145.2 - - [22/Oct/1999:08:51:18 -0400] "GET /PRESIDENT/packaging.gif HTTP/1.0" 200 10663 "http://www.selectsmart.com/PRESIDENT/" "Mozilla/4.51 [en] (Win95; U)"
152.163.188.101 - - [22/Oct/1999:08:51:18 -0400] "GET /PRESIDENT HTTP/1.0" 301 241 "-" "Mozilla/4.0 (compatible; MSIE 4.01; AOL 4.0; Windows 95)"
204.214.145.2 - - [22/Oct/1999:08:51:18 -0400] "GET /PRESIDENT/TR.gif HTTP/1.0" 200 5566 "http://www.selectsmart.com/PRESIDENT/" "Mozilla/4.51 [en] (Win95; U)"
204.214.145.2 - - [22/Oct/1999:08:51:18 -0400] "GET /PRESIDENT/vidal.gif HTTP/1.0" 200 11342 "http://www.selectsmart.com/PRESIDENT/" "Mozilla/4.51 [en] (Win95; U)"
204.214.145.2 - - [22/Oct/1999:08:51:18 -0400] "GET /curt.jpg HTTP/1.0" 200 4228 "http://www.selectsmart.com/PRESIDENT/" "Mozilla/4.51 [en] (Win95; U)"
204.214.145.2 - - [22/Oct/1999:08:51:18 -0400] "GET /PRESIDENT/campaigns.gif HTTP/1.0" 200 5835 "http://www.selectsmart.com/PRESIDENT/" "Mozilla/4.51 [en] (Win95; U)"
204.214.145.2 - - [22/Oct/1999:08:51:18 -0400] "GET /PRESIDENT/camp2000.gif HTTP/1.0" 200 7449 "http://www.selectsmart.com/PRESIDENT/" "Mozilla/4.51 [en] (Win95; U)"
152.163.188.133 - - [22/Oct/1999:08:51:19 -0400] "GET /PRESIDENT/ HTTP/1.0" 304 - "-" "Mozilla/4.0 (compatible; MSIE 4.01; AOL 4.0; Windows 95)"
206.30.98.237 - - [22/Oct/1999:08:51:22 -0400] "POST /PRESIDENT/results.php3 HTTP/1.1" 200 6299 "http://www.selectsmart.com/PRESIDENT/results.php3" "Mozilla/4.0 (compatible; MSIE 4.01; MSN 2.5; Windows 98)"
143.231.64.78 - - [22/Oct/1999:08:51:22 -0400] "GET /PRESIDENT/ HTTP/1.0" 200 29678 "-" "Mozilla/4.05 [en] (Win95; I)"
206.30.97.5 - - [22/Oct/1999:08:51:23 -0400] "GET /PRESIDENT/images/gore.jpg HTTP/1.0" 200 2930 "http://www.selectsmart.com/PRESIDENT/results.php3" "Mozilla/4.0 (compatible; MSIE 4.01; MSN 2.5; Windows 98)"
143.231.64.78 - - [22/Oct/1999:08:51:24 -0400] "GET /BUSINESS/drop_h.jpg HTTP/1.0" 200 2034 "http://www.selectsmart.com/PRESIDENT/" "Mozilla/4.05 [en] (Win95; I)"
143.231.64.78 - - [22/Oct/1999:08:51:24 -0400] "GET /BUSINESS/drop_v.jpg HTTP/1.0" 200 1963 "http://www.selectsmart.com/PRESIDENT/" "Mozilla/4.05 [en] (Win95; I)"
143.231.64.78 - - [22/Oct/1999:08:51:24 -0400] "GET /BUSINESS/16.gif HTTP/1.0" 200 6704 "http://www.selectsmart.com/PRESIDENT/" "Mozilla/4.05 [en] (Win95; I)"
143.231.64.78 - - [22/Oct/1999:08:51:24 -0400] "GET /PRESIDENT/anecdote.gif HTTP/1.0" 200 6898 "http://www.selectsmart.com/PRESIDENT/" "Mozilla/4.05 [en] (Win95; I)"
143.231.64.78 - - [22/Oct/1999:08:51:24 -0400] "GET /curt.jpg HTTP/1.0" 200 4228 "http://www.selectsmart.com/PRESIDENT/" "Mozilla/4.05 [en] (Win95; I)"
143.231.43.8 - - [22/Oct/1999:08:51:24 -0400] "GET /PRESIDENT/define.htm HTTP/1.0" 200 151 "http://www.selectsmart.com/PRESIDENT/" "Mozilla/4.05 [en] (WinNT; I)"
143.231.64.78 - - [22/Oct/1999:08:51:24 -0400] "GET /PRESIDENT/vidal.gif HTTP/1.0" 200 11342 "http://www.selectsmart.com/PRESIDENT/" "Mozilla/4.05 [en] (Win95; I)"
143.231.64.78 - - [22/Oct/1999:08:51:24 -0400] "GET /PRESIDENT/camp2000.gif HTTP/1.0" 200 7449 "http://www.selectsmart.com/PRESIDENT/" "Mozilla/4.05 [en] (Win95; I)"
143.231.64.78 - - [22/Oct/1999:08:51:24 -0400] "GET /PRESIDENT/campaigns.gif HTTP/1.0" 200 5835 "http://www.selectsmart.com/PRESIDENT/" "Mozilla/4.05 [en] (Win95; I)"
143.231.64.78 - - [22/Oct/1999:08:51:24 -0400] "GET /PRESIDENT/packaging.gif HTTP/1.0" 200 10663 "http://www.selectsmart.com/PRESIDENT/" "Mozilla/4.05 [en] (Win95; I)"
143.231.64.78 - - [22/Oct/1999:08:51:24 -0400] "GET /PRESIDENT/TR.gif HTTP/1.0" 200 5566 "http://www.selectsmart.com/PRESIDENT/" "Mozilla/4.05 [en] (Win95; I)"
143.231.64.78 - - [22/Oct/1999:08:51:25 -0400] "GET /PRESIDENT/campaigns.gif HTTP/1.0" 200 5835 "http://www.selectsmart.com/PRESIDENT/" "Mozilla/4.05 [en] (Win95; I)"
143.231.64.78 - - [22/Oct/1999:08:51:25 -0400] "GET /PRESIDENT/packaging.gif HTTP/1.0" 200 10663 "http://www.selectsmart.com/PRESIDENT/" "Mozilla/4.05 [en] (Win95; I)"
143.231.64.78 - - [22/Oct/1999:08:51:25 -0400] "GET /PRESIDENT/TR.gif HTTP/1.0" 200 5566 "http://www.selectsmart.com/PRESIDENT/" "Mozilla/4.05 [en] (Win95; I)"
143.231.64.78 - - [22/Oct/1999:08:51:25 -0400] "GET /PRESIDENT/camp2000.gif HTTP/1.0" 200 7449 "http://www.selectsmart.com/PRESIDENT/" "Mozilla/4.05 [en] (Win95; I)"
216.61.237.130 - - [22/Oct/1999:08:51:32 -0400] "GET /PRESIDENT/results.php3?more=now&mid=3 HTTP/1.0" 200 7827 "http://www.selectsmart.com/PRESIDENT/results.php3" "Mozilla/2.0 (compatible; MSIE 3.02; Update a; AK; Windows 95)"
152.163.188.67 - - [22/Oct/1999:08:51:32 -0400] "GET /curt.jpg HTTP/1.0" 200 4228 "http://www.selectsmart.com/PRESIDENT/" "Mozilla/4.0 (compatible; MSIE 4.01; AOL 4.0; Windows 95)"
216.61.237.130 - - [22/Oct/1999:08:51:32 -0400] "GET /PRESIDENT/images/bradley.jpg HTTP/1.0" 200 2294 "http://www.selectsmart.com/PRESIDENT/results.php3?more=now&mid=3" "Mozilla/2.0 (compatible; MSIE 3.02; Update a; AK; Windows 95)"
209.219.72.168 - - [22/Oct/1999:08:51:36 -0400] "POST /PRESIDENT/results.php3 HTTP/1.0" 200 22373 "http://www.selectsmart.com/PRESIDENT/results.php3" "Mozilla/4.7 [en] (Win95; I)"
209.219.72.168 - - [22/Oct/1999:08:51:36 -0400] "GET /PRESIDENT/images/bush.jpg HTTP/1.0" 200 2977 "http://www.selectsmart.com/PRESIDENT/results.php3" "Mozilla/4.7 [en] (Win95; I)"
209.219.72.168 - - [22/Oct/1999:08:51:36 -0400] "GET /PRESIDENT/hatch.gif HTTP/1.0" 200 6423 "http://www.selectsmart.com/PRESIDENT/results.php3" "Mozilla/4.7 [en] (Win95; I)"
209.219.72.168 - - [22/Oct/1999:08:51:37 -0400] "GET /PRESIDENT/images/smith.jpg HTTP/1.0" 200 2103 "http://www.selectsmart.com/PRESIDENT/results.php3" "Mozilla/4.7 [en] (Win95; I)"
207.22.92.18 - - [22/Oct/1999:08:51:43 -0400] "GET /PRESIDENT/define2.htm HTTP/1.0" 200 201 "http://www.selectsmart.com/PRESIDENT/" "Mozilla/4.5 [en] (Win95; U)"
128.206.204.201 - - [22/Oct/1999:08:51:44 -0400] "GET /PRESIDENT/ HTTP/1.1" 200 29678 "-" "Mozilla/4.0 (compatible; MSIE 4.01; Windows 95; Ellis Library v1.3)"
128.206.204.201 - - [22/Oct/1999:08:51:46 -0400] "GET / HTTP/1.1" 200 1839 "-" "Mozilla/4.0 (compatible; MSIE 4.01; Windows 95; Ellis Library v1.3)"
128.206.204.201 - - [22/Oct/1999:08:51:49 -0400] "GET /PRESIDENT/anecdote.gif HTTP/1.1" 200 6898 "http://www.selectsmart.com/PRESIDENT/" "Mozilla/4.0 (compatible; MSIE 4.01; Windows 95; Ellis Library v1.3)"
143.231.14.249 - - [22/Oct/1999:08:51:50 -0400] "GET /PRESIDENT/define10b.htm HTTP/1.1" 200 160 "-" "Mozilla/4.0 (compatible; MSIE 4.01; Windows NT)"
128.206.204.201 - - [22/Oct/1999:08:51:50 -0400] "GET /BUSINESS/drop_v.jpg HTTP/1.1" 200 1963 "http://www.selectsmart.com/PRESIDENT/" "Mozilla/4.0 (compatible; MSIE 4.01; Windows 95; Ellis Library v1.3)"
128.206.204.201 - - [22/Oct/1999:08:51:50 -0400] "GET /PRESIDENT/campaigns.gif HTTP/1.1" 200 5835 "http://www.selectsmart.com/PRESIDENT/" "Mozilla/4.0 (compatible; MSIE 4.01; Windows 95; Ellis Library v1.3)"
128.206.204.201 - - [22/Oct/1999:08:51:50 -0400] "GET /BUSINESS/16.gif HTTP/1.1" 200 6704 "http://www.selectsmart.com/PRESIDENT/" "Mozilla/4.0 (compatible; MSIE 4.01; Windows 95; Ellis Library v1.3)"
128.206.204.201 - - [22/Oct/1999:08:51:50 -0400] "GET /PRESIDENT/vidal.gif HTTP/1.1" 200 11342 "http://www.selectsmart.com/PRESIDENT/" "Mozilla/4.0 (compatible; MSIE 4.01; Windows 95; Ellis Library v1.3)"
128.206.204.201 - - [22/Oct/1999:08:51:50 -0400] "GET /BUSINESS/drop_h.jpg HTTP/1.1" 200 2034 "http://www.selectsmart.com/PRESIDENT/" "Mozilla/4.0 (compatible; MSIE 4.01; Windows 95; Ellis Library v1.3)"
128.206.204.201 - - [22/Oct/1999:08:51:50 -0400] "GET /PRESIDENT/TR.gif HTTP/1.1" 200 5566 "http://www.selectsmart.com/PRESIDENT/" "Mozilla/4.0 (compatible; MSIE 4.01; Windows 95; Ellis Library v1.3)"
128.206.204.201 - - [22/Oct/1999:08:51:50 -0400] "GET /PRESIDENT/camp2000.gif HTTP/1.1" 200 7449 "http://www.selectsmart.com/PRESIDENT/" "Mozilla/4.0 (compatible; MSIE 4.01; Windows 95; Ellis Library v1.3)"
128.206.204.201 - - [22/Oct/1999:08:51:50 -0400] "GET /PRESIDENT/packaging.gif HTTP/1.1" 200 10663 "http://www.selectsmart.com/PRESIDENT/" "Mozilla/4.0 (compatible; MSIE 4.01; Windows 95; Ellis Library v1.3)"
128.206.204.201 - - [22/Oct/1999:08:51:50 -0400] "GET /curt.jpg HTTP/1.1" 200 4228 "http://www.selectsmart.com/PRESIDENT/" "Mozilla/4.0 (compatible; MSIE 4.01; Windows 95; Ellis Library v1.3)"
38.179.56.93 - - [22/Oct/1999:08:51:53 -0400] "GET /PRESIDENT/define3.htm HTTP/1.0" 200 270 "http://www.selectsmart.com/PRESIDENT/" "Mozilla/4.61 [en] (WinNT; I)"
199.95.76.233 - - [22/Oct/1999:08:51:53 -0400] "GET /PRESIDENT/ HTTP/1.0" 200 29678 "-" "Mozilla/4.5 [en] (Win98; U)"
143.231.240.66 - - [22/Oct/1999:08:51:55 -0400] "POST /PRESIDENT/results.php3 HTTP/1.0" 200 6624 "http://www.selectsmart.com/PRESIDENT/" "Mozilla/4.05 [en] (Win95; I)"
207.233.189.24 - - [22/Oct/1999:08:51:56 -0400] "GET /PRESIDENT/results.php3?more=now&mid=1 HTTP/1.1" 200 7187 "http://www.selectsmart.com/PRESIDENT/results.php3" "Mozilla/4.0 (compatible; MSIE 5.0; Windows 98; DigExt)"
207.233.189.24 - - [22/Oct/1999:08:51:56 -0400] "GET /PRESIDENT/images/bauer.jpg HTTP/1.1" 200 2154 "http://www.selectsmart.com/PRESIDENT/results.php3?more=now&mid=1" "Mozilla/4.0 (compatible; MSIE 5.0; Windows 98; DigExt)"
143.231.14.249 - - [22/Oct/1999:08:51:59 -0400] "GET /PRESIDENT/define10a.htm HTTP/1.1" 200 233 "-" "Mozilla/4.0 (compatible; MSIE 4.01; Windows NT)"
199.95.76.233 - - [22/Oct/1999:08:51:59 -0400] "GET /BUSINESS/drop_h.jpg HTTP/1.0" 200 2034 "http://www.selectsmart.com/PRESIDENT/" "Mozilla/4.5 [en] (Win98; U)"
199.95.76.233 - - [22/Oct/1999:08:51:59 -0400] "GET /BUSINESS/drop_v.jpg HTTP/1.0" 200 1963 "http://www.selectsmart.com/PRESIDENT/" "Mozilla/4.5 [en] (Win98; U)"
199.95.76.233 - - [22/Oct/1999:08:51:59 -0400] "GET /BUSINESS/16.gif HTTP/1.0" 200 6704 "http://www.selectsmart.com/PRESIDENT/" "Mozilla/4.5 [en] (Win98; U)"
199.95.76.233 - - [22/Oct/1999:08:52:00 -0400] "GET /PRESIDENT/packaging.gif HTTP/1.0" 200 10663 "http://www.selectsmart.com/PRESIDENT/" "Mozilla/4.5 [en] (Win98; U)"
199.95.76.233 - - [22/Oct/1999:08:52:00 -0400] "GET /PRESIDENT/anecdote.gif HTTP/1.0" 200 6898 "http://www.selectsmart.com/PRESIDENT/" "Mozilla/4.5 [en] (Win98; U)"
199.95.76.233 - - [22/Oct/1999:08:52:00 -0400] "GET /PRESIDENT/campaigns.gif HTTP/1.0" 200 5835 "http://www.selectsmart.com/PRESIDENT/" "Mozilla/4.5 [en] (Win98; U)"
199.95.76.233 - - [22/Oct/1999:08:52:00 -0400] "GET /PRESIDENT/vidal.gif HTTP/1.0" 200 11342 "http://www.selectsmart.com/PRESIDENT/" "Mozilla/4.5 [en] (Win98; U)"
199.95.76.233 - - [22/Oct/1999:08:52:00 -0400] "GET /PRESIDENT/camp2000.gif HTTP/1.0" 200 7449 "http://www.selectsmart.com/PRESIDENT/" "Mozilla/4.5 [en] (Win98; U)"
199.95.76.233 - - [22/Oct/1999:08:52:00 -0400] "GET /PRESIDENT/TR.gif HTTP/1.0" 200 5566 "http://www.selectsmart.com/PRESIDENT/" "Mozilla/4.5 [en] (Win98; U)"
199.95.76.233 - - [22/Oct/1999:08:52:00 -0400] "GET /curt.jpg HTTP/1.0" 200 4228 "http://www.selectsmart.com/PRESIDENT/" "Mozilla/4.5 [en] (Win98; U)"
204.143.7.3 - - [22/Oct/1999:08:52:04 -0400] "GET /PRESIDENT/ HTTP/1.0" 200 29678 "-" "Mozilla/4.0 (compatible; MSIE 5.0; Windows NT; DigExt)"
204.143.7.3 - - [22/Oct/1999:08:52:06 -0400] "GET /BUSINESS/16.gif HTTP/1.0" 200 6704 "http://www.selectsmart.com/PRESIDENT/" "Mozilla/4.0 (compatible; MSIE 5.0; Windows NT; DigExt)"
204.143.7.3 - - [22/Oct/1999:08:52:06 -0400] "GET /BUSINESS/drop_v.jpg HTTP/1.0" 200 1963 "http://www.selectsmart.com/PRESIDENT/" "Mozilla/4.0 (compatible; MSIE 5.0; Windows NT; DigExt)"
206.68.130.30 - - [22/Oct/1999:08:52:07 -0400] "GET / HTTP/1.0" 200 1839 "-" "Mozilla/4.0 (compatible; MSIE 5.0; Windows 95; DigExt)"
204.143.7.3 - - [22/Oct/1999:08:52:07 -0400] "GET /BUSINESS/drop_h.jpg HTTP/1.0" 200 2034 "http://www.selectsmart.com/PRESIDENT/" "Mozilla/4.0 (compatible; MSIE 5.0; Windows NT; DigExt)"
204.143.7.3 - - [22/Oct/1999:08:52:07 -0400] "GET /PRESIDENT/anecdote.gif HTTP/1.0" 200 6898 "http://www.selectsmart.com/PRESIDENT/" "Mozilla/4.0 (compatible; MSIE 5.0; Windows NT; DigExt)"
206.68.130.30 - - [22/Oct/1999:08:52:07 -0400] "GET /sidepanel.html HTTP/1.0" 200 3890 "http://selectsmart.com/" "Mozilla/4.0 (compatible; MSIE 5.0; Windows 95; DigExt)"
206.68.130.30 - - [22/Oct/1999:08:52:07 -0400] "GET /indexa.html HTTP/1.0" 200 20372 "http://selectsmart.com/" "Mozilla/4.0 (compatible; MSIE 5.0; Windows 95; DigExt)"
204.143.7.3 - - [22/Oct/1999:08:52:07 -0400] "GET /PRESIDENT/packaging.gif HTTP/1.0" 200 10663 "http://www.selectsmart.com/PRESIDENT/" "Mozilla/4.0 (compatible; MSIE 5.0; Windows NT; DigExt)"
206.68.130.30 - - [22/Oct/1999:08:52:08 -0400] "GET /AMAZON/amzn-buy.gif HTTP/1.0" 200 3051 "http://selectsmart.com/sidepanel.html" "Mozilla/4.0 (compatible; MSIE 5.0; Windows 95; DigExt)"
204.143.7.3 - - [22/Oct/1999:08:52:08 -0400] "GET /PRESIDENT/campaigns.gif HTTP/1.0" 200 5835 "http://www.selectsmart.com/PRESIDENT/" "Mozilla/4.0 (compatible; MSIE 5.0; Windows NT; DigExt)"
206.68.130.30 - - [22/Oct/1999:08:52:08 -0400] "GET /solid52.gif HTTP/1.0" 200 980 "http://selectsmart.com/sidepanel.html" "Mozilla/4.0 (compatible; MSIE 5.0; Windows 95; DigExt)"
206.68.130.30 - - [22/Oct/1999:08:52:08 -0400] "GET /solid59.gif HTTP/1.0" 200 977 "http://selectsmart.com/sidepanel.html" "Mozilla/4.0 (compatible; MSIE 5.0; Windows 95; DigExt)"
206.68.130.30 - - [22/Oct/1999:08:52:08 -0400] "GET /thnkyell.jpg HTTP/1.0" 200 23337 "http://selectsmart.com/sidepanel.html" "Mozilla/4.0 (compatible; MSIE 5.0; Windows 95; DigExt)"
204.143.7.3 - - [22/Oct/1999:08:52:08 -0400] "GET /PRESIDENT/vidal.gif HTTP/1.0" 200 11342 "http://www.selectsmart.com/PRESIDENT/" "Mozilla/4.0 (compatible; MSIE 5.0; Windows NT; DigExt)"
204.143.7.3 - - [22/Oct/1999:08:52:08 -0400] "GET /PRESIDENT/TR.gif HTTP/1.0" 200 5566 "http://www.selectsmart.com/PRESIDENT/" "Mozilla/4.0 (compatible; MSIE 5.0; Windows NT; DigExt)"
206.68.130.30 - - [22/Oct/1999:08:52:08 -0400] "GET /sltrib.gif HTTP/1.0" 200 5673 "http://selectsmart.com/indexa.html" "Mozilla/4.0 (compatible; MSIE 5.0; Windows 95; DigExt)"
206.68.130.30 - - [22/Oct/1999:08:52:09 -0400] "GET /solid48.gif HTTP/1.0" 200 987 "http://selectsmart.com/sidepanel.html" "Mozilla/4.0 (compatible; MSIE 5.0; Windows 95; DigExt)"
206.68.130.30 - - [22/Oct/1999:08:52:09 -0400] "GET /solid17.gif HTTP/1.0" 200 988 "http://selectsmart.com/sidepanel.html" "Mozilla/4.0 (compatible; MSIE 5.0; Windows 95; DigExt)"
206.68.130.30 - - [22/Oct/1999:08:52:09 -0400] "GET /solid17.gif HTTP/1.0" 200 988 "http://selectsmart.com/sidepanel.html" "Mozilla/4.0 (compatible; MSIE 5.0; Windows 95; DigExt)"
206.68.130.30 - - [22/Oct/1999:08:52:09 -0400] "GET /solid41.gif HTTP/1.0" 200 987 "http://selectsmart.com/sidepanel.html" "Mozilla/4.0 (compatible; MSIE 5.0; Windows 95; DigExt)"
204.143.7.3 - - [22/Oct/1999:08:52:09 -0400] "GET /PRESIDENT/camp2000.gif HTTP/1.0" 200 7449 "http://www.selectsmart.com/PRESIDENT/" "Mozilla/4.0 (compatible; MSIE 5.0; Windows NT; DigExt)"
206.68.130.30 - - [22/Oct/1999:08:52:09 -0400] "GET /curt.jpg HTTP/1.0" 200 4228 "http://selectsmart.com/sidepanel.html" "Mozilla/4.0 (compatible; MSIE 5.0; Windows 95; DigExt)"
206.68.130.30 - - [22/Oct/1999:08:52:09 -0400] "GET /BUSINESS/14.gif HTTP/1.0" 200 6644 "http://selectsmart.com/indexa.html" "Mozilla/4.0 (compatible; MSIE 5.0; Windows 95; DigExt)"
206.68.130.30 - - [22/Oct/1999:08:52:09 -0400] "GET /BUSINESS/drop_v.jpg HTTP/1.0" 200 1963 "http://selectsmart.com/indexa.html" "Mozilla/4.0 (compatible; MSIE 5.0; Windows 95; DigExt)"
204.143.7.3 - - [22/Oct/1999:08:52:09 -0400] "GET /curt.jpg HTTP/1.0" 200 4228 "http://www.selectsmart.com/PRESIDENT/" "Mozilla/4.0 (compatible; MSIE 5.0; Windows NT; DigExt)"
206.68.130.30 - - [22/Oct/1999:08:52:09 -0400] "GET /BUSINESS/drop_h.jpg HTTP/1.0" 200 2034 "http://selectsmart.com/indexa.html" "Mozilla/4.0 (compatible; MSIE 5.0; Windows 95; DigExt)"
206.68.130.30 - - [22/Oct/1999:08:52:09 -0400] "GET /solid6.gif HTTP/1.0" 200 993 "http://selectsmart.com/indexa.html" "Mozilla/4.0 (compatible; MSIE 5.0; Windows 95; DigExt)"
206.68.130.30 - - [22/Oct/1999:08:52:09 -0400] "GET /solid11.gif HTTP/1.0" 200 1006 "http://selectsmart.com/indexa.html" "Mozilla/4.0 (compatible; MSIE 5.0; Windows 95; DigExt)"
206.68.130.30 - - [22/Oct/1999:08:52:09 -0400] "GET /solid28.gif HTTP/1.0" 200 972 "http://selectsmart.com/indexa.html" "Mozilla/4.0 (compatible; MSIE 5.0; Windows 95; DigExt)"
206.68.130.30 - - [22/Oct/1999:08:52:10 -0400] "GET /solid48.gif HTTP/1.0" 200 987 "http://selectsmart.com/indexa.html" "Mozilla/4.0 (compatible; MSIE 5.0; Windows 95; DigExt)"
206.68.130.30 - - [22/Oct/1999:08:52:10 -0400] "GET /planetclick.gif HTTP/1.0" 200 4949 "http://selectsmart.com/indexa.html" "Mozilla/4.0 (compatible; MSIE 5.0; Windows 95; DigExt)"
206.68.130.30 - - [22/Oct/1999:08:52:10 -0400] "GET /cooltools.gif HTTP/1.0" 200 3810 "http://selectsmart.com/indexa.html" "Mozilla/4.0 (compatible; MSIE 5.0; Windows 95; DigExt)"
206.68.130.30 - - [22/Oct/1999:08:52:10 -0400] "GET /cooldogsiteselected.gif HTTP/1.0" 200 2982 "http://selectsmart.com/indexa.html" "Mozilla/4.0 (compatible; MSIE 5.0; Windows 95; DigExt)"
206.68.130.30 - - [22/Oct/1999:08:52:10 -0400] "GET /carolin2.gif HTTP/1.0" 200 3241 "http://selectsmart.com/indexa.html" "Mozilla/4.0 (compatible; MSIE 5.0; Windows 95; DigExt)"
143.231.14.249 - - [22/Oct/1999:08:52:10 -0400] "GET /PRESIDENT/define.htm HTTP/1.1" 200 151 "-" "Mozilla/4.0 (compatible; MSIE 4.01; Windows NT)"
206.68.130.30 - - [22/Oct/1999:08:52:10 -0400] "GET /CoolAward2.gif HTTP/1.0" 200 5548 "http://selectsmart.com/indexa.html" "Mozilla/4.0 (compatible; MSIE 5.0; Windows 95; DigExt)"
206.68.130.30 - - [22/Oct/1999:08:52:10 -0400] "GET /sitename60_mining.gif HTTP/1.0" 200 2015 "http://selectsmart.com/indexa.html" "Mozilla/4.0 (compatible; MSIE 5.0; Windows 95; DigExt)"
206.68.130.30 - - [22/Oct/1999:08:52:10 -0400] "GET /cpetsitm.gif HTTP/1.0" 200 6269 "http://selectsmart.com/indexa.html" "Mozilla/4.0 (compatible; MSIE 5.0; Windows 95; DigExt)"
206.68.130.30 - - [22/Oct/1999:08:52:10 -0400] "GET /blkpaw.gif HTTP/1.0" 200 936 "http://selectsmart.com/indexa.html" "Mozilla/4.0 (compatible; MSIE 5.0; Windows 95; DigExt)"
206.68.130.30 - - [22/Oct/1999:08:52:11 -0400] "GET /exclaim.jpg HTTP/1.0" 200 7859 "http://selectsmart.com/indexa.html" "Mozilla/4.0 (compatible; MSIE 5.0; Windows 95; DigExt)"
199.29.247.140 - - [22/Oct/1999:08:52:11 -0400] "GET /BUSINESS/drop_v.jpg HTTP/1.0" 200 1963 "-" "Mozilla/3.01 (compatible;)"
199.29.247.140 - - [22/Oct/1999:08:52:11 -0400] "GET /BUSINESS/16.gif HTTP/1.0" 200 6704 "-" "Mozilla/3.01 (compatible;)"
199.29.247.140 - - [22/Oct/1999:08:52:11 -0400] "GET /BUSINESS/drop_h.jpg HTTP/1.0" 200 2034 "-" "Mozilla/3.01 (compatible;)"
199.29.247.140 - - [22/Oct/1999:08:52:11 -0400] "GET /PRESIDENT/ HTTP/1.0" 200 29678 "http://www.freerepublic.com/forum/a380fd23a2489.htm" "Mozilla/4.0 (compatible; MSIE 5.0; Windows NT)"
199.29.247.140 - - [22/Oct/1999:08:52:11 -0400] "GET /PRESIDENT/anecdote.gif HTTP/1.0" 200 6898 "-" "Mozilla/3.01 (compatible;)"
199.29.247.140 - - [22/Oct/1999:08:52:11 -0400] "GET /PRESIDENT/TR.gif HTTP/1.0" 200 5566 "-" "Mozilla/3.01 (compatible;)"
199.29.247.140 - - [22/Oct/1999:08:52:11 -0400] "GET /PRESIDENT/packaging.gif HTTP/1.0" 200 10663 "-" "Mozilla/3.01 (compatible;)"
199.29.247.140 - - [22/Oct/1999:08:52:11 -0400] "GET /PRESIDENT/vidal.gif HTTP/1.0" 200 11342 "-" "Mozilla/3.01 (compatible;)"
199.29.247.140 - - [22/Oct/1999:08:52:11 -0400] "GET /PRESIDENT/campaigns.gif HTTP/1.0" 200 5835 "-" "Mozilla/3.01 (compatible;)"
199.29.247.140 - - [22/Oct/1999:08:52:11 -0400] "GET /PRESIDENT/camp2000.gif HTTP/1.0" 200 7449 "-" "Mozilla/3.01 (compatible;)"
199.29.247.140 - - [22/Oct/1999:08:52:11 -0400] "GET /curt.jpg HTTP/1.0" 200 4228 "-" "Mozilla/3.01 (compatible;)"
206.68.130.30 - - [22/Oct/1999:08:52:11 -0400] "GET /up.jpg HTTP/1.0" 200 2511 "http://selectsmart.com/sidepanel.html" "Mozilla/4.0 (compatible; MSIE 5.0; Windows 95; DigExt)"
143.231.43.6 - - [22/Oct/1999:08:52:15 -0400] "GET /PRESIDENT/ HTTP/1.1" 200 29678 "-" "Mozilla/4.0 (compatible; MSIE 4.01; Windows NT; ACS_IQ)"
143.231.43.6 - - [22/Oct/1999:08:52:15 -0400] "GET /BUSINESS/16.gif HTTP/1.1" 200 6704 "http://www.selectsmart.com/PRESIDENT/" "Mozilla/4.0 (compatible; MSIE 4.01; Windows NT; ACS_IQ)"
143.231.43.6 - - [22/Oct/1999:08:52:15 -0400] "GET /BUSINESS/drop_v.jpg HTTP/1.1" 200 1963 "http://www.selectsmart.com/PRESIDENT/" "Mozilla/4.0 (compatible; MSIE 4.01; Windows NT; ACS_IQ)"
198.70.148.65 - - [22/Oct/1999:08:52:15 -0400] "GET /PRESIDENT/ HTTP/1.1" 200 29678 "-" "Mozilla/4.0 (compatible; MSIE 4.01; Windows 95)"
198.70.148.65 - - [22/Oct/1999:08:52:15 -0400] "GET /PRESIDENT/anecdote.gif HTTP/1.1" 200 6898 "http://www.selectsmart.com/PRESIDENT/" "Mozilla/4.0 (compatible; MSIE 4.01; Windows 95)"
198.70.148.65 - - [22/Oct/1999:08:52:16 -0400] "GET /BUSINESS/16.gif HTTP/1.1" 200 6704 "http://www.selectsmart.com/PRESIDENT/" "Mozilla/4.0 (compatible; MSIE 4.01; Windows 95)"
198.70.148.65 - - [22/Oct/1999:08:52:16 -0400] "GET /BUSINESS/drop_v.jpg HTTP/1.1" 200 1963 "http://www.selectsmart.com/PRESIDENT/" "Mozilla/4.0 (compatible; MSIE 4.01; Windows 95)"
198.70.148.65 - - [22/Oct/1999:08:52:16 -0400] "GET /PRESIDENT/campaigns.gif HTTP/1.1" 200 5835 "http://www.selectsmart.com/PRESIDENT/" "Mozilla/4.0 (compatible; MSIE 4.01; Windows 95)"
198.70.148.65 - - [22/Oct/1999:08:52:16 -0400] "GET /PRESIDENT/packaging.gif HTTP/1.1" 200 10663 "http://www.selectsmart.com/PRESIDENT/" "Mozilla/4.0 (compatible; MSIE 4.01; Windows 95)"
198.70.148.65 - - [22/Oct/1999:08:52:16 -0400] "GET /PRESIDENT/vidal.gif HTTP/1.1" 200 11342 "http://www.selectsmart.com/PRESIDENT/" "Mozilla/4.0 (compatible; MSIE 4.01; Windows 95)"
198.70.148.65 - - [22/Oct/1999:08:52:16 -0400] "GET /BUSINESS/drop_h.jpg HTTP/1.1" 200 2034 "http://www.selectsmart.com/PRESIDENT/" "Mozilla/4.0 (compatible; MSIE 4.01; Windows 95)"
198.70.148.65 - - [22/Oct/1999:08:52:16 -0400] "GET /PRESIDENT/TR.gif HTTP/1.1" 200 5566 "http://www.selectsmart.com/PRESIDENT/" "Mozilla/4.0 (compatible; MSIE 4.01; Windows 95)"
143.231.43.6 - - [22/Oct/1999:08:52:16 -0400] "GET /PRESIDENT/anecdote.gif HTTP/1.1" 200 6898 "http://www.selectsmart.com/PRESIDENT/" "Mozilla/4.0 (compatible; MSIE 4.01; Windows NT; ACS_IQ)"
198.70.148.65 - - [22/Oct/1999:08:52:16 -0400] "GET /PRESIDENT/camp2000.gif HTTP/1.1" 200 7449 "http://www.selectsmart.com/PRESIDENT/" "Mozilla/4.0 (compatible; MSIE 4.01; Windows 95)"
198.70.148.65 - - [22/Oct/1999:08:52:16 -0400] "GET /curt.jpg HTTP/1.1" 200 4228 "http://www.selectsmart.com/PRESIDENT/" "Mozilla/4.0 (compatible; MSIE 4.01; Windows 95)"
143.231.43.6 - - [22/Oct/1999:08:52:17 -0400] "GET /BUSINESS/drop_h.jpg HTTP/1.1" 200 2034 "http://www.selectsmart.com/PRESIDENT/" "Mozilla/4.0 (compatible; MSIE 4.01; Windows NT; ACS_IQ)"
143.231.43.6 - - [22/Oct/1999:08:52:18 -0400] "GET /PRESIDENT/campaigns.gif HTTP/1.1" 200 5835 "http://www.selectsmart.com/PRESIDENT/" "Mozilla/4.0 (compatible; MSIE 4.01; Windows NT; ACS_IQ)"
166.32.108.20 - - [22/Oct/1999:08:52:19 -0400] "POST /PRESIDENT/results.php3 HTTP/1.1" 200 6637 "http://www.selectsmart.com/PRESIDENT/" "Mozilla/4.0 (compatible; MSIE 4.01; Windows 98)"
143.231.43.6 - - [22/Oct/1999:08:52:20 -0400] "GET /PRESIDENT/packaging.gif HTTP/1.1" 200 10663 "http://www.selectsmart.com/PRESIDENT/" "Mozilla/4.0 (compatible; MSIE 4.01; Windows NT; ACS_IQ)"
143.231.43.6 - - [22/Oct/1999:08:52:22 -0400] "GET /PRESIDENT/vidal.gif HTTP/1.1" 200 11342 "http://www.selectsmart.com/PRESIDENT/" "Mozilla/4.0 (compatible; MSIE 4.01; Windows NT; ACS_IQ)"
143.231.43.6 - - [22/Oct/1999:08:52:22 -0400] "GET /PRESIDENT/TR.gif HTTP/1.1" 200 5566 "http://www.selectsmart.com/PRESIDENT/" "Mozilla/4.0 (compatible; MSIE 4.01; Windows NT; ACS_IQ)"
208.146.114.30 - - [22/Oct/1999:08:52:24 -0400] "GET /PRESIDENT/define.htm HTTP/1.0" 200 151 "http://www.selectsmart.com/PRESIDENT/" "Mozilla/4.5 [en] (Win95; I)"
143.231.43.6 - - [22/Oct/1999:08:52:24 -0400] "GET /PRESIDENT/camp2000.gif HTTP/1.1" 200 7449 "http://www.selectsmart.com/PRESIDENT/" "Mozilla/4.0 (compatible; MSIE 4.01; Windows NT; ACS_IQ)"
143.231.43.6 - - [22/Oct/1999:08:52:25 -0400] "GET /curt.jpg HTTP/1.1" 200 4228 "http://www.selectsmart.com/PRESIDENT/" "Mozilla/4.0 (compatible; MSIE 4.01; Windows NT; ACS_IQ)"
209.34.0.24 - - [22/Oct/1999:08:52:28 -0400] "GET /BUSINESS/16.gif HTTP/1.1" 200 6704 "http://www.selectsmart.com/PRESIDENT/" "Mozilla/4.0 (compatible; MSIE 4.0; Windows 95; c_athome)"
209.34.0.24 - - [22/Oct/1999:08:52:28 -0400] "GET /BUSINESS/drop_v.jpg HTTP/1.1" 200 1963 "http://www.selectsmart.com/PRESIDENT/" "Mozilla/4.0 (compatible; MSIE 4.0; Windows 95; c_athome)"
209.34.0.24 - - [22/Oct/1999:08:52:29 -0400] "GET /PRESIDENT/ HTTP/1.1" 200 29678 "http://www.selectsmart.com/PRESIDENT/" "Mozilla/4.0 (compatible; MSIE 4.0; Windows 95; c_athome)"
209.34.0.24 - - [22/Oct/1999:08:52:30 -0400] "GET /PRESIDENT/anecdote.gif HTTP/1.1" 200 6898 "http://www.selectsmart.com/PRESIDENT/" "Mozilla/4.0 (compatible; MSIE 4.0; Windows 95; c_athome)"
209.34.0.24 - - [22/Oct/1999:08:52:30 -0400] "GET /BUSINESS/drop_h.jpg HTTP/1.1" 200 2034 "http://www.selectsmart.com/PRESIDENT/" "Mozilla/4.0 (compatible; MSIE 4.0; Windows 95; c_athome)"
204.0.160.60 - - [22/Oct/1999:08:52:37 -0400] "GET /BUSINESS/16.gif HTTP/1.1" 200 6704 "http://www.selectsmart.com/PRESIDENT/" "Mozilla/4.0 (compatible; MSIE 4.01; Windows 98; Compaq)"
204.0.160.60 - - [22/Oct/1999:08:52:37 -0400] "GET /BUSINESS/drop_v.jpg HTTP/1.1" 200 1963 "http://www.selectsmart.com/PRESIDENT/" "Mozilla/4.0 (compatible; MSIE 4.01; Windows 98; Compaq)"
