206.189.24.7 - - [22/Oct/1999:07:49:13 -0400] "GET /solid59.gif HTTP/1.0" 304 - "http://www.selectsmart.com/sidepanel.html" "Mozilla/4.0 (compatible; MSIE 4.01; Windows 95)"
206.189.24.7 - - [22/Oct/1999:07:49:13 -0400] "GET /solid17.gif HTTP/1.0" 304 - "http://www.selectsmart.com/sidepanel.html" "Mozilla/4.0 (compatible; MSIE 4.01; Windows 95)"
206.189.24.7 - - [22/Oct/1999:07:49:13 -0400] "GET /solid17.gif HTTP/1.0" 304 - "http://www.selectsmart.com/sidepanel.html" "Mozilla/4.0 (compatible; MSIE 4.01; Windows 95)"
206.189.24.7 - - [22/Oct/1999:07:49:14 -0400] "GET /solid41.gif HTTP/1.0" 304 - "http://www.selectsmart.com/sidepanel.html" "Mozilla/4.0 (compatible; MSIE 4.01; Windows 95)"
206.189.24.7 - - [22/Oct/1999:07:49:14 -0400] "GET /curt.jpg HTTP/1.0" 304 - "http://www.selectsmart.com/sidepanel.html" "Mozilla/4.0 (compatible; MSIE 4.01; Windows 95)"
206.189.24.7 - - [22/Oct/1999:07:49:14 -0400] "GET /up.jpg HTTP/1.0" 304 - "http://www.selectsmart.com/sidepanel.html" "Mozilla/4.0 (compatible; MSIE 4.01; Windows 95)"
206.189.24.7 - - [22/Oct/1999:07:49:14 -0400] "GET /thnkyell.jpg HTTP/1.0" 304 - "http://www.selectsmart.com/sidepanel.html" "Mozilla/4.0 (compatible; MSIE 4.01; Windows 95)"
206.189.24.7 - - [22/Oct/1999:07:49:14 -0400] "GET /AMAZON/amzn-buy.gif HTTP/1.0" 304 - "http://www.selectsmart.com/sidepanel.html" "Mozilla/4.0 (compatible; MSIE 4.01; Windows 95)"
206.189.24.7 - - [22/Oct/1999:07:49:14 -0400] "GET /solid6.gif HTTP/1.0" 304 - "http://www.selectsmart.com/indexa.html" "Mozilla/4.0 (compatible; MSIE 4.01; Windows 95)"
206.189.24.7 - - [22/Oct/1999:07:49:15 -0400] "GET /solid28.gif HTTP/1.0" 304 - "http://www.selectsmart.com/indexa.html" "Mozilla/4.0 (compatible; MSIE 4.01; Windows 95)"
206.189.24.7 - - [22/Oct/1999:07:49:15 -0400] "GET /solid48.gif HTTP/1.0" 304 - "http://www.selectsmart.com/indexa.html" "Mozilla/4.0 (compatible; MSIE 4.01; Windows 95)"
206.189.24.7 - - [22/Oct/1999:07:49:15 -0400] "GET /exclaim.jpg HTTP/1.0" 304 - "http://www.selectsmart.com/indexa.html" "Mozilla/4.0 (compatible; MSIE 4.01; Windows 95)"
206.189.24.7 - - [22/Oct/1999:07:49:15 -0400] "GET /planetclick.gif HTTP/1.0" 304 - "http://www.selectsmart.com/indexa.html" "Mozilla/4.0 (compatible; MSIE 4.01; Windows 95)"
206.189.24.7 - - [22/Oct/1999:07:49:15 -0400] "GET /cooltools.gif HTTP/1.0" 304 - "http://www.selectsmart.com/indexa.html" "Mozilla/4.0 (compatible; MSIE 4.01; Windows 95)"
206.189.24.7 - - [22/Oct/1999:07:49:15 -0400] "GET /cooldogsiteselected.gif HTTP/1.0" 304 - "http://www.selectsmart.com/indexa.html" "Mozilla/4.0 (compatible; MSIE 4.01; Windows 95)"
206.189.24.7 - - [22/Oct/1999:07:49:15 -0400] "GET /carolin2.gif HTTP/1.0" 304 - "http://www.selectsmart.com/indexa.html" "Mozilla/4.0 (compatible; MSIE 4.01; Windows 95)"
206.189.24.7 - - [22/Oct/1999:07:49:16 -0400] "GET /solid11.gif HTTP/1.0" 304 - "http://www.selectsmart.com/indexa.html" "Mozilla/4.0 (compatible; MSIE 4.01; Windows 95)"
206.189.24.7 - - [22/Oct/1999:07:49:16 -0400] "GET /cpetsitm.gif HTTP/1.0" 304 - "http://www.selectsmart.com/indexa.html" "Mozilla/4.0 (compatible; MSIE 4.01; Windows 95)"
206.189.24.7 - - [22/Oct/1999:07:49:16 -0400] "GET /sltrib.gif HTTP/1.0" 304 - "http://www.selectsmart.com/indexa.html" "Mozilla/4.0 (compatible; MSIE 4.01; Windows 95)"
206.189.24.7 - - [22/Oct/1999:07:49:16 -0400] "GET /BUSINESS/drop_v.jpg HTTP/1.0" 304 - "http://www.selectsmart.com/indexa.html" "Mozilla/4.0 (compatible; MSIE 4.01; Windows 95)"
206.189.24.7 - - [22/Oct/1999:07:49:17 -0400] "GET /sitename60_mining.gif HTTP/1.0" 304 - "http://www.selectsmart.com/indexa.html" "Mozilla/4.0 (compatible; MSIE 4.01; Windows 95)"
206.189.24.7 - - [22/Oct/1999:07:49:17 -0400] "GET /CoolAward2.gif HTTP/1.0" 304 - "http://www.selectsmart.com/indexa.html" "Mozilla/4.0 (compatible; MSIE 4.01; Windows 95)"
206.189.24.7 - - [22/Oct/1999:07:49:17 -0400] "GET /BUSINESS/14.gif HTTP/1.0" 304 - "http://www.selectsmart.com/indexa.html" "Mozilla/4.0 (compatible; MSIE 4.01; Windows 95)"
206.189.24.7 - - [22/Oct/1999:07:49:19 -0400] "GET /PRESIDENT/ HTTP/1.0" 200 29678 "http://www.selectsmart.com/indexa.html" "Mozilla/4.0 (compatible; MSIE 4.01; Windows 95)"
206.189.24.7 - - [22/Oct/1999:07:49:19 -0400] "GET /BUSINESS/drop_h.jpg HTTP/1.0" 304 - "http://www.selectsmart.com/PRESIDENT/" "Mozilla/4.0 (compatible; MSIE 4.01; Windows 95)"
206.189.24.7 - - [22/Oct/1999:07:49:19 -0400] "GET /BUSINESS/16.gif HTTP/1.0" 304 - "http://www.selectsmart.com/PRESIDENT/" "Mozilla/4.0 (compatible; MSIE 4.01; Windows 95)"
206.189.24.7 - - [22/Oct/1999:07:49:19 -0400] "GET /PRESIDENT/anecdote.gif HTTP/1.0" 200 6898 "http://www.selectsmart.com/PRESIDENT/" "Mozilla/4.0 (compatible; MSIE 4.01; Windows 95)"
206.189.24.7 - - [22/Oct/1999:07:49:20 -0400] "GET /PRESIDENT/campaigns.gif HTTP/1.0" 304 - "http://www.selectsmart.com/PRESIDENT/" "Mozilla/4.0 (compatible; MSIE 4.01; Windows 95)"
206.189.24.7 - - [22/Oct/1999:07:49:20 -0400] "GET /PRESIDENT/packaging.gif HTTP/1.0" 304 - "http://www.selectsmart.com/PRESIDENT/" "Mozilla/4.0 (compatible; MSIE 4.01; Windows 95)"
206.189.24.7 - - [22/Oct/1999:07:49:20 -0400] "GET /PRESIDENT/vidal.gif HTTP/1.0" 200 11342 "http://www.selectsmart.com/PRESIDENT/" "Mozilla/4.0 (compatible; MSIE 4.01; Windows 95)"
206.189.24.7 - - [22/Oct/1999:07:49:20 -0400] "GET /PRESIDENT/TR.gif HTTP/1.0" 304 - "http://www.selectsmart.com/PRESIDENT/" "Mozilla/4.0 (compatible; MSIE 4.01; Windows 95)"
206.189.24.7 - - [22/Oct/1999:07:49:21 -0400] "GET /PRESIDENT/camp2000.gif HTTP/1.0" 200 7449 "http://www.selectsmart.com/PRESIDENT/" "Mozilla/4.0 (compatible; MSIE 4.01; Windows 95)"
132.236.129.156 - - [22/Oct/1999:07:49:28 -0400] "GET /PRESIDENT/define.htm HTTP/1.0" 200 151 "http://www.selectsmart.com/PRESIDENT/" "Mozilla/4.05 [en] (Win95; U ;Nav)"
199.203.140.40 - - [22/Oct/1999:07:49:31 -0400] "GET /dog/description.htm HTTP/1.0" 404 213 "http://www.selectsmart.com/dog/descriptiox2.htm" "Mozilla/4.0 (compatible; MSIE 4.01; Windows 98)"
199.203.140.40 - - [22/Oct/1999:07:49:34 -0400] "GET /dog/description.htm HTTP/1.0" 404 213 "http://www.selectsmart.com/dog/descriptiox2.htm" "Mozilla/4.0 (compatible; MSIE 4.01; Windows 98)"
161.80.45.171 - - [22/Oct/1999:07:49:55 -0400] "POST /PRESIDENT/results.php3 HTTP/1.0" 200 6626 "http://www.selectsmart.com/PRESIDENT/" "Mozilla/4.5 [en] (Win98; U)"
161.80.45.171 - - [22/Oct/1999:07:50:15 -0400] "GET /PRESIDENT/results.php3?more=now&mid=12 HTTP/1.0" 200 4821 "http://www.selectsmart.com/PRESIDENT/results.php3" "Mozilla/4.5 [en] (Win98; U)"
161.80.45.171 - - [22/Oct/1999:07:50:15 -0400] "GET /PRESIDENT/images/keyes.jpg HTTP/1.0" 200 2466 "http://www.selectsmart.com/PRESIDENT/results.php3?more=now&mid=12" "Mozilla/4.5 [en] (Win98; U)"
132.236.129.156 - - [22/Oct/1999:07:50:24 -0400] "POST /PRESIDENT/results.php3 HTTP/1.0" 200 6625 "http://www.selectsmart.com/PRESIDENT/" "Mozilla/4.05 [en] (Win95; U ;Nav)"
128.147.73.84 - - [22/Oct/1999:07:50:26 -0400] "GET /PRESIDENT/ HTTP/1.1" 200 29678 "-" "Mozilla/4.0 (compatible; MSIE 4.01; Windows NT)"
161.80.45.171 - - [22/Oct/1999:07:50:26 -0400] "GET /PRESIDENT/results.php3?more=now&mid=11 HTTP/1.0" 200 6621 "http://www.selectsmart.com/PRESIDENT/results.php3" "Mozilla/4.5 [en] (Win98; U)"
161.80.45.171 - - [22/Oct/1999:07:50:26 -0400] "GET /PRESIDENT/hatch.gif HTTP/1.0" 200 6423 "http://www.selectsmart.com/PRESIDENT/results.php3?more=now&mid=11" "Mozilla/4.5 [en] (Win98; U)"
12.77.119.65 - - [22/Oct/1999:07:50:27 -0400] "GET /solid41.gif HTTP/1.1" 200 987 "http://www.selectsmart.com/classads/" "Mozilla/4.0 (compatible; MSIE 4.01; MSN 2.5; Windows 98)"
12.77.119.65 - - [22/Oct/1999:07:50:27 -0400] "GET /solid52.gif HTTP/1.1" 200 980 "http://www.selectsmart.com/classads/" "Mozilla/4.0 (compatible; MSIE 4.01; MSN 2.5; Windows 98)"
128.147.73.84 - - [22/Oct/1999:07:50:27 -0400] "GET /PRESIDENT/anecdote.gif HTTP/1.1" 200 6898 "http://www.selectsmart.com/PRESIDENT/" "Mozilla/4.0 (compatible; MSIE 4.01; Windows NT)"
128.147.73.84 - - [22/Oct/1999:07:50:27 -0400] "GET /PRESIDENT/campaigns.gif HTTP/1.1" 200 5835 "http://www.selectsmart.com/PRESIDENT/" "Mozilla/4.0 (compatible; MSIE 4.01; Windows NT)"
128.147.73.84 - - [22/Oct/1999:07:50:27 -0400] "GET /BUSINESS/16.gif HTTP/1.1" 200 6704 "http://www.selectsmart.com/PRESIDENT/" "Mozilla/4.0 (compatible; MSIE 4.01; Windows NT)"
128.147.73.84 - - [22/Oct/1999:07:50:27 -0400] "GET /BUSINESS/drop_v.jpg HTTP/1.1" 200 1963 "http://www.selectsmart.com/PRESIDENT/" "Mozilla/4.0 (compatible; MSIE 4.01; Windows NT)"
128.147.73.84 - - [22/Oct/1999:07:50:27 -0400] "GET /PRESIDENT/vidal.gif HTTP/1.1" 200 11342 "http://www.selectsmart.com/PRESIDENT/" "Mozilla/4.0 (compatible; MSIE 4.01; Windows NT)"
128.147.73.84 - - [22/Oct/1999:07:50:27 -0400] "GET /PRESIDENT/packaging.gif HTTP/1.1" 200 10663 "http://www.selectsmart.com/PRESIDENT/" "Mozilla/4.0 (compatible; MSIE 4.01; Windows NT)"
128.147.73.84 - - [22/Oct/1999:07:50:27 -0400] "GET /BUSINESS/drop_h.jpg HTTP/1.1" 200 2034 "http://www.selectsmart.com/PRESIDENT/" "Mozilla/4.0 (compatible; MSIE 4.01; Windows NT)"
128.147.73.84 - - [22/Oct/1999:07:50:28 -0400] "GET /PRESIDENT/camp2000.gif HTTP/1.1" 200 7449 "http://www.selectsmart.com/PRESIDENT/" "Mozilla/4.0 (compatible; MSIE 4.01; Windows NT)"
128.147.73.84 - - [22/Oct/1999:07:50:28 -0400] "GET /PRESIDENT/TR.gif HTTP/1.1" 200 5566 "http://www.selectsmart.com/PRESIDENT/" "Mozilla/4.0 (compatible; MSIE 4.01; Windows NT)"
128.147.73.84 - - [22/Oct/1999:07:50:28 -0400] "GET /curt.jpg HTTP/1.1" 200 4228 "http://www.selectsmart.com/PRESIDENT/" "Mozilla/4.0 (compatible; MSIE 4.01; Windows NT)"
12.77.119.65 - - [22/Oct/1999:07:50:28 -0400] "GET /DOG/purinadog.gif HTTP/1.1" 200 11906 "http://www.selectsmart.com/classads/" "Mozilla/4.0 (compatible; MSIE 4.01; MSN 2.5; Windows 98)"
12.77.119.65 - - [22/Oct/1999:07:50:28 -0400] "GET /solid59.gif HTTP/1.1" 200 977 "http://www.selectsmart.com/classads/" "Mozilla/4.0 (compatible; MSIE 4.01; MSN 2.5; Windows 98)"
12.77.119.65 - - [22/Oct/1999:07:50:38 -0400] "GET /DOG/compet.gif HTTP/1.1" 200 15373 "http://www.selectsmart.com/classads/" "Mozilla/4.0 (compatible; MSIE 4.01; MSN 2.5; Windows 98)"
161.80.45.171 - - [22/Oct/1999:07:50:38 -0400] "GET /PRESIDENT/results.php3?more=now&mid=4 HTTP/1.0" 200 6043 "http://www.selectsmart.com/PRESIDENT/results.php3" "Mozilla/4.5 [en] (Win98; U)"
161.80.45.171 - - [22/Oct/1999:07:50:38 -0400] "GET /PRESIDENT/images/browne.jpg HTTP/1.0" 200 2199 "http://www.selectsmart.com/PRESIDENT/results.php3?more=now&mid=4" "Mozilla/4.5 [en] (Win98; U)"
12.77.119.65 - - [22/Oct/1999:07:50:41 -0400] "GET /classads/ HTTP/1.1" 200 103036 "http://ink.yahoo.com/bin/query?p=petfinder.org&b=41&hc=0&hs=5" "Mozilla/4.0 (compatible; MSIE 4.01; MSN 2.5; Windows 98)"
157.93.253.11 - - [22/Oct/1999:07:50:41 -0400] "POST /PRESIDENT/results.php3 HTTP/1.0" 200 6625 "http://www.selectsmart.com/PRESIDENT/" "Mozilla/4.0 (compatible; MSIE 4.01; Windows 98)"
132.236.129.156 - - [22/Oct/1999:07:50:44 -0400] "GET /PRESIDENT/results.php3?more=now&mid=14 HTTP/1.0" 200 6606 "http://www.selectsmart.com/PRESIDENT/results.php3" "Mozilla/4.05 [en] (Win95; U ;Nav)"
132.236.129.156 - - [22/Oct/1999:07:50:44 -0400] "GET /PRESIDENT/images/mccain.jpg HTTP/1.0" 200 2299 "http://www.selectsmart.com/PRESIDENT/results.php3?more=now&mid=14" "Mozilla/4.05 [en] (Win95; U ;Nav)"
12.77.119.65 - - [22/Oct/1999:07:50:44 -0400] "GET /DOG/gettingthemost.gif HTTP/1.1" 200 7267 "http://www.selectsmart.com/classads/" "Mozilla/4.0 (compatible; MSIE 4.01; MSN 2.5; Windows 98)"
12.77.119.65 - - [22/Oct/1999:07:50:48 -0400] "GET /DOG/pudgy.gif HTTP/1.1" 200 14675 "http://www.selectsmart.com/classads/" "Mozilla/4.0 (compatible; MSIE 4.01; MSN 2.5; Windows 98)"
12.77.119.65 - - [22/Oct/1999:07:50:48 -0400] "GET /DOG/trickisin.gif HTTP/1.1" 200 13603 "http://www.selectsmart.com/classads/" "Mozilla/4.0 (compatible; MSIE 4.01; MSN 2.5; Windows 98)"
12.77.119.65 - - [22/Oct/1999:07:50:52 -0400] "GET /heart.gif HTTP/1.1" 200 1806 "http://www.selectsmart.com/classads/" "Mozilla/4.0 (compatible; MSIE 4.01; MSN 2.5; Windows 98)"
12.77.119.65 - - [22/Oct/1999:07:50:52 -0400] "GET /DOG/toydog.gif HTTP/1.1" 200 11205 "http://www.selectsmart.com/classads/" "Mozilla/4.0 (compatible; MSIE 4.01; MSN 2.5; Windows 98)"
132.236.129.156 - - [22/Oct/1999:07:51:00 -0400] "GET /PRESIDENT/results.php3?more=now&mid=6 HTTP/1.0" 200 5989 "http://www.selectsmart.com/PRESIDENT/results.php3" "Mozilla/4.05 [en] (Win95; U ;Nav)"
132.236.129.156 - - [22/Oct/1999:07:51:00 -0400] "GET /PRESIDENT/images/bush.jpg HTTP/1.0" 200 2977 "http://www.selectsmart.com/PRESIDENT/results.php3?more=now&mid=6" "Mozilla/4.05 [en] (Win95; U ;Nav)"
131.158.70.209 - - [22/Oct/1999:07:51:03 -0400] "GET /PRESIDENT/ HTTP/1.0" 200 29678 "http://www.FreeRepublic.com/forum/a380fd23a2489.htm" "Mozilla/4.04 [en] (Win95; I)"
131.158.70.209 - - [22/Oct/1999:07:51:04 -0400] "GET /BUSINESS/drop_h.jpg HTTP/1.0" 200 2034 "http://www.selectsmart.com/PRESIDENT/" "Mozilla/4.04 [en] (Win95; I)"
131.158.70.209 - - [22/Oct/1999:07:51:04 -0400] "GET /BUSINESS/16.gif HTTP/1.0" 200 6704 "http://www.selectsmart.com/PRESIDENT/" "Mozilla/4.04 [en] (Win95; I)"
131.158.70.209 - - [22/Oct/1999:07:51:04 -0400] "GET /BUSINESS/drop_v.jpg HTTP/1.0" 200 1963 "http://www.selectsmart.com/PRESIDENT/" "Mozilla/4.04 [en] (Win95; I)"
131.158.70.209 - - [22/Oct/1999:07:51:04 -0400] "GET /PRESIDENT/anecdote.gif HTTP/1.0" 200 6898 "http://www.selectsmart.com/PRESIDENT/" "Mozilla/4.04 [en] (Win95; I)"
131.158.70.209 - - [22/Oct/1999:07:51:05 -0400] "GET /PRESIDENT/packaging.gif HTTP/1.0" 200 10663 "http://www.selectsmart.com/PRESIDENT/" "Mozilla/4.04 [en] (Win95; I)"
131.158.70.209 - - [22/Oct/1999:07:51:05 -0400] "GET /PRESIDENT/TR.gif HTTP/1.0" 200 5566 "http://www.selectsmart.com/PRESIDENT/" "Mozilla/4.04 [en] (Win95; I)"
131.158.70.209 - - [22/Oct/1999:07:51:05 -0400] "GET /curt.jpg HTTP/1.0" 200 4228 "http://www.selectsmart.com/PRESIDENT/" "Mozilla/4.04 [en] (Win95; I)"
131.158.70.209 - - [22/Oct/1999:07:51:05 -0400] "GET /PRESIDENT/vidal.gif HTTP/1.0" 200 11342 "http://www.selectsmart.com/PRESIDENT/" "Mozilla/4.04 [en] (Win95; I)"
131.158.70.209 - - [22/Oct/1999:07:51:05 -0400] "GET /PRESIDENT/campaigns.gif HTTP/1.0" 200 5835 "http://www.selectsmart.com/PRESIDENT/" "Mozilla/4.04 [en] (Win95; I)"
131.158.70.209 - - [22/Oct/1999:07:51:05 -0400] "GET /PRESIDENT/camp2000.gif HTTP/1.0" 200 7449 "http://www.selectsmart.com/PRESIDENT/" "Mozilla/4.04 [en] (Win95; I)"
208.141.8.190 - - [22/Oct/1999:07:51:10 -0400] "GET /BUSINESS/16.gif HTTP/1.1" 200 6704 "http://www.selectsmart.com/PRESIDENT/" "Mozilla/4.0 (compatible; MSIE 5.0; Windows NT; DigExt)"
208.141.8.190 - - [22/Oct/1999:07:51:10 -0400] "GET /BUSINESS/drop_v.jpg HTTP/1.1" 200 1963 "http://www.selectsmart.com/PRESIDENT/" "Mozilla/4.0 (compatible; MSIE 5.0; Windows NT; DigExt)"
208.141.8.190 - - [22/Oct/1999:07:51:10 -0400] "GET /BUSINESS/drop_h.jpg HTTP/1.1" 200 2034 "http://www.selectsmart.com/PRESIDENT/" "Mozilla/4.0 (compatible; MSIE 5.0; Windows NT; DigExt)"
209.240.200.114 - - [22/Oct/1999:07:51:11 -0400] "POST /PRESIDENT/results.php3 HTTP/1.0" 200 6625 "http://www.selectsmart.com/PRESIDENT/" "Mozilla/3.0 WebTV/1.2 (compatible; MSIE 2.0)"
199.120.86.29 - - [22/Oct/1999:07:51:12 -0400] "GET /PRESIDENT/ HTTP/1.1" 200 29678 "http://www.selectsmart.com/PRESIDENT/" "Mozilla/4.0 (compatible; MSIE 5.0; Windows 98)"
209.8.113.130 - - [22/Oct/1999:07:51:12 -0400] "GET /PRESIDENT/define8a.htm HTTP/1.0" 200 193 "http://www.selectsmart.com/PRESIDENT/" "Mozilla/4.5 [en] (Win98; I)"
199.120.86.29 - - [22/Oct/1999:07:51:13 -0400] "GET /PRESIDENT/campaigns.gif HTTP/1.1" 200 5835 "http://www.selectsmart.com/PRESIDENT/" "Mozilla/4.0 (compatible; MSIE 5.0; Windows 98)"
199.120.86.29 - - [22/Oct/1999:07:51:13 -0400] "GET /BUSINESS/16.gif HTTP/1.1" 200 6704 "http://www.selectsmart.com/PRESIDENT/" "Mozilla/4.0 (compatible; MSIE 5.0; Windows 98)"
199.120.86.29 - - [22/Oct/1999:07:51:13 -0400] "GET /BUSINESS/drop_v.jpg HTTP/1.1" 200 1963 "http://www.selectsmart.com/PRESIDENT/" "Mozilla/4.0 (compatible; MSIE 5.0; Windows 98)"
199.120.86.29 - - [22/Oct/1999:07:51:13 -0400] "GET /PRESIDENT/anecdote.gif HTTP/1.1" 200 6898 "http://www.selectsmart.com/PRESIDENT/" "Mozilla/4.0 (compatible; MSIE 5.0; Windows 98)"
208.141.8.190 - - [22/Oct/1999:07:51:14 -0400] "GET /PRESIDENT/ HTTP/1.1" 200 29678 "-" "Mozilla/4.0 (compatible; MSIE 5.0; Windows NT; DigExt)"
199.120.86.29 - - [22/Oct/1999:07:51:14 -0400] "GET /PRESIDENT/packaging.gif HTTP/1.1" 200 10663 "http://www.selectsmart.com/PRESIDENT/" "Mozilla/4.0 (compatible; MSIE 5.0; Windows 98)"
208.141.8.190 - - [22/Oct/1999:07:51:15 -0400] "GET /PRESIDENT/anecdote.gif HTTP/1.1" 200 6898 "http://www.selectsmart.com/PRESIDENT/" "Mozilla/4.0 (compatible; MSIE 5.0; Windows NT; DigExt)"
208.141.8.190 - - [22/Oct/1999:07:51:16 -0400] "GET /PRESIDENT/campaigns.gif HTTP/1.1" 200 5835 "http://www.selectsmart.com/PRESIDENT/" "Mozilla/4.0 (compatible; MSIE 5.0; Windows NT; DigExt)"
208.141.8.190 - - [22/Oct/1999:07:51:17 -0400] "GET /PRESIDENT/packaging.gif HTTP/1.1" 200 10663 "http://www.selectsmart.com/PRESIDENT/" "Mozilla/4.0 (compatible; MSIE 5.0; Windows NT; DigExt)"
199.120.86.29 - - [22/Oct/1999:07:51:18 -0400] "GET /PRESIDENT/vidal.gif HTTP/1.1" 200 11342 "http://www.selectsmart.com/PRESIDENT/" "Mozilla/4.0 (compatible; MSIE 5.0; Windows 98)"
199.120.86.29 - - [22/Oct/1999:07:51:18 -0400] "GET /BUSINESS/drop_h.jpg HTTP/1.1" 200 2034 "http://www.selectsmart.com/PRESIDENT/" "Mozilla/4.0 (compatible; MSIE 5.0; Windows 98)"
208.141.8.190 - - [22/Oct/1999:07:51:18 -0400] "GET /PRESIDENT/vidal.gif HTTP/1.1" 200 11342 "http://www.selectsmart.com/PRESIDENT/" "Mozilla/4.0 (compatible; MSIE 5.0; Windows NT; DigExt)"
208.141.8.190 - - [22/Oct/1999:07:51:19 -0400] "GET /PRESIDENT/TR.gif HTTP/1.1" 200 5566 "http://www.selectsmart.com/PRESIDENT/" "Mozilla/4.0 (compatible; MSIE 5.0; Windows NT; DigExt)"
208.141.8.190 - - [22/Oct/1999:07:51:20 -0400] "GET /PRESIDENT/camp2000.gif HTTP/1.1" 200 7449 "http://www.selectsmart.com/PRESIDENT/" "Mozilla/4.0 (compatible; MSIE 5.0; Windows NT; DigExt)"
208.141.8.190 - - [22/Oct/1999:07:51:21 -0400] "GET /curt.jpg HTTP/1.1" 200 4228 "http://www.selectsmart.com/PRESIDENT/" "Mozilla/4.0 (compatible; MSIE 5.0; Windows NT; DigExt)"
199.120.86.29 - - [22/Oct/1999:07:51:21 -0400] "GET /PRESIDENT/TR.gif HTTP/1.1" 200 5566 "http://www.selectsmart.com/PRESIDENT/" "Mozilla/4.0 (compatible; MSIE 5.0; Windows 98)"
199.120.86.29 - - [22/Oct/1999:07:51:23 -0400] "GET /PRESIDENT/camp2000.gif HTTP/1.1" 200 7449 "http://www.selectsmart.com/PRESIDENT/" "Mozilla/4.0 (compatible; MSIE 5.0; Windows 98)"
199.120.86.29 - - [22/Oct/1999:07:51:23 -0400] "GET /curt.jpg HTTP/1.1" 200 4228 "http://www.selectsmart.com/PRESIDENT/" "Mozilla/4.0 (compatible; MSIE 5.0; Windows 98)"
209.8.113.130 - - [22/Oct/1999:07:51:24 -0400] "GET /PRESIDENT/define8.htm HTTP/1.0" 200 322 "http://www.selectsmart.com/PRESIDENT/" "Mozilla/4.5 [en] (Win98; I)"
192.104.54.1 - - [22/Oct/1999:07:51:25 -0400] "GET /PRESIDENT/ HTTP/1.0" 200 29678 "-" "Mozilla/4.61 [en] (Win98; U)"
192.104.54.1 - - [22/Oct/1999:07:51:26 -0400] "GET /BUSINESS/16.gif HTTP/1.0" 200 6704 "http://www.selectsmart.com/PRESIDENT/" "Mozilla/4.61 [en] (Win98; U)"
192.104.54.1 - - [22/Oct/1999:07:51:26 -0400] "GET /BUSINESS/drop_h.jpg HTTP/1.0" 200 2034 "http://www.selectsmart.com/PRESIDENT/" "Mozilla/4.61 [en] (Win98; U)"
192.104.54.1 - - [22/Oct/1999:07:51:26 -0400] "GET /BUSINESS/drop_v.jpg HTTP/1.0" 200 1963 "http://www.selectsmart.com/PRESIDENT/" "Mozilla/4.61 [en] (Win98; U)"
192.104.54.1 - - [22/Oct/1999:07:51:28 -0400] "GET /PRESIDENT/anecdote.gif HTTP/1.0" 200 6898 "http://www.selectsmart.com/PRESIDENT/" "Mozilla/4.61 [en] (Win98; U)"
192.104.54.1 - - [22/Oct/1999:07:51:28 -0400] "GET /PRESIDENT/campaigns.gif HTTP/1.0" 200 5835 "http://www.selectsmart.com/PRESIDENT/" "Mozilla/4.61 [en] (Win98; U)"
192.104.54.1 - - [22/Oct/1999:07:51:28 -0400] "GET /PRESIDENT/packaging.gif HTTP/1.0" 200 10663 "http://www.selectsmart.com/PRESIDENT/" "Mozilla/4.61 [en] (Win98; U)"
192.104.54.1 - - [22/Oct/1999:07:51:28 -0400] "GET /PRESIDENT/camp2000.gif HTTP/1.0" 200 7449 "http://www.selectsmart.com/PRESIDENT/" "Mozilla/4.61 [en] (Win98; U)"
192.104.54.1 - - [22/Oct/1999:07:51:28 -0400] "GET /curt.jpg HTTP/1.0" 200 4228 "http://www.selectsmart.com/PRESIDENT/" "Mozilla/4.61 [en] (Win98; U)"
192.104.54.1 - - [22/Oct/1999:07:51:31 -0400] "GET /PRESIDENT/vidal.gif HTTP/1.0" 200 11342 "http://www.selectsmart.com/PRESIDENT/" "Mozilla/4.61 [en] (Win98; U)"
192.104.54.1 - - [22/Oct/1999:07:51:31 -0400] "GET /PRESIDENT/TR.gif HTTP/1.0" 200 5566 "http://www.selectsmart.com/PRESIDENT/" "Mozilla/4.61 [en] (Win98; U)"
12.78.211.90 - - [22/Oct/1999:07:51:32 -0400] "GET /PRESIDENT/ HTTP/1.1" 200 29678 "-" "Mozilla/4.0 (compatible; MSIE 4.01; Windows 98)"
157.93.253.11 - - [22/Oct/1999:07:51:33 -0400] "POST /PRESIDENT/results.php3 HTTP/1.0" 200 14717 "http://www.selectsmart.com/PRESIDENT/results.php3" "Mozilla/4.0 (compatible; MSIE 4.01; Windows 98)"
157.93.253.11 - - [22/Oct/1999:07:51:33 -0400] "GET /PRESIDENT/buchanan.jpg HTTP/1.0" 200 8053 "http://www.selectsmart.com/PRESIDENT/results.php3" "Mozilla/4.0 (compatible; MSIE 4.01; Windows 98)"
12.78.211.90 - - [22/Oct/1999:07:51:33 -0400] "GET /PRESIDENT/anecdote.gif HTTP/1.1" 200 6898 "http://www.selectsmart.com/PRESIDENT/" "Mozilla/4.0 (compatible; MSIE 4.01; Windows 98)"
12.78.211.90 - - [22/Oct/1999:07:51:33 -0400] "GET /PRESIDENT/packaging.gif HTTP/1.1" 200 10663 "http://www.selectsmart.com/PRESIDENT/" "Mozilla/4.0 (compatible; MSIE 4.01; Windows 98)"
157.93.253.11 - - [22/Oct/1999:07:51:33 -0400] "GET /PRESIDENT/images/keyes.jpg HTTP/1.0" 200 2466 "http://www.selectsmart.com/PRESIDENT/results.php3" "Mozilla/4.0 (compatible; MSIE 4.01; Windows 98)"
157.93.253.11 - - [22/Oct/1999:07:51:34 -0400] "GET /PRESIDENT/images/smith.jpg HTTP/1.0" 200 2103 "http://www.selectsmart.com/PRESIDENT/results.php3" "Mozilla/4.0 (compatible; MSIE 4.01; Windows 98)"
12.78.211.90 - - [22/Oct/1999:07:51:36 -0400] "GET /PRESIDENT/camp2000.gif HTTP/1.1" 200 7449 "http://www.selectsmart.com/PRESIDENT/" "Mozilla/4.0 (compatible; MSIE 4.01; Windows 98)"
161.80.45.171 - - [22/Oct/1999:07:51:42 -0400] "GET /PRESIDENT/results.php3?more=now&mid=11 HTTP/1.0" 200 6621 "http://www.selectsmart.com/PRESIDENT/results.php3" "Mozilla/4.5 [en] (Win98; U)"
208.141.8.190 - - [22/Oct/1999:07:51:45 -0400] "GET /PRESIDENT/define2.htm HTTP/1.1" 200 201 "-" "Mozilla/4.0 (compatible; MSIE 5.0; Windows NT; DigExt)"
12.78.211.90 - - [22/Oct/1999:07:51:52 -0400] "POST /PRESIDENT/results.php3 HTTP/1.1" 200 3646 "http://www.selectsmart.com/PRESIDENT/" "Mozilla/4.0 (compatible; MSIE 4.01; Windows 98)"
63.17.56.18 - - [22/Oct/1999:07:51:56 -0400] "GET /PRESIDENT/ HTTP/1.1" 200 29678 "http://www.selectsmart.com/PRESIDENT/" "Mozilla/4.0 (compatible; MSIE 5.0; Windows 95; DigExt)"
63.17.56.18 - - [22/Oct/1999:07:51:57 -0400] "GET /BUSINESS/16.gif HTTP/1.1" 200 6704 "http://www.selectsmart.com/PRESIDENT/" "Mozilla/4.0 (compatible; MSIE 5.0; Windows 95; DigExt)"
151.200.96.6 - - [22/Oct/1999:07:51:57 -0400] "GET /PRESIDENT/define10b.htm HTTP/1.0" 200 160 "http://www.selectsmart.com/PRESIDENT/" "Mozilla/4.06 [en] (WinNT; U)"
63.17.56.18 - - [22/Oct/1999:07:51:57 -0400] "GET /BUSINESS/drop_v.jpg HTTP/1.1" 200 1963 "http://www.selectsmart.com/PRESIDENT/" "Mozilla/4.0 (compatible; MSIE 5.0; Windows 95; DigExt)"
63.17.56.18 - - [22/Oct/1999:07:51:58 -0400] "GET /PRESIDENT/anecdote.gif HTTP/1.1" 200 6898 "http://www.selectsmart.com/PRESIDENT/" "Mozilla/4.0 (compatible; MSIE 5.0; Windows 95; DigExt)"
63.17.56.18 - - [22/Oct/1999:07:51:58 -0400] "GET /BUSINESS/drop_h.jpg HTTP/1.1" 200 2034 "http://www.selectsmart.com/PRESIDENT/" "Mozilla/4.0 (compatible; MSIE 5.0; Windows 95; DigExt)"
63.17.56.18 - - [22/Oct/1999:07:51:59 -0400] "GET /PRESIDENT/campaigns.gif HTTP/1.1" 200 5835 "http://www.selectsmart.com/PRESIDENT/" "Mozilla/4.0 (compatible; MSIE 5.0; Windows 95; DigExt)"
63.17.56.18 - - [22/Oct/1999:07:52:01 -0400] "GET /PRESIDENT/packaging.gif HTTP/1.1" 200 10663 "http://www.selectsmart.com/PRESIDENT/" "Mozilla/4.0 (compatible; MSIE 5.0; Windows 95; DigExt)"
208.141.8.190 - - [22/Oct/1999:07:52:02 -0400] "GET /PRESIDENT/define3.htm HTTP/1.1" 200 270 "-" "Mozilla/4.0 (compatible; MSIE 5.0; Windows NT; DigExt)"
12.78.211.90 - - [22/Oct/1999:07:52:09 -0400] "GET /PRESIDENT/results.php3?more=now&mid=17 HTTP/1.1" 200 3299 "http://www.selectsmart.com/PRESIDENT/results.php3" "Mozilla/4.0 (compatible; MSIE 4.01; Windows 98)"
12.78.211.90 - - [22/Oct/1999:07:52:10 -0400] "GET /PRESIDENT/trump.gif HTTP/1.1" 200 6064 "http://www.selectsmart.com/PRESIDENT/results.php3?more=now&mid=17" "Mozilla/4.0 (compatible; MSIE 4.01; Windows 98)"
63.17.56.18 - - [22/Oct/1999:07:52:13 -0400] "GET /PRESIDENT/vidal.gif HTTP/1.1" 200 11342 "http://www.selectsmart.com/PRESIDENT/" "Mozilla/4.0 (compatible; MSIE 5.0; Windows 95; DigExt)"
63.17.56.18 - - [22/Oct/1999:07:52:13 -0400] "GET /PRESIDENT/camp2000.gif HTTP/1.1" 200 7449 "http://www.selectsmart.com/PRESIDENT/" "Mozilla/4.0 (compatible; MSIE 5.0; Windows 95; DigExt)"
63.17.56.18 - - [22/Oct/1999:07:52:16 -0400] "GET /curt.jpg HTTP/1.1" 200 4228 "http://www.selectsmart.com/PRESIDENT/" "Mozilla/4.0 (compatible; MSIE 5.0; Windows 95; DigExt)"
63.17.56.18 - - [22/Oct/1999:07:52:17 -0400] "GET /PRESIDENT/TR.gif HTTP/1.1" 200 5566 "http://www.selectsmart.com/PRESIDENT/" "Mozilla/4.0 (compatible; MSIE 5.0; Windows 95; DigExt)"
151.200.96.6 - - [22/Oct/1999:07:52:17 -0400] "GET /PRESIDENT/define.htm HTTP/1.0" 200 151 "http://www.selectsmart.com/PRESIDENT/" "Mozilla/4.06 [en] (WinNT; U)"
151.200.96.6 - - [22/Oct/1999:07:52:23 -0400] "GET /PRESIDENT/define1.htm HTTP/1.0" 200 144 "http://www.selectsmart.com/PRESIDENT/" "Mozilla/4.06 [en] (WinNT; U)"
128.147.73.84 - - [22/Oct/1999:07:53:20 -0400] "POST /PRESIDENT/results.php3 HTTP/1.1" 200 6639 "http://www.selectsmart.com/PRESIDENT/" "Mozilla/4.0 (compatible; MSIE 4.01; Windows NT)"
161.80.45.171 - - [22/Oct/1999:07:53:28 -0400] "GET /PRESIDENT/results.php3?more=now&mid=6 HTTP/1.0" 200 5989 "http://www.selectsmart.com/PRESIDENT/results.php3" "Mozilla/4.5 [en] (Win98; U)"
161.80.45.171 - - [22/Oct/1999:07:53:28 -0400] "GET /PRESIDENT/images/bush.jpg HTTP/1.0" 200 2977 "http://www.selectsmart.com/PRESIDENT/results.php3?more=now&mid=6" "Mozilla/4.5 [en] (Win98; U)"
209.8.113.130 - - [22/Oct/1999:07:53:29 -0400] "GET /PRESIDENT/define16.htm HTTP/1.0" 200 229 "http://www.selectsmart.com/PRESIDENT/" "Mozilla/4.5 [en] (Win98; I)"
207.247.192.162 - - [22/Oct/1999:07:53:36 -0400] "GET /PRESIDENT/ HTTP/1.0" 200 29678 "-" "Mozilla/4.0 (compatible; MSIE 4.01; Windows 95)"
151.200.96.6 - - [22/Oct/1999:07:53:37 -0400] "GET /PRESIDENT/define16.htm HTTP/1.0" 200 229 "http://www.selectsmart.com/PRESIDENT/" "Mozilla/4.06 [en] (WinNT; U)"
131.158.70.209 - - [22/Oct/1999:07:53:38 -0400] "POST /PRESIDENT/results.php3 HTTP/1.0" 200 6625 "http://www.selectsmart.com/PRESIDENT/" "Mozilla/4.04 [en] (Win95; I)"
207.247.192.162 - - [22/Oct/1999:07:53:40 -0400] "GET /BUSINESS/16.gif HTTP/1.0" 200 6704 "http://www.selectsmart.com/PRESIDENT/" "Mozilla/4.0 (compatible; MSIE 4.01; Windows 95)"
207.247.192.162 - - [22/Oct/1999:07:53:40 -0400] "GET /BUSINESS/drop_v.jpg HTTP/1.0" 200 1963 "http://www.selectsmart.com/PRESIDENT/" "Mozilla/4.0 (compatible; MSIE 4.01; Windows 95)"
207.247.192.162 - - [22/Oct/1999:07:53:41 -0400] "GET /PRESIDENT/anecdote.gif HTTP/1.0" 200 6898 "http://www.selectsmart.com/PRESIDENT/" "Mozilla/4.0 (compatible; MSIE 4.01; Windows 95)"
207.247.192.162 - - [22/Oct/1999:07:53:41 -0400] "GET /BUSINESS/drop_h.jpg HTTP/1.0" 200 2034 "http://www.selectsmart.com/PRESIDENT/" "Mozilla/4.0 (compatible; MSIE 4.01; Windows 95)"
207.247.192.162 - - [22/Oct/1999:07:53:42 -0400] "GET /PRESIDENT/campaigns.gif HTTP/1.0" 200 5835 "http://www.selectsmart.com/PRESIDENT/" "Mozilla/4.0 (compatible; MSIE 4.01; Windows 95)"
207.247.192.162 - - [22/Oct/1999:07:53:42 -0400] "GET /PRESIDENT/packaging.gif HTTP/1.0" 200 10663 "http://www.selectsmart.com/PRESIDENT/" "Mozilla/4.0 (compatible; MSIE 4.01; Windows 95)"
206.189.24.7 - - [22/Oct/1999:07:53:42 -0400] "POST /PRESIDENT/results.php3 HTTP/1.0" 200 6626 "http://www.selectsmart.com/PRESIDENT/" "Mozilla/4.0 (compatible; MSIE 4.01; Windows 95)"
207.247.192.162 - - [22/Oct/1999:07:53:42 -0400] "GET /PRESIDENT/vidal.gif HTTP/1.0" 200 11342 "http://www.selectsmart.com/PRESIDENT/" "Mozilla/4.0 (compatible; MSIE 4.01; Windows 95)"
207.247.192.162 - - [22/Oct/1999:07:53:42 -0400] "GET /PRESIDENT/TR.gif HTTP/1.0" 200 5566 "http://www.selectsmart.com/PRESIDENT/" "Mozilla/4.0 (compatible; MSIE 4.01; Windows 95)"
209.240.200.114 - - [22/Oct/1999:07:53:42 -0400] "POST /PRESIDENT/results.php3 HTTP/1.0" 200 1376 "http://www.selectsmart.com/PRESIDENT/results.php3" "Mozilla/3.0 WebTV/1.2 (compatible; MSIE 2.0)"
207.247.192.162 - - [22/Oct/1999:07:53:43 -0400] "GET /PRESIDENT/camp2000.gif HTTP/1.0" 200 7449 "http://www.selectsmart.com/PRESIDENT/" "Mozilla/4.0 (compatible; MSIE 4.01; Windows 95)"
207.247.192.162 - - [22/Oct/1999:07:53:43 -0400] "GET /curt.jpg HTTP/1.0" 200 4228 "http://www.selectsmart.com/PRESIDENT/" "Mozilla/4.0 (compatible; MSIE 4.01; Windows 95)"
209.240.200.114 - - [22/Oct/1999:07:53:47 -0400] "GET /PRESIDENT/index.html HTTP/1.0" 200 29678 "http://www.selectsmart.com/PRESIDENT/results.php3" "Mozilla/3.0 WebTV/1.2 (compatible; MSIE 2.0)"
206.189.24.7 - - [22/Oct/1999:07:54:08 -0400] "GET /PRESIDENT/results.php3?more=now&mid=18 HTTP/1.0" 200 3762 "http://www.selectsmart.com/PRESIDENT/results.php3" "Mozilla/4.0 (compatible; MSIE 4.01; Windows 95)"
206.189.24.7 - - [22/Oct/1999:07:54:08 -0400] "GET /PRESIDENT/images/mcreynolds.jpg HTTP/1.0" 200 4631 "http://www.selectsmart.com/PRESIDENT/results.php3?more=now&mid=18" "Mozilla/4.0 (compatible; MSIE 4.01; Windows 95)"
209.8.113.130 - - [22/Oct/1999:07:54:09 -0400] "POST /PRESIDENT/results.php3 HTTP/1.0" 200 6627 "http://www.selectsmart.com/PRESIDENT/" "Mozilla/4.5 [en] (Win98; I)"
194.149.44.146 - - [22/Oct/1999:07:54:12 -0400] "GET /BUSINESS/drop_v.jpg HTTP/1.0" 200 1963 "http://www.selectsmart.com/PRESIDENT/" "Mozilla/4.5 (Macintosh; U; PPC)"
194.149.44.146 - - [22/Oct/1999:07:54:12 -0400] "GET /PRESIDENT/ HTTP/1.0" 200 29678 "http://www.FreeRepublic.com/forum/a380fd23a2489.htm" "Mozilla/4.5 (Macintosh; U; PPC)"
194.149.44.146 - - [22/Oct/1999:07:54:12 -0400] "GET /BUSINESS/16.gif HTTP/1.0" 200 6704 "http://www.selectsmart.com/PRESIDENT/" "Mozilla/4.5 (Macintosh; U; PPC)"
194.149.44.146 - - [22/Oct/1999:07:54:12 -0400] "GET /BUSINESS/drop_h.jpg HTTP/1.0" 200 2034 "http://www.selectsmart.com/PRESIDENT/" "Mozilla/4.5 (Macintosh; U; PPC)"
194.149.44.146 - - [22/Oct/1999:07:54:16 -0400] "GET /PRESIDENT/TR.gif HTTP/1.0" 200 5566 "http://www.selectsmart.com/PRESIDENT/" "Mozilla/4.5 (Macintosh; U; PPC)"
194.149.44.146 - - [22/Oct/1999:07:54:16 -0400] "GET /PRESIDENT/anecdote.gif HTTP/1.0" 200 6898 "http://www.selectsmart.com/PRESIDENT/" "Mozilla/4.5 (Macintosh; U; PPC)"
194.149.44.146 - - [22/Oct/1999:07:54:17 -0400] "GET /PRESIDENT/packaging.gif HTTP/1.0" 200 10663 "http://www.selectsmart.com/PRESIDENT/" "Mozilla/4.5 (Macintosh; U; PPC)"
192.104.54.1 - - [22/Oct/1999:07:54:18 -0400] "POST /PRESIDENT/results.php3 HTTP/1.0" 200 6626 "http://www.selectsmart.com/PRESIDENT/" "Mozilla/4.61 [en] (Win98; U)"
194.149.44.146 - - [22/Oct/1999:07:54:19 -0400] "GET /PRESIDENT/vidal.gif HTTP/1.0" 200 11342 "http://www.selectsmart.com/PRESIDENT/" "Mozilla/4.5 (Macintosh; U; PPC)"
194.149.44.146 - - [22/Oct/1999:07:54:19 -0400] "GET /PRESIDENT/campaigns.gif HTTP/1.0" 200 5835 "http://www.selectsmart.com/PRESIDENT/" "Mozilla/4.5 (Macintosh; U; PPC)"
143.231.144.205 - - [22/Oct/1999:07:54:23 -0400] "GET /PRESIDENT/ HTTP/1.0" 200 29678 "-" "Mozilla/4.05 [en] (Win95; I)"
194.149.44.146 - - [22/Oct/1999:07:54:23 -0400] "GET /curt.jpg HTTP/1.0" 200 4228 "http://www.selectsmart.com/PRESIDENT/" "Mozilla/4.5 (Macintosh; U; PPC)"
143.231.144.205 - - [22/Oct/1999:07:54:25 -0400] "GET /BUSINESS/drop_h.jpg HTTP/1.0" 200 2034 "http://www.selectsmart.com/PRESIDENT/" "Mozilla/4.05 [en] (Win95; I)"
143.231.144.205 - - [22/Oct/1999:07:54:25 -0400] "GET /BUSINESS/drop_v.jpg HTTP/1.0" 200 1963 "http://www.selectsmart.com/PRESIDENT/" "Mozilla/4.05 [en] (Win95; I)"
143.231.144.205 - - [22/Oct/1999:07:54:25 -0400] "GET /BUSINESS/16.gif HTTP/1.0" 200 6704 "http://www.selectsmart.com/PRESIDENT/" "Mozilla/4.05 [en] (Win95; I)"
12.77.119.65 - - [22/Oct/1999:07:54:25 -0400] "GET /indexa.html HTTP/1.1" 200 20372 "http://www.selectsmart.com/classads/" "Mozilla/4.0 (compatible; MSIE 4.01; MSN 2.5; Windows 98)"
12.77.119.65 - - [22/Oct/1999:07:54:25 -0400] "GET /BUSINESS/14.gif HTTP/1.1" 200 6644 "http://www.selectsmart.com/indexa.html" "Mozilla/4.0 (compatible; MSIE 4.01; MSN 2.5; Windows 98)"
12.77.119.65 - - [22/Oct/1999:07:54:25 -0400] "GET /BUSINESS/drop_v.jpg HTTP/1.1" 200 1963 "http://www.selectsmart.com/indexa.html" "Mozilla/4.0 (compatible; MSIE 4.01; MSN 2.5; Windows 98)"
143.231.144.205 - - [22/Oct/1999:07:54:26 -0400] "GET /PRESIDENT/anecdote.gif HTTP/1.0" 200 6898 "http://www.selectsmart.com/PRESIDENT/" "Mozilla/4.05 [en] (Win95; I)"
12.77.119.65 - - [22/Oct/1999:07:54:27 -0400] "GET /planetclick.gif HTTP/1.1" 200 4949 "http://www.selectsmart.com/indexa.html" "Mozilla/4.0 (compatible; MSIE 4.01; MSN 2.5; Windows 98)"
143.231.144.205 - - [22/Oct/1999:07:54:27 -0400] "GET /PRESIDENT/campaigns.gif HTTP/1.0" 200 5835 "http://www.selectsmart.com/PRESIDENT/" "Mozilla/4.05 [en] (Win95; I)"
143.231.144.205 - - [22/Oct/1999:07:54:27 -0400] "GET /PRESIDENT/packaging.gif HTTP/1.0" 200 10663 "http://www.selectsmart.com/PRESIDENT/" "Mozilla/4.05 [en] (Win95; I)"
143.231.144.205 - - [22/Oct/1999:07:54:27 -0400] "GET /PRESIDENT/vidal.gif HTTP/1.0" 200 11342 "http://www.selectsmart.com/PRESIDENT/" "Mozilla/4.05 [en] (Win95; I)"
143.231.144.205 - - [22/Oct/1999:07:54:27 -0400] "GET /PRESIDENT/TR.gif HTTP/1.0" 200 5566 "http://www.selectsmart.com/PRESIDENT/" "Mozilla/4.05 [en] (Win95; I)"
143.231.144.205 - - [22/Oct/1999:07:54:27 -0400] "GET /PRESIDENT/camp2000.gif HTTP/1.0" 200 7449 "http://www.selectsmart.com/PRESIDENT/" "Mozilla/4.05 [en] (Win95; I)"
143.231.144.205 - - [22/Oct/1999:07:54:27 -0400] "GET /curt.jpg HTTP/1.0" 200 4228 "http://www.selectsmart.com/PRESIDENT/" "Mozilla/4.05 [en] (Win95; I)"
12.77.119.65 - - [22/Oct/1999:07:54:27 -0400] "GET /up.jpg HTTP/1.1" 200 2511 "http://www.selectsmart.com/indexa.html" "Mozilla/4.0 (compatible; MSIE 4.01; MSN 2.5; Windows 98)"
12.77.119.65 - - [22/Oct/1999:07:54:27 -0400] "GET /BUSINESS/drop_h.jpg HTTP/1.1" 200 2034 "http://www.selectsmart.com/indexa.html" "Mozilla/4.0 (compatible; MSIE 4.01; MSN 2.5; Windows 98)"
12.77.119.65 - - [22/Oct/1999:07:54:29 -0400] "GET /sltrib.gif HTTP/1.1" 200 5673 "http://www.selectsmart.com/indexa.html" "Mozilla/4.0 (compatible; MSIE 4.01; MSN 2.5; Windows 98)"
12.77.119.65 - - [22/Oct/1999:07:54:30 -0400] "GET /solid17.gif HTTP/1.1" 200 988 "http://www.selectsmart.com/indexa.html" "Mozilla/4.0 (compatible; MSIE 4.01; MSN 2.5; Windows 98)"
12.77.119.65 - - [22/Oct/1999:07:54:31 -0400] "GET /cooltools.gif HTTP/1.1" 200 3810 "http://www.selectsmart.com/indexa.html" "Mozilla/4.0 (compatible; MSIE 4.01; MSN 2.5; Windows 98)"
12.77.119.65 - - [22/Oct/1999:07:54:32 -0400] "GET /solid6.gif HTTP/1.1" 200 993 "http://www.selectsmart.com/indexa.html" "Mozilla/4.0 (compatible; MSIE 4.01; MSN 2.5; Windows 98)"
12.77.119.65 - - [22/Oct/1999:07:54:33 -0400] "GET /solid11.gif HTTP/1.1" 200 1006 "http://www.selectsmart.com/indexa.html" "Mozilla/4.0 (compatible; MSIE 4.01; MSN 2.5; Windows 98)"
151.200.96.6 - - [22/Oct/1999:07:54:33 -0400] "POST /PRESIDENT/results.php3 HTTP/1.0" 200 6626 "http://www.selectsmart.com/PRESIDENT/" "Mozilla/4.06 [en] (WinNT; U)"
194.149.44.146 - - [22/Oct/1999:07:54:33 -0400] "GET /PRESIDENT/camp2000.gif HTTP/1.0" 200 7449 "http://www.selectsmart.com/PRESIDENT/" "Mozilla/4.5 (Macintosh; U; PPC)"
192.104.54.1 - - [22/Oct/1999:07:54:33 -0400] "GET /PRESIDENT/results.php3?more=now&mid=15 HTTP/1.0" 200 2783 "http://www.selectsmart.com/PRESIDENT/results.php3" "Mozilla/4.61 [en] (Win98; U)"
12.77.119.65 - - [22/Oct/1999:07:54:34 -0400] "GET /cooldogsiteselected.gif HTTP/1.1" 200 2982 "http://www.selectsmart.com/indexa.html" "Mozilla/4.0 (compatible; MSIE 4.01; MSN 2.5; Windows 98)"
12.77.119.65 - - [22/Oct/1999:07:54:34 -0400] "GET /solid28.gif HTTP/1.1" 200 972 "http://www.selectsmart.com/indexa.html" "Mozilla/4.0 (compatible; MSIE 4.01; MSN 2.5; Windows 98)"
12.77.119.65 - - [22/Oct/1999:07:54:34 -0400] "GET /carolin2.gif HTTP/1.1" 200 3241 "http://www.selectsmart.com/indexa.html" "Mozilla/4.0 (compatible; MSIE 4.01; MSN 2.5; Windows 98)"
12.77.119.65 - - [22/Oct/1999:07:54:34 -0400] "GET /solid48.gif HTTP/1.1" 200 987 "http://www.selectsmart.com/indexa.html" "Mozilla/4.0 (compatible; MSIE 4.01; MSN 2.5; Windows 98)"
192.104.54.1 - - [22/Oct/1999:07:54:35 -0400] "GET /PRESIDENT/images/nader.jpg HTTP/1.0" 200 2686 "http://www.selectsmart.com/PRESIDENT/results.php3?more=now&mid=15" "Mozilla/4.61 [en] (Win98; U)"
12.77.119.65 - - [22/Oct/1999:07:54:35 -0400] "GET /CoolAward2.gif HTTP/1.1" 200 5548 "http://www.selectsmart.com/indexa.html" "Mozilla/4.0 (compatible; MSIE 4.01; MSN 2.5; Windows 98)"
12.77.119.65 - - [22/Oct/1999:07:54:35 -0400] "GET /exclaim.jpg HTTP/1.1" 200 7859 "http://www.selectsmart.com/indexa.html" "Mozilla/4.0 (compatible; MSIE 4.01; MSN 2.5; Windows 98)"
12.77.119.65 - - [22/Oct/1999:07:54:38 -0400] "GET /sitename60_mining.gif HTTP/1.1" 200 2015 "http://www.selectsmart.com/indexa.html" "Mozilla/4.0 (compatible; MSIE 4.01; MSN 2.5; Windows 98)"
12.77.119.65 - - [22/Oct/1999:07:54:39 -0400] "GET /cpetsitm.gif HTTP/1.1" 200 6269 "http://www.selectsmart.com/indexa.html" "Mozilla/4.0 (compatible; MSIE 4.01; MSN 2.5; Windows 98)"
12.77.119.65 - - [22/Oct/1999:07:54:40 -0400] "GET /blkpaw.gif HTTP/1.1" 200 936 "http://www.selectsmart.com/indexa.html" "Mozilla/4.0 (compatible; MSIE 4.01; MSN 2.5; Windows 98)"
12.77.119.65 - - [22/Oct/1999:07:54:42 -0400] "GET /curt.jpg HTTP/1.1" 200 4228 "http://www.selectsmart.com/indexa.html" "Mozilla/4.0 (compatible; MSIE 4.01; MSN 2.5; Windows 98)"
192.104.54.1 - - [22/Oct/1999:07:54:45 -0400] "GET /PRESIDENT/results.php3?more=now&mid=9 HTTP/1.0" 200 6093 "http://www.selectsmart.com/PRESIDENT/results.php3" "Mozilla/4.61 [en] (Win98; U)"
192.104.54.1 - - [22/Oct/1999:07:54:46 -0400] "GET /PRESIDENT/images/gore.jpg HTTP/1.0" 200 2930 "http://www.selectsmart.com/PRESIDENT/results.php3?more=now&mid=9" "Mozilla/4.61 [en] (Win98; U)"
206.189.24.7 - - [22/Oct/1999:07:54:56 -0400] "POST /PRESIDENT/results.php3 HTTP/1.0" 200 8761 "http://www.selectsmart.com/PRESIDENT/results.php3" "Mozilla/4.0 (compatible; MSIE 4.01; Windows 95)"
208.141.8.190 - - [22/Oct/1999:07:54:56 -0400] "GET /PRESIDENT/define10b.htm HTTP/1.1" 200 160 "-" "Mozilla/4.0 (compatible; MSIE 5.0; Windows NT; DigExt)"
206.189.24.7 - - [22/Oct/1999:07:54:56 -0400] "GET /PRESIDENT/images/bush.jpg HTTP/1.0" 200 2977 "http://www.selectsmart.com/PRESIDENT/results.php3" "Mozilla/4.0 (compatible; MSIE 4.01; Windows 95)"
206.189.24.7 - - [22/Oct/1999:07:54:56 -0400] "GET /PRESIDENT/images/mcreynolds.jpg HTTP/1.0" 304 - "http://www.selectsmart.com/PRESIDENT/results.php3" "Mozilla/4.0 (compatible; MSIE 4.01; Windows 95)"
192.104.54.1 - - [22/Oct/1999:07:55:00 -0400] "GET /PRESIDENT/results.php3?more=now&mid=11 HTTP/1.0" 200 6621 "http://www.selectsmart.com/PRESIDENT/results.php3" "Mozilla/4.61 [en] (Win98; U)"
192.104.54.1 - - [22/Oct/1999:07:55:00 -0400] "GET /PRESIDENT/hatch.gif HTTP/1.0" 200 6423 "http://www.selectsmart.com/PRESIDENT/results.php3?more=now&mid=11" "Mozilla/4.61 [en] (Win98; U)"
207.247.192.162 - - [22/Oct/1999:07:55:01 -0400] "POST /PRESIDENT/results.php3 HTTP/1.0" 200 6625 "http://www.selectsmart.com/PRESIDENT/" "Mozilla/4.0 (compatible; MSIE 4.01; Windows 95)"
209.8.113.130 - - [22/Oct/1999:07:55:04 -0400] "POST /PRESIDENT/results.php3 HTTP/1.0" 200 12930 "http://www.selectsmart.com/PRESIDENT/results.php3" "Mozilla/4.5 [en] (Win98; I)"
209.8.113.130 - - [22/Oct/1999:07:55:04 -0400] "GET /PRESIDENT/images/bradley.jpg HTTP/1.0" 200 2294 "http://www.selectsmart.com/PRESIDENT/results.php3" "Mozilla/4.5 [en] (Win98; I)"
209.8.113.130 - - [22/Oct/1999:07:55:04 -0400] "GET /PRESIDENT/images/gore.jpg HTTP/1.0" 200 2930 "http://www.selectsmart.com/PRESIDENT/results.php3" "Mozilla/4.5 [en] (Win98; I)"
151.200.96.6 - - [22/Oct/1999:07:55:23 -0400] "GET /PRESIDENT/define3.htm HTTP/1.0" 200 270 "http://www.selectsmart.com/PRESIDENT/" "Mozilla/4.06 [en] (WinNT; U)"
206.189.24.7 - - [22/Oct/1999:07:55:25 -0400] "GET /blkpaw.gif HTTP/1.0" 304 - "http://www.selectsmart.com/indexa.html" "Mozilla/4.0 (compatible; MSIE 4.01; Windows 95)"
208.141.8.190 - - [22/Oct/1999:07:55:33 -0400] "GET /PRESIDENT/define.htm HTTP/1.1" 200 151 "-" "Mozilla/4.0 (compatible; MSIE 5.0; Windows NT; DigExt)"
208.141.8.190 - - [22/Oct/1999:07:55:41 -0400] "GET /PRESIDENT/define1.htm HTTP/1.1" 200 144 "-" "Mozilla/4.0 (compatible; MSIE 5.0; Windows NT; DigExt)"
206.189.24.7 - - [22/Oct/1999:07:55:53 -0400] "GET /DOG HTTP/1.0" 301 235 "http://www.selectsmart.com/sidepanel.html" "Mozilla/4.0 (compatible; MSIE 4.01; Windows 95)"
209.240.200.64 - - [22/Oct/1999:07:55:55 -0400] "GET /PRESIDENT/index.html HTTP/1.0" 200 29678 "wtv-mail:/readmail?message_id=744&mailbox_name=inbox" "Mozilla/3.0 WebTV/1.2 (compatible; MSIE 2.0)"
206.189.24.7 - - [22/Oct/1999:07:55:56 -0400] "GET /DOG/ HTTP/1.0" 200 26494 "http://www.selectsmart.com/DOG/" "Mozilla/4.0 (compatible; MSIE 4.01; Windows 95)"
206.189.24.7 - - [22/Oct/1999:07:55:57 -0400] "GET /DOG/compet.gif HTTP/1.0" 304 - "http://www.selectsmart.com/DOG/" "Mozilla/4.0 (compatible; MSIE 4.01; Windows 95)"
206.189.24.7 - - [22/Oct/1999:07:55:57 -0400] "GET /DOG/toydog.gif HTTP/1.0" 304 - "http://www.selectsmart.com/DOG/" "Mozilla/4.0 (compatible; MSIE 4.01; Windows 95)"
206.189.24.7 - - [22/Oct/1999:07:55:57 -0400] "GET /DOG/purinadog.gif HTTP/1.0" 304 - "http://www.selectsmart.com/DOG/" "Mozilla/4.0 (compatible; MSIE 4.01; Windows 95)"
206.189.24.7 - - [22/Oct/1999:07:55:57 -0400] "GET /DOG/gettingthemost.gif HTTP/1.0" 304 - "http://www.selectsmart.com/DOG/" "Mozilla/4.0 (compatible; MSIE 4.01; Windows 95)"
206.189.24.7 - - [22/Oct/1999:07:55:58 -0400] "GET /DOG/pudgy.gif HTTP/1.0" 304 - "http://www.selectsmart.com/DOG/" "Mozilla/4.0 (compatible; MSIE 4.01; Windows 95)"
206.189.24.7 - - [22/Oct/1999:07:56:00 -0400] "GET /DOG/trickisin.gif HTTP/1.0" 304 - "http://www.selectsmart.com/DOG/" "Mozilla/4.0 (compatible; MSIE 4.01; Windows 95)"
209.240.200.68 - - [22/Oct/1999:07:56:10 -0400] "GET /PRESIDENT/camp2000.gif HTTP/1.0" 200 7449 "http://www.selectsmart.com/PRESIDENT/index.html" "Mozilla/3.0 WebTV/1.2 (compatible; MSIE 2.0)"
161.80.45.171 - - [22/Oct/1999:07:56:17 -0400] "POST /PRESIDENT/results.php3 HTTP/1.0" 200 6626 "http://www.selectsmart.com/PRESIDENT/" "Mozilla/4.5 [en] (Win98; U)"
161.80.45.171 - - [22/Oct/1999:07:56:33 -0400] "GET /PRESIDENT/results.php3?more=now&mid=7 HTTP/1.0" 200 5813 "http://www.selectsmart.com/PRESIDENT/results.php3" "Mozilla/4.5 [en] (Win98; U)"
161.80.45.171 - - [22/Oct/1999:07:56:34 -0400] "GET /PRESIDENT/dole.gif HTTP/1.0" 200 5742 "http://www.selectsmart.com/PRESIDENT/results.php3?more=now&mid=7" "Mozilla/4.5 [en] (Win98; U)"
63.17.56.18 - - [22/Oct/1999:07:56:34 -0400] "POST /PRESIDENT/results.php3 HTTP/1.1" 200 6639 "http://www.selectsmart.com/PRESIDENT/" "Mozilla/4.0 (compatible; MSIE 5.0; Windows 95; DigExt)"
208.141.8.190 - - [22/Oct/1999:07:57:12 -0400] "GET /PRESIDENT/define16.htm HTTP/1.1" 200 229 "-" "Mozilla/4.0 (compatible; MSIE 5.0; Windows NT; DigExt)"
161.80.45.171 - - [22/Oct/1999:07:57:20 -0400] "GET /PRESIDENT/results.php3?more=now&mid=14 HTTP/1.0" 200 6606 "http://www.selectsmart.com/PRESIDENT/results.php3" "Mozilla/4.5 [en] (Win98; U)"
161.80.45.171 - - [22/Oct/1999:07:57:21 -0400] "GET /PRESIDENT/images/mccain.jpg HTTP/1.0" 200 2299 "http://www.selectsmart.com/PRESIDENT/results.php3?more=now&mid=14" "Mozilla/4.5 [en] (Win98; U)"
151.200.96.6 - - [22/Oct/1999:07:57:21 -0400] "POST /PRESIDENT/results.php3 HTTP/1.0" 200 6627 "http://www.selectsmart.com/PRESIDENT/" "Mozilla/4.06 [en] (WinNT; U)"
134.106.156.34 - - [22/Oct/1999:07:57:28 -0400] "GET /PRESIDENT/ HTTP/1.0" 200 29678 "http://f10.mail.yahoo.com/ym/us/ShowLetter?MsgId=2715_2200244_2455_1110_399_0&YY=44277&inc=25&order=down&sort=date&pos=0&box=Inbox" "Mozilla/4.05 [en] (X11; I; HP-UX B.10.20 9000/715)"
134.106.156.34 - - [22/Oct/1999:07:57:28 -0400] "GET /BUSINESS/drop_v.jpg HTTP/1.0" 200 1963 "http://www.selectsmart.com/PRESIDENT/" "Mozilla/4.05 [en] (X11; I; HP-UX B.10.20 9000/715)"
134.106.156.34 - - [22/Oct/1999:07:57:28 -0400] "GET /BUSINESS/drop_h.jpg HTTP/1.0" 200 2034 "http://www.selectsmart.com/PRESIDENT/" "Mozilla/4.05 [en] (X11; I; HP-UX B.10.20 9000/715)"
134.106.156.34 - - [22/Oct/1999:07:57:28 -0400] "GET /BUSINESS/16.gif HTTP/1.0" 200 6704 "http://www.selectsmart.com/PRESIDENT/" "Mozilla/4.05 [en] (X11; I; HP-UX B.10.20 9000/715)"
134.106.156.34 - - [22/Oct/1999:07:57:29 -0400] "GET /PRESIDENT/anecdote.gif HTTP/1.0" 200 6898 "http://www.selectsmart.com/PRESIDENT/" "Mozilla/4.05 [en] (X11; I; HP-UX B.10.20 9000/715)"
134.106.156.34 - - [22/Oct/1999:07:57:29 -0400] "GET /PRESIDENT/packaging.gif HTTP/1.0" 200 10663 "http://www.selectsmart.com/PRESIDENT/" "Mozilla/4.05 [en] (X11; I; HP-UX B.10.20 9000/715)"
134.106.156.34 - - [22/Oct/1999:07:57:29 -0400] "GET /PRESIDENT/TR.gif HTTP/1.0" 200 5566 "http://www.selectsmart.com/PRESIDENT/" "Mozilla/4.05 [en] (X11; I; HP-UX B.10.20 9000/715)"
134.106.156.34 - - [22/Oct/1999:07:57:30 -0400] "GET /curt.jpg HTTP/1.0" 200 4228 "http://www.selectsmart.com/PRESIDENT/" "Mozilla/4.05 [en] (X11; I; HP-UX B.10.20 9000/715)"
134.106.156.34 - - [22/Oct/1999:07:57:30 -0400] "GET /PRESIDENT/vidal.gif HTTP/1.0" 200 11342 "http://www.selectsmart.com/PRESIDENT/" "Mozilla/4.05 [en] (X11; I; HP-UX B.10.20 9000/715)"
134.106.156.34 - - [22/Oct/1999:07:57:30 -0400] "GET /PRESIDENT/campaigns.gif HTTP/1.0" 200 5835 "http://www.selectsmart.com/PRESIDENT/" "Mozilla/4.05 [en] (X11; I; HP-UX B.10.20 9000/715)"
134.106.156.34 - - [22/Oct/1999:07:57:30 -0400] "GET /PRESIDENT/camp2000.gif HTTP/1.0" 200 7449 "http://www.selectsmart.com/PRESIDENT/" "Mozilla/4.05 [en] (X11; I; HP-UX B.10.20 9000/715)"
143.231.144.205 - - [22/Oct/1999:07:57:34 -0400] "POST /PRESIDENT/results.php3 HTTP/1.0" 200 6624 "http://www.selectsmart.com/PRESIDENT/" "Mozilla/4.05 [en] (Win95; I)"
143.134.139.84 - - [22/Oct/1999:07:57:56 -0400] "GET /PRESIDENT/ HTTP/1.1" 200 29678 "-" "Mozilla/4.0 (compatible; MSIE 5.0; Windows 95; DigExt)"
143.134.139.84 - - [22/Oct/1999:07:57:57 -0400] "GET /PRESIDENT/anecdote.gif HTTP/1.1" 200 6898 "http://www.selectsmart.com/PRESIDENT/" "Mozilla/4.0 (compatible; MSIE 5.0; Windows 95; DigExt)"
143.134.139.84 - - [22/Oct/1999:07:57:57 -0400] "GET /BUSINESS/drop_v.jpg HTTP/1.1" 200 1963 "http://www.selectsmart.com/PRESIDENT/" "Mozilla/4.0 (compatible; MSIE 5.0; Windows 95; DigExt)"
143.134.139.84 - - [22/Oct/1999:07:57:57 -0400] "GET /BUSINESS/16.gif HTTP/1.1" 200 6704 "http://www.selectsmart.com/PRESIDENT/" "Mozilla/4.0 (compatible; MSIE 5.0; Windows 95; DigExt)"
143.134.139.84 - - [22/Oct/1999:07:57:57 -0400] "GET /BUSINESS/drop_h.jpg HTTP/1.1" 200 2034 "http://www.selectsmart.com/PRESIDENT/" "Mozilla/4.0 (compatible; MSIE 5.0; Windows 95; DigExt)"
143.134.139.84 - - [22/Oct/1999:07:57:57 -0400] "GET /PRESIDENT/campaigns.gif HTTP/1.1" 200 5835 "http://www.selectsmart.com/PRESIDENT/" "Mozilla/4.0 (compatible; MSIE 5.0; Windows 95; DigExt)"
143.134.139.84 - - [22/Oct/1999:07:57:58 -0400] "GET /PRESIDENT/packaging.gif HTTP/1.1" 200 10663 "http://www.selectsmart.com/PRESIDENT/" "Mozilla/4.0 (compatible; MSIE 5.0; Windows 95; DigExt)"
143.134.139.84 - - [22/Oct/1999:07:57:58 -0400] "GET /PRESIDENT/vidal.gif HTTP/1.1" 200 11342 "http://www.selectsmart.com/PRESIDENT/" "Mozilla/4.0 (compatible; MSIE 5.0; Windows 95; DigExt)"
143.134.139.84 - - [22/Oct/1999:07:58:02 -0400] "GET /PRESIDENT/TR.gif HTTP/1.1" 200 5566 "http://www.selectsmart.com/PRESIDENT/" "Mozilla/4.0 (compatible; MSIE 5.0; Windows 95; DigExt)"
143.134.139.84 - - [22/Oct/1999:07:58:02 -0400] "GET /PRESIDENT/camp2000.gif HTTP/1.1" 200 7449 "http://www.selectsmart.com/PRESIDENT/" "Mozilla/4.0 (compatible; MSIE 5.0; Windows 95; DigExt)"
143.134.139.84 - - [22/Oct/1999:07:58:02 -0400] "GET /curt.jpg HTTP/1.1" 200 4228 "http://www.selectsmart.com/PRESIDENT/" "Mozilla/4.0 (compatible; MSIE 5.0; Windows 95; DigExt)"
195.229.63.2 - - [22/Oct/1999:07:58:04 -0400] "GET / HTTP/1.0" 200 1839 "http://www.worldkennelclub.com/links.html" "Mozilla/4.0 (compatible; MSIE 5.0; Windows 98; DigExt)"
195.229.63.2 - - [22/Oct/1999:07:58:05 -0400] "GET /sidepanel.html HTTP/1.0" 200 3890 "http://www.selectsmart.com/" "Mozilla/4.0 (compatible; MSIE 5.0; Windows 98; DigExt)"
195.229.63.2 - - [22/Oct/1999:07:58:07 -0400] "GET /indexa.html HTTP/1.0" 200 20372 "http://www.selectsmart.com/" "Mozilla/4.0 (compatible; MSIE 5.0; Windows 98; DigExt)"
195.229.63.2 - - [22/Oct/1999:07:58:08 -0400] "GET /AMAZON/amzn-buy.gif HTTP/1.0" 200 3051 "http://www.selectsmart.com/sidepanel.html" "Mozilla/4.0 (compatible; MSIE 5.0; Windows 98; DigExt)"
195.229.63.2 - - [22/Oct/1999:07:58:09 -0400] "GET /solid52.gif HTTP/1.0" 200 980 "http://www.selectsmart.com/sidepanel.html" "Mozilla/4.0 (compatible; MSIE 5.0; Windows 98; DigExt)"
195.229.63.2 - - [22/Oct/1999:07:58:09 -0400] "GET /thnkyell.jpg HTTP/1.0" 200 23337 "http://www.selectsmart.com/sidepanel.html" "Mozilla/4.0 (compatible; MSIE 5.0; Windows 98; DigExt)"
195.229.63.2 - - [22/Oct/1999:07:58:11 -0400] "GET /solid59.gif HTTP/1.0" 200 977 "http://www.selectsmart.com/sidepanel.html" "Mozilla/4.0 (compatible; MSIE 5.0; Windows 98; DigExt)"
