209.64.200.66 - - [22/Oct/1999:09:02:20 -0400] "GET /BUSINESS/drop_v.jpg HTTP/1.0" 200 1963 "http://www.selectsmart.com/PRESIDENT/" "Mozilla/4.0 (compatible; MSIE 4.01; Windows 95; CITGO Petroleum)"
209.64.200.66 - - [22/Oct/1999:09:02:20 -0400] "GET /BUSINESS/drop_h.jpg HTTP/1.0" 200 2034 "http://www.selectsmart.com/PRESIDENT/" "Mozilla/4.0 (compatible; MSIE 4.01; Windows 95; CITGO Petroleum)"
209.64.200.66 - - [22/Oct/1999:09:02:20 -0400] "GET /PRESIDENT/anecdote.gif HTTP/1.0" 200 6898 "http://www.selectsmart.com/PRESIDENT/" "Mozilla/4.0 (compatible; MSIE 4.01; Windows 95; CITGO Petroleum)"
209.64.200.66 - - [22/Oct/1999:09:02:20 -0400] "GET / HTTP/1.0" 200 1839 "-" "Mozilla/4.0 (compatible; MSIE 4.01; Windows 95; CITGO Petroleum)"
209.64.200.66 - - [22/Oct/1999:09:02:20 -0400] "GET /PRESIDENT/campaigns.gif HTTP/1.0" 200 5835 "http://www.selectsmart.com/PRESIDENT/" "Mozilla/4.0 (compatible; MSIE 4.01; Windows 95; CITGO Petroleum)"
209.64.200.66 - - [22/Oct/1999:09:02:20 -0400] "GET /PRESIDENT/packaging.gif HTTP/1.0" 200 10663 "http://www.selectsmart.com/PRESIDENT/" "Mozilla/4.0 (compatible; MSIE 4.01; Windows 95; CITGO Petroleum)"
209.64.200.66 - - [22/Oct/1999:09:02:20 -0400] "GET /PRESIDENT/vidal.gif HTTP/1.0" 200 11342 "http://www.selectsmart.com/PRESIDENT/" "Mozilla/4.0 (compatible; MSIE 4.01; Windows 95; CITGO Petroleum)"
209.64.200.66 - - [22/Oct/1999:09:02:20 -0400] "GET /PRESIDENT/TR.gif HTTP/1.0" 200 5566 "http://www.selectsmart.com/PRESIDENT/" "Mozilla/4.0 (compatible; MSIE 4.01; Windows 95; CITGO Petroleum)"
209.64.200.66 - - [22/Oct/1999:09:02:21 -0400] "GET /PRESIDENT/camp2000.gif HTTP/1.0" 200 7449 "http://www.selectsmart.com/PRESIDENT/" "Mozilla/4.0 (compatible; MSIE 4.01; Windows 95; CITGO Petroleum)"
209.64.200.66 - - [22/Oct/1999:09:02:21 -0400] "GET /curt.jpg HTTP/1.0" 200 4228 "http://www.selectsmart.com/PRESIDENT/" "Mozilla/4.0 (compatible; MSIE 4.01; Windows 95; CITGO Petroleum)"
209.64.200.66 - - [22/Oct/1999:09:02:21 -0400] "GET /BUSINESS/16.gif HTTP/1.0" 200 6704 "http://www.selectsmart.com/PRESIDENT/" "Mozilla/4.0 (compatible; MSIE 4.01; Windows 95; CITGO Petroleum)"
209.64.200.66 - - [22/Oct/1999:09:02:21 -0400] "GET /BUSINESS/drop_v.jpg HTTP/1.0" 200 1963 "http://www.selectsmart.com/PRESIDENT/" "Mozilla/4.0 (compatible; MSIE 4.01; Windows 95; CITGO Petroleum)"
209.64.200.66 - - [22/Oct/1999:09:02:21 -0400] "GET /BUSINESS/drop_h.jpg HTTP/1.0" 200 2034 "http://www.selectsmart.com/PRESIDENT/" "Mozilla/4.0 (compatible; MSIE 4.01; Windows 95; CITGO Petroleum)"
209.64.200.66 - - [22/Oct/1999:09:02:21 -0400] "GET /PRESIDENT/anecdote.gif HTTP/1.0" 200 6898 "http://www.selectsmart.com/PRESIDENT/" "Mozilla/4.0 (compatible; MSIE 4.01; Windows 95; CITGO Petroleum)"
209.64.200.66 - - [22/Oct/1999:09:02:21 -0400] "GET /PRESIDENT/campaigns.gif HTTP/1.0" 200 5835 "http://www.selectsmart.com/PRESIDENT/" "Mozilla/4.0 (compatible; MSIE 4.01; Windows 95; CITGO Petroleum)"
209.64.200.66 - - [22/Oct/1999:09:02:21 -0400] "GET /PRESIDENT/packaging.gif HTTP/1.0" 200 10663 "http://www.selectsmart.com/PRESIDENT/" "Mozilla/4.0 (compatible; MSIE 4.01; Windows 95; CITGO Petroleum)"
209.64.200.66 - - [22/Oct/1999:09:02:21 -0400] "GET /PRESIDENT/vidal.gif HTTP/1.0" 200 11342 "http://www.selectsmart.com/PRESIDENT/" "Mozilla/4.0 (compatible; MSIE 4.01; Windows 95; CITGO Petroleum)"
209.64.200.66 - - [22/Oct/1999:09:02:22 -0400] "GET /PRESIDENT/TR.gif HTTP/1.0" 200 5566 "http://www.selectsmart.com/PRESIDENT/" "Mozilla/4.0 (compatible; MSIE 4.01; Windows 95; CITGO Petroleum)"
209.64.200.66 - - [22/Oct/1999:09:02:22 -0400] "GET /PRESIDENT/camp2000.gif HTTP/1.0" 200 7449 "http://www.selectsmart.com/PRESIDENT/" "Mozilla/4.0 (compatible; MSIE 4.01; Windows 95; CITGO Petroleum)"
209.64.200.66 - - [22/Oct/1999:09:02:22 -0400] "GET /curt.jpg HTTP/1.0" 200 4228 "http://www.selectsmart.com/PRESIDENT/" "Mozilla/4.0 (compatible; MSIE 4.01; Windows 95; CITGO Petroleum)"
208.163.170.2 - - [22/Oct/1999:09:02:22 -0400] "POST /PRESIDENT/results.php3 HTTP/1.1" 200 6639 "http://www.selectsmart.com/PRESIDENT/" "Mozilla/4.0 (compatible; MSIE 5.0; Windows 95; DigExt)"
209.64.200.66 - - [22/Oct/1999:09:02:24 -0400] "GET /PRESIDENT/ HTTP/1.0" 200 29678 "-" "Mozilla/4.0 (compatible; MSIE 4.01; Windows 95; CITGO Petroleum)"
209.64.200.66 - - [22/Oct/1999:09:02:24 -0400] "GET / HTTP/1.0" 200 1839 "-" "Mozilla/4.0 (compatible; MSIE 4.01; Windows 95; CITGO Petroleum)"
209.64.200.66 - - [22/Oct/1999:09:02:25 -0400] "GET /BUSINESS/16.gif HTTP/1.0" 200 6704 "http://www.selectsmart.com/PRESIDENT/" "Mozilla/4.0 (compatible; MSIE 4.01; Windows 95; CITGO Petroleum)"
209.64.200.66 - - [22/Oct/1999:09:02:25 -0400] "GET /BUSINESS/drop_v.jpg HTTP/1.0" 200 1963 "http://www.selectsmart.com/PRESIDENT/" "Mozilla/4.0 (compatible; MSIE 4.01; Windows 95; CITGO Petroleum)"
209.64.200.66 - - [22/Oct/1999:09:02:25 -0400] "GET /BUSINESS/drop_h.jpg HTTP/1.0" 200 2034 "http://www.selectsmart.com/PRESIDENT/" "Mozilla/4.0 (compatible; MSIE 4.01; Windows 95; CITGO Petroleum)"
209.64.200.66 - - [22/Oct/1999:09:02:25 -0400] "GET /PRESIDENT/anecdote.gif HTTP/1.0" 200 6898 "http://www.selectsmart.com/PRESIDENT/" "Mozilla/4.0 (compatible; MSIE 4.01; Windows 95; CITGO Petroleum)"
216.215.17.133 - - [22/Oct/1999:09:02:25 -0400] "GET /PRESIDENT/ HTTP/1.0" 200 29678 "-" "Mozilla/4.04 [en]C-FLASHNET (Win95; I)"
209.64.200.66 - - [22/Oct/1999:09:02:25 -0400] "GET /PRESIDENT/campaigns.gif HTTP/1.0" 200 5835 "http://www.selectsmart.com/PRESIDENT/" "Mozilla/4.0 (compatible; MSIE 4.01; Windows 95; CITGO Petroleum)"
209.64.200.66 - - [22/Oct/1999:09:02:25 -0400] "GET /PRESIDENT/packaging.gif HTTP/1.0" 200 10663 "http://www.selectsmart.com/PRESIDENT/" "Mozilla/4.0 (compatible; MSIE 4.01; Windows 95; CITGO Petroleum)"
209.64.200.66 - - [22/Oct/1999:09:02:25 -0400] "GET /PRESIDENT/vidal.gif HTTP/1.0" 200 11342 "http://www.selectsmart.com/PRESIDENT/" "Mozilla/4.0 (compatible; MSIE 4.01; Windows 95; CITGO Petroleum)"
216.215.17.133 - - [22/Oct/1999:09:02:25 -0400] "GET /BUSINESS/drop_h.jpg HTTP/1.0" 200 2034 "http://www.selectsmart.com/PRESIDENT/" "Mozilla/4.04 [en]C-FLASHNET (Win95; I)"
209.64.200.66 - - [22/Oct/1999:09:02:25 -0400] "GET /PRESIDENT/TR.gif HTTP/1.0" 200 5566 "http://www.selectsmart.com/PRESIDENT/" "Mozilla/4.0 (compatible; MSIE 4.01; Windows 95; CITGO Petroleum)"
209.64.200.66 - - [22/Oct/1999:09:02:25 -0400] "GET /PRESIDENT/ HTTP/1.0" 200 29678 "-" "Mozilla/4.0 (compatible; MSIE 4.01; Windows 95; CITGO Petroleum)"
216.215.17.133 - - [22/Oct/1999:09:02:25 -0400] "GET /BUSINESS/drop_v.jpg HTTP/1.0" 200 1963 "http://www.selectsmart.com/PRESIDENT/" "Mozilla/4.04 [en]C-FLASHNET (Win95; I)"
209.64.200.66 - - [22/Oct/1999:09:02:26 -0400] "GET /PRESIDENT/camp2000.gif HTTP/1.0" 200 7449 "http://www.selectsmart.com/PRESIDENT/" "Mozilla/4.0 (compatible; MSIE 4.01; Windows 95; CITGO Petroleum)"
216.215.17.133 - - [22/Oct/1999:09:02:26 -0400] "GET /BUSINESS/16.gif HTTP/1.0" 200 6704 "http://www.selectsmart.com/PRESIDENT/" "Mozilla/4.04 [en]C-FLASHNET (Win95; I)"
209.64.200.66 - - [22/Oct/1999:09:02:26 -0400] "GET /curt.jpg HTTP/1.0" 200 4228 "http://www.selectsmart.com/PRESIDENT/" "Mozilla/4.0 (compatible; MSIE 4.01; Windows 95; CITGO Petroleum)"
129.246.254.14 - - [22/Oct/1999:09:02:26 -0400] "GET /PRESIDENT/ HTTP/1.1" 200 29678 "-" "Mozilla/4.0 (compatible; MSIE 4.01; Windows NT)"
209.64.200.66 - - [22/Oct/1999:09:02:27 -0400] "GET / HTTP/1.0" 200 1839 "-" "Mozilla/4.0 (compatible; MSIE 4.01; Windows 95; CITGO Petroleum)"
129.246.254.14 - - [22/Oct/1999:09:02:27 -0400] "GET /PRESIDENT/campaigns.gif HTTP/1.1" 200 5835 "http://www.selectsmart.com/PRESIDENT/" "Mozilla/4.0 (compatible; MSIE 4.01; Windows NT)"
129.246.254.14 - - [22/Oct/1999:09:02:27 -0400] "GET /BUSINESS/16.gif HTTP/1.1" 200 6704 "http://www.selectsmart.com/PRESIDENT/" "Mozilla/4.0 (compatible; MSIE 4.01; Windows NT)"
129.246.254.14 - - [22/Oct/1999:09:02:27 -0400] "GET /PRESIDENT/anecdote.gif HTTP/1.1" 200 6898 "http://www.selectsmart.com/PRESIDENT/" "Mozilla/4.0 (compatible; MSIE 4.01; Windows NT)"
129.246.254.14 - - [22/Oct/1999:09:02:27 -0400] "GET /BUSINESS/drop_v.jpg HTTP/1.1" 200 1963 "http://www.selectsmart.com/PRESIDENT/" "Mozilla/4.0 (compatible; MSIE 4.01; Windows NT)"
129.246.254.14 - - [22/Oct/1999:09:02:27 -0400] "GET /PRESIDENT/packaging.gif HTTP/1.1" 200 10663 "http://www.selectsmart.com/PRESIDENT/" "Mozilla/4.0 (compatible; MSIE 4.01; Windows NT)"
129.246.254.14 - - [22/Oct/1999:09:02:27 -0400] "GET /BUSINESS/drop_h.jpg HTTP/1.1" 200 2034 "http://www.selectsmart.com/PRESIDENT/" "Mozilla/4.0 (compatible; MSIE 4.01; Windows NT)"
129.246.254.14 - - [22/Oct/1999:09:02:28 -0400] "GET /PRESIDENT/vidal.gif HTTP/1.1" 200 11342 "http://www.selectsmart.com/PRESIDENT/" "Mozilla/4.0 (compatible; MSIE 4.01; Windows NT)"
129.246.254.14 - - [22/Oct/1999:09:02:28 -0400] "GET /PRESIDENT/TR.gif HTTP/1.1" 200 5566 "http://www.selectsmart.com/PRESIDENT/" "Mozilla/4.0 (compatible; MSIE 4.01; Windows NT)"
129.246.254.14 - - [22/Oct/1999:09:02:28 -0400] "GET /PRESIDENT/camp2000.gif HTTP/1.1" 200 7449 "http://www.selectsmart.com/PRESIDENT/" "Mozilla/4.0 (compatible; MSIE 4.01; Windows NT)"
129.246.254.14 - - [22/Oct/1999:09:02:28 -0400] "GET /curt.jpg HTTP/1.1" 200 4228 "http://www.selectsmart.com/PRESIDENT/" "Mozilla/4.0 (compatible; MSIE 4.01; Windows NT)"
208.226.49.87 - - [22/Oct/1999:09:02:28 -0400] "GET /PRESIDENT/define1.htm HTTP/1.0" 200 144 "http://www.selectsmart.com/PRESIDENT/" "Mozilla/4.05 [en] (Win95; I ;Nav)"
209.64.200.66 - - [22/Oct/1999:09:02:29 -0400] "GET /BUSINESS/16.gif HTTP/1.0" 200 6704 "http://www.selectsmart.com/PRESIDENT/" "Mozilla/4.0 (compatible; MSIE 4.01; Windows 95; CITGO Petroleum)"
209.64.200.66 - - [22/Oct/1999:09:02:29 -0400] "GET /BUSINESS/drop_v.jpg HTTP/1.0" 200 1963 "http://www.selectsmart.com/PRESIDENT/" "Mozilla/4.0 (compatible; MSIE 4.01; Windows 95; CITGO Petroleum)"
209.64.200.66 - - [22/Oct/1999:09:02:29 -0400] "GET /BUSINESS/drop_h.jpg HTTP/1.0" 200 2034 "http://www.selectsmart.com/PRESIDENT/" "Mozilla/4.0 (compatible; MSIE 4.01; Windows 95; CITGO Petroleum)"
209.64.200.66 - - [22/Oct/1999:09:02:29 -0400] "GET /PRESIDENT/anecdote.gif HTTP/1.0" 200 6898 "http://www.selectsmart.com/PRESIDENT/" "Mozilla/4.0 (compatible; MSIE 4.01; Windows 95; CITGO Petroleum)"
216.215.17.133 - - [22/Oct/1999:09:02:29 -0400] "GET /PRESIDENT/packaging.gif HTTP/1.0" 200 10663 "http://www.selectsmart.com/PRESIDENT/" "Mozilla/4.04 [en]C-FLASHNET (Win95; I)"
216.215.17.133 - - [22/Oct/1999:09:02:29 -0400] "GET /PRESIDENT/vidal.gif HTTP/1.0" 200 11342 "http://www.selectsmart.com/PRESIDENT/" "Mozilla/4.04 [en]C-FLASHNET (Win95; I)"
216.215.17.133 - - [22/Oct/1999:09:02:29 -0400] "GET /PRESIDENT/anecdote.gif HTTP/1.0" 200 6898 "http://www.selectsmart.com/PRESIDENT/" "Mozilla/4.04 [en]C-FLASHNET (Win95; I)"
209.64.200.66 - - [22/Oct/1999:09:02:29 -0400] "GET /PRESIDENT/campaigns.gif HTTP/1.0" 200 5835 "http://www.selectsmart.com/PRESIDENT/" "Mozilla/4.0 (compatible; MSIE 4.01; Windows 95; CITGO Petroleum)"
209.64.200.66 - - [22/Oct/1999:09:02:29 -0400] "GET /PRESIDENT/packaging.gif HTTP/1.0" 200 10663 "http://www.selectsmart.com/PRESIDENT/" "Mozilla/4.0 (compatible; MSIE 4.01; Windows 95; CITGO Petroleum)"
209.64.200.66 - - [22/Oct/1999:09:02:30 -0400] "GET /PRESIDENT/vidal.gif HTTP/1.0" 200 11342 "http://www.selectsmart.com/PRESIDENT/" "Mozilla/4.0 (compatible; MSIE 4.01; Windows 95; CITGO Petroleum)"
209.64.200.66 - - [22/Oct/1999:09:02:30 -0400] "GET /PRESIDENT/TR.gif HTTP/1.0" 200 5566 "http://www.selectsmart.com/PRESIDENT/" "Mozilla/4.0 (compatible; MSIE 4.01; Windows 95; CITGO Petroleum)"
209.64.200.66 - - [22/Oct/1999:09:02:30 -0400] "GET /PRESIDENT/camp2000.gif HTTP/1.0" 200 7449 "http://www.selectsmart.com/PRESIDENT/" "Mozilla/4.0 (compatible; MSIE 4.01; Windows 95; CITGO Petroleum)"
209.64.200.66 - - [22/Oct/1999:09:02:30 -0400] "GET /curt.jpg HTTP/1.0" 200 4228 "http://www.selectsmart.com/PRESIDENT/" "Mozilla/4.0 (compatible; MSIE 4.01; Windows 95; CITGO Petroleum)"
209.64.200.66 - - [22/Oct/1999:09:02:30 -0400] "GET /PRESIDENT/ HTTP/1.0" 200 29678 "-" "Mozilla/4.0 (compatible; MSIE 4.01; Windows 95; CITGO Petroleum)"
209.64.200.66 - - [22/Oct/1999:09:02:32 -0400] "GET / HTTP/1.0" 200 1839 "-" "Mozilla/4.0 (compatible; MSIE 4.01; Windows 95; CITGO Petroleum)"
206.68.130.30 - - [22/Oct/1999:09:02:33 -0400] "GET /DOG/description3A.htm HTTP/1.0" 200 27358 "http://www.selectsmart.com/cgi-bin/dog/rdog.cgi" "Mozilla/4.0 (compatible; MSIE 5.0; Windows 95; DigExt)"
206.68.130.30 - - [22/Oct/1999:09:02:34 -0400] "GET /DOG/images/schipperke.jpg HTTP/1.0" 200 1429 "http://www.selectsmart.com/DOG/description3A.htm" "Mozilla/4.0 (compatible; MSIE 5.0; Windows 95; DigExt)"
206.68.130.30 - - [22/Oct/1999:09:02:34 -0400] "GET /DOG/images/sheltie.jpg HTTP/1.0" 200 1210 "http://www.selectsmart.com/DOG/description3A.htm" "Mozilla/4.0 (compatible; MSIE 5.0; Windows 95; DigExt)"
206.68.130.30 - - [22/Oct/1999:09:02:34 -0400] "GET /DOG/images/shiba.jpg HTTP/1.0" 200 1285 "http://www.selectsmart.com/DOG/description3A.htm" "Mozilla/4.0 (compatible; MSIE 5.0; Windows 95; DigExt)"
206.68.130.30 - - [22/Oct/1999:09:02:34 -0400] "GET /DOG/images/husky.jpg HTTP/1.0" 200 1215 "http://www.selectsmart.com/DOG/description3A.htm" "Mozilla/4.0 (compatible; MSIE 5.0; Windows 95; DigExt)"
206.68.130.30 - - [22/Oct/1999:09:02:34 -0400] "GET /DOG/images/scwt.jpg HTTP/1.0" 200 1553 "http://www.selectsmart.com/DOG/description3A.htm" "Mozilla/4.0 (compatible; MSIE 5.0; Windows 95; DigExt)"
216.215.17.133 - - [22/Oct/1999:09:02:34 -0400] "GET /PRESIDENT/camp2000.gif HTTP/1.0" 200 7449 "http://www.selectsmart.com/PRESIDENT/" "Mozilla/4.04 [en]C-FLASHNET (Win95; I)"
206.68.130.30 - - [22/Oct/1999:09:02:34 -0400] "GET /DOG/images/staffy2.jpg HTTP/1.0" 200 1663 "http://www.selectsmart.com/DOG/description3A.htm" "Mozilla/4.0 (compatible; MSIE 5.0; Windows 95; DigExt)"
206.68.130.30 - - [22/Oct/1999:09:02:34 -0400] "GET /DOG/images/sschnauz.jpg HTTP/1.0" 200 1439 "http://www.selectsmart.com/DOG/description3A.htm" "Mozilla/4.0 (compatible; MSIE 5.0; Windows 95; DigExt)"
206.68.130.30 - - [22/Oct/1999:09:02:35 -0400] "GET /DOG/images/vizsla.jpg HTTP/1.0" 200 2508 "http://www.selectsmart.com/DOG/description3A.htm" "Mozilla/4.0 (compatible; MSIE 5.0; Windows 95; DigExt)"
206.68.130.30 - - [22/Oct/1999:09:02:35 -0400] "GET /DOG/images/weim.jpg HTTP/1.0" 200 1637 "http://www.selectsmart.com/DOG/description3A.htm" "Mozilla/4.0 (compatible; MSIE 5.0; Windows 95; DigExt)"
209.64.200.66 - - [22/Oct/1999:09:02:35 -0400] "GET /BUSINESS/16.gif HTTP/1.0" 200 6704 "http://www.selectsmart.com/PRESIDENT/" "Mozilla/4.0 (compatible; MSIE 4.01; Windows 95; CITGO Petroleum)"
209.64.200.66 - - [22/Oct/1999:09:02:35 -0400] "GET /BUSINESS/drop_v.jpg HTTP/1.0" 200 1963 "http://www.selectsmart.com/PRESIDENT/" "Mozilla/4.0 (compatible; MSIE 4.01; Windows 95; CITGO Petroleum)"
209.64.200.66 - - [22/Oct/1999:09:02:35 -0400] "GET /BUSINESS/drop_h.jpg HTTP/1.0" 200 2034 "http://www.selectsmart.com/PRESIDENT/" "Mozilla/4.0 (compatible; MSIE 4.01; Windows 95; CITGO Petroleum)"
206.68.130.30 - - [22/Oct/1999:09:02:35 -0400] "GET /DOG/images/cardigan.jpg HTTP/1.0" 200 1808 "http://www.selectsmart.com/DOG/description3A.htm" "Mozilla/4.0 (compatible; MSIE 5.0; Windows 95; DigExt)"
209.64.200.66 - - [22/Oct/1999:09:02:35 -0400] "GET /PRESIDENT/anecdote.gif HTTP/1.0" 200 6898 "http://www.selectsmart.com/PRESIDENT/" "Mozilla/4.0 (compatible; MSIE 4.01; Windows 95; CITGO Petroleum)"
206.68.130.30 - - [22/Oct/1999:09:02:35 -0400] "GET /DOG/images/pcorgi.jpg HTTP/1.0" 200 1333 "http://www.selectsmart.com/DOG/description3A.htm" "Mozilla/4.0 (compatible; MSIE 5.0; Windows 95; DigExt)"
216.215.17.133 - - [22/Oct/1999:09:02:35 -0400] "GET /PRESIDENT/campaigns.gif HTTP/1.0" 200 5835 "http://www.selectsmart.com/PRESIDENT/" "Mozilla/4.04 [en]C-FLASHNET (Win95; I)"
206.68.130.30 - - [22/Oct/1999:09:02:35 -0400] "GET /DOG/images/whippet.jpg HTTP/1.0" 200 1462 "http://www.selectsmart.com/DOG/description3A.htm" "Mozilla/4.0 (compatible; MSIE 5.0; Windows 95; DigExt)"
206.68.130.30 - - [22/Oct/1999:09:02:35 -0400] "GET /DOG/images/wpg.jpg HTTP/1.0" 200 1579 "http://www.selectsmart.com/DOG/description3A.htm" "Mozilla/4.0 (compatible; MSIE 5.0; Windows 95; DigExt)"
209.64.200.66 - - [22/Oct/1999:09:02:36 -0400] "GET /PRESIDENT/campaigns.gif HTTP/1.0" 200 5835 "http://www.selectsmart.com/PRESIDENT/" "Mozilla/4.0 (compatible; MSIE 4.01; Windows 95; CITGO Petroleum)"
206.68.130.30 - - [22/Oct/1999:09:02:36 -0400] "GET /DOG/images/yorkie.jpg HTTP/1.0" 200 1059 "http://www.selectsmart.com/DOG/description3A.htm" "Mozilla/4.0 (compatible; MSIE 5.0; Windows 95; DigExt)"
209.64.200.66 - - [22/Oct/1999:09:02:36 -0400] "GET /PRESIDENT/packaging.gif HTTP/1.0" 200 10663 "http://www.selectsmart.com/PRESIDENT/" "Mozilla/4.0 (compatible; MSIE 4.01; Windows 95; CITGO Petroleum)"
209.64.200.66 - - [22/Oct/1999:09:02:36 -0400] "GET /PRESIDENT/vidal.gif HTTP/1.0" 200 11342 "http://www.selectsmart.com/PRESIDENT/" "Mozilla/4.0 (compatible; MSIE 4.01; Windows 95; CITGO Petroleum)"
209.64.200.66 - - [22/Oct/1999:09:02:36 -0400] "GET /PRESIDENT/TR.gif HTTP/1.0" 200 5566 "http://www.selectsmart.com/PRESIDENT/" "Mozilla/4.0 (compatible; MSIE 4.01; Windows 95; CITGO Petroleum)"
209.64.200.66 - - [22/Oct/1999:09:02:36 -0400] "GET /PRESIDENT/camp2000.gif HTTP/1.0" 200 7449 "http://www.selectsmart.com/PRESIDENT/" "Mozilla/4.0 (compatible; MSIE 4.01; Windows 95; CITGO Petroleum)"
209.64.200.66 - - [22/Oct/1999:09:02:36 -0400] "GET /curt.jpg HTTP/1.0" 200 4228 "http://www.selectsmart.com/PRESIDENT/" "Mozilla/4.0 (compatible; MSIE 4.01; Windows 95; CITGO Petroleum)"
209.91.8.134 - - [22/Oct/1999:09:02:37 -0400] "GET /PRESIDENT/results.php3?more=now&mid=6 HTTP/1.0" 200 5989 "http://www.selectsmart.com/PRESIDENT/results.php3" "Mozilla/4.0 (compatible; MSIE 4.01; Windows 98)"
206.68.130.30 - - [22/Oct/1999:09:02:40 -0400] "GET /DOG/description.htm HTTP/1.0" 200 35830 "http://www.selectsmart.com/cgi-bin/dog/rdog.cgi" "Mozilla/4.0 (compatible; MSIE 5.0; Windows 95; DigExt)"
206.68.130.30 - - [22/Oct/1999:09:02:40 -0400] "GET /DOG/images/affen1.jpg HTTP/1.0" 200 1219 "http://www.selectsmart.com/DOG/description.htm" "Mozilla/4.0 (compatible; MSIE 5.0; Windows 95; DigExt)"
206.68.130.30 - - [22/Oct/1999:09:02:41 -0400] "GET /DOG/images/akita.jpg HTTP/1.0" 200 1749 "http://www.selectsmart.com/DOG/description.htm" "Mozilla/4.0 (compatible; MSIE 5.0; Windows 95; DigExt)"
206.68.130.30 - - [22/Oct/1999:09:02:41 -0400] "GET /DOG/images/Alaskanm.jpg HTTP/1.0" 200 1341 "http://www.selectsmart.com/DOG/description.htm" "Mozilla/4.0 (compatible; MSIE 5.0; Windows 95; DigExt)"
216.215.17.133 - - [22/Oct/1999:09:02:41 -0400] "GET /PRESIDENT/TR.gif HTTP/1.0" 200 5566 "http://www.selectsmart.com/PRESIDENT/" "Mozilla/4.04 [en]C-FLASHNET (Win95; I)"
206.68.130.30 - - [22/Oct/1999:09:02:41 -0400] "GET /DOG/images/ivory.jpg HTTP/1.0" 200 1197 "http://www.selectsmart.com/DOG/description.htm" "Mozilla/4.0 (compatible; MSIE 5.0; Windows 95; DigExt)"
206.68.130.30 - - [22/Oct/1999:09:02:41 -0400] "GET /DOG/images/amstaff.jpg HTTP/1.0" 200 1440 "http://www.selectsmart.com/DOG/description.htm" "Mozilla/4.0 (compatible; MSIE 5.0; Windows 95; DigExt)"
206.68.130.30 - - [22/Oct/1999:09:02:41 -0400] "GET /DOG/images/anatolian.JPG HTTP/1.0" 200 1597 "http://www.selectsmart.com/DOG/description.htm" "Mozilla/4.0 (compatible; MSIE 5.0; Windows 95; DigExt)"
206.68.130.30 - - [22/Oct/1999:09:02:41 -0400] "GET /DOG/images/bluehead.jpg HTTP/1.0" 200 1262 "http://www.selectsmart.com/DOG/description.htm" "Mozilla/4.0 (compatible; MSIE 5.0; Windows 95; DigExt)"
206.68.130.30 - - [22/Oct/1999:09:02:42 -0400] "GET /DOG/images/Ausblue.jpg HTTP/1.0" 200 1255 "http://www.selectsmart.com/DOG/description.htm" "Mozilla/4.0 (compatible; MSIE 5.0; Windows 95; DigExt)"
206.68.130.30 - - [22/Oct/1999:09:02:42 -0400] "GET /DOG/gable.jpg HTTP/1.0" 200 23718 "http://www.selectsmart.com/DOG/description.htm" "Mozilla/4.0 (compatible; MSIE 5.0; Windows 95; DigExt)"
206.68.130.30 - - [22/Oct/1999:09:02:43 -0400] "GET /DOG/images/beagle.jpg HTTP/1.0" 200 1624 "http://www.selectsmart.com/DOG/description.htm" "Mozilla/4.0 (compatible; MSIE 5.0; Windows 95; DigExt)"
206.68.130.30 - - [22/Oct/1999:09:02:43 -0400] "GET /DOG/images/beagle1.jpg HTTP/1.0" 200 1163 "http://www.selectsmart.com/DOG/description.htm" "Mozilla/4.0 (compatible; MSIE 5.0; Windows 95; DigExt)"
206.68.130.30 - - [22/Oct/1999:09:02:43 -0400] "GET /DOG/images/belgiantev.jpg HTTP/1.0" 200 1189 "http://www.selectsmart.com/DOG/description.htm" "Mozilla/4.0 (compatible; MSIE 5.0; Windows 95; DigExt)"
206.68.130.30 - - [22/Oct/1999:09:02:43 -0400] "GET /DOG/images/bmd.jpg HTTP/1.0" 200 1599 "http://www.selectsmart.com/DOG/description.htm" "Mozilla/4.0 (compatible; MSIE 5.0; Windows 95; DigExt)"
165.89.84.249 - - [22/Oct/1999:09:02:43 -0400] "GET /PRESIDENT/define16.htm HTTP/1.0" 200 229 "http://www.selectsmart.com/PRESIDENT/" "Mozilla/4.5 [en]C-BMY (WinNT; U)"
206.68.130.30 - - [22/Oct/1999:09:02:43 -0400] "GET /DOG/images/bichon.jpg HTTP/1.0" 200 1056 "http://www.selectsmart.com/DOG/description.htm" "Mozilla/4.0 (compatible; MSIE 5.0; Windows 95; DigExt)"
206.68.130.30 - - [22/Oct/1999:09:02:43 -0400] "GET /DOG/images/blood.jpg HTTP/1.0" 200 1450 "http://www.selectsmart.com/DOG/description.htm" "Mozilla/4.0 (compatible; MSIE 5.0; Windows 95; DigExt)"
206.68.130.30 - - [22/Oct/1999:09:02:44 -0400] "GET /DOG/images/bordcoll.jpg HTTP/1.0" 200 1363 "http://www.selectsmart.com/DOG/description.htm" "Mozilla/4.0 (compatible; MSIE 5.0; Windows 95; DigExt)"
206.68.130.30 - - [22/Oct/1999:09:02:44 -0400] "GET /DOG/images/bordert.jpg HTTP/1.0" 200 1421 "http://www.selectsmart.com/DOG/description.htm" "Mozilla/4.0 (compatible; MSIE 5.0; Windows 95; DigExt)"
198.78.181.203 - - [22/Oct/1999:09:02:44 -0400] "GET /PRESIDENT/ HTTP/1.0" 200 29678 "-" "Mozilla/4.5 [en] (Win98; U)"
206.68.130.30 - - [22/Oct/1999:09:02:44 -0400] "GET /DOG/images/borzoi.jpg HTTP/1.0" 200 2135 "http://www.selectsmart.com/DOG/description.htm" "Mozilla/4.0 (compatible; MSIE 5.0; Windows 95; DigExt)"
206.68.130.30 - - [22/Oct/1999:09:02:44 -0400] "GET /DOG/images/boston.jpg HTTP/1.0" 200 1412 "http://www.selectsmart.com/DOG/description.htm" "Mozilla/4.0 (compatible; MSIE 5.0; Windows 95; DigExt)"
206.68.130.30 - - [22/Oct/1999:09:02:44 -0400] "GET /DOG/images/boxerhead.jpg HTTP/1.0" 200 1325 "http://www.selectsmart.com/DOG/description.htm" "Mozilla/4.0 (compatible; MSIE 5.0; Windows 95; DigExt)"
206.68.130.30 - - [22/Oct/1999:09:02:45 -0400] "GET /DOG/images/bullterrier.jpg HTTP/1.0" 200 1160 "http://www.selectsmart.com/DOG/description.htm" "Mozilla/4.0 (compatible; MSIE 5.0; Windows 95; DigExt)"
198.78.181.203 - - [22/Oct/1999:09:02:45 -0400] "GET /BUSINESS/16.gif HTTP/1.0" 200 6704 "http://www.selectsmart.com/PRESIDENT/" "Mozilla/4.5 [en] (Win98; U)"
198.78.181.203 - - [22/Oct/1999:09:02:45 -0400] "GET /BUSINESS/drop_v.jpg HTTP/1.0" 200 1963 "http://www.selectsmart.com/PRESIDENT/" "Mozilla/4.5 [en] (Win98; U)"
198.78.181.203 - - [22/Oct/1999:09:02:45 -0400] "GET /BUSINESS/drop_h.jpg HTTP/1.0" 200 2034 "http://www.selectsmart.com/PRESIDENT/" "Mozilla/4.5 [en] (Win98; U)"
206.68.130.30 - - [22/Oct/1999:09:02:45 -0400] "GET /DOG/images/bulldog.jpg HTTP/1.0" 200 2110 "http://www.selectsmart.com/DOG/description.htm" "Mozilla/4.0 (compatible; MSIE 5.0; Windows 95; DigExt)"
206.68.130.30 - - [22/Oct/1999:09:02:45 -0400] "GET /DOG/images/bullmastiff.jpg HTTP/1.0" 200 1357 "http://www.selectsmart.com/DOG/description.htm" "Mozilla/4.0 (compatible; MSIE 5.0; Windows 95; DigExt)"
216.215.17.133 - - [22/Oct/1999:09:02:45 -0400] "GET /curt.jpg HTTP/1.0" 200 4228 "http://www.selectsmart.com/PRESIDENT/" "Mozilla/4.04 [en]C-FLASHNET (Win95; I)"
198.78.181.203 - - [22/Oct/1999:09:02:45 -0400] "GET /PRESIDENT/packaging.gif HTTP/1.0" 200 10663 "http://www.selectsmart.com/PRESIDENT/" "Mozilla/4.5 [en] (Win98; U)"
198.78.181.203 - - [22/Oct/1999:09:02:45 -0400] "GET /PRESIDENT/anecdote.gif HTTP/1.0" 200 6898 "http://www.selectsmart.com/PRESIDENT/" "Mozilla/4.5 [en] (Win98; U)"
198.78.181.203 - - [22/Oct/1999:09:02:45 -0400] "GET /PRESIDENT/TR.gif HTTP/1.0" 200 5566 "http://www.selectsmart.com/PRESIDENT/" "Mozilla/4.5 [en] (Win98; U)"
198.78.181.203 - - [22/Oct/1999:09:02:45 -0400] "GET /PRESIDENT/campaigns.gif HTTP/1.0" 200 5835 "http://www.selectsmart.com/PRESIDENT/" "Mozilla/4.5 [en] (Win98; U)"
198.78.181.203 - - [22/Oct/1999:09:02:46 -0400] "GET /PRESIDENT/vidal.gif HTTP/1.0" 200 11342 "http://www.selectsmart.com/PRESIDENT/" "Mozilla/4.5 [en] (Win98; U)"
198.78.181.203 - - [22/Oct/1999:09:02:46 -0400] "GET /curt.jpg HTTP/1.0" 200 4228 "http://www.selectsmart.com/PRESIDENT/" "Mozilla/4.5 [en] (Win98; U)"
198.78.181.203 - - [22/Oct/1999:09:02:46 -0400] "GET /PRESIDENT/camp2000.gif HTTP/1.0" 200 7449 "http://www.selectsmart.com/PRESIDENT/" "Mozilla/4.5 [en] (Win98; U)"
204.91.72.3 - - [22/Oct/1999:09:02:52 -0400] "GET /PRESIDENT/ HTTP/1.0" 200 29678 "-" "Mozilla/4.0 (compatible; MSIE 4.01; Windows NT)"
199.75.36.51 - - [22/Oct/1999:09:02:53 -0400] "POST /PRESIDENT/results.php3 HTTP/1.0" 200 6627 "http://www.selectsmart.com/PRESIDENT/" "Mozilla/4.61 [en] (Win95; I)"
204.91.72.3 - - [22/Oct/1999:09:02:54 -0400] "GET /BUSINESS/16.gif HTTP/1.0" 200 6704 "http://www.selectsmart.com/PRESIDENT/" "Mozilla/4.0 (compatible; MSIE 4.01; Windows NT)"
204.91.72.3 - - [22/Oct/1999:09:02:54 -0400] "GET /BUSINESS/drop_v.jpg HTTP/1.0" 200 1963 "http://www.selectsmart.com/PRESIDENT/" "Mozilla/4.0 (compatible; MSIE 4.01; Windows NT)"
204.91.72.3 - - [22/Oct/1999:09:02:54 -0400] "GET /PRESIDENT/anecdote.gif HTTP/1.0" 200 6898 "http://www.selectsmart.com/PRESIDENT/" "Mozilla/4.0 (compatible; MSIE 4.01; Windows NT)"
204.91.72.3 - - [22/Oct/1999:09:02:55 -0400] "GET /PRESIDENT/campaigns.gif HTTP/1.0" 200 5835 "http://www.selectsmart.com/PRESIDENT/" "Mozilla/4.0 (compatible; MSIE 4.01; Windows NT)"
204.91.72.3 - - [22/Oct/1999:09:02:55 -0400] "GET /BUSINESS/drop_h.jpg HTTP/1.0" 200 2034 "http://www.selectsmart.com/PRESIDENT/" "Mozilla/4.0 (compatible; MSIE 4.01; Windows NT)"
204.91.72.3 - - [22/Oct/1999:09:02:55 -0400] "GET /PRESIDENT/packaging.gif HTTP/1.0" 200 10663 "http://www.selectsmart.com/PRESIDENT/" "Mozilla/4.0 (compatible; MSIE 4.01; Windows NT)"
204.91.72.3 - - [22/Oct/1999:09:02:55 -0400] "GET /PRESIDENT/vidal.gif HTTP/1.0" 200 11342 "http://www.selectsmart.com/PRESIDENT/" "Mozilla/4.0 (compatible; MSIE 4.01; Windows NT)"
204.91.72.3 - - [22/Oct/1999:09:02:55 -0400] "GET /PRESIDENT/TR.gif HTTP/1.0" 200 5566 "http://www.selectsmart.com/PRESIDENT/" "Mozilla/4.0 (compatible; MSIE 4.01; Windows NT)"
204.91.72.3 - - [22/Oct/1999:09:02:56 -0400] "GET /PRESIDENT/camp2000.gif HTTP/1.0" 200 7449 "http://www.selectsmart.com/PRESIDENT/" "Mozilla/4.0 (compatible; MSIE 4.01; Windows NT)"
204.91.72.3 - - [22/Oct/1999:09:02:56 -0400] "GET /curt.jpg HTTP/1.0" 200 4228 "http://www.selectsmart.com/PRESIDENT/" "Mozilla/4.0 (compatible; MSIE 4.01; Windows NT)"
204.211.19.155 - - [22/Oct/1999:09:02:57 -0400] "GET / HTTP/1.0" 200 1839 "-" "Mozilla/4.61 [en] (Win95; I)"
38.179.56.93 - - [22/Oct/1999:09:02:57 -0400] "GET /PRESIDENT/define10b.htm HTTP/1.0" 200 160 "http://www.selectsmart.com/PRESIDENT/" "Mozilla/4.61 [en] (WinNT; I)"
204.211.19.155 - - [22/Oct/1999:09:02:58 -0400] "GET /sidepanel.html HTTP/1.0" 200 3890 "-" "Mozilla/4.61 [en] (Win95; I)"
204.211.19.155 - - [22/Oct/1999:09:02:58 -0400] "GET /thnkyell.jpg HTTP/1.0" 200 23337 "http://www.selectsmart.com/sidepanel.html" "Mozilla/4.61 [en] (Win95; I)"
204.211.19.155 - - [22/Oct/1999:09:02:59 -0400] "GET /solid59.gif HTTP/1.0" 200 977 "http://www.selectsmart.com/sidepanel.html" "Mozilla/4.61 [en] (Win95; I)"
204.211.19.155 - - [22/Oct/1999:09:02:59 -0400] "GET /solid52.gif HTTP/1.0" 200 980 "http://www.selectsmart.com/sidepanel.html" "Mozilla/4.61 [en] (Win95; I)"
204.211.19.155 - - [22/Oct/1999:09:02:59 -0400] "GET /AMAZON/amzn-buy.gif HTTP/1.0" 200 3051 "http://www.selectsmart.com/sidepanel.html" "Mozilla/4.61 [en] (Win95; I)"
204.211.19.155 - - [22/Oct/1999:09:02:59 -0400] "GET /solid17.gif HTTP/1.0" 200 988 "http://www.selectsmart.com/sidepanel.html" "Mozilla/4.61 [en] (Win95; I)"
204.211.19.155 - - [22/Oct/1999:09:02:59 -0400] "GET /solid17.gif HTTP/1.0" 200 988 "http://www.selectsmart.com/sidepanel.html" "Mozilla/4.61 [en] (Win95; I)"
158.111.133.126 - - [22/Oct/1999:09:03:00 -0400] "GET /PRESIDENT/ HTTP/1.1" 200 29678 "-" "Mozilla/4.0 (compatible; MSIE 4.01; Windows NT)"
204.211.19.155 - - [22/Oct/1999:09:03:00 -0400] "GET /up.jpg HTTP/1.0" 200 2511 "http://www.selectsmart.com/sidepanel.html" "Mozilla/4.61 [en] (Win95; I)"
204.211.19.155 - - [22/Oct/1999:09:03:00 -0400] "GET /solid48.gif HTTP/1.0" 200 987 "http://www.selectsmart.com/sidepanel.html" "Mozilla/4.61 [en] (Win95; I)"
204.211.19.155 - - [22/Oct/1999:09:03:00 -0400] "GET /curt.jpg HTTP/1.0" 200 4228 "http://www.selectsmart.com/sidepanel.html" "Mozilla/4.61 [en] (Win95; I)"
204.211.19.155 - - [22/Oct/1999:09:03:00 -0400] "GET /solid41.gif HTTP/1.0" 200 987 "http://www.selectsmart.com/sidepanel.html" "Mozilla/4.61 [en] (Win95; I)"
204.211.19.155 - - [22/Oct/1999:09:03:01 -0400] "GET /indexa.html HTTP/1.0" 200 20372 "-" "Mozilla/4.61 [en] (Win95; I)"
204.211.19.155 - - [22/Oct/1999:09:03:01 -0400] "GET /BUSINESS/14.gif HTTP/1.0" 200 6644 "http://www.selectsmart.com/indexa.html" "Mozilla/4.61 [en] (Win95; I)"
204.211.19.155 - - [22/Oct/1999:09:03:02 -0400] "GET /BUSINESS/drop_v.jpg HTTP/1.0" 200 1963 "http://www.selectsmart.com/indexa.html" "Mozilla/4.61 [en] (Win95; I)"
204.211.19.155 - - [22/Oct/1999:09:03:02 -0400] "GET /BUSINESS/drop_h.jpg HTTP/1.0" 200 2034 "http://www.selectsmart.com/indexa.html" "Mozilla/4.61 [en] (Win95; I)"
204.211.19.155 - - [22/Oct/1999:09:03:02 -0400] "GET /solid6.gif HTTP/1.0" 200 993 "http://www.selectsmart.com/indexa.html" "Mozilla/4.61 [en] (Win95; I)"
204.211.19.155 - - [22/Oct/1999:09:03:02 -0400] "GET /solid28.gif HTTP/1.0" 200 972 "http://www.selectsmart.com/indexa.html" "Mozilla/4.61 [en] (Win95; I)"
204.211.19.155 - - [22/Oct/1999:09:03:02 -0400] "GET /solid48.gif HTTP/1.0" 200 987 "http://www.selectsmart.com/indexa.html" "Mozilla/4.61 [en] (Win95; I)"
204.211.19.155 - - [22/Oct/1999:09:03:02 -0400] "GET /solid11.gif HTTP/1.0" 200 1006 "http://www.selectsmart.com/indexa.html" "Mozilla/4.61 [en] (Win95; I)"
38.176.236.89 - - [22/Oct/1999:09:03:02 -0400] "POST /PRESIDENT/results.php3 HTTP/1.1" 200 6641 "http://www.selectsmart.com/PRESIDENT/" "Mozilla/4.0 (compatible; MSIE 5.0; Windows 95; DigExt)"
38.180.46.2 - - [22/Oct/1999:09:03:04 -0400] "POST /PRESIDENT/results.php3 HTTP/1.0" 200 6625 "http://www.selectsmart.com/PRESIDENT/" "Mozilla/4.61 [en] (Win95; I)"
204.211.19.155 - - [22/Oct/1999:09:03:04 -0400] "GET /exclaim.jpg HTTP/1.0" 200 7859 "http://www.selectsmart.com/indexa.html" "Mozilla/4.61 [en] (Win95; I)"
204.211.19.155 - - [22/Oct/1999:09:03:04 -0400] "GET /planetclick.gif HTTP/1.0" 200 4949 "http://www.selectsmart.com/indexa.html" "Mozilla/4.61 [en] (Win95; I)"
204.211.19.155 - - [22/Oct/1999:09:03:05 -0400] "GET /cooltools.gif HTTP/1.0" 200 3810 "http://www.selectsmart.com/indexa.html" "Mozilla/4.61 [en] (Win95; I)"
204.211.19.155 - - [22/Oct/1999:09:03:05 -0400] "GET /sltrib.gif HTTP/1.0" 200 5673 "http://www.selectsmart.com/indexa.html" "Mozilla/4.61 [en] (Win95; I)"
204.211.19.155 - - [22/Oct/1999:09:03:05 -0400] "GET /sitename60_mining.gif HTTP/1.0" 200 2015 "http://www.selectsmart.com/indexa.html" "Mozilla/4.61 [en] (Win95; I)"
158.111.133.126 - - [22/Oct/1999:09:03:05 -0400] "GET /PRESIDENT/campaigns.gif HTTP/1.1" 200 5835 "http://www.selectsmart.com/PRESIDENT/" "Mozilla/4.0 (compatible; MSIE 4.01; Windows NT)"
158.111.133.126 - - [22/Oct/1999:09:03:05 -0400] "GET /PRESIDENT/packaging.gif HTTP/1.1" 200 10663 "http://www.selectsmart.com/PRESIDENT/" "Mozilla/4.0 (compatible; MSIE 4.01; Windows NT)"
158.111.133.126 - - [22/Oct/1999:09:03:06 -0400] "GET /PRESIDENT/vidal.gif HTTP/1.1" 200 11342 "http://www.selectsmart.com/PRESIDENT/" "Mozilla/4.0 (compatible; MSIE 4.01; Windows NT)"
204.211.19.155 - - [22/Oct/1999:09:03:06 -0400] "GET /blkpaw.gif HTTP/1.0" 200 936 "http://www.selectsmart.com/indexa.html" "Mozilla/4.61 [en] (Win95; I)"
204.211.19.155 - - [22/Oct/1999:09:03:06 -0400] "GET /carolin2.gif HTTP/1.0" 200 3241 "http://www.selectsmart.com/indexa.html" "Mozilla/4.61 [en] (Win95; I)"
204.211.19.155 - - [22/Oct/1999:09:03:06 -0400] "GET /cooldogsiteselected.gif HTTP/1.0" 200 2982 "http://www.selectsmart.com/indexa.html" "Mozilla/4.61 [en] (Win95; I)"
204.211.19.155 - - [22/Oct/1999:09:03:06 -0400] "GET /cpetsitm.gif HTTP/1.0" 200 6269 "http://www.selectsmart.com/indexa.html" "Mozilla/4.61 [en] (Win95; I)"
204.211.19.155 - - [22/Oct/1999:09:03:06 -0400] "GET /CoolAward2.gif HTTP/1.0" 200 5548 "http://www.selectsmart.com/indexa.html" "Mozilla/4.61 [en] (Win95; I)"
158.111.133.126 - - [22/Oct/1999:09:03:07 -0400] "GET /PRESIDENT/TR.gif HTTP/1.1" 200 5566 "http://www.selectsmart.com/PRESIDENT/" "Mozilla/4.0 (compatible; MSIE 4.01; Windows NT)"
158.111.133.126 - - [22/Oct/1999:09:03:07 -0400] "GET /PRESIDENT/camp2000.gif HTTP/1.1" 200 7449 "http://www.selectsmart.com/PRESIDENT/" "Mozilla/4.0 (compatible; MSIE 4.01; Windows NT)"
158.111.133.126 - - [22/Oct/1999:09:03:07 -0400] "GET /curt.jpg HTTP/1.1" 200 4228 "http://www.selectsmart.com/PRESIDENT/" "Mozilla/4.0 (compatible; MSIE 4.01; Windows NT)"
209.64.200.66 - - [22/Oct/1999:09:03:09 -0400] "GET /PRESIDENT/ HTTP/1.0" 200 29678 "-" "Mozilla/4.0 (compatible; MSIE 4.01; Windows 95; CITGO Petroleum)"
209.64.200.66 - - [22/Oct/1999:09:03:10 -0400] "GET / HTTP/1.0" 200 1839 "-" "Mozilla/4.0 (compatible; MSIE 4.01; Windows 95; CITGO Petroleum)"
209.64.200.66 - - [22/Oct/1999:09:03:13 -0400] "GET /BUSINESS/drop_h.jpg HTTP/1.0" 200 2034 "http://www.selectsmart.com/PRESIDENT/" "Mozilla/4.0 (compatible; MSIE 4.01; Windows 95; CITGO Petroleum)"
209.64.200.66 - - [22/Oct/1999:09:03:13 -0400] "GET /PRESIDENT/anecdote.gif HTTP/1.0" 200 6898 "http://www.selectsmart.com/PRESIDENT/" "Mozilla/4.0 (compatible; MSIE 4.01; Windows 95; CITGO Petroleum)"
209.64.200.66 - - [22/Oct/1999:09:03:13 -0400] "GET /BUSINESS/16.gif HTTP/1.0" 200 6704 "http://www.selectsmart.com/PRESIDENT/" "Mozilla/4.0 (compatible; MSIE 4.01; Windows 95; CITGO Petroleum)"
209.64.200.66 - - [22/Oct/1999:09:03:13 -0400] "GET /BUSINESS/drop_v.jpg HTTP/1.0" 200 1963 "http://www.selectsmart.com/PRESIDENT/" "Mozilla/4.0 (compatible; MSIE 4.01; Windows 95; CITGO Petroleum)"
209.64.200.66 - - [22/Oct/1999:09:03:14 -0400] "GET /PRESIDENT/ HTTP/1.0" 200 29678 "-" "Mozilla/4.0 (compatible; MSIE 4.01; Windows 95; CITGO Petroleum)"
209.64.200.66 - - [22/Oct/1999:09:03:14 -0400] "GET /PRESIDENT/TR.gif HTTP/1.0" 200 5566 "http://www.selectsmart.com/PRESIDENT/" "Mozilla/4.0 (compatible; MSIE 4.01; Windows 95; CITGO Petroleum)"
209.64.200.66 - - [22/Oct/1999:09:03:14 -0400] "GET /PRESIDENT/packaging.gif HTTP/1.0" 200 10663 "http://www.selectsmart.com/PRESIDENT/" "Mozilla/4.0 (compatible; MSIE 4.01; Windows 95; CITGO Petroleum)"
209.64.200.66 - - [22/Oct/1999:09:03:14 -0400] "GET / HTTP/1.0" 200 1839 "-" "Mozilla/4.0 (compatible; MSIE 4.01; Windows 95; CITGO Petroleum)"
209.64.200.66 - - [22/Oct/1999:09:03:15 -0400] "GET /PRESIDENT/vidal.gif HTTP/1.0" 200 11342 "http://www.selectsmart.com/PRESIDENT/" "Mozilla/4.0 (compatible; MSIE 4.01; Windows 95; CITGO Petroleum)"
209.64.200.66 - - [22/Oct/1999:09:03:15 -0400] "GET /PRESIDENT/campaigns.gif HTTP/1.0" 200 5835 "http://www.selectsmart.com/PRESIDENT/" "Mozilla/4.0 (compatible; MSIE 4.01; Windows 95; CITGO Petroleum)"
207.22.92.18 - - [22/Oct/1999:09:03:15 -0400] "GET /PRESIDENT/results.php3?more=now&mid=3 HTTP/1.0" 200 7827 "http://www.selectsmart.com/PRESIDENT/results.php3" "Mozilla/4.5 [en] (Win95; U)"
207.22.92.18 - - [22/Oct/1999:09:03:15 -0400] "GET /PRESIDENT/images/bradley.jpg HTTP/1.0" 200 2294 "http://www.selectsmart.com/PRESIDENT/results.php3?more=now&mid=3" "Mozilla/4.5 [en] (Win95; U)"
209.64.200.66 - - [22/Oct/1999:09:03:15 -0400] "GET /BUSINESS/16.gif HTTP/1.0" 200 6704 "http://www.selectsmart.com/PRESIDENT/" "Mozilla/4.0 (compatible; MSIE 4.01; Windows 95; CITGO Petroleum)"
209.64.200.66 - - [22/Oct/1999:09:03:15 -0400] "GET /BUSINESS/drop_v.jpg HTTP/1.0" 200 1963 "http://www.selectsmart.com/PRESIDENT/" "Mozilla/4.0 (compatible; MSIE 4.01; Windows 95; CITGO Petroleum)"
209.64.200.66 - - [22/Oct/1999:09:03:15 -0400] "GET /BUSINESS/drop_h.jpg HTTP/1.0" 200 2034 "http://www.selectsmart.com/PRESIDENT/" "Mozilla/4.0 (compatible; MSIE 4.01; Windows 95; CITGO Petroleum)"
209.64.200.66 - - [22/Oct/1999:09:03:15 -0400] "GET /PRESIDENT/anecdote.gif HTTP/1.0" 200 6898 "http://www.selectsmart.com/PRESIDENT/" "Mozilla/4.0 (compatible; MSIE 4.01; Windows 95; CITGO Petroleum)"
209.64.200.66 - - [22/Oct/1999:09:03:16 -0400] "GET /PRESIDENT/camp2000.gif HTTP/1.0" 200 7449 "http://www.selectsmart.com/PRESIDENT/" "Mozilla/4.0 (compatible; MSIE 4.01; Windows 95; CITGO Petroleum)"
209.64.200.66 - - [22/Oct/1999:09:03:16 -0400] "GET /curt.jpg HTTP/1.0" 200 4228 "http://www.selectsmart.com/PRESIDENT/" "Mozilla/4.0 (compatible; MSIE 4.01; Windows 95; CITGO Petroleum)"
209.64.200.66 - - [22/Oct/1999:09:03:16 -0400] "GET /PRESIDENT/campaigns.gif HTTP/1.0" 200 5835 "http://www.selectsmart.com/PRESIDENT/" "Mozilla/4.0 (compatible; MSIE 4.01; Windows 95; CITGO Petroleum)"
209.64.200.66 - - [22/Oct/1999:09:03:16 -0400] "GET /PRESIDENT/packaging.gif HTTP/1.0" 200 10663 "http://www.selectsmart.com/PRESIDENT/" "Mozilla/4.0 (compatible; MSIE 4.01; Windows 95; CITGO Petroleum)"
209.64.200.66 - - [22/Oct/1999:09:03:16 -0400] "GET /PRESIDENT/vidal.gif HTTP/1.0" 200 11342 "http://www.selectsmart.com/PRESIDENT/" "Mozilla/4.0 (compatible; MSIE 4.01; Windows 95; CITGO Petroleum)"
209.64.200.66 - - [22/Oct/1999:09:03:16 -0400] "GET /PRESIDENT/TR.gif HTTP/1.0" 200 5566 "http://www.selectsmart.com/PRESIDENT/" "Mozilla/4.0 (compatible; MSIE 4.01; Windows 95; CITGO Petroleum)"
209.64.200.66 - - [22/Oct/1999:09:03:17 -0400] "GET /PRESIDENT/camp2000.gif HTTP/1.0" 200 7449 "http://www.selectsmart.com/PRESIDENT/" "Mozilla/4.0 (compatible; MSIE 4.01; Windows 95; CITGO Petroleum)"
209.64.200.66 - - [22/Oct/1999:09:03:17 -0400] "GET /curt.jpg HTTP/1.0" 200 4228 "http://www.selectsmart.com/PRESIDENT/" "Mozilla/4.0 (compatible; MSIE 4.01; Windows 95; CITGO Petroleum)"
208.163.170.2 - - [22/Oct/1999:09:03:17 -0400] "POST /PRESIDENT/results.php3 HTTP/1.1" 200 12951 "http://www.selectsmart.com/PRESIDENT/results.php3" "Mozilla/4.0 (compatible; MSIE 5.0; Windows 95; DigExt)"
209.64.200.66 - - [22/Oct/1999:09:03:17 -0400] "GET /PRESIDENT/define2.htm HTTP/1.0" 200 201 "-" "Mozilla/4.0 (compatible; MSIE 4.01; Windows 95; CITGO Petroleum)"
165.89.84.249 - - [22/Oct/1999:09:03:18 -0400] "POST /PRESIDENT/results.php3 HTTP/1.0" 200 6626 "http://www.selectsmart.com/PRESIDENT/" "Mozilla/4.5 [en]C-BMY (WinNT; U)"
209.64.200.66 - - [22/Oct/1999:09:03:18 -0400] "GET / HTTP/1.0" 200 1839 "-" "Mozilla/4.0 (compatible; MSIE 4.01; Windows 95; CITGO Petroleum)"
208.163.170.2 - - [22/Oct/1999:09:03:18 -0400] "GET /PRESIDENT/images/bradley.jpg HTTP/1.1" 200 2294 "http://www.selectsmart.com/PRESIDENT/results.php3" "Mozilla/4.0 (compatible; MSIE 5.0; Windows 95; DigExt)"
208.163.170.2 - - [22/Oct/1999:09:03:18 -0400] "GET /PRESIDENT/images/gore.jpg HTTP/1.1" 200 2930 "http://www.selectsmart.com/PRESIDENT/results.php3" "Mozilla/4.0 (compatible; MSIE 5.0; Windows 95; DigExt)"
143.231.12.73 - - [22/Oct/1999:09:03:19 -0400] "GET /PRESIDENT/ HTTP/1.0" 200 29678 "-" "Mozilla/4.6 [en] (Win98; U)"
206.145.251.5 - - [22/Oct/1999:09:03:19 -0400] "GET /PRESIDENT HTTP/1.0" 301 241 "-" "Mozilla/4.0 (compatible; MSIE 4.01; Windows 95)"
143.231.12.73 - - [22/Oct/1999:09:03:19 -0400] "GET /BUSINESS/drop_h.jpg HTTP/1.0" 200 2034 "http://www.selectsmart.com/PRESIDENT/" "Mozilla/4.6 [en] (Win98; U)"
143.231.12.73 - - [22/Oct/1999:09:03:19 -0400] "GET /BUSINESS/16.gif HTTP/1.0" 200 6704 "http://www.selectsmart.com/PRESIDENT/" "Mozilla/4.6 [en] (Win98; U)"
143.231.12.73 - - [22/Oct/1999:09:03:19 -0400] "GET /BUSINESS/drop_v.jpg HTTP/1.0" 200 1963 "http://www.selectsmart.com/PRESIDENT/" "Mozilla/4.6 [en] (Win98; U)"
143.231.12.73 - - [22/Oct/1999:09:03:19 -0400] "GET /PRESIDENT/anecdote.gif HTTP/1.0" 200 6898 "http://www.selectsmart.com/PRESIDENT/" "Mozilla/4.6 [en] (Win98; U)"
143.231.12.73 - - [22/Oct/1999:09:03:19 -0400] "GET /PRESIDENT/campaigns.gif HTTP/1.0" 200 5835 "http://www.selectsmart.com/PRESIDENT/" "Mozilla/4.6 [en] (Win98; U)"
143.231.12.73 - - [22/Oct/1999:09:03:19 -0400] "GET /PRESIDENT/packaging.gif HTTP/1.0" 200 10663 "http://www.selectsmart.com/PRESIDENT/" "Mozilla/4.6 [en] (Win98; U)"
143.231.12.73 - - [22/Oct/1999:09:03:19 -0400] "GET /PRESIDENT/vidal.gif HTTP/1.0" 200 11342 "http://www.selectsmart.com/PRESIDENT/" "Mozilla/4.6 [en] (Win98; U)"
143.231.12.73 - - [22/Oct/1999:09:03:19 -0400] "GET /PRESIDENT/camp2000.gif HTTP/1.0" 200 7449 "http://www.selectsmart.com/PRESIDENT/" "Mozilla/4.6 [en] (Win98; U)"
143.231.12.73 - - [22/Oct/1999:09:03:19 -0400] "GET /PRESIDENT/TR.gif HTTP/1.0" 200 5566 "http://www.selectsmart.com/PRESIDENT/" "Mozilla/4.6 [en] (Win98; U)"
143.231.12.73 - - [22/Oct/1999:09:03:19 -0400] "GET /curt.jpg HTTP/1.0" 200 4228 "http://www.selectsmart.com/PRESIDENT/" "Mozilla/4.6 [en] (Win98; U)"
38.179.56.93 - - [22/Oct/1999:09:03:23 -0400] "GET /PRESIDENT/define10a.htm HTTP/1.0" 200 233 "http://www.selectsmart.com/PRESIDENT/" "Mozilla/4.61 [en] (WinNT; I)"
206.145.251.5 - - [22/Oct/1999:09:03:24 -0400] "GET /PRESIDENT/ HTTP/1.0" 200 29678 "-" "Mozilla/4.0 (compatible; MSIE 4.01; Windows 95)"
206.145.251.5 - - [22/Oct/1999:09:03:24 -0400] "GET /BUSINESS/16.gif HTTP/1.0" 200 6704 "http://www.selectsmart.com/PRESIDENT/" "Mozilla/4.0 (compatible; MSIE 4.01; Windows 95)"
165.89.84.249 - - [22/Oct/1999:09:03:26 -0400] "GET /PRESIDENT/results.php3?more=now&mid=18 HTTP/1.0" 200 3762 "http://www.selectsmart.com/PRESIDENT/results.php3" "Mozilla/4.5 [en]C-BMY (WinNT; U)"
165.89.84.249 - - [22/Oct/1999:09:03:26 -0400] "GET /PRESIDENT/images/mcreynolds.jpg HTTP/1.0" 200 4631 "http://www.selectsmart.com/PRESIDENT/results.php3?more=now&mid=18" "Mozilla/4.5 [en]C-BMY (WinNT; U)"
206.145.251.5 - - [22/Oct/1999:09:03:27 -0400] "GET /BUSINESS/drop_v.jpg HTTP/1.0" 200 1963 "http://www.selectsmart.com/PRESIDENT/" "Mozilla/4.0 (compatible; MSIE 4.01; Windows 95)"
206.145.251.5 - - [22/Oct/1999:09:03:29 -0400] "GET /BUSINESS/drop_h.jpg HTTP/1.0" 200 2034 "http://www.selectsmart.com/PRESIDENT/" "Mozilla/4.0 (compatible; MSIE 4.01; Windows 95)"
208.226.49.87 - - [22/Oct/1999:09:03:29 -0400] "GET /PRESIDENT/define16.htm HTTP/1.0" 200 229 "http://www.selectsmart.com/PRESIDENT/" "Mozilla/4.05 [en] (Win95; I ;Nav)"
206.145.251.5 - - [22/Oct/1999:09:03:29 -0400] "GET /PRESIDENT/anecdote.gif HTTP/1.0" 200 6898 "http://www.selectsmart.com/PRESIDENT/" "Mozilla/4.0 (compatible; MSIE 4.01; Windows 95)"
206.145.251.5 - - [22/Oct/1999:09:03:30 -0400] "GET /PRESIDENT/campaigns.gif HTTP/1.0" 200 5835 "http://www.selectsmart.com/PRESIDENT/" "Mozilla/4.0 (compatible; MSIE 4.01; Windows 95)"
207.91.127.100 - - [22/Oct/1999:09:03:34 -0400] "POST /PRESIDENT/results.php3 HTTP/1.1" 200 6640 "http://www.selectsmart.com/PRESIDENT/" "Mozilla/4.0 (compatible; MSIE 5.0; Windows 98; DigExt)"
206.145.251.5 - - [22/Oct/1999:09:03:34 -0400] "GET /PRESIDENT/packaging.gif HTTP/1.0" 200 10663 "http://www.selectsmart.com/PRESIDENT/" "Mozilla/4.0 (compatible; MSIE 4.01; Windows 95)"
206.145.251.5 - - [22/Oct/1999:09:03:34 -0400] "GET /PRESIDENT/vidal.gif HTTP/1.0" 200 11342 "http://www.selectsmart.com/PRESIDENT/" "Mozilla/4.0 (compatible; MSIE 4.01; Windows 95)"
12.78.120.229 - - [22/Oct/1999:09:03:35 -0400] "GET /PRESIDENT/results.php3?more=now&mid=1 HTTP/1.1" 200 7187 "http://www.selectsmart.com/PRESIDENT/results.php3" "Mozilla/4.0 (compatible; MSIE 4.01; Windows 95)"
198.187.214.202 - - [22/Oct/1999:09:03:36 -0400] "POST /PRESIDENT/results.php3 HTTP/1.1" 200 6640 "http://www.selectsmart.com/PRESIDENT/" "Mozilla/4.0 (compatible; MSIE 4.01; Windows 95)"
12.78.120.229 - - [22/Oct/1999:09:03:37 -0400] "GET /PRESIDENT/images/bauer.jpg HTTP/1.1" 200 2154 "http://www.selectsmart.com/PRESIDENT/results.php3?more=now&mid=1" "Mozilla/4.0 (compatible; MSIE 4.01; Windows 95)"
207.247.36.2 - - [22/Oct/1999:09:03:39 -0400] "GET /PRESIDENT/ HTTP/1.1" 200 29678 "http://f6.mail.yahoo.com/ym/us/ShowLetter" "Mozilla/4.0 (compatible; MSIE 5.0; Windows 98; DigExt)"
207.247.36.2 - - [22/Oct/1999:09:03:39 -0400] "GET /BUSINESS/drop_v.jpg HTTP/1.1" 200 1963 "http://www.selectsmart.com/PRESIDENT/" "Mozilla/4.0 (compatible; MSIE 5.0; Windows 98; DigExt)"
207.247.36.2 - - [22/Oct/1999:09:03:39 -0400] "GET /BUSINESS/16.gif HTTP/1.1" 200 6704 "http://www.selectsmart.com/PRESIDENT/" "Mozilla/4.0 (compatible; MSIE 5.0; Windows 98; DigExt)"
207.247.36.2 - - [22/Oct/1999:09:03:39 -0400] "GET /PRESIDENT/anecdote.gif HTTP/1.1" 200 6898 "http://www.selectsmart.com/PRESIDENT/" "Mozilla/4.0 (compatible; MSIE 5.0; Windows 98; DigExt)"
207.247.36.2 - - [22/Oct/1999:09:03:40 -0400] "GET /BUSINESS/drop_h.jpg HTTP/1.1" 200 2034 "http://www.selectsmart.com/PRESIDENT/" "Mozilla/4.0 (compatible; MSIE 5.0; Windows 98; DigExt)"
207.247.36.2 - - [22/Oct/1999:09:03:40 -0400] "GET /PRESIDENT/campaigns.gif HTTP/1.1" 200 5835 "http://www.selectsmart.com/PRESIDENT/" "Mozilla/4.0 (compatible; MSIE 5.0; Windows 98; DigExt)"
207.247.36.2 - - [22/Oct/1999:09:03:40 -0400] "GET /PRESIDENT/packaging.gif HTTP/1.1" 200 10663 "http://www.selectsmart.com/PRESIDENT/" "Mozilla/4.0 (compatible; MSIE 5.0; Windows 98; DigExt)"
207.247.36.2 - - [22/Oct/1999:09:03:40 -0400] "GET /PRESIDENT/vidal.gif HTTP/1.1" 200 11342 "http://www.selectsmart.com/PRESIDENT/" "Mozilla/4.0 (compatible; MSIE 5.0; Windows 98; DigExt)"
207.247.36.2 - - [22/Oct/1999:09:03:40 -0400] "GET /PRESIDENT/TR.gif HTTP/1.1" 200 5566 "http://www.selectsmart.com/PRESIDENT/" "Mozilla/4.0 (compatible; MSIE 5.0; Windows 98; DigExt)"
207.247.36.2 - - [22/Oct/1999:09:03:40 -0400] "GET /PRESIDENT/camp2000.gif HTTP/1.1" 200 7449 "http://www.selectsmart.com/PRESIDENT/" "Mozilla/4.0 (compatible; MSIE 5.0; Windows 98; DigExt)"
207.247.36.2 - - [22/Oct/1999:09:03:40 -0400] "GET /curt.jpg HTTP/1.1" 200 4228 "http://www.selectsmart.com/PRESIDENT/" "Mozilla/4.0 (compatible; MSIE 5.0; Windows 98; DigExt)"
206.145.251.5 - - [22/Oct/1999:09:03:41 -0400] "GET /PRESIDENT/TR.gif HTTP/1.0" 200 5566 "http://www.selectsmart.com/PRESIDENT/" "Mozilla/4.0 (compatible; MSIE 4.01; Windows 95)"
206.145.251.5 - - [22/Oct/1999:09:03:42 -0400] "GET /PRESIDENT/camp2000.gif HTTP/1.0" 200 7449 "http://www.selectsmart.com/PRESIDENT/" "Mozilla/4.0 (compatible; MSIE 4.01; Windows 95)"
206.68.130.30 - - [22/Oct/1999:09:03:45 -0400] "GET /DOG/description3.htm HTTP/1.0" 200 17372 "http://www.selectsmart.com/cgi-bin/dog/rdog.cgi" "Mozilla/4.0 (compatible; MSIE 5.0; Windows 95; DigExt)"
206.68.130.30 - - [22/Oct/1999:09:03:45 -0400] "GET /DOG/images/pap.jpg HTTP/1.0" 200 1295 "http://www.selectsmart.com/DOG/description3.htm" "Mozilla/4.0 (compatible; MSIE 5.0; Windows 95; DigExt)"
206.68.130.30 - - [22/Oct/1999:09:03:45 -0400] "GET /DOG/images/toypoodle.jpg HTTP/1.0" 200 1479 "http://www.selectsmart.com/DOG/description3.htm" "Mozilla/4.0 (compatible; MSIE 5.0; Windows 95; DigExt)"
206.68.130.30 - - [22/Oct/1999:09:03:45 -0400] "GET /DOG/images/pomeranian.jpg HTTP/1.0" 200 1572 "http://www.selectsmart.com/DOG/description3.htm" "Mozilla/4.0 (compatible; MSIE 5.0; Windows 95; DigExt)"
206.68.130.30 - - [22/Oct/1999:09:03:45 -0400] "GET /DOG/images/stanpood.jpg HTTP/1.0" 200 1093 "http://www.selectsmart.com/DOG/description3.htm" "Mozilla/4.0 (compatible; MSIE 5.0; Windows 95; DigExt)"
206.68.130.30 - - [22/Oct/1999:09:03:46 -0400] "GET /DOG/images/PWD.jpg HTTP/1.0" 200 1267 "http://www.selectsmart.com/DOG/description3.htm" "Mozilla/4.0 (compatible; MSIE 5.0; Windows 95; DigExt)"
206.68.130.30 - - [22/Oct/1999:09:03:46 -0400] "GET /DOG/images/pug.jpg HTTP/1.0" 200 1889 "http://www.selectsmart.com/DOG/description3.htm" "Mozilla/4.0 (compatible; MSIE 5.0; Windows 95; DigExt)"
206.68.130.30 - - [22/Oct/1999:09:03:46 -0400] "GET /DOG/images/rhodesian.jpg HTTP/1.0" 200 1588 "http://www.selectsmart.com/DOG/description3.htm" "Mozilla/4.0 (compatible; MSIE 5.0; Windows 95; DigExt)"
206.68.130.30 - - [22/Oct/1999:09:03:46 -0400] "GET /DOG/images/rotweil.jpg HTTP/1.0" 200 1424 "http://www.selectsmart.com/DOG/description3.htm" "Mozilla/4.0 (compatible; MSIE 5.0; Windows 95; DigExt)"
206.145.251.5 - - [22/Oct/1999:09:03:46 -0400] "GET /curt.jpg HTTP/1.0" 200 4228 "http://www.selectsmart.com/PRESIDENT/" "Mozilla/4.0 (compatible; MSIE 4.01; Windows 95)"
158.111.133.126 - - [22/Oct/1999:09:03:46 -0400] "GET /BUSINESS/drop_v.jpg HTTP/1.1" 200 1963 "http://www.selectsmart.com/PRESIDENT/" "Mozilla/4.0 (compatible; MSIE 4.01; Windows NT)"
158.111.133.126 - - [22/Oct/1999:09:03:46 -0400] "GET /PRESIDENT/anecdote.gif HTTP/1.1" 200 6898 "http://www.selectsmart.com/PRESIDENT/" "Mozilla/4.0 (compatible; MSIE 4.01; Windows NT)"
158.111.133.126 - - [22/Oct/1999:09:03:46 -0400] "GET /BUSINESS/drop_h.jpg HTTP/1.1" 200 2034 "http://www.selectsmart.com/PRESIDENT/" "Mozilla/4.0 (compatible; MSIE 4.01; Windows NT)"
209.21.213.146 - - [22/Oct/1999:09:03:46 -0400] "GET /PRESIDENT/ HTTP/1.0" 200 29678 "-" "Mozilla/4.61 (Macintosh; I; PPC)"
209.21.213.146 - - [22/Oct/1999:09:03:47 -0400] "GET /BUSINESS/16.gif HTTP/1.0" 200 6704 "http://www.selectsmart.com/PRESIDENT/" "Mozilla/4.61 (Macintosh; I; PPC)"
209.21.213.146 - - [22/Oct/1999:09:03:47 -0400] "GET /BUSINESS/drop_h.jpg HTTP/1.0" 200 2034 "http://www.selectsmart.com/PRESIDENT/" "Mozilla/4.61 (Macintosh; I; PPC)"
209.21.213.146 - - [22/Oct/1999:09:03:47 -0400] "GET /BUSINESS/drop_v.jpg HTTP/1.0" 200 1963 "http://www.selectsmart.com/PRESIDENT/" "Mozilla/4.61 (Macintosh; I; PPC)"
