63.25.99.193 - - [22/Oct/1999:02:48:15 -0400] "GET /BUSINESS/drop_h.jpg HTTP/1.0" 304 - "http://www.selectsmart.com/PRESIDENT/" "Mozilla/3.01-C-NSCP (Macintosh; U; PPC)"
63.25.99.193 - - [22/Oct/1999:02:48:21 -0400] "GET /PRESIDENT/anecdote.gif HTTP/1.0" 304 - "http://www.selectsmart.com/PRESIDENT/" "Mozilla/3.01-C-NSCP (Macintosh; U; PPC)"
63.25.99.193 - - [22/Oct/1999:02:48:21 -0400] "GET /PRESIDENT/campaigns.gif HTTP/1.0" 304 - "http://www.selectsmart.com/PRESIDENT/" "Mozilla/3.01-C-NSCP (Macintosh; U; PPC)"
63.25.99.193 - - [22/Oct/1999:02:48:21 -0400] "GET /PRESIDENT/packaging.gif HTTP/1.0" 304 - "http://www.selectsmart.com/PRESIDENT/" "Mozilla/3.01-C-NSCP (Macintosh; U; PPC)"
63.25.99.193 - - [22/Oct/1999:02:48:23 -0400] "GET /PRESIDENT/camp2000.gif HTTP/1.0" 304 - "http://www.selectsmart.com/PRESIDENT/" "Mozilla/3.01-C-NSCP (Macintosh; U; PPC)"
63.25.99.193 - - [22/Oct/1999:02:48:23 -0400] "GET /PRESIDENT/TR.gif HTTP/1.0" 304 - "http://www.selectsmart.com/PRESIDENT/" "Mozilla/3.01-C-NSCP (Macintosh; U; PPC)"
63.25.99.193 - - [22/Oct/1999:02:48:23 -0400] "GET /PRESIDENT/vidal.gif HTTP/1.0" 200 11342 "http://www.selectsmart.com/PRESIDENT/" "Mozilla/3.01-C-NSCP (Macintosh; U; PPC)"
63.25.99.193 - - [22/Oct/1999:02:48:28 -0400] "GET /curt.jpg HTTP/1.0" 304 - "http://www.selectsmart.com/PRESIDENT/" "Mozilla/3.01-C-NSCP (Macintosh; U; PPC)"
205.183.210.66 - - [22/Oct/1999:02:49:04 -0400] "GET /PRESIDENT/ HTTP/1.0" 200 29678 "-" "Mozilla/4.0 (compatible; MSIE 4.01; Windows 95; ACIE4SP1)"
205.183.210.66 - - [22/Oct/1999:02:49:06 -0400] "GET /BUSINESS/16.gif HTTP/1.0" 200 6704 "http://www.selectsmart.com/PRESIDENT/" "Mozilla/4.0 (compatible; MSIE 4.01; Windows 95; ACIE4SP1)"
205.183.210.66 - - [22/Oct/1999:02:49:06 -0400] "GET /BUSINESS/drop_v.jpg HTTP/1.0" 200 1963 "http://www.selectsmart.com/PRESIDENT/" "Mozilla/4.0 (compatible; MSIE 4.01; Windows 95; ACIE4SP1)"
205.183.210.66 - - [22/Oct/1999:02:49:06 -0400] "GET /PRESIDENT/anecdote.gif HTTP/1.0" 200 6898 "http://www.selectsmart.com/PRESIDENT/" "Mozilla/4.0 (compatible; MSIE 4.01; Windows 95; ACIE4SP1)"
205.183.210.66 - - [22/Oct/1999:02:49:07 -0400] "GET /PRESIDENT/campaigns.gif HTTP/1.0" 200 5835 "http://www.selectsmart.com/PRESIDENT/" "Mozilla/4.0 (compatible; MSIE 4.01; Windows 95; ACIE4SP1)"
205.183.210.66 - - [22/Oct/1999:02:49:11 -0400] "GET /PRESIDENT/packaging.gif HTTP/1.0" 200 10663 "http://www.selectsmart.com/PRESIDENT/" "Mozilla/4.0 (compatible; MSIE 4.01; Windows 95; ACIE4SP1)"
205.183.210.66 - - [22/Oct/1999:02:49:23 -0400] "GET /BUSINESS/drop_h.jpg HTTP/1.0" 200 2034 "http://www.selectsmart.com/PRESIDENT/" "Mozilla/4.0 (compatible; MSIE 4.01; Windows 95; ACIE4SP1)"
205.183.210.66 - - [22/Oct/1999:02:49:24 -0400] "GET /PRESIDENT/vidal.gif HTTP/1.0" 200 11342 "http://www.selectsmart.com/PRESIDENT/" "Mozilla/4.0 (compatible; MSIE 4.01; Windows 95; ACIE4SP1)"
205.183.210.66 - - [22/Oct/1999:02:49:26 -0400] "GET /PRESIDENT/camp2000.gif HTTP/1.0" 200 7449 "http://www.selectsmart.com/PRESIDENT/" "Mozilla/4.0 (compatible; MSIE 4.01; Windows 95; ACIE4SP1)"
205.183.210.66 - - [22/Oct/1999:02:49:36 -0400] "GET /PRESIDENT/define2.htm HTTP/1.0" 200 201 "-" "Mozilla/4.0 (compatible; MSIE 4.01; Windows 95; ACIE4SP1)"
206.151.159.153 - - [22/Oct/1999:02:49:44 -0400] "POST /PRESIDENT/admin/rank_admin.php3 HTTP/1.1" 200 28195 "http://www.selectsmart.com/PRESIDENT/admin/rank_admin.php3" "Mozilla/4.0 (compatible; MSIE 4.0; Windows 95)"
207.251.201.123 - - [22/Oct/1999:02:49:45 -0400] "GET /PRESIDENT/campaigns.gif HTTP/1.0" 304 - "-" "Mozilla/3.01 (compatible;)"
216.76.177.79 - - [22/Oct/1999:02:49:58 -0400] "GET /BUSINESS/16.gif HTTP/1.1" 200 6704 "http://www.selectsmart.com/PRESIDENT/" "Mozilla/4.0 (compatible; MSIE 5.0; Windows 95)"
216.76.177.79 - - [22/Oct/1999:02:49:58 -0400] "GET /BUSINESS/drop_v.jpg HTTP/1.1" 200 1963 "http://www.selectsmart.com/PRESIDENT/" "Mozilla/4.0 (compatible; MSIE 5.0; Windows 95)"
216.76.177.79 - - [22/Oct/1999:02:49:58 -0400] "GET /PRESIDENT/ HTTP/1.1" 200 29678 "http://www.freerepublic.com/forum/a380fd23a2489.htm" "Mozilla/4.0 (compatible; MSIE 5.0; Windows 95)"
216.76.177.79 - - [22/Oct/1999:02:50:00 -0400] "GET /PRESIDENT/anecdote.gif HTTP/1.1" 200 6898 "http://www.selectsmart.com/PRESIDENT/" "Mozilla/4.0 (compatible; MSIE 5.0; Windows 95)"
216.76.177.79 - - [22/Oct/1999:02:50:01 -0400] "GET /BUSINESS/drop_h.jpg HTTP/1.1" 200 2034 "http://www.selectsmart.com/PRESIDENT/" "Mozilla/4.0 (compatible; MSIE 5.0; Windows 95)"
216.76.177.79 - - [22/Oct/1999:02:50:01 -0400] "GET /PRESIDENT/campaigns.gif HTTP/1.1" 200 5835 "http://www.selectsmart.com/PRESIDENT/" "Mozilla/4.0 (compatible; MSIE 5.0; Windows 95)"
216.76.177.79 - - [22/Oct/1999:02:50:06 -0400] "GET /PRESIDENT/packaging.gif HTTP/1.1" 200 10663 "http://www.selectsmart.com/PRESIDENT/" "Mozilla/4.0 (compatible; MSIE 5.0; Windows 95)"
216.76.177.79 - - [22/Oct/1999:02:50:11 -0400] "GET /PRESIDENT/vidal.gif HTTP/1.1" 200 11342 "http://www.selectsmart.com/PRESIDENT/" "Mozilla/4.0 (compatible; MSIE 5.0; Windows 95)"
206.151.159.153 - - [22/Oct/1999:02:50:13 -0400] "POST /PRESIDENT/admin/rank_admin.php3 HTTP/1.1" 200 28268 "http://www.selectsmart.com/PRESIDENT/admin/rank_admin.php3" "Mozilla/4.0 (compatible; MSIE 4.0; Windows 95)"
216.76.177.79 - - [22/Oct/1999:02:50:14 -0400] "GET /PRESIDENT/TR.gif HTTP/1.1" 200 5566 "http://www.selectsmart.com/PRESIDENT/" "Mozilla/4.0 (compatible; MSIE 5.0; Windows 95)"
216.76.177.79 - - [22/Oct/1999:02:50:15 -0400] "GET /PRESIDENT/camp2000.gif HTTP/1.1" 200 7449 "http://www.selectsmart.com/PRESIDENT/" "Mozilla/4.0 (compatible; MSIE 5.0; Windows 95)"
209.67.247.202 - - [22/Oct/1999:02:50:18 -0400] "GET /CAT/opportunity.htm HTTP/1.0" 404 213 "-" "FAST-WebCrawler/0.5 (crawler@fast.no; http://www.fast.no/faq/faqfastwebsearch/faqfastwebcrawler.html)"
216.76.177.79 - - [22/Oct/1999:02:50:18 -0400] "GET /curt.jpg HTTP/1.1" 200 4228 "http://www.selectsmart.com/PRESIDENT/" "Mozilla/4.0 (compatible; MSIE 5.0; Windows 95)"
205.134.231.57 - - [22/Oct/1999:02:51:13 -0400] "GET / HTTP/1.1" 200 1839 "http://www.doginfo.com/search.cgi?itemnum=1&category=&search=breed+selector" "Mozilla/4.0 (compatible; MSIE 4.01; Windows 95)"
205.134.231.57 - - [22/Oct/1999:02:51:13 -0400] "GET /sidepanel.html HTTP/1.1" 200 3890 "http://www.selectsmart.com/" "Mozilla/4.0 (compatible; MSIE 4.01; Windows 95)"
205.134.231.57 - - [22/Oct/1999:02:51:15 -0400] "GET /solid52.gif HTTP/1.1" 200 980 "http://www.selectsmart.com/sidepanel.html" "Mozilla/4.0 (compatible; MSIE 4.01; Windows 95)"
205.134.231.57 - - [22/Oct/1999:02:51:15 -0400] "GET /AMAZON/amzn-buy.gif HTTP/1.1" 200 3051 "http://www.selectsmart.com/sidepanel.html" "Mozilla/4.0 (compatible; MSIE 4.01; Windows 95)"
205.134.231.57 - - [22/Oct/1999:02:51:18 -0400] "GET /thnkyell.jpg HTTP/1.1" 200 23337 "http://www.selectsmart.com/sidepanel.html" "Mozilla/4.0 (compatible; MSIE 4.01; Windows 95)"
205.134.231.57 - - [22/Oct/1999:02:51:19 -0400] "GET /solid59.gif HTTP/1.1" 200 977 "http://www.selectsmart.com/sidepanel.html" "Mozilla/4.0 (compatible; MSIE 4.01; Windows 95)"
205.134.231.57 - - [22/Oct/1999:02:51:20 -0400] "GET /indexa.html HTTP/1.1" 200 20372 "http://www.selectsmart.com/" "Mozilla/4.0 (compatible; MSIE 4.01; Windows 95)"
205.134.231.57 - - [22/Oct/1999:02:51:24 -0400] "GET /solid17.gif HTTP/1.1" 200 988 "http://www.selectsmart.com/sidepanel.html" "Mozilla/4.0 (compatible; MSIE 4.01; Windows 95)"
205.134.231.57 - - [22/Oct/1999:02:51:32 -0400] "GET /solid41.gif HTTP/1.1" 200 987 "http://www.selectsmart.com/sidepanel.html" "Mozilla/4.0 (compatible; MSIE 4.01; Windows 95)"
205.134.231.57 - - [22/Oct/1999:02:51:40 -0400] "GET /solid48.gif HTTP/1.1" 200 987 "http://www.selectsmart.com/sidepanel.html" "Mozilla/4.0 (compatible; MSIE 4.01; Windows 95)"
205.134.231.57 - - [22/Oct/1999:02:51:41 -0400] "GET /solid17.gif HTTP/1.1" 200 988 "http://www.selectsmart.com/sidepanel.html" "Mozilla/4.0 (compatible; MSIE 4.01; Windows 95)"
205.134.231.57 - - [22/Oct/1999:02:51:41 -0400] "GET /beta_dog/ HTTP/1.1" 200 24154 "http://www.selectsmart.com/indexa.html" "Mozilla/4.0 (compatible; MSIE 4.01; Windows 95)"
205.134.231.57 - - [22/Oct/1999:02:51:42 -0400] "GET /up.jpg HTTP/1.1" 200 2511 "http://www.selectsmart.com/sidepanel.html" "Mozilla/4.0 (compatible; MSIE 4.01; Windows 95)"
205.134.231.57 - - [22/Oct/1999:02:51:44 -0400] "GET /curt.jpg HTTP/1.1" 200 4228 "http://www.selectsmart.com/sidepanel.html" "Mozilla/4.0 (compatible; MSIE 4.01; Windows 95)"
205.134.231.57 - - [22/Oct/1999:02:51:47 -0400] "GET /sandbox/dog/images/title_sel.gif HTTP/1.1" 200 3153 "http://www.selectsmart.com/beta_dog/" "Mozilla/4.0 (compatible; MSIE 4.01; Windows 95)"
205.134.231.57 - - [22/Oct/1999:02:51:47 -0400] "GET /sandbox/dog/images/cbegin.gif HTTP/1.1" 200 713 "http://www.selectsmart.com/beta_dog/" "Mozilla/4.0 (compatible; MSIE 4.01; Windows 95)"
207.251.201.123 - - [22/Oct/1999:02:51:47 -0400] "GET /solid41.gif HTTP/1.0" 304 - "-" "Mozilla/3.01 (compatible;)"
205.134.231.57 - - [22/Oct/1999:02:51:49 -0400] "GET /sandbox/dog/images/home.gif HTTP/1.1" 200 167 "http://www.selectsmart.com/beta_dog/" "Mozilla/4.0 (compatible; MSIE 4.01; Windows 95)"
205.134.231.57 - - [22/Oct/1999:02:51:49 -0400] "GET /sandbox/dog/images/results.gif HTTP/1.1" 200 201 "http://www.selectsmart.com/beta_dog/" "Mozilla/4.0 (compatible; MSIE 4.01; Windows 95)"
205.134.231.57 - - [22/Oct/1999:02:51:49 -0400] "GET /sandbox/dog/images/g_cc.gif HTTP/1.1" 200 324 "http://www.selectsmart.com/beta_dog/" "Mozilla/4.0 (compatible; MSIE 4.01; Windows 95)"
205.134.231.57 - - [22/Oct/1999:02:51:50 -0400] "GET /sandbox/dog/images/g_men.gif HTTP/1.1" 200 296 "http://www.selectsmart.com/beta_dog/" "Mozilla/4.0 (compatible; MSIE 4.01; Windows 95)"
205.134.231.57 - - [22/Oct/1999:02:51:50 -0400] "GET /sandbox/dog/images/next.gif HTTP/1.1" 200 171 "http://www.selectsmart.com/beta_dog/" "Mozilla/4.0 (compatible; MSIE 4.01; Windows 95)"
205.134.231.57 - - [22/Oct/1999:02:51:50 -0400] "GET /sandbox/dog/images/c_app.gif HTTP/1.1" 200 256 "http://www.selectsmart.com/beta_dog/" "Mozilla/4.0 (compatible; MSIE 4.01; Windows 95)"
205.134.231.57 - - [22/Oct/1999:02:51:50 -0400] "GET /sandbox/dog/images/g_com.gif HTTP/1.1" 200 298 "http://www.selectsmart.com/beta_dog/" "Mozilla/4.0 (compatible; MSIE 4.01; Windows 95)"
205.134.231.57 - - [22/Oct/1999:02:51:51 -0400] "GET /sandbox/dog/images/g_tem.gif HTTP/1.1" 200 281 "http://www.selectsmart.com/beta_dog/" "Mozilla/4.0 (compatible; MSIE 4.01; Windows 95)"
205.134.231.57 - - [22/Oct/1999:02:51:51 -0400] "GET /sandbox/dog/images/back.gif HTTP/1.1" 200 171 "http://www.selectsmart.com/beta_dog/" "Mozilla/4.0 (compatible; MSIE 4.01; Windows 95)"
205.134.231.57 - - [22/Oct/1999:02:51:51 -0400] "GET /sandbox/dog/images/g_app.gif HTTP/1.1" 200 266 "http://www.selectsmart.com/beta_dog/" "Mozilla/4.0 (compatible; MSIE 4.01; Windows 95)"
205.134.231.57 - - [22/Oct/1999:02:51:51 -0400] "GET /sandbox/dog/images/c_cc.gif HTTP/1.1" 200 315 "http://www.selectsmart.com/beta_dog/" "Mozilla/4.0 (compatible; MSIE 4.01; Windows 95)"
205.134.231.57 - - [22/Oct/1999:02:51:52 -0400] "GET /sandbox/dog/images/c_men.gif HTTP/1.1" 200 289 "http://www.selectsmart.com/beta_dog/" "Mozilla/4.0 (compatible; MSIE 4.01; Windows 95)"
205.134.231.57 - - [22/Oct/1999:02:51:52 -0400] "GET /sandbox/dog/images/c_com.gif HTTP/1.1" 200 292 "http://www.selectsmart.com/beta_dog/" "Mozilla/4.0 (compatible; MSIE 4.01; Windows 95)"
63.25.99.193 - - [22/Oct/1999:02:51:52 -0400] "POST /PRESIDENT/results.php3 HTTP/1.0" 200 6624 "http://www.selectsmart.com/PRESIDENT/" "Mozilla/3.01-C-NSCP (Macintosh; U; PPC)"
205.134.231.57 - - [22/Oct/1999:02:51:52 -0400] "GET /sandbox/dog/images/c_tem.gif HTTP/1.1" 200 271 "http://www.selectsmart.com/beta_dog/" "Mozilla/4.0 (compatible; MSIE 4.01; Windows 95)"
137.159.116.181 - - [22/Oct/1999:02:52:19 -0400] "GET /PRESIDENT/ HTTP/1.0" 200 29678 "http://lw3fd.law3.hotmail.msn.com/cgi-bin/nextprev?disk=209.185.240.66_d284&login=fith5th&f=33792&curmbox=ACTIVE&_lang=&msg=MSG940556755.9&action=move&tobox=trAsH&direction=next" "Mozilla/4.07 [en] (Win95; I ;Nav)"
137.159.116.181 - - [22/Oct/1999:02:52:19 -0400] "GET /BUSINESS/drop_h.jpg HTTP/1.0" 200 2034 "http://www.selectsmart.com/PRESIDENT/" "Mozilla/4.07 [en] (Win95; I ;Nav)"
137.159.116.181 - - [22/Oct/1999:02:52:19 -0400] "GET /BUSINESS/drop_v.jpg HTTP/1.0" 200 1963 "http://www.selectsmart.com/PRESIDENT/" "Mozilla/4.07 [en] (Win95; I ;Nav)"
137.159.116.181 - - [22/Oct/1999:02:52:19 -0400] "GET /BUSINESS/16.gif HTTP/1.0" 200 6704 "http://www.selectsmart.com/PRESIDENT/" "Mozilla/4.07 [en] (Win95; I ;Nav)"
137.159.116.181 - - [22/Oct/1999:02:52:21 -0400] "GET /PRESIDENT/packaging.gif HTTP/1.0" 200 10663 "http://www.selectsmart.com/PRESIDENT/" "Mozilla/4.07 [en] (Win95; I ;Nav)"
137.159.116.181 - - [22/Oct/1999:02:52:21 -0400] "GET /PRESIDENT/anecdote.gif HTTP/1.0" 200 6898 "http://www.selectsmart.com/PRESIDENT/" "Mozilla/4.07 [en] (Win95; I ;Nav)"
137.159.116.181 - - [22/Oct/1999:02:52:21 -0400] "GET /PRESIDENT/TR.gif HTTP/1.0" 200 5566 "http://www.selectsmart.com/PRESIDENT/" "Mozilla/4.07 [en] (Win95; I ;Nav)"
137.159.116.181 - - [22/Oct/1999:02:52:21 -0400] "GET /PRESIDENT/vidal.gif HTTP/1.0" 200 11342 "http://www.selectsmart.com/PRESIDENT/" "Mozilla/4.07 [en] (Win95; I ;Nav)"
137.159.116.181 - - [22/Oct/1999:02:52:21 -0400] "GET /curt.jpg HTTP/1.0" 200 4228 "http://www.selectsmart.com/PRESIDENT/" "Mozilla/4.07 [en] (Win95; I ;Nav)"
137.159.116.181 - - [22/Oct/1999:02:52:21 -0400] "GET /PRESIDENT/campaigns.gif HTTP/1.0" 200 5835 "http://www.selectsmart.com/PRESIDENT/" "Mozilla/4.07 [en] (Win95; I ;Nav)"
137.159.116.181 - - [22/Oct/1999:02:52:21 -0400] "GET /PRESIDENT/camp2000.gif HTTP/1.0" 200 7449 "http://www.selectsmart.com/PRESIDENT/" "Mozilla/4.07 [en] (Win95; I ;Nav)"
63.25.99.193 - - [22/Oct/1999:02:52:32 -0400] "GET /PRESIDENT/results.php3?more=now&mid=14 HTTP/1.0" 200 6606 "http://www.selectsmart.com/PRESIDENT/results.php3" "Mozilla/3.01-C-NSCP (Macintosh; U; PPC)"
63.25.99.193 - - [22/Oct/1999:02:52:35 -0400] "GET /PRESIDENT/images/mccain.jpg HTTP/1.0" 200 2299 "http://www.selectsmart.com/PRESIDENT/results.php3?more=now&mid=14" "Mozilla/3.01-C-NSCP (Macintosh; U; PPC)"
205.183.210.66 - - [22/Oct/1999:02:52:50 -0400] "GET /PRESIDENT/define.htm HTTP/1.0" 200 151 "-" "Mozilla/4.0 (compatible; MSIE 4.01; Windows 95; ACIE4SP1)"
205.183.210.66 - - [22/Oct/1999:02:52:58 -0400] "GET /PRESIDENT/define1.htm HTTP/1.0" 200 144 "-" "Mozilla/4.0 (compatible; MSIE 4.01; Windows 95; ACIE4SP1)"
205.134.231.57 - - [22/Oct/1999:02:53:40 -0400] "GET /sandbox/dog/images/title_res.gif HTTP/1.1" 200 3281 "http://www.selectsmart.com/beta_dog/results.php3" "Mozilla/4.0 (compatible; MSIE 4.01; Windows 95)"
205.134.231.57 - - [22/Oct/1999:02:53:46 -0400] "POST /beta_dog/results.php3 HTTP/1.1" 200 64306 "http://www.selectsmart.com/beta_dog/" "Mozilla/4.0 (compatible; MSIE 4.01; Windows 95)"
63.25.99.193 - - [22/Oct/1999:02:54:08 -0400] "GET /PRESIDENT/index.html HTTP/1.0" 200 29678 "http://www.selectsmart.com/PRESIDENT/results.php3?more=now&mid=14" "Mozilla/3.01-C-NSCP (Macintosh; U; PPC)"
205.183.210.66 - - [22/Oct/1999:02:54:09 -0400] "GET /PRESIDENT/define16.htm HTTP/1.0" 200 229 "-" "Mozilla/4.0 (compatible; MSIE 4.01; Windows 95; ACIE4SP1)"
216.76.177.79 - - [22/Oct/1999:02:54:09 -0400] "POST /PRESIDENT/results.php3 HTTP/1.1" 200 6638 "http://www.selectsmart.com/PRESIDENT/" "Mozilla/4.0 (compatible; MSIE 5.0; Windows 95)"
205.183.210.66 - - [22/Oct/1999:02:54:28 -0400] "POST /PRESIDENT/results.php3 HTTP/1.0" 200 6626 "http://www.selectsmart.com/PRESIDENT/" "Mozilla/4.0 (compatible; MSIE 4.01; Windows 95; ACIE4SP1)"
216.76.177.79 - - [22/Oct/1999:02:54:47 -0400] "GET /PRESIDENT/results.php3?more=now&mid=6 HTTP/1.1" 200 6002 "http://www.selectsmart.com/PRESIDENT/results.php3" "Mozilla/4.0 (compatible; MSIE 5.0; Windows 95)"
63.25.99.193 - - [22/Oct/1999:02:54:49 -0400] "GET /PRESIDENT/results.php3?more=now&mid=16 HTTP/1.0" 200 5945 "http://www.selectsmart.com/PRESIDENT/results.php3" "Mozilla/3.01-C-NSCP (Macintosh; U; PPC)"
216.76.177.79 - - [22/Oct/1999:02:54:49 -0400] "GET /PRESIDENT/images/bush.jpg HTTP/1.1" 200 2977 "http://www.selectsmart.com/PRESIDENT/results.php3?more=now&mid=6" "Mozilla/4.0 (compatible; MSIE 5.0; Windows 95)"
63.25.99.193 - - [22/Oct/1999:02:54:59 -0400] "GET /PRESIDENT/images/smith.jpg HTTP/1.0" 200 2103 "http://www.selectsmart.com/PRESIDENT/results.php3?more=now&mid=16" "Mozilla/3.01-C-NSCP (Macintosh; U; PPC)"
32.97.138.132 - - [22/Oct/1999:02:55:02 -0400] "GET /BUSINESS/16.gif HTTP/1.0" 304 - "-" "MSProxy/2.0"
32.97.138.132 - - [22/Oct/1999:02:55:02 -0400] "GET /BUSINESS/drop_v.jpg HTTP/1.0" 304 - "-" "MSProxy/2.0"
32.97.138.133 - - [22/Oct/1999:02:55:03 -0400] "GET /PRESIDENT/anecdote.gif HTTP/1.0" 304 - "-" "MSProxy/2.0"
32.97.138.133 - - [22/Oct/1999:02:55:03 -0400] "GET /PRESIDENT/campaigns.gif HTTP/1.0" 304 - "-" "MSProxy/2.0"
209.240.197.35 - - [22/Oct/1999:02:55:04 -0400] "GET / HTTP/1.0" 200 1839 "wtv-favorite:/serve-browser?favorite-folder-name=Tibbies" "Mozilla/3.0 WebTV/1.2 (compatible; MSIE 2.0)"
209.240.197.42 - - [22/Oct/1999:02:55:05 -0400] "GET /sidepanel.html HTTP/1.0" 200 3890 "http://selectsmart.com/" "Mozilla/3.0 WebTV/1.2 (compatible; MSIE 2.0)"
209.240.197.42 - - [22/Oct/1999:02:55:05 -0400] "GET /indexa.html HTTP/1.0" 200 20372 "http://selectsmart.com/" "Mozilla/3.0 WebTV/1.2 (compatible; MSIE 2.0)"
209.240.197.42 - - [22/Oct/1999:02:55:08 -0400] "GET /thnkyell.jpg HTTP/1.0" 200 23337 "http://selectsmart.com/sidepanel.html" "Mozilla/3.0 WebTV/1.2 (compatible; MSIE 2.0)"
209.240.197.37 - - [22/Oct/1999:02:55:08 -0400] "GET /AMAZON/amzn-buy.gif HTTP/1.0" 200 3051 "http://selectsmart.com/sidepanel.html" "Mozilla/3.0 WebTV/1.2 (compatible; MSIE 2.0)"
205.134.231.57 - - [22/Oct/1999:02:55:09 -0400] "GET /DOG HTTP/1.1" 301 247 "http://www.selectsmart.com/sidepanel.html" "Mozilla/4.0 (compatible; MSIE 4.01; Windows 95)"
209.240.197.35 - - [22/Oct/1999:02:55:11 -0400] "GET /solid59.gif HTTP/1.0" 200 977 "http://selectsmart.com/sidepanel.html" "Mozilla/3.0 WebTV/1.2 (compatible; MSIE 2.0)"
209.240.197.35 - - [22/Oct/1999:02:55:12 -0400] "GET /solid48.gif HTTP/1.0" 200 987 "http://selectsmart.com/sidepanel.html" "Mozilla/3.0 WebTV/1.2 (compatible; MSIE 2.0)"
205.134.231.57 - - [22/Oct/1999:02:55:12 -0400] "GET /DOG/ HTTP/1.1" 200 26494 "http://www.selectsmart.com/sidepanel.html" "Mozilla/4.0 (compatible; MSIE 4.01; Windows 95)"
205.134.231.57 - - [22/Oct/1999:02:55:12 -0400] "GET /solid11.gif HTTP/1.1" 200 1006 "http://www.selectsmart.com/DOG/" "Mozilla/4.0 (compatible; MSIE 4.01; Windows 95)"
209.240.197.42 - - [22/Oct/1999:02:55:13 -0400] "GET /solid17.gif HTTP/1.0" 200 988 "http://selectsmart.com/sidepanel.html" "Mozilla/3.0 WebTV/1.2 (compatible; MSIE 2.0)"
205.134.231.57 - - [22/Oct/1999:02:55:13 -0400] "GET /DOG/purinadog.gif HTTP/1.1" 200 11906 "http://www.selectsmart.com/DOG/" "Mozilla/4.0 (compatible; MSIE 4.01; Windows 95)"
209.240.197.41 - - [22/Oct/1999:02:55:13 -0400] "GET /up.jpg HTTP/1.0" 200 2511 "http://selectsmart.com/sidepanel.html" "Mozilla/3.0 WebTV/1.2 (compatible; MSIE 2.0)"
205.134.231.57 - - [22/Oct/1999:02:55:16 -0400] "GET /DOG/compet.gif HTTP/1.1" 200 15373 "http://www.selectsmart.com/DOG/" "Mozilla/4.0 (compatible; MSIE 4.01; Windows 95)"
209.240.197.35 - - [22/Oct/1999:02:55:16 -0400] "GET /BUSINESS/14.gif HTTP/1.0" 200 6644 "http://selectsmart.com/indexa.html" "Mozilla/3.0 WebTV/1.2 (compatible; MSIE 2.0)"
209.240.197.38 - - [22/Oct/1999:02:55:18 -0400] "GET /solid41.gif HTTP/1.0" 200 987 "http://selectsmart.com/indexa.html" "Mozilla/3.0 WebTV/1.2 (compatible; MSIE 2.0)"
209.240.197.35 - - [22/Oct/1999:02:55:19 -0400] "GET /solid6.gif HTTP/1.0" 200 993 "http://selectsmart.com/indexa.html" "Mozilla/3.0 WebTV/1.2 (compatible; MSIE 2.0)"
209.240.197.37 - - [22/Oct/1999:02:55:20 -0400] "GET /solid52.gif HTTP/1.0" 200 980 "http://selectsmart.com/indexa.html" "Mozilla/3.0 WebTV/1.2 (compatible; MSIE 2.0)"
209.240.197.42 - - [22/Oct/1999:02:55:20 -0400] "GET /solid28.gif HTTP/1.0" 200 972 "http://selectsmart.com/indexa.html" "Mozilla/3.0 WebTV/1.2 (compatible; MSIE 2.0)"
209.240.197.35 - - [22/Oct/1999:02:55:21 -0400] "GET /solid48.gif HTTP/1.0" 200 987 "http://selectsmart.com/indexa.html" "Mozilla/3.0 WebTV/1.2 (compatible; MSIE 2.0)"
209.240.197.38 - - [22/Oct/1999:02:55:21 -0400] "GET /solid11.gif HTTP/1.0" 200 1006 "http://selectsmart.com/indexa.html" "Mozilla/3.0 WebTV/1.2 (compatible; MSIE 2.0)"
209.240.197.42 - - [22/Oct/1999:02:55:21 -0400] "GET /exclaim.jpg HTTP/1.0" 200 7859 "http://selectsmart.com/indexa.html" "Mozilla/3.0 WebTV/1.2 (compatible; MSIE 2.0)"
209.240.197.41 - - [22/Oct/1999:02:55:23 -0400] "GET /planetclick.gif HTTP/1.0" 200 4949 "http://selectsmart.com/indexa.html" "Mozilla/3.0 WebTV/1.2 (compatible; MSIE 2.0)"
209.240.197.41 - - [22/Oct/1999:02:55:23 -0400] "GET /sltrib.gif HTTP/1.0" 200 5673 "http://selectsmart.com/indexa.html" "Mozilla/3.0 WebTV/1.2 (compatible; MSIE 2.0)"
209.240.197.42 - - [22/Oct/1999:02:55:24 -0400] "GET /cooltools.gif HTTP/1.0" 200 3810 "http://selectsmart.com/indexa.html" "Mozilla/3.0 WebTV/1.2 (compatible; MSIE 2.0)"
209.240.197.36 - - [22/Oct/1999:02:55:28 -0400] "GET /cooldogsiteselected.gif HTTP/1.0" 200 2982 "http://selectsmart.com/indexa.html" "Mozilla/3.0 WebTV/1.2 (compatible; MSIE 2.0)"
209.240.197.42 - - [22/Oct/1999:02:55:28 -0400] "GET /carolin2.gif HTTP/1.0" 200 3241 "http://selectsmart.com/indexa.html" "Mozilla/3.0 WebTV/1.2 (compatible; MSIE 2.0)"
209.240.197.40 - - [22/Oct/1999:02:55:28 -0400] "GET /CoolAward2.gif HTTP/1.0" 200 5548 "http://selectsmart.com/indexa.html" "Mozilla/3.0 WebTV/1.2 (compatible; MSIE 2.0)"
205.134.231.57 - - [22/Oct/1999:02:55:30 -0400] "GET /DOG/toydog.gif HTTP/1.1" 200 11205 "http://www.selectsmart.com/DOG/" "Mozilla/4.0 (compatible; MSIE 4.01; Windows 95)"
209.240.197.41 - - [22/Oct/1999:02:55:31 -0400] "GET /sitename60_mining.gif HTTP/1.0" 200 2015 "http://selectsmart.com/indexa.html" "Mozilla/3.0 WebTV/1.2 (compatible; MSIE 2.0)"
209.240.197.40 - - [22/Oct/1999:02:55:32 -0400] "GET /cpetsitm.gif HTTP/1.0" 200 6269 "http://selectsmart.com/indexa.html" "Mozilla/3.0 WebTV/1.2 (compatible; MSIE 2.0)"
209.240.197.42 - - [22/Oct/1999:02:55:34 -0400] "GET /blkpaw.gif HTTP/1.0" 200 936 "http://selectsmart.com/indexa.html" "Mozilla/3.0 WebTV/1.2 (compatible; MSIE 2.0)"
205.134.231.57 - - [22/Oct/1999:02:55:34 -0400] "GET /DOG/trickisin.gif HTTP/1.1" 200 13603 "http://www.selectsmart.com/DOG/" "Mozilla/4.0 (compatible; MSIE 4.01; Windows 95)"
32.97.138.131 - - [22/Oct/1999:02:55:39 -0400] "GET /PRESIDENT/packaging.gif HTTP/1.0" 304 - "-" "MSProxy/2.0"
205.134.231.57 - - [22/Oct/1999:02:55:41 -0400] "GET /DOG/pudgy.gif HTTP/1.1" 200 14675 "http://www.selectsmart.com/DOG/" "Mozilla/4.0 (compatible; MSIE 4.01; Windows 95)"
32.97.138.131 - - [22/Oct/1999:02:55:43 -0400] "GET /BUSINESS/drop_h.jpg HTTP/1.0" 304 - "-" "MSProxy/2.0"
205.134.231.57 - - [22/Oct/1999:02:55:44 -0400] "GET /DOG/gettingthemost.gif HTTP/1.1" 200 7267 "http://www.selectsmart.com/DOG/" "Mozilla/4.0 (compatible; MSIE 4.01; Windows 95)"
209.240.197.42 - - [22/Oct/1999:02:55:49 -0400] "GET /DOG HTTP/1.0" 301 235 "http://selectsmart.com/indexa.html" "Mozilla/3.0 WebTV/1.2 (compatible; MSIE 2.0)"
209.240.197.41 - - [22/Oct/1999:02:55:50 -0400] "GET /DOG/ HTTP/1.0" 200 26494 "http://selectsmart.com/DOG" "Mozilla/3.0 WebTV/1.2 (compatible; MSIE 2.0)"
209.240.197.39 - - [22/Oct/1999:02:55:53 -0400] "GET /DOG/purinadog.gif HTTP/1.0" 200 11906 "http://www.selectsmart.com/DOG/" "Mozilla/3.0 WebTV/1.2 (compatible; MSIE 2.0)"
209.240.197.35 - - [22/Oct/1999:02:55:53 -0400] "GET /DOG/compet.gif HTTP/1.0" 200 15373 "http://www.selectsmart.com/DOG/" "Mozilla/3.0 WebTV/1.2 (compatible; MSIE 2.0)"
209.240.197.38 - - [22/Oct/1999:02:55:53 -0400] "GET /DOG/toydog.gif HTTP/1.0" 200 11205 "http://www.selectsmart.com/DOG/" "Mozilla/3.0 WebTV/1.2 (compatible; MSIE 2.0)"
209.240.197.40 - - [22/Oct/1999:02:55:57 -0400] "GET /DOG/gettingthemost.gif HTTP/1.0" 200 7267 "http://www.selectsmart.com/DOG/" "Mozilla/3.0 WebTV/1.2 (compatible; MSIE 2.0)"
209.240.197.38 - - [22/Oct/1999:02:55:57 -0400] "GET /DOG/trickisin.gif HTTP/1.0" 200 13603 "http://www.selectsmart.com/DOG/" "Mozilla/3.0 WebTV/1.2 (compatible; MSIE 2.0)"
207.251.201.123 - - [22/Oct/1999:02:56:02 -0400] "GET /PRESIDENT/camp2000.gif HTTP/1.0" 304 - "-" "Mozilla/3.01 (compatible;)"
209.240.197.41 - - [22/Oct/1999:02:56:02 -0400] "GET /DOG/pudgy.gif HTTP/1.0" 200 14675 "http://www.selectsmart.com/DOG/" "Mozilla/3.0 WebTV/1.2 (compatible; MSIE 2.0)"
137.240.170.24 - - [22/Oct/1999:02:56:07 -0400] "GET / HTTP/1.1" 200 1839 "-" "Mozilla/4.0 (compatible; MSIE 4.01; Windows 95)"
137.240.170.24 - - [22/Oct/1999:02:56:07 -0400] "GET /sidepanel.html HTTP/1.1" 200 3890 "http://www.selectsmart.com/" "Mozilla/4.0 (compatible; MSIE 4.01; Windows 95)"
137.240.170.24 - - [22/Oct/1999:02:56:07 -0400] "GET /solid52.gif HTTP/1.1" 200 980 "http://www.selectsmart.com/sidepanel.html" "Mozilla/4.0 (compatible; MSIE 4.01; Windows 95)"
137.240.170.24 - - [22/Oct/1999:02:56:07 -0400] "GET /thnkyell.jpg HTTP/1.1" 200 23337 "http://www.selectsmart.com/sidepanel.html" "Mozilla/4.0 (compatible; MSIE 4.01; Windows 95)"
137.240.170.24 - - [22/Oct/1999:02:56:08 -0400] "GET /indexa.html HTTP/1.1" 200 20372 "http://www.selectsmart.com/" "Mozilla/4.0 (compatible; MSIE 4.01; Windows 95)"
137.240.170.24 - - [22/Oct/1999:02:56:08 -0400] "GET /solid59.gif HTTP/1.1" 200 977 "http://www.selectsmart.com/sidepanel.html" "Mozilla/4.0 (compatible; MSIE 4.01; Windows 95)"
137.240.170.24 - - [22/Oct/1999:02:56:08 -0400] "GET /solid48.gif HTTP/1.1" 200 987 "http://www.selectsmart.com/sidepanel.html" "Mozilla/4.0 (compatible; MSIE 4.01; Windows 95)"
137.240.170.24 - - [22/Oct/1999:02:56:08 -0400] "GET /solid17.gif HTTP/1.1" 200 988 "http://www.selectsmart.com/sidepanel.html" "Mozilla/4.0 (compatible; MSIE 4.01; Windows 95)"
137.240.170.24 - - [22/Oct/1999:02:56:08 -0400] "GET /solid17.gif HTTP/1.1" 200 988 "http://www.selectsmart.com/sidepanel.html" "Mozilla/4.0 (compatible; MSIE 4.01; Windows 95)"
137.240.170.24 - - [22/Oct/1999:02:56:08 -0400] "GET /solid41.gif HTTP/1.1" 200 987 "http://www.selectsmart.com/sidepanel.html" "Mozilla/4.0 (compatible; MSIE 4.01; Windows 95)"
137.240.170.24 - - [22/Oct/1999:02:56:08 -0400] "GET /up.jpg HTTP/1.1" 200 2511 "http://www.selectsmart.com/sidepanel.html" "Mozilla/4.0 (compatible; MSIE 4.01; Windows 95)"
137.240.170.24 - - [22/Oct/1999:02:56:08 -0400] "GET /curt.jpg HTTP/1.1" 200 4228 "http://www.selectsmart.com/sidepanel.html" "Mozilla/4.0 (compatible; MSIE 4.01; Windows 95)"
137.240.170.24 - - [22/Oct/1999:02:56:08 -0400] "GET /BUSINESS/14.gif HTTP/1.1" 200 6644 "http://www.selectsmart.com/indexa.html" "Mozilla/4.0 (compatible; MSIE 4.01; Windows 95)"
137.240.170.24 - - [22/Oct/1999:02:56:08 -0400] "GET /planetclick.gif HTTP/1.1" 200 4949 "http://www.selectsmart.com/indexa.html" "Mozilla/4.0 (compatible; MSIE 4.01; Windows 95)"
137.240.170.24 - - [22/Oct/1999:02:56:08 -0400] "GET /sltrib.gif HTTP/1.1" 200 5673 "http://www.selectsmart.com/indexa.html" "Mozilla/4.0 (compatible; MSIE 4.01; Windows 95)"
137.240.170.24 - - [22/Oct/1999:02:56:08 -0400] "GET /BUSINESS/drop_v.jpg HTTP/1.1" 200 1963 "http://www.selectsmart.com/indexa.html" "Mozilla/4.0 (compatible; MSIE 4.01; Windows 95)"
137.240.170.24 - - [22/Oct/1999:02:56:08 -0400] "GET /cooltools.gif HTTP/1.1" 200 3810 "http://www.selectsmart.com/indexa.html" "Mozilla/4.0 (compatible; MSIE 4.01; Windows 95)"
137.240.170.24 - - [22/Oct/1999:02:56:08 -0400] "GET /cooldogsiteselected.gif HTTP/1.1" 200 2982 "http://www.selectsmart.com/indexa.html" "Mozilla/4.0 (compatible; MSIE 4.01; Windows 95)"
137.240.170.24 - - [22/Oct/1999:02:56:08 -0400] "GET /BUSINESS/drop_h.jpg HTTP/1.1" 200 2034 "http://www.selectsmart.com/indexa.html" "Mozilla/4.0 (compatible; MSIE 4.01; Windows 95)"
137.240.170.24 - - [22/Oct/1999:02:56:08 -0400] "GET /carolin2.gif HTTP/1.1" 200 3241 "http://www.selectsmart.com/indexa.html" "Mozilla/4.0 (compatible; MSIE 4.01; Windows 95)"
137.240.170.24 - - [22/Oct/1999:02:56:09 -0400] "GET /CoolAward2.gif HTTP/1.1" 200 5548 "http://www.selectsmart.com/indexa.html" "Mozilla/4.0 (compatible; MSIE 4.01; Windows 95)"
137.240.170.24 - - [22/Oct/1999:02:56:09 -0400] "GET /solid6.gif HTTP/1.1" 200 993 "http://www.selectsmart.com/indexa.html" "Mozilla/4.0 (compatible; MSIE 4.01; Windows 95)"
137.240.170.24 - - [22/Oct/1999:02:56:09 -0400] "GET /sitename60_mining.gif HTTP/1.1" 200 2015 "http://www.selectsmart.com/indexa.html" "Mozilla/4.0 (compatible; MSIE 4.01; Windows 95)"
137.240.170.24 - - [22/Oct/1999:02:56:09 -0400] "GET /cpetsitm.gif HTTP/1.1" 200 6269 "http://www.selectsmart.com/indexa.html" "Mozilla/4.0 (compatible; MSIE 4.01; Windows 95)"
137.240.170.24 - - [22/Oct/1999:02:56:09 -0400] "GET /solid11.gif HTTP/1.1" 200 1006 "http://www.selectsmart.com/indexa.html" "Mozilla/4.0 (compatible; MSIE 4.01; Windows 95)"
137.240.170.24 - - [22/Oct/1999:02:56:09 -0400] "GET /blkpaw.gif HTTP/1.1" 200 936 "http://www.selectsmart.com/indexa.html" "Mozilla/4.0 (compatible; MSIE 4.01; Windows 95)"
137.240.170.24 - - [22/Oct/1999:02:56:09 -0400] "GET /solid28.gif HTTP/1.1" 200 972 "http://www.selectsmart.com/indexa.html" "Mozilla/4.0 (compatible; MSIE 4.01; Windows 95)"
137.240.170.24 - - [22/Oct/1999:02:56:09 -0400] "GET /solid48.gif HTTP/1.1" 200 987 "http://www.selectsmart.com/indexa.html" "Mozilla/4.0 (compatible; MSIE 4.01; Windows 95)"
137.240.170.24 - - [22/Oct/1999:02:56:09 -0400] "GET /exclaim.jpg HTTP/1.1" 200 7859 "http://www.selectsmart.com/indexa.html" "Mozilla/4.0 (compatible; MSIE 4.01; Windows 95)"
137.240.170.24 - - [22/Oct/1999:02:56:10 -0400] "GET /AMAZON/amzn-buy.gif HTTP/1.1" 200 3051 "http://www.selectsmart.com/sidepanel.html" "Mozilla/4.0 (compatible; MSIE 4.01; Windows 95)"
137.240.170.24 - - [22/Oct/1999:02:56:11 -0400] "GET /PRESIDENT/ HTTP/1.1" 200 29678 "http://www.selectsmart.com/indexa.html" "Mozilla/4.0 (compatible; MSIE 4.01; Windows 95)"
137.240.170.24 - - [22/Oct/1999:02:56:12 -0400] "GET /PRESIDENT/anecdote.gif HTTP/1.1" 200 6898 "http://www.selectsmart.com/PRESIDENT/" "Mozilla/4.0 (compatible; MSIE 4.01; Windows 95)"
137.240.170.24 - - [22/Oct/1999:02:56:12 -0400] "GET /PRESIDENT/campaigns.gif HTTP/1.1" 200 5835 "http://www.selectsmart.com/PRESIDENT/" "Mozilla/4.0 (compatible; MSIE 4.01; Windows 95)"
137.240.170.24 - - [22/Oct/1999:02:56:12 -0400] "GET /BUSINESS/16.gif HTTP/1.1" 200 6704 "http://www.selectsmart.com/PRESIDENT/" "Mozilla/4.0 (compatible; MSIE 4.01; Windows 95)"
137.240.170.24 - - [22/Oct/1999:02:56:12 -0400] "GET /PRESIDENT/packaging.gif HTTP/1.1" 200 10663 "http://www.selectsmart.com/PRESIDENT/" "Mozilla/4.0 (compatible; MSIE 4.01; Windows 95)"
137.240.170.24 - - [22/Oct/1999:02:56:12 -0400] "GET /PRESIDENT/vidal.gif HTTP/1.1" 200 11342 "http://www.selectsmart.com/PRESIDENT/" "Mozilla/4.0 (compatible; MSIE 4.01; Windows 95)"
137.240.170.24 - - [22/Oct/1999:02:56:12 -0400] "GET /PRESIDENT/TR.gif HTTP/1.1" 200 5566 "http://www.selectsmart.com/PRESIDENT/" "Mozilla/4.0 (compatible; MSIE 4.01; Windows 95)"
137.240.170.24 - - [22/Oct/1999:02:56:12 -0400] "GET /PRESIDENT/camp2000.gif HTTP/1.1" 200 7449 "http://www.selectsmart.com/PRESIDENT/" "Mozilla/4.0 (compatible; MSIE 4.01; Windows 95)"
137.159.116.181 - - [22/Oct/1999:02:56:43 -0400] "POST /PRESIDENT/results.php3 HTTP/1.0" 200 6625 "http://www.selectsmart.com/PRESIDENT/" "Mozilla/4.07 [en] (Win95; I ;Nav)"
216.76.177.79 - - [22/Oct/1999:02:57:13 -0400] "GET /PRESIDENT/results.php3?more=now&mid=11 HTTP/1.1" 200 6634 "http://www.selectsmart.com/PRESIDENT/results.php3" "Mozilla/4.0 (compatible; MSIE 5.0; Windows 95)"
216.76.177.79 - - [22/Oct/1999:02:57:15 -0400] "GET /PRESIDENT/hatch.gif HTTP/1.1" 200 6423 "http://www.selectsmart.com/PRESIDENT/results.php3?more=now&mid=11" "Mozilla/4.0 (compatible; MSIE 5.0; Windows 95)"
205.134.231.57 - - [22/Oct/1999:02:57:15 -0400] "POST /cgi-bin/dog/rdog.cgi HTTP/1.1" 200 14716 "http://www.selectsmart.com/DOG/" "Mozilla/4.0 (compatible; MSIE 4.01; Windows 95)"
216.76.177.79 - - [22/Oct/1999:02:57:26 -0400] "GET /PRESIDENT/results.php3?more=now&mid=14 HTTP/1.1" 200 6619 "http://www.selectsmart.com/PRESIDENT/results.php3" "Mozilla/4.0 (compatible; MSIE 5.0; Windows 95)"
216.76.177.79 - - [22/Oct/1999:02:57:28 -0400] "GET /PRESIDENT/images/mccain.jpg HTTP/1.1" 200 2299 "http://www.selectsmart.com/PRESIDENT/results.php3?more=now&mid=14" "Mozilla/4.0 (compatible; MSIE 5.0; Windows 95)"
205.134.231.57 - - [22/Oct/1999:02:57:36 -0400] "GET /DOG/purinadog.jpg HTTP/1.1" 200 3418 "http://www.selectsmart.com/DOG/description2.htm" "Mozilla/4.0 (compatible; MSIE 4.01; Windows 95)"
205.134.231.57 - - [22/Oct/1999:02:57:36 -0400] "GET /DOG/description2.htm HTTP/1.1" 200 30884 "http://www.selectsmart.com/cgi-bin/dog/rdog.cgi" "Mozilla/4.0 (compatible; MSIE 4.01; Windows 95)"
205.134.231.57 - - [22/Oct/1999:02:57:40 -0400] "GET /DOG/compet.jpg HTTP/1.1" 200 3155 "http://www.selectsmart.com/DOG/description2.htm" "Mozilla/4.0 (compatible; MSIE 4.01; Windows 95)"
205.134.231.57 - - [22/Oct/1999:02:57:41 -0400] "GET /DOG/toydog.jpg HTTP/1.1" 200 2061 "http://www.selectsmart.com/DOG/description2.htm" "Mozilla/4.0 (compatible; MSIE 4.01; Windows 95)"
137.159.116.181 - - [22/Oct/1999:02:57:41 -0400] "POST /PRESIDENT/results.php3 HTTP/1.0" 200 6182 "http://www.selectsmart.com/PRESIDENT/results.php3" "Mozilla/4.07 [en] (Win95; I ;Nav)"
137.159.116.181 - - [22/Oct/1999:02:57:42 -0400] "GET /PRESIDENT/images/bush.jpg HTTP/1.0" 200 2977 "http://www.selectsmart.com/PRESIDENT/results.php3" "Mozilla/4.07 [en] (Win95; I ;Nav)"
205.134.231.57 - - [22/Oct/1999:02:57:42 -0400] "GET /DOG/gettingthemost.jpg HTTP/1.1" 200 3605 "http://www.selectsmart.com/DOG/description2.htm" "Mozilla/4.0 (compatible; MSIE 4.01; Windows 95)"
205.134.231.57 - - [22/Oct/1999:02:57:43 -0400] "GET /DOG/trickisin.jpg HTTP/1.1" 200 3388 "http://www.selectsmart.com/DOG/description2.htm" "Mozilla/4.0 (compatible; MSIE 4.01; Windows 95)"
205.134.231.57 - - [22/Oct/1999:02:57:45 -0400] "GET /DOG/pudgy.jpg HTTP/1.1" 200 3777 "http://www.selectsmart.com/DOG/description2.htm" "Mozilla/4.0 (compatible; MSIE 4.01; Windows 95)"
205.134.231.57 - - [22/Oct/1999:02:57:47 -0400] "GET /dogtoys/dtlogo.gif HTTP/1.1" 200 2778 "http://www.selectsmart.com/DOG/description2.htm" "Mozilla/4.0 (compatible; MSIE 4.01; Windows 95)"
205.134.231.57 - - [22/Oct/1999:02:57:48 -0400] "GET /DOG/images/havahead.gif HTTP/1.1" 200 1864 "http://www.selectsmart.com/DOG/description2.htm" "Mozilla/4.0 (compatible; MSIE 4.01; Windows 95)"
205.134.231.57 - - [22/Oct/1999:02:57:50 -0400] "GET /DOG/images/IWS.jpg HTTP/1.1" 200 1593 "http://www.selectsmart.com/DOG/description2.htm" "Mozilla/4.0 (compatible; MSIE 4.01; Windows 95)"
205.134.231.57 - - [22/Oct/1999:02:57:51 -0400] "GET /DOG/images/spinoni.jpg HTTP/1.1" 200 1272 "http://www.selectsmart.com/DOG/description2.htm" "Mozilla/4.0 (compatible; MSIE 4.01; Windows 95)"
205.134.231.57 - - [22/Oct/1999:02:57:51 -0400] "GET /DOG/images/JACKruss.jpg HTTP/1.1" 200 1448 "http://www.selectsmart.com/DOG/description2.htm" "Mozilla/4.0 (compatible; MSIE 4.01; Windows 95)"
205.134.231.57 - - [22/Oct/1999:02:57:52 -0400] "GET /DOG/images/keeshond.jpg HTTP/1.1" 200 1516 "http://www.selectsmart.com/DOG/description2.htm" "Mozilla/4.0 (compatible; MSIE 4.01; Windows 95)"
205.134.231.57 - - [22/Oct/1999:02:57:52 -0400] "GET /DOG/images/kira.jpg HTTP/1.1" 200 1337 "http://www.selectsmart.com/DOG/description2.htm" "Mozilla/4.0 (compatible; MSIE 4.01; Windows 95)"
205.134.231.57 - - [22/Oct/1999:02:57:53 -0400] "GET /DOG/images/lab1.jpg HTTP/1.1" 200 1467 "http://www.selectsmart.com/DOG/description2.htm" "Mozilla/4.0 (compatible; MSIE 4.01; Windows 95)"
205.134.231.57 - - [22/Oct/1999:02:57:54 -0400] "GET /DOG/images/lab3.jpg HTTP/1.1" 200 1396 "http://www.selectsmart.com/DOG/description2.htm" "Mozilla/4.0 (compatible; MSIE 4.01; Windows 95)"
205.134.231.57 - - [22/Oct/1999:02:57:54 -0400] "GET /DOG/images/mastiff.jpg HTTP/1.1" 200 1403 "http://www.selectsmart.com/DOG/description2.htm" "Mozilla/4.0 (compatible; MSIE 4.01; Windows 95)"
205.134.231.57 - - [22/Oct/1999:02:57:55 -0400] "GET /DOG/images/minpin.jpg HTTP/1.1" 200 1849 "http://www.selectsmart.com/DOG/description2.htm" "Mozilla/4.0 (compatible; MSIE 4.01; Windows 95)"
205.134.231.57 - - [22/Oct/1999:02:57:55 -0400] "GET /DOG/images/minschnauz.jpg HTTP/1.1" 200 1305 "http://www.selectsmart.com/DOG/description2.htm" "Mozilla/4.0 (compatible; MSIE 4.01; Windows 95)"
205.134.231.57 - - [22/Oct/1999:02:57:56 -0400] "GET /DOG/images/elkhound.jpg HTTP/1.1" 200 1687 "http://www.selectsmart.com/DOG/description2.htm" "Mozilla/4.0 (compatible; MSIE 4.01; Windows 95)"
205.134.231.57 - - [22/Oct/1999:02:57:56 -0400] "GET /DOG/images/otter.jpg HTTP/1.1" 200 1206 "http://www.selectsmart.com/DOG/description2.htm" "Mozilla/4.0 (compatible; MSIE 4.01; Windows 95)"
216.76.177.79 - - [22/Oct/1999:02:57:57 -0400] "GET /PRESIDENT/ HTTP/1.1" 304 - "http://www.freerepublic.com/forum/a380fd23a2489.htm" "Mozilla/4.0 (compatible; MSIE 5.0; Windows 95)"
216.76.177.79 - - [22/Oct/1999:02:57:57 -0400] "GET /PRESIDENT/anecdote.gif HTTP/1.1" 304 - "http://www.selectsmart.com/PRESIDENT/" "Mozilla/4.0 (compatible; MSIE 5.0; Windows 95)"
216.76.177.79 - - [22/Oct/1999:02:57:58 -0400] "GET /BUSINESS/16.gif HTTP/1.1" 304 - "http://www.selectsmart.com/PRESIDENT/" "Mozilla/4.0 (compatible; MSIE 5.0; Windows 95)"
216.76.177.79 - - [22/Oct/1999:02:57:58 -0400] "GET /BUSINESS/drop_v.jpg HTTP/1.1" 304 - "http://www.selectsmart.com/PRESIDENT/" "Mozilla/4.0 (compatible; MSIE 5.0; Windows 95)"
216.76.177.79 - - [22/Oct/1999:02:57:58 -0400] "GET /PRESIDENT/campaigns.gif HTTP/1.1" 304 - "http://www.selectsmart.com/PRESIDENT/" "Mozilla/4.0 (compatible; MSIE 5.0; Windows 95)"
216.76.177.79 - - [22/Oct/1999:02:57:58 -0400] "GET /PRESIDENT/packaging.gif HTTP/1.1" 304 - "http://www.selectsmart.com/PRESIDENT/" "Mozilla/4.0 (compatible; MSIE 5.0; Windows 95)"
216.76.177.79 - - [22/Oct/1999:02:57:58 -0400] "GET /BUSINESS/drop_h.jpg HTTP/1.1" 304 - "http://www.selectsmart.com/PRESIDENT/" "Mozilla/4.0 (compatible; MSIE 5.0; Windows 95)"
216.76.177.79 - - [22/Oct/1999:02:57:58 -0400] "GET /PRESIDENT/vidal.gif HTTP/1.1" 304 - "http://www.selectsmart.com/PRESIDENT/" "Mozilla/4.0 (compatible; MSIE 5.0; Windows 95)"
216.76.177.79 - - [22/Oct/1999:02:57:58 -0400] "GET /PRESIDENT/TR.gif HTTP/1.1" 304 - "http://www.selectsmart.com/PRESIDENT/" "Mozilla/4.0 (compatible; MSIE 5.0; Windows 95)"
216.76.177.79 - - [22/Oct/1999:02:57:58 -0400] "GET /PRESIDENT/camp2000.gif HTTP/1.1" 304 - "http://www.selectsmart.com/PRESIDENT/" "Mozilla/4.0 (compatible; MSIE 5.0; Windows 95)"
216.76.177.79 - - [22/Oct/1999:02:57:59 -0400] "GET /curt.jpg HTTP/1.1" 304 - "http://www.selectsmart.com/PRESIDENT/" "Mozilla/4.0 (compatible; MSIE 5.0; Windows 95)"
216.76.177.79 - - [22/Oct/1999:02:58:22 -0400] "GET /PRESIDENT/favicon.ico HTTP/1.1" 404 227 "-" "Mozilla/4.0 (compatible; MSIE 5.0; Windows 95)"
216.76.177.79 - - [22/Oct/1999:02:58:23 -0400] "GET /favicon.ico HTTP/1.1" 404 217 "-" "Mozilla/4.0 (compatible; MSIE 5.0; Windows 95)"
216.76.177.79 - - [22/Oct/1999:02:58:28 -0400] "GET /PRESIDENT/ HTTP/1.1" 304 - "-" "Mozilla/4.0 (compatible; MSIE 5.0; Windows 95)"
216.76.177.79 - - [22/Oct/1999:02:58:29 -0400] "GET /PRESIDENT/anecdote.gif HTTP/1.1" 304 - "http://www.selectsmart.com/PRESIDENT/" "Mozilla/4.0 (compatible; MSIE 5.0; Windows 95)"
216.76.177.79 - - [22/Oct/1999:02:58:29 -0400] "GET /BUSINESS/16.gif HTTP/1.1" 304 - "http://www.selectsmart.com/PRESIDENT/" "Mozilla/4.0 (compatible; MSIE 5.0; Windows 95)"
216.76.177.79 - - [22/Oct/1999:02:58:29 -0400] "GET /BUSINESS/drop_v.jpg HTTP/1.1" 304 - "http://www.selectsmart.com/PRESIDENT/" "Mozilla/4.0 (compatible; MSIE 5.0; Windows 95)"
216.76.177.79 - - [22/Oct/1999:02:58:29 -0400] "GET /PRESIDENT/campaigns.gif HTTP/1.1" 304 - "http://www.selectsmart.com/PRESIDENT/" "Mozilla/4.0 (compatible; MSIE 5.0; Windows 95)"
216.76.177.79 - - [22/Oct/1999:02:58:30 -0400] "GET /PRESIDENT/packaging.gif HTTP/1.1" 304 - "http://www.selectsmart.com/PRESIDENT/" "Mozilla/4.0 (compatible; MSIE 5.0; Windows 95)"
216.76.177.79 - - [22/Oct/1999:02:58:30 -0400] "GET /BUSINESS/drop_h.jpg HTTP/1.1" 304 - "http://www.selectsmart.com/PRESIDENT/" "Mozilla/4.0 (compatible; MSIE 5.0; Windows 95)"
216.76.177.79 - - [22/Oct/1999:02:58:30 -0400] "GET /PRESIDENT/vidal.gif HTTP/1.1" 304 - "http://www.selectsmart.com/PRESIDENT/" "Mozilla/4.0 (compatible; MSIE 5.0; Windows 95)"
216.76.177.79 - - [22/Oct/1999:02:58:30 -0400] "GET /PRESIDENT/TR.gif HTTP/1.1" 304 - "http://www.selectsmart.com/PRESIDENT/" "Mozilla/4.0 (compatible; MSIE 5.0; Windows 95)"
216.76.177.79 - - [22/Oct/1999:02:58:30 -0400] "GET /PRESIDENT/camp2000.gif HTTP/1.1" 304 - "http://www.selectsmart.com/PRESIDENT/" "Mozilla/4.0 (compatible; MSIE 5.0; Windows 95)"
216.76.177.79 - - [22/Oct/1999:02:58:30 -0400] "GET /curt.jpg HTTP/1.1" 304 - "http://www.selectsmart.com/PRESIDENT/" "Mozilla/4.0 (compatible; MSIE 5.0; Windows 95)"
129.59.6.54 - - [22/Oct/1999:02:58:37 -0400] "GET / HTTP/1.1" 200 1839 "-" "Mozilla/4.0 (compatible; MSIE 4.01; Windows 98)"
129.59.6.54 - - [22/Oct/1999:02:58:38 -0400] "GET /PRESIDENT/ HTTP/1.1" 200 29678 "-" "Mozilla/4.0 (compatible; MSIE 4.01; Windows 98)"
129.59.6.54 - - [22/Oct/1999:02:58:40 -0400] "GET /PRESIDENT/anecdote.gif HTTP/1.1" 200 6898 "http://www.selectsmart.com/PRESIDENT/" "Mozilla/4.0 (compatible; MSIE 4.01; Windows 98)"
129.59.6.54 - - [22/Oct/1999:02:58:41 -0400] "GET /PRESIDENT/campaigns.gif HTTP/1.1" 200 5835 "http://www.selectsmart.com/PRESIDENT/" "Mozilla/4.0 (compatible; MSIE 4.01; Windows 98)"
129.59.6.54 - - [22/Oct/1999:02:58:41 -0400] "GET /BUSINESS/16.gif HTTP/1.1" 200 6704 "http://www.selectsmart.com/PRESIDENT/" "Mozilla/4.0 (compatible; MSIE 4.01; Windows 98)"
129.59.6.54 - - [22/Oct/1999:02:58:42 -0400] "GET /BUSINESS/drop_v.jpg HTTP/1.1" 200 1963 "http://www.selectsmart.com/PRESIDENT/" "Mozilla/4.0 (compatible; MSIE 4.01; Windows 98)"
129.59.6.54 - - [22/Oct/1999:02:58:44 -0400] "GET /PRESIDENT/packaging.gif HTTP/1.1" 200 10663 "http://www.selectsmart.com/PRESIDENT/" "Mozilla/4.0 (compatible; MSIE 4.01; Windows 98)"
209.240.197.42 - - [22/Oct/1999:02:58:51 -0400] "POST /cgi-bin/dog/rdog.cgi HTTP/1.0" 200 14686 "http://www.selectsmart.com/DOG/" "Mozilla/3.0 WebTV/1.2 (compatible; MSIE 2.0)"
129.59.6.54 - - [22/Oct/1999:02:58:58 -0400] "GET /PRESIDENT/vidal.gif HTTP/1.1" 200 11342 "http://www.selectsmart.com/PRESIDENT/" "Mozilla/4.0 (compatible; MSIE 4.01; Windows 98)"
129.59.6.54 - - [22/Oct/1999:02:58:58 -0400] "GET /BUSINESS/drop_h.jpg HTTP/1.1" 200 2034 "http://www.selectsmart.com/PRESIDENT/" "Mozilla/4.0 (compatible; MSIE 4.01; Windows 98)"
129.59.6.54 - - [22/Oct/1999:02:58:58 -0400] "GET /PRESIDENT/camp2000.gif HTTP/1.1" 200 7449 "http://www.selectsmart.com/PRESIDENT/" "Mozilla/4.0 (compatible; MSIE 4.01; Windows 98)"
129.59.6.54 - - [22/Oct/1999:02:59:06 -0400] "GET /PRESIDENT/TR.gif HTTP/1.1" 200 5566 "http://www.selectsmart.com/PRESIDENT/" "Mozilla/4.0 (compatible; MSIE 4.01; Windows 98)"
129.59.6.54 - - [22/Oct/1999:02:59:06 -0400] "GET /curt.jpg HTTP/1.1" 200 4228 "http://www.selectsmart.com/PRESIDENT/" "Mozilla/4.0 (compatible; MSIE 4.01; Windows 98)"
216.76.177.79 - - [22/Oct/1999:02:59:13 -0400] "GET /PRESIDENT/poll.htm HTTP/1.1" 200 4489 "-" "Mozilla/4.0 (compatible; MSIE 5.0; Windows 95)"
216.76.177.79 - - [22/Oct/1999:02:59:42 -0400] "GET /PRESIDENT/define16.htm HTTP/1.1" 200 229 "-" "Mozilla/4.0 (compatible; MSIE 5.0; Windows 95)"
137.240.170.24 - - [22/Oct/1999:03:00:00 -0400] "GET /PRESIDENT/define8.htm HTTP/1.1" 200 322 "-" "Mozilla/4.0 (compatible; MSIE 4.01; Windows 95)"
207.251.201.123 - - [22/Oct/1999:03:00:26 -0400] "GET /planetclick.gif HTTP/1.0" 304 - "-" "Mozilla/3.01 (compatible;)"
207.251.201.123 - - [22/Oct/1999:03:00:39 -0400] "GET /indexa.html HTTP/1.0" 304 - "-" "Mozilla/3.01 (compatible;)"
129.59.6.54 - - [22/Oct/1999:03:01:14 -0400] "POST /PRESIDENT/results.php3 HTTP/1.1" 200 6641 "http://www.selectsmart.com/PRESIDENT/" "Mozilla/4.0 (compatible; MSIE 4.01; Windows 98)"
129.59.6.54 - - [22/Oct/1999:03:01:16 -0400] "GET / HTTP/1.1" 200 1839 "-" "Mozilla/4.0 (compatible; MSIE 4.01; Windows 98)"
137.240.170.24 - - [22/Oct/1999:03:02:44 -0400] "POST /PRESIDENT/results.php3 HTTP/1.1" 200 6638 "http://www.selectsmart.com/PRESIDENT/" "Mozilla/4.0 (compatible; MSIE 4.01; Windows 95)"
137.240.170.24 - - [22/Oct/1999:03:03:13 -0400] "GET /PRESIDENT/results.php3?more=now&mid=1 HTTP/1.1" 200 7187 "http://www.selectsmart.com/PRESIDENT/results.php3" "Mozilla/4.0 (compatible; MSIE 4.01; Windows 95)"
137.240.170.24 - - [22/Oct/1999:03:03:13 -0400] "GET /PRESIDENT/images/bauer.jpg HTTP/1.1" 200 2154 "http://www.selectsmart.com/PRESIDENT/results.php3?more=now&mid=1" "Mozilla/4.0 (compatible; MSIE 4.01; Windows 95)"
209.67.247.202 - - [22/Oct/1999:03:04:05 -0400] "GET /dog/dog/ HTTP/1.0" 200 471 "-" "FAST-WebCrawler/0.5 (crawler@fast.no; http://www.fast.no/faq/faqfastwebsearch/faqfastwebcrawler.html)"
137.240.170.24 - - [22/Oct/1999:03:06:00 -0400] "GET /PRESIDENT/results.php3?more=now&mid=9 HTTP/1.1" 200 6106 "http://www.selectsmart.com/PRESIDENT/results.php3" "Mozilla/4.0 (compatible; MSIE 4.01; Windows 95)"
137.240.170.24 - - [22/Oct/1999:03:06:00 -0400] "GET /PRESIDENT/images/gore.jpg HTTP/1.1" 200 2930 "http://www.selectsmart.com/PRESIDENT/results.php3?more=now&mid=9" "Mozilla/4.0 (compatible; MSIE 4.01; Windows 95)"
203.46.29.15 - - [22/Oct/1999:03:06:39 -0400] "GET /solid17.gif HTTP/1.0" 200 988 "http://www.selectsmart.com/DOG/" "Mozilla/4.0 (compatible; MSIE 4.01; Windows 98)"
203.46.29.15 - - [22/Oct/1999:03:06:39 -0400] "GET /DOG/ HTTP/1.0" 200 26494 "http://search.msn.com/spbasic.htm" "Mozilla/4.0 (compatible; MSIE 4.01; Windows 98)"
203.46.29.15 - - [22/Oct/1999:03:06:40 -0400] "GET /solid41.gif HTTP/1.0" 200 987 "http://www.selectsmart.com/DOG/" "Mozilla/4.0 (compatible; MSIE 4.01; Windows 98)"
203.46.29.15 - - [22/Oct/1999:03:06:41 -0400] "GET /solid11.gif HTTP/1.0" 200 1006 "http://www.selectsmart.com/DOG/" "Mozilla/4.0 (compatible; MSIE 4.01; Windows 98)"
203.46.29.15 - - [22/Oct/1999:03:06:42 -0400] "GET /solid52.gif HTTP/1.0" 200 980 "http://www.selectsmart.com/DOG/" "Mozilla/4.0 (compatible; MSIE 4.01; Windows 98)"
203.46.29.15 - - [22/Oct/1999:03:06:42 -0400] "GET /DOG/purinadog.gif HTTP/1.0" 200 11906 "http://www.selectsmart.com/DOG/" "Mozilla/4.0 (compatible; MSIE 4.01; Windows 98)"
207.194.197.134 - - [22/Oct/1999:03:06:43 -0400] "GET /BUSINESS/16.gif HTTP/1.1" 200 6704 "http://www.selectsmart.com/PRESIDENT/" "Mozilla/4.0 (compatible; MSIE 4.01; Windows 95; tmoeng)"
207.194.197.134 - - [22/Oct/1999:03:06:43 -0400] "GET /BUSINESS/drop_v.jpg HTTP/1.1" 200 1963 "http://www.selectsmart.com/PRESIDENT/" "Mozilla/4.0 (compatible; MSIE 4.01; Windows 95; tmoeng)"
207.194.197.134 - - [22/Oct/1999:03:06:43 -0400] "GET /PRESIDENT/ HTTP/1.1" 200 29678 "http://www.freerepublic.com/forum/a380fd23a2489.htm" "Mozilla/4.0 (compatible; MSIE 4.01; Windows 95; tmoeng)"
203.46.29.15 - - [22/Oct/1999:03:06:44 -0400] "GET /DOG/compet.gif HTTP/1.0" 200 15373 "http://www.selectsmart.com/DOG/" "Mozilla/4.0 (compatible; MSIE 4.01; Windows 98)"
207.194.197.134 - - [22/Oct/1999:03:06:44 -0400] "GET /BUSINESS/drop_h.jpg HTTP/1.1" 200 2034 "http://www.selectsmart.com/PRESIDENT/" "Mozilla/4.0 (compatible; MSIE 4.01; Windows 95; tmoeng)"
207.194.197.134 - - [22/Oct/1999:03:06:45 -0400] "GET /PRESIDENT/anecdote.gif HTTP/1.1" 200 6898 "http://www.selectsmart.com/PRESIDENT/" "Mozilla/4.0 (compatible; MSIE 4.01; Windows 95; tmoeng)"
203.46.29.15 - - [22/Oct/1999:03:06:45 -0400] "GET /DOG/toydog.gif HTTP/1.0" 200 11205 "http://www.selectsmart.com/DOG/" "Mozilla/4.0 (compatible; MSIE 4.01; Windows 98)"
207.194.197.134 - - [22/Oct/1999:03:06:46 -0400] "GET /PRESIDENT/campaigns.gif HTTP/1.1" 200 5835 "http://www.selectsmart.com/PRESIDENT/" "Mozilla/4.0 (compatible; MSIE 4.01; Windows 95; tmoeng)"
207.194.197.134 - - [22/Oct/1999:03:06:49 -0400] "GET /PRESIDENT/packaging.gif HTTP/1.1" 200 10663 "http://www.selectsmart.com/PRESIDENT/" "Mozilla/4.0 (compatible; MSIE 4.01; Windows 95; tmoeng)"
207.194.197.134 - - [22/Oct/1999:03:06:50 -0400] "GET /PRESIDENT/vidal.gif HTTP/1.1" 200 11342 "http://www.selectsmart.com/PRESIDENT/" "Mozilla/4.0 (compatible; MSIE 4.01; Windows 95; tmoeng)"
203.46.29.15 - - [22/Oct/1999:03:06:55 -0400] "GET /DOG/gettingthemost.gif HTTP/1.0" 200 7267 "http://www.selectsmart.com/DOG/" "Mozilla/4.0 (compatible; MSIE 4.01; Windows 98)"
207.194.197.134 - - [22/Oct/1999:03:06:55 -0400] "GET /PRESIDENT/TR.gif HTTP/1.1" 200 5566 "http://www.selectsmart.com/PRESIDENT/" "Mozilla/4.0 (compatible; MSIE 4.01; Windows 95; tmoeng)"
207.194.197.134 - - [22/Oct/1999:03:06:56 -0400] "GET /PRESIDENT/camp2000.gif HTTP/1.1" 200 7449 "http://www.selectsmart.com/PRESIDENT/" "Mozilla/4.0 (compatible; MSIE 4.01; Windows 95; tmoeng)"
203.46.29.15 - - [22/Oct/1999:03:06:57 -0400] "GET /DOG/trickisin.gif HTTP/1.0" 200 13603 "http://www.selectsmart.com/DOG/" "Mozilla/4.0 (compatible; MSIE 4.01; Windows 98)"
207.194.197.134 - - [22/Oct/1999:03:06:57 -0400] "GET /curt.jpg HTTP/1.1" 200 4228 "http://www.selectsmart.com/PRESIDENT/" "Mozilla/4.0 (compatible; MSIE 4.01; Windows 95; tmoeng)"
203.46.29.15 - - [22/Oct/1999:03:06:57 -0400] "GET /DOG/pudgy.gif HTTP/1.0" 200 14675 "http://www.selectsmart.com/DOG/" "Mozilla/4.0 (compatible; MSIE 4.01; Windows 98)"
203.46.29.15 - - [22/Oct/1999:03:07:06 -0400] "GET /curt.jpg HTTP/1.0" 200 4228 "http://www.selectsmart.com/DOG/" "Mozilla/4.0 (compatible; MSIE 4.01; Windows 98)"
207.194.197.134 - - [22/Oct/1999:03:10:01 -0400] "POST /PRESIDENT/results.php3 HTTP/1.1" 200 6638 "http://www.selectsmart.com/PRESIDENT/" "Mozilla/4.0 (compatible; MSIE 4.01; Windows 95; tmoeng)"
