216.224.150.122 - - [22/Oct/1999:00:51:29 -0400] "GET /PRESIDENT/packaging.gif HTTP/1.1" 200 10663 "http://www.selectsmart.com/PRESIDENT/" "Mozilla/4.0 (compatible; MSIE 4.01; Windows 98; formatpb)"
216.112.176.156 - - [22/Oct/1999:00:51:29 -0400] "GET /PRESIDENT/results.php3?more=now&mid=3 HTTP/1.0" 200 7827 "http://www.selectsmart.com/PRESIDENT/results.php3" "Mozilla/4.61 [en] (Win98; U)"
216.112.176.156 - - [22/Oct/1999:00:51:29 -0400] "GET /PRESIDENT/images/bradley.jpg HTTP/1.0" 200 2294 "http://www.selectsmart.com/PRESIDENT/results.php3?more=now&mid=3" "Mozilla/4.61 [en] (Win98; U)"
206.151.156.75 - - [22/Oct/1999:00:51:29 -0400] "GET /solid59.gif HTTP/1.1" 200 977 "http://www.selectsmart.com/sidepanel.html" "Mozilla/4.0 (compatible; MSIE 4.0; Windows 95)"
206.151.156.75 - - [22/Oct/1999:00:51:32 -0400] "GET /indexa.html HTTP/1.1" 200 20372 "http://www.selectsmart.com/" "Mozilla/4.0 (compatible; MSIE 4.0; Windows 95)"
206.151.156.75 - - [22/Oct/1999:00:51:33 -0400] "GET /solid41.gif HTTP/1.1" 200 987 "http://www.selectsmart.com/sidepanel.html" "Mozilla/4.0 (compatible; MSIE 4.0; Windows 95)"
216.224.150.122 - - [22/Oct/1999:00:51:34 -0400] "GET /PRESIDENT/vidal.gif HTTP/1.1" 200 11342 "http://www.selectsmart.com/PRESIDENT/" "Mozilla/4.0 (compatible; MSIE 4.01; Windows 98; formatpb)"
206.151.156.75 - - [22/Oct/1999:00:51:35 -0400] "GET /solid48.gif HTTP/1.1" 200 987 "http://www.selectsmart.com/sidepanel.html" "Mozilla/4.0 (compatible; MSIE 4.0; Windows 95)"
206.151.156.75 - - [22/Oct/1999:00:51:36 -0400] "GET /solid6.gif HTTP/1.1" 200 993 "http://www.selectsmart.com/indexa.html" "Mozilla/4.0 (compatible; MSIE 4.0; Windows 95)"
206.151.156.75 - - [22/Oct/1999:00:51:36 -0400] "GET /solid17.gif HTTP/1.1" 200 988 "http://www.selectsmart.com/sidepanel.html" "Mozilla/4.0 (compatible; MSIE 4.0; Windows 95)"
206.151.156.75 - - [22/Oct/1999:00:51:37 -0400] "GET /solid17.gif HTTP/1.1" 304 - "http://www.selectsmart.com/sidepanel.html" "Mozilla/4.0 (compatible; MSIE 4.0; Windows 95)"
206.151.156.75 - - [22/Oct/1999:00:51:38 -0400] "GET /up.jpg HTTP/1.1" 200 2511 "http://www.selectsmart.com/sidepanel.html" "Mozilla/4.0 (compatible; MSIE 4.0; Windows 95)"
216.224.150.122 - - [22/Oct/1999:00:51:38 -0400] "GET /PRESIDENT/TR.gif HTTP/1.1" 200 5566 "http://www.selectsmart.com/PRESIDENT/" "Mozilla/4.0 (compatible; MSIE 4.01; Windows 98; formatpb)"
216.224.150.122 - - [22/Oct/1999:00:51:39 -0400] "GET /PRESIDENT/camp2000.gif HTTP/1.1" 200 7449 "http://www.selectsmart.com/PRESIDENT/" "Mozilla/4.0 (compatible; MSIE 4.01; Windows 98; formatpb)"
216.112.176.156 - - [22/Oct/1999:00:51:40 -0400] "GET /PRESIDENT/results.php3?more=now&mid=17 HTTP/1.0" 200 3287 "http://www.selectsmart.com/PRESIDENT/results.php3" "Mozilla/4.61 [en] (Win98; U)"
216.112.176.156 - - [22/Oct/1999:00:51:40 -0400] "GET /PRESIDENT/trump.gif HTTP/1.0" 200 6064 "http://www.selectsmart.com/PRESIDENT/results.php3?more=now&mid=17" "Mozilla/4.61 [en] (Win98; U)"
216.224.150.122 - - [22/Oct/1999:00:51:42 -0400] "GET /curt.jpg HTTP/1.1" 200 4228 "http://www.selectsmart.com/PRESIDENT/" "Mozilla/4.0 (compatible; MSIE 4.01; Windows 98; formatpb)"
209.214.105.94 - - [22/Oct/1999:00:52:02 -0400] "POST /PRESIDENT/results.php3 HTTP/1.0" 200 6627 "http://www.selectsmart.com/PRESIDENT/" "Mozilla/4.04 [en]C-bls40 (Win95; U)"
216.112.176.156 - - [22/Oct/1999:00:52:02 -0400] "POST /PRESIDENT/results.php3 HTTP/1.0" 200 27129 "http://www.selectsmart.com/PRESIDENT/results.php3" "Mozilla/4.61 [en] (Win98; U)"
129.116.78.130 - - [22/Oct/1999:00:52:07 -0400] "GET /PRESIDENT/ HTTP/1.0" 200 29678 "http://selectsmart.com/indexa.html" "Mozilla/4.05 (Macintosh; I; PPC)"
129.116.78.130 - - [22/Oct/1999:00:52:07 -0400] "GET /PRESIDENT/camp2000.gif HTTP/1.0" 200 7449 "-" "Mozilla/3.01 (compatible;)"
165.121.35.204 - - [22/Oct/1999:00:52:20 -0400] "GET /PRESIDENT/ HTTP/1.0" 200 0 "-" "Mozilla/4.61 [en] (Win95; I)"
203.30.99.140 - - [22/Oct/1999:00:52:22 -0400] "GET / HTTP/1.1" 200 1839 "http://www.SelectSmart.com" "Mozilla/4.0 (compatible; MSIE 4.01; MSN 2.5; Windows 98)"
203.30.99.140 - - [22/Oct/1999:00:52:24 -0400] "GET /sidepanel.html HTTP/1.1" 200 3890 "http://www.SelectSmart.com" "Mozilla/4.0 (compatible; MSIE 4.01; MSN 2.5; Windows 98)"
165.121.35.204 - - [22/Oct/1999:00:52:25 -0400] "GET /PRESIDENT/ HTTP/1.0" 200 29678 "-" "Mozilla/4.61 [en] (Win95; I)"
203.30.99.140 - - [22/Oct/1999:00:52:26 -0400] "GET /AMAZON/amzn-buy.gif HTTP/1.1" 200 3051 "http://www.selectsmart.com/sidepanel.html" "Mozilla/4.0 (compatible; MSIE 4.01; MSN 2.5; Windows 98)"
203.30.99.140 - - [22/Oct/1999:00:52:26 -0400] "GET /solid52.gif HTTP/1.1" 200 980 "http://www.selectsmart.com/sidepanel.html" "Mozilla/4.0 (compatible; MSIE 4.01; MSN 2.5; Windows 98)"
209.79.70.111 - - [22/Oct/1999:00:52:26 -0400] "GET /PRESIDENT/ HTTP/1.1" 200 29678 "http://www.selectsmart.com/PRESIDENT/" "Mozilla/4.0 (compatible; MSIE 5.0; Windows 95; XFUA Authorization; DigExt)"
203.30.99.140 - - [22/Oct/1999:00:52:28 -0400] "GET /indexa.html HTTP/1.1" 200 20372 "http://www.SelectSmart.com" "Mozilla/4.0 (compatible; MSIE 4.01; MSN 2.5; Windows 98)"
203.30.99.140 - - [22/Oct/1999:00:52:29 -0400] "GET /thnkyell.jpg HTTP/1.1" 200 23337 "http://www.selectsmart.com/sidepanel.html" "Mozilla/4.0 (compatible; MSIE 4.01; MSN 2.5; Windows 98)"
209.79.70.111 - - [22/Oct/1999:00:52:29 -0400] "GET /PRESIDENT/anecdote.gif HTTP/1.1" 200 6898 "http://www.selectsmart.com/PRESIDENT/" "Mozilla/4.0 (compatible; MSIE 5.0; Windows 95; XFUA Authorization; DigExt)"
209.79.70.111 - - [22/Oct/1999:00:52:29 -0400] "GET /BUSINESS/16.gif HTTP/1.1" 200 6704 "http://www.selectsmart.com/PRESIDENT/" "Mozilla/4.0 (compatible; MSIE 5.0; Windows 95; XFUA Authorization; DigExt)"
209.79.70.111 - - [22/Oct/1999:00:52:29 -0400] "GET /BUSINESS/drop_h.jpg HTTP/1.1" 200 2034 "http://www.selectsmart.com/PRESIDENT/" "Mozilla/4.0 (compatible; MSIE 5.0; Windows 95; XFUA Authorization; DigExt)"
165.121.35.204 - - [22/Oct/1999:00:52:30 -0400] "GET /BUSINESS/drop_h.jpg HTTP/1.0" 200 2034 "http://www.selectsmart.com/PRESIDENT/" "Mozilla/4.61 [en] (Win95; I)"
165.121.35.204 - - [22/Oct/1999:00:52:31 -0400] "GET /BUSINESS/drop_v.jpg HTTP/1.0" 200 1963 "http://www.selectsmart.com/PRESIDENT/" "Mozilla/4.61 [en] (Win95; I)"
165.121.35.204 - - [22/Oct/1999:00:52:31 -0400] "GET /BUSINESS/16.gif HTTP/1.0" 200 6704 "http://www.selectsmart.com/PRESIDENT/" "Mozilla/4.61 [en] (Win95; I)"
203.30.99.140 - - [22/Oct/1999:00:52:31 -0400] "GET /solid59.gif HTTP/1.1" 200 977 "http://www.selectsmart.com/sidepanel.html" "Mozilla/4.0 (compatible; MSIE 4.01; MSN 2.5; Windows 98)"
209.79.70.111 - - [22/Oct/1999:00:52:31 -0400] "GET /PRESIDENT/campaigns.gif HTTP/1.1" 200 5835 "http://www.selectsmart.com/PRESIDENT/" "Mozilla/4.0 (compatible; MSIE 5.0; Windows 95; XFUA Authorization; DigExt)"
165.121.35.204 - - [22/Oct/1999:00:52:33 -0400] "GET /PRESIDENT/anecdote.gif HTTP/1.0" 200 6898 "http://www.selectsmart.com/PRESIDENT/" "Mozilla/4.61 [en] (Win95; I)"
165.121.35.204 - - [22/Oct/1999:00:52:33 -0400] "GET /PRESIDENT/packaging.gif HTTP/1.0" 200 10663 "http://www.selectsmart.com/PRESIDENT/" "Mozilla/4.61 [en] (Win95; I)"
209.79.70.111 - - [22/Oct/1999:00:52:33 -0400] "GET /BUSINESS/drop_v.jpg HTTP/1.1" 200 1963 "http://www.selectsmart.com/PRESIDENT/" "Mozilla/4.0 (compatible; MSIE 5.0; Windows 95; XFUA Authorization; DigExt)"
165.121.35.204 - - [22/Oct/1999:00:52:34 -0400] "GET /PRESIDENT/TR.gif HTTP/1.0" 200 5566 "http://www.selectsmart.com/PRESIDENT/" "Mozilla/4.61 [en] (Win95; I)"
203.30.99.140 - - [22/Oct/1999:00:52:34 -0400] "GET /solid17.gif HTTP/1.1" 200 988 "http://www.selectsmart.com/sidepanel.html" "Mozilla/4.0 (compatible; MSIE 4.01; MSN 2.5; Windows 98)"
203.30.99.140 - - [22/Oct/1999:00:52:36 -0400] "GET /BUSINESS/14.gif HTTP/1.1" 200 6644 "http://www.selectsmart.com/indexa.html" "Mozilla/4.0 (compatible; MSIE 4.01; MSN 2.5; Windows 98)"
203.30.99.140 - - [22/Oct/1999:00:52:37 -0400] "GET /solid41.gif HTTP/1.1" 200 987 "http://www.selectsmart.com/sidepanel.html" "Mozilla/4.0 (compatible; MSIE 4.01; MSN 2.5; Windows 98)"
165.121.35.204 - - [22/Oct/1999:00:52:38 -0400] "GET /PRESIDENT/vidal.gif HTTP/1.0" 200 11342 "http://www.selectsmart.com/PRESIDENT/" "Mozilla/4.61 [en] (Win95; I)"
209.79.70.111 - - [22/Oct/1999:00:52:38 -0400] "GET /PRESIDENT/vidal.gif HTTP/1.1" 200 11342 "http://www.selectsmart.com/PRESIDENT/" "Mozilla/4.0 (compatible; MSIE 5.0; Windows 95; XFUA Authorization; DigExt)"
209.79.70.111 - - [22/Oct/1999:00:52:38 -0400] "GET /PRESIDENT/TR.gif HTTP/1.1" 200 5566 "http://www.selectsmart.com/PRESIDENT/" "Mozilla/4.0 (compatible; MSIE 5.0; Windows 95; XFUA Authorization; DigExt)"
203.30.99.140 - - [22/Oct/1999:00:52:39 -0400] "GET /solid48.gif HTTP/1.1" 200 987 "http://www.selectsmart.com/sidepanel.html" "Mozilla/4.0 (compatible; MSIE 4.01; MSN 2.5; Windows 98)"
203.30.99.140 - - [22/Oct/1999:00:52:39 -0400] "GET /up.jpg HTTP/1.1" 200 2511 "http://www.selectsmart.com/sidepanel.html" "Mozilla/4.0 (compatible; MSIE 4.01; MSN 2.5; Windows 98)"
203.30.99.140 - - [22/Oct/1999:00:52:40 -0400] "GET /BUSINESS/drop_v.jpg HTTP/1.1" 200 1963 "http://www.selectsmart.com/indexa.html" "Mozilla/4.0 (compatible; MSIE 4.01; MSN 2.5; Windows 98)"
203.30.99.140 - - [22/Oct/1999:00:52:40 -0400] "GET /BUSINESS/drop_h.jpg HTTP/1.1" 200 2034 "http://www.selectsmart.com/indexa.html" "Mozilla/4.0 (compatible; MSIE 4.01; MSN 2.5; Windows 98)"
165.121.35.204 - - [22/Oct/1999:00:52:40 -0400] "GET /PRESIDENT/campaigns.gif HTTP/1.0" 200 5835 "http://www.selectsmart.com/PRESIDENT/" "Mozilla/4.61 [en] (Win95; I)"
203.30.99.140 - - [22/Oct/1999:00:52:41 -0400] "GET /curt.jpg HTTP/1.1" 200 4228 "http://www.selectsmart.com/sidepanel.html" "Mozilla/4.0 (compatible; MSIE 4.01; MSN 2.5; Windows 98)"
203.30.99.140 - - [22/Oct/1999:00:52:41 -0400] "GET /solid6.gif HTTP/1.1" 200 993 "http://www.selectsmart.com/indexa.html" "Mozilla/4.0 (compatible; MSIE 4.01; MSN 2.5; Windows 98)"
203.30.99.140 - - [22/Oct/1999:00:52:43 -0400] "GET /solid11.gif HTTP/1.1" 200 1006 "http://www.selectsmart.com/indexa.html" "Mozilla/4.0 (compatible; MSIE 4.01; MSN 2.5; Windows 98)"
203.30.99.140 - - [22/Oct/1999:00:52:43 -0400] "GET /solid28.gif HTTP/1.1" 200 972 "http://www.selectsmart.com/indexa.html" "Mozilla/4.0 (compatible; MSIE 4.01; MSN 2.5; Windows 98)"
203.30.99.140 - - [22/Oct/1999:00:52:43 -0400] "GET /solid17.gif HTTP/1.1" 200 988 "http://www.selectsmart.com/sidepanel.html" "Mozilla/4.0 (compatible; MSIE 4.01; MSN 2.5; Windows 98)"
209.79.70.111 - - [22/Oct/1999:00:52:43 -0400] "GET /curt.jpg HTTP/1.1" 200 4228 "http://www.selectsmart.com/PRESIDENT/" "Mozilla/4.0 (compatible; MSIE 5.0; Windows 95; XFUA Authorization; DigExt)"
203.30.99.140 - - [22/Oct/1999:00:52:44 -0400] "GET /planetclick.gif HTTP/1.1" 200 4949 "http://www.selectsmart.com/indexa.html" "Mozilla/4.0 (compatible; MSIE 4.01; MSN 2.5; Windows 98)"
203.30.99.140 - - [22/Oct/1999:00:52:44 -0400] "GET /solid48.gif HTTP/1.1" 200 987 "http://www.selectsmart.com/indexa.html" "Mozilla/4.0 (compatible; MSIE 4.01; MSN 2.5; Windows 98)"
203.30.99.140 - - [22/Oct/1999:00:52:44 -0400] "GET /exclaim.jpg HTTP/1.1" 200 7859 "http://www.selectsmart.com/indexa.html" "Mozilla/4.0 (compatible; MSIE 4.01; MSN 2.5; Windows 98)"
203.30.99.140 - - [22/Oct/1999:00:52:44 -0400] "GET /sltrib.gif HTTP/1.1" 200 5673 "http://www.selectsmart.com/indexa.html" "Mozilla/4.0 (compatible; MSIE 4.01; MSN 2.5; Windows 98)"
207.191.5.54 - - [22/Oct/1999:00:52:45 -0400] "POST /PRESIDENT/results.php3 HTTP/1.0" 200 6623 "http://www.selectsmart.com/PRESIDENT/" "Mozilla/4.05 [en] (Win95; I)"
203.30.99.140 - - [22/Oct/1999:00:52:46 -0400] "GET /cooltools.gif HTTP/1.1" 200 3810 "http://www.selectsmart.com/indexa.html" "Mozilla/4.0 (compatible; MSIE 4.01; MSN 2.5; Windows 98)"
209.79.70.111 - - [22/Oct/1999:00:52:46 -0400] "GET /PRESIDENT/camp2000.gif HTTP/1.1" 200 7449 "http://www.selectsmart.com/PRESIDENT/" "Mozilla/4.0 (compatible; MSIE 5.0; Windows 95; XFUA Authorization; DigExt)"
165.121.35.204 - - [22/Oct/1999:00:52:47 -0400] "GET /PRESIDENT/camp2000.gif HTTP/1.0" 200 7449 "http://www.selectsmart.com/PRESIDENT/" "Mozilla/4.61 [en] (Win95; I)"
165.121.35.204 - - [22/Oct/1999:00:52:47 -0400] "GET /curt.jpg HTTP/1.0" 200 4228 "http://www.selectsmart.com/PRESIDENT/" "Mozilla/4.61 [en] (Win95; I)"
203.30.99.140 - - [22/Oct/1999:00:52:51 -0400] "GET /cooldogsiteselected.gif HTTP/1.1" 200 2982 "http://www.selectsmart.com/indexa.html" "Mozilla/4.0 (compatible; MSIE 4.01; MSN 2.5; Windows 98)"
204.248.210.68 - - [22/Oct/1999:00:52:52 -0400] "GET /BUSINESS/16.gif HTTP/1.1" 200 6704 "http://www.selectsmart.com/PRESIDENT/" "Mozilla/4.0 (compatible; MSIE 4.01; Windows 98)"
204.248.210.68 - - [22/Oct/1999:00:52:52 -0400] "GET /BUSINESS/drop_v.jpg HTTP/1.1" 200 1963 "http://www.selectsmart.com/PRESIDENT/" "Mozilla/4.0 (compatible; MSIE 4.01; Windows 98)"
204.248.210.68 - - [22/Oct/1999:00:52:53 -0400] "GET /PRESIDENT/ HTTP/1.1" 200 29678 "-" "Mozilla/4.0 (compatible; MSIE 4.01; Windows 98)"
203.30.99.140 - - [22/Oct/1999:00:52:54 -0400] "GET /carolin2.gif HTTP/1.1" 200 3241 "http://www.selectsmart.com/indexa.html" "Mozilla/4.0 (compatible; MSIE 4.01; MSN 2.5; Windows 98)"
204.248.210.68 - - [22/Oct/1999:00:52:55 -0400] "GET /PRESIDENT/anecdote.gif HTTP/1.1" 200 6898 "http://www.selectsmart.com/PRESIDENT/" "Mozilla/4.0 (compatible; MSIE 4.01; Windows 98)"
203.30.99.140 - - [22/Oct/1999:00:52:56 -0400] "GET /CoolAward2.gif HTTP/1.1" 200 5548 "http://www.selectsmart.com/indexa.html" "Mozilla/4.0 (compatible; MSIE 4.01; MSN 2.5; Windows 98)"
203.30.99.140 - - [22/Oct/1999:00:52:58 -0400] "GET /sitename60_mining.gif HTTP/1.1" 200 2015 "http://www.selectsmart.com/indexa.html" "Mozilla/4.0 (compatible; MSIE 4.01; MSN 2.5; Windows 98)"
204.248.210.68 - - [22/Oct/1999:00:52:59 -0400] "GET /PRESIDENT/campaigns.gif HTTP/1.1" 200 5835 "http://www.selectsmart.com/PRESIDENT/" "Mozilla/4.0 (compatible; MSIE 4.01; Windows 98)"
204.248.210.68 - - [22/Oct/1999:00:52:59 -0400] "GET /BUSINESS/drop_h.jpg HTTP/1.1" 200 2034 "http://www.selectsmart.com/PRESIDENT/" "Mozilla/4.0 (compatible; MSIE 4.01; Windows 98)"
203.30.99.140 - - [22/Oct/1999:00:52:59 -0400] "GET /cpetsitm.gif HTTP/1.1" 200 6269 "http://www.selectsmart.com/indexa.html" "Mozilla/4.0 (compatible; MSIE 4.01; MSN 2.5; Windows 98)"
203.30.99.140 - - [22/Oct/1999:00:52:59 -0400] "GET /blkpaw.gif HTTP/1.1" 200 936 "http://www.selectsmart.com/indexa.html" "Mozilla/4.0 (compatible; MSIE 4.01; MSN 2.5; Windows 98)"
204.248.210.68 - - [22/Oct/1999:00:53:06 -0400] "GET /PRESIDENT/packaging.gif HTTP/1.1" 200 10663 "http://www.selectsmart.com/PRESIDENT/" "Mozilla/4.0 (compatible; MSIE 4.01; Windows 98)"
204.248.210.68 - - [22/Oct/1999:00:53:06 -0400] "GET /PRESIDENT/TR.gif HTTP/1.1" 200 5566 "http://www.selectsmart.com/PRESIDENT/" "Mozilla/4.0 (compatible; MSIE 4.01; Windows 98)"
204.248.210.68 - - [22/Oct/1999:00:53:11 -0400] "GET /PRESIDENT/camp2000.gif HTTP/1.1" 200 7449 "http://www.selectsmart.com/PRESIDENT/" "Mozilla/4.0 (compatible; MSIE 4.01; Windows 98)"
204.248.210.68 - - [22/Oct/1999:00:53:12 -0400] "GET /PRESIDENT/vidal.gif HTTP/1.1" 200 11342 "http://www.selectsmart.com/PRESIDENT/" "Mozilla/4.0 (compatible; MSIE 4.01; Windows 98)"
209.67.247.202 - - [22/Oct/1999:00:53:17 -0400] "GET /dog/links.htm HTTP/1.0" 304 - "-" "FAST-WebCrawler/0.5 (crawler@fast.no; http://www.fast.no/faq/faqfastwebsearch/faqfastwebcrawler.html)"
204.248.210.68 - - [22/Oct/1999:00:53:18 -0400] "GET /curt.jpg HTTP/1.1" 200 4228 "http://www.selectsmart.com/PRESIDENT/" "Mozilla/4.0 (compatible; MSIE 4.01; Windows 98)"
198.97.155.248 - - [22/Oct/1999:00:53:23 -0400] "GET / HTTP/1.1" 200 1839 "http://www.selectsmart.com" "Mozilla/4.0 (compatible; MSIE 5.0; Windows NT; DigExt)"
198.97.155.248 - - [22/Oct/1999:00:53:26 -0400] "GET /sidepanel.html HTTP/1.1" 200 3890 "http://www.selectsmart.com" "Mozilla/4.0 (compatible; MSIE 5.0; Windows NT; DigExt)"
198.97.155.248 - - [22/Oct/1999:00:53:30 -0400] "GET /AMAZON/amzn-buy.gif HTTP/1.1" 200 3051 "http://www.selectsmart.com/sidepanel.html" "Mozilla/4.0 (compatible; MSIE 5.0; Windows NT; DigExt)"
198.97.155.248 - - [22/Oct/1999:00:53:30 -0400] "GET /solid52.gif HTTP/1.1" 200 980 "http://www.selectsmart.com/sidepanel.html" "Mozilla/4.0 (compatible; MSIE 5.0; Windows NT; DigExt)"
198.97.155.248 - - [22/Oct/1999:00:53:32 -0400] "GET /solid59.gif HTTP/1.1" 200 977 "http://www.selectsmart.com/sidepanel.html" "Mozilla/4.0 (compatible; MSIE 5.0; Windows NT; DigExt)"
198.97.155.248 - - [22/Oct/1999:00:53:32 -0400] "GET /indexa.html HTTP/1.1" 200 20372 "http://www.selectsmart.com" "Mozilla/4.0 (compatible; MSIE 5.0; Windows NT; DigExt)"
209.214.105.94 - - [22/Oct/1999:00:53:32 -0400] "GET /PRESIDENT/results.php3?more=now&mid=18 HTTP/1.0" 200 3762 "http://www.selectsmart.com/PRESIDENT/results.php3" "Mozilla/4.04 [en]C-bls40 (Win95; U)"
198.97.155.248 - - [22/Oct/1999:00:53:33 -0400] "GET /solid17.gif HTTP/1.1" 200 988 "http://www.selectsmart.com/sidepanel.html" "Mozilla/4.0 (compatible; MSIE 5.0; Windows NT; DigExt)"
198.97.155.248 - - [22/Oct/1999:00:53:33 -0400] "GET /solid41.gif HTTP/1.1" 200 987 "http://www.selectsmart.com/sidepanel.html" "Mozilla/4.0 (compatible; MSIE 5.0; Windows NT; DigExt)"
209.214.105.94 - - [22/Oct/1999:00:53:33 -0400] "GET /PRESIDENT/images/mcreynolds.jpg HTTP/1.0" 200 4631 "http://www.selectsmart.com/PRESIDENT/results.php3?more=now&mid=18" "Mozilla/4.04 [en]C-bls40 (Win95; U)"
198.97.155.248 - - [22/Oct/1999:00:53:34 -0400] "GET /thnkyell.jpg HTTP/1.1" 200 23337 "http://www.selectsmart.com/sidepanel.html" "Mozilla/4.0 (compatible; MSIE 5.0; Windows NT; DigExt)"
204.116.181.44 - - [22/Oct/1999:00:53:34 -0400] "GET /PRESIDENT/results.php3?more=now&mid=9 HTTP/1.1" 200 6106 "http://www.selectsmart.com/PRESIDENT/results.php3" "Mozilla/4.0 (compatible; MSIE 5.0; Windows 98; DigExt)"
198.97.155.248 - - [22/Oct/1999:00:53:35 -0400] "GET /BUSINESS/14.gif HTTP/1.1" 200 6644 "http://www.selectsmart.com/indexa.html" "Mozilla/4.0 (compatible; MSIE 5.0; Windows NT; DigExt)"
198.97.155.248 - - [22/Oct/1999:00:53:35 -0400] "GET /BUSINESS/drop_v.jpg HTTP/1.1" 200 1963 "http://www.selectsmart.com/indexa.html" "Mozilla/4.0 (compatible; MSIE 5.0; Windows NT; DigExt)"
204.116.181.44 - - [22/Oct/1999:00:53:36 -0400] "GET /PRESIDENT/images/gore.jpg HTTP/1.1" 200 2930 "http://www.selectsmart.com/PRESIDENT/results.php3?more=now&mid=9" "Mozilla/4.0 (compatible; MSIE 5.0; Windows 98; DigExt)"
198.97.155.248 - - [22/Oct/1999:00:53:37 -0400] "GET /BUSINESS/drop_h.jpg HTTP/1.1" 200 2034 "http://www.selectsmart.com/indexa.html" "Mozilla/4.0 (compatible; MSIE 5.0; Windows NT; DigExt)"
198.97.155.248 - - [22/Oct/1999:00:53:40 -0400] "GET /solid6.gif HTTP/1.1" 200 993 "http://www.selectsmart.com/indexa.html" "Mozilla/4.0 (compatible; MSIE 5.0; Windows NT; DigExt)"
198.97.155.248 - - [22/Oct/1999:00:53:40 -0400] "GET /solid11.gif HTTP/1.1" 200 1006 "http://www.selectsmart.com/indexa.html" "Mozilla/4.0 (compatible; MSIE 5.0; Windows NT; DigExt)"
152.163.232.121 - - [22/Oct/1999:00:53:40 -0400] "GET /PRESIDENT/ HTTP/1.0" 200 29678 "-" "Mozilla/4.0 (compatible; MSIE 4.01; AOL 4.0; Windows 98; Compaq)"
198.97.155.248 - - [22/Oct/1999:00:53:41 -0400] "GET /solid28.gif HTTP/1.1" 200 972 "http://www.selectsmart.com/indexa.html" "Mozilla/4.0 (compatible; MSIE 5.0; Windows NT; DigExt)"
198.97.155.248 - - [22/Oct/1999:00:53:42 -0400] "GET /solid48.gif HTTP/1.1" 200 987 "http://www.selectsmart.com/indexa.html" "Mozilla/4.0 (compatible; MSIE 5.0; Windows NT; DigExt)"
198.97.155.248 - - [22/Oct/1999:00:53:42 -0400] "GET /solid48.gif HTTP/1.1" 200 987 "http://www.selectsmart.com/sidepanel.html" "Mozilla/4.0 (compatible; MSIE 5.0; Windows NT; DigExt)"
198.97.155.248 - - [22/Oct/1999:00:53:43 -0400] "GET /exclaim.jpg HTTP/1.1" 200 7859 "http://www.selectsmart.com/indexa.html" "Mozilla/4.0 (compatible; MSIE 5.0; Windows NT; DigExt)"
198.97.155.248 - - [22/Oct/1999:00:53:44 -0400] "GET /curt.jpg HTTP/1.1" 200 4228 "http://www.selectsmart.com/sidepanel.html" "Mozilla/4.0 (compatible; MSIE 5.0; Windows NT; DigExt)"
198.97.155.248 - - [22/Oct/1999:00:53:44 -0400] "GET /solid17.gif HTTP/1.1" 200 988 "http://www.selectsmart.com/sidepanel.html" "Mozilla/4.0 (compatible; MSIE 5.0; Windows NT; DigExt)"
216.112.176.156 - - [22/Oct/1999:00:53:44 -0400] "GET /PRESIDENT/results.php3?more=now&mid=8 HTTP/1.0" 200 6966 "http://www.selectsmart.com/PRESIDENT/results.php3" "Mozilla/4.61 [en] (Win98; U)"
198.97.155.248 - - [22/Oct/1999:00:53:46 -0400] "GET /planetclick.gif HTTP/1.1" 200 4949 "http://www.selectsmart.com/indexa.html" "Mozilla/4.0 (compatible; MSIE 5.0; Windows NT; DigExt)"
198.97.155.248 - - [22/Oct/1999:00:53:49 -0400] "GET /sltrib.gif HTTP/1.1" 200 5673 "http://www.selectsmart.com/indexa.html" "Mozilla/4.0 (compatible; MSIE 5.0; Windows NT; DigExt)"
198.97.155.248 - - [22/Oct/1999:00:53:51 -0400] "GET /cooltools.gif HTTP/1.1" 200 3810 "http://www.selectsmart.com/indexa.html" "Mozilla/4.0 (compatible; MSIE 5.0; Windows NT; DigExt)"
198.97.155.248 - - [22/Oct/1999:00:53:52 -0400] "GET /cooldogsiteselected.gif HTTP/1.1" 200 2982 "http://www.selectsmart.com/indexa.html" "Mozilla/4.0 (compatible; MSIE 5.0; Windows NT; DigExt)"
198.97.155.248 - - [22/Oct/1999:00:53:54 -0400] "GET /carolin2.gif HTTP/1.1" 200 3241 "http://www.selectsmart.com/indexa.html" "Mozilla/4.0 (compatible; MSIE 5.0; Windows NT; DigExt)"
198.97.155.248 - - [22/Oct/1999:00:53:54 -0400] "GET /sitename60_mining.gif HTTP/1.1" 200 2015 "http://www.selectsmart.com/indexa.html" "Mozilla/4.0 (compatible; MSIE 5.0; Windows NT; DigExt)"
198.97.155.248 - - [22/Oct/1999:00:53:56 -0400] "GET /CoolAward2.gif HTTP/1.1" 200 5548 "http://www.selectsmart.com/indexa.html" "Mozilla/4.0 (compatible; MSIE 5.0; Windows NT; DigExt)"
198.97.155.248 - - [22/Oct/1999:00:53:56 -0400] "GET /cpetsitm.gif HTTP/1.1" 200 6269 "http://www.selectsmart.com/indexa.html" "Mozilla/4.0 (compatible; MSIE 5.0; Windows NT; DigExt)"
198.97.155.248 - - [22/Oct/1999:00:53:58 -0400] "GET /blkpaw.gif HTTP/1.1" 200 936 "http://www.selectsmart.com/indexa.html" "Mozilla/4.0 (compatible; MSIE 5.0; Windows NT; DigExt)"
198.97.155.248 - - [22/Oct/1999:00:53:59 -0400] "GET /up.jpg HTTP/1.1" 200 2511 "http://www.selectsmart.com/sidepanel.html" "Mozilla/4.0 (compatible; MSIE 5.0; Windows NT; DigExt)"
216.161.162.47 - - [22/Oct/1999:00:54:30 -0400] "GET /dog/ HTTP/1.0" 200 20429 "http://www.uwsp.edu/acad/psych/dog/lib-Puppy.htm#pchew" "Mozilla/4.61 [en] (Win98; I)"
216.161.162.47 - - [22/Oct/1999:00:54:30 -0400] "GET /solid11.gif HTTP/1.0" 200 1006 "http://www.selectsmart.com/dog/" "Mozilla/4.61 [en] (Win98; I)"
216.161.162.47 - - [22/Oct/1999:00:54:30 -0400] "GET /solid41.gif HTTP/1.0" 200 987 "http://www.selectsmart.com/dog/" "Mozilla/4.61 [en] (Win98; I)"
205.188.209.41 - - [22/Oct/1999:00:54:30 -0400] "GET /PRESIDENT HTTP/1.0" 301 241 "-" "Mozilla/4.0 (compatible; MSIE 4.01; AOL 4.0; Windows 98)"
216.161.162.47 - - [22/Oct/1999:00:54:30 -0400] "GET /solid17.gif HTTP/1.0" 200 988 "http://www.selectsmart.com/dog/" "Mozilla/4.61 [en] (Win98; I)"
216.161.162.47 - - [22/Oct/1999:00:54:30 -0400] "GET /solid52.gif HTTP/1.0" 200 980 "http://www.selectsmart.com/dog/" "Mozilla/4.61 [en] (Win98; I)"
216.161.162.47 - - [22/Oct/1999:00:54:31 -0400] "GET /DOG/bestfriend.gif HTTP/1.0" 200 7547 "http://www.selectsmart.com/dog/" "Mozilla/4.61 [en] (Win98; I)"
216.161.162.47 - - [22/Oct/1999:00:54:31 -0400] "GET /DOG/dog&kennel.jpg HTTP/1.0" 200 2568 "http://www.selectsmart.com/dog/" "Mozilla/4.61 [en] (Win98; I)"
216.161.162.47 - - [22/Oct/1999:00:54:31 -0400] "GET /curt.jpg HTTP/1.0" 200 4228 "http://www.selectsmart.com/dog/" "Mozilla/4.61 [en] (Win98; I)"
216.161.162.47 - - [22/Oct/1999:00:54:31 -0400] "GET /DOG/dogworld.jpg HTTP/1.0" 200 2937 "http://www.selectsmart.com/dog/" "Mozilla/4.61 [en] (Win98; I)"
216.161.162.47 - - [22/Oct/1999:00:54:31 -0400] "GET /DOG/petlife.jpg HTTP/1.0" 200 2875 "http://www.selectsmart.com/dog/" "Mozilla/4.61 [en] (Win98; I)"
205.188.209.70 - - [22/Oct/1999:00:54:31 -0400] "GET /PRESIDENT/ HTTP/1.0" 304 - "-" "Mozilla/4.0 (compatible; MSIE 4.01; AOL 4.0; Windows 98)"
198.97.155.248 - - [22/Oct/1999:00:54:39 -0400] "GET /BUSINESS/16.gif HTTP/1.1" 200 6704 "http://www.selectsmart.com/PRESIDENT/" "Mozilla/4.0 (compatible; MSIE 5.0; Windows NT; DigExt)"
207.3.84.142 - - [22/Oct/1999:00:54:41 -0400] "POST /PRESIDENT/results.php3 HTTP/1.0" 200 6626 "http://www.selectsmart.com/PRESIDENT/" "Mozilla/3.01C-KIT (Win95; U)"
216.224.150.122 - - [22/Oct/1999:00:54:43 -0400] "POST /PRESIDENT/results.php3 HTTP/1.1" 200 6640 "http://www.selectsmart.com/PRESIDENT/" "Mozilla/4.0 (compatible; MSIE 4.01; Windows 98; formatpb)"
198.97.155.248 - - [22/Oct/1999:00:54:43 -0400] "GET /PRESIDENT/ HTTP/1.1" 200 29678 "http://www.selectsmart.com/indexa.html" "Mozilla/4.0 (compatible; MSIE 5.0; Windows NT; DigExt)"
198.97.155.248 - - [22/Oct/1999:00:54:47 -0400] "GET /PRESIDENT/anecdote.gif HTTP/1.1" 200 6898 "http://www.selectsmart.com/PRESIDENT/" "Mozilla/4.0 (compatible; MSIE 5.0; Windows NT; DigExt)"
198.97.155.248 - - [22/Oct/1999:00:54:49 -0400] "GET /PRESIDENT/campaigns.gif HTTP/1.1" 200 5835 "http://www.selectsmart.com/PRESIDENT/" "Mozilla/4.0 (compatible; MSIE 5.0; Windows NT; DigExt)"
198.97.155.248 - - [22/Oct/1999:00:54:51 -0400] "GET /PRESIDENT/packaging.gif HTTP/1.1" 200 10663 "http://www.selectsmart.com/PRESIDENT/" "Mozilla/4.0 (compatible; MSIE 5.0; Windows NT; DigExt)"
198.97.155.248 - - [22/Oct/1999:00:54:52 -0400] "GET /PRESIDENT/vidal.gif HTTP/1.1" 200 11342 "http://www.selectsmart.com/PRESIDENT/" "Mozilla/4.0 (compatible; MSIE 5.0; Windows NT; DigExt)"
198.97.155.248 - - [22/Oct/1999:00:54:54 -0400] "GET /PRESIDENT/TR.gif HTTP/1.1" 200 5566 "http://www.selectsmart.com/PRESIDENT/" "Mozilla/4.0 (compatible; MSIE 5.0; Windows NT; DigExt)"
129.1.216.10 - - [22/Oct/1999:00:54:56 -0400] "GET /president HTTP/1.0" 404 203 "-" "Mozilla/4.05 [en] (Win95; I)"
165.91.65.182 - - [22/Oct/1999:00:54:56 -0400] "GET /BUSINESS/drop_h.jpg HTTP/1.0" 200 2034 "http://www.selectsmart.com/PRESIDENT/" "Mozilla/3.0 (Win95; I)"
165.91.65.182 - - [22/Oct/1999:00:54:57 -0400] "GET /BUSINESS/drop_v.jpg HTTP/1.0" 200 1963 "http://www.selectsmart.com/PRESIDENT/" "Mozilla/3.0 (Win95; I)"
165.91.65.182 - - [22/Oct/1999:00:54:57 -0400] "GET /BUSINESS/16.gif HTTP/1.0" 200 6704 "http://www.selectsmart.com/PRESIDENT/" "Mozilla/3.0 (Win95; I)"
165.91.65.182 - - [22/Oct/1999:00:54:57 -0400] "GET /PRESIDENT/ HTTP/1.0" 200 29678 "http://lw1fd.hotmail.msn.com/cgi-bin/getmsg?disk=209.185.130.48_d845&login=ashole12&f=33792&curmbox=ACTIVE&_lang=&msg=MSG940543381.5&start=222568&len=6009" "Mozilla/3.0 (Win95; I)"
198.97.155.248 - - [22/Oct/1999:00:54:57 -0400] "GET /PRESIDENT/camp2000.gif HTTP/1.1" 200 7449 "http://www.selectsmart.com/PRESIDENT/" "Mozilla/4.0 (compatible; MSIE 5.0; Windows NT; DigExt)"
165.91.65.182 - - [22/Oct/1999:00:55:00 -0400] "GET /PRESIDENT/camp2000.gif HTTP/1.0" 200 7449 "http://www.selectsmart.com/PRESIDENT/" "Mozilla/3.0 (Win95; I)"
165.91.65.182 - - [22/Oct/1999:00:55:00 -0400] "GET /PRESIDENT/anecdote.gif HTTP/1.0" 200 6898 "http://www.selectsmart.com/PRESIDENT/" "Mozilla/3.0 (Win95; I)"
165.91.65.182 - - [22/Oct/1999:00:55:00 -0400] "GET /PRESIDENT/campaigns.gif HTTP/1.0" 200 5835 "http://www.selectsmart.com/PRESIDENT/" "Mozilla/3.0 (Win95; I)"
165.91.65.182 - - [22/Oct/1999:00:55:03 -0400] "GET /PRESIDENT/vidal.gif HTTP/1.0" 200 11342 "http://www.selectsmart.com/PRESIDENT/" "Mozilla/3.0 (Win95; I)"
165.91.65.182 - - [22/Oct/1999:00:55:08 -0400] "GET /PRESIDENT/TR.gif HTTP/1.0" 200 5566 "http://www.selectsmart.com/PRESIDENT/" "Mozilla/3.0 (Win95; I)"
165.91.65.182 - - [22/Oct/1999:00:55:12 -0400] "GET /PRESIDENT/packaging.gif HTTP/1.0" 200 10663 "http://www.selectsmart.com/PRESIDENT/" "Mozilla/3.0 (Win95; I)"
165.91.65.182 - - [22/Oct/1999:00:55:13 -0400] "GET /curt.jpg HTTP/1.0" 200 4228 "http://www.selectsmart.com/PRESIDENT/" "Mozilla/3.0 (Win95; I)"
207.3.84.142 - - [22/Oct/1999:00:55:39 -0400] "POST /PRESIDENT/results.php3 HTTP/1.0" 200 1376 "http://www.selectsmart.com/PRESIDENT/results.php3" "Mozilla/3.01C-KIT (Win95; U)"
207.3.84.142 - - [22/Oct/1999:00:55:49 -0400] "GET /PRESIDENT/index.html HTTP/1.0" 200 29678 "http://www.selectsmart.com/PRESIDENT/results.php3" "Mozilla/3.01C-KIT (Win95; U)"
152.163.232.120 - - [22/Oct/1999:00:55:52 -0400] "GET /PRESIDENT/define.htm HTTP/1.0" 200 151 "-" "Mozilla/4.0 (compatible; MSIE 4.01; AOL 4.0; Windows 98; Compaq)"
129.1.190.239 - - [22/Oct/1999:00:56:03 -0400] "GET /PRESIDENT HTTP/1.1" 301 253 "-" "Mozilla/4.0 (compatible; MSIE 4.01; Windows 98)"
130.38.163.237 - - [22/Oct/1999:00:56:04 -0400] "POST /PRESIDENT/results.php3 HTTP/1.0" 200 6625 "http://www.selectsmart.com/PRESIDENT/" "Mozilla/4.0 (compatible; MSIE 5.0; Windows 95; DigExt)"
129.1.190.239 - - [22/Oct/1999:00:56:06 -0400] "GET /BUSINESS/drop_v.jpg HTTP/1.1" 200 1963 "http://www.selectsmart.com/PRESIDENT/" "Mozilla/4.0 (compatible; MSIE 4.01; Windows 98)"
129.1.190.239 - - [22/Oct/1999:00:56:06 -0400] "GET /BUSINESS/16.gif HTTP/1.1" 200 6704 "http://www.selectsmart.com/PRESIDENT/" "Mozilla/4.0 (compatible; MSIE 4.01; Windows 98)"
129.1.190.239 - - [22/Oct/1999:00:56:09 -0400] "GET /BUSINESS/drop_h.jpg HTTP/1.1" 200 2034 "http://www.selectsmart.com/PRESIDENT/" "Mozilla/4.0 (compatible; MSIE 4.01; Windows 98)"
129.1.190.239 - - [22/Oct/1999:00:56:10 -0400] "GET /PRESIDENT/ HTTP/1.1" 200 29678 "-" "Mozilla/4.0 (compatible; MSIE 4.01; Windows 98)"
152.163.232.121 - - [22/Oct/1999:00:56:13 -0400] "GET /PRESIDENT/define1.htm HTTP/1.0" 200 144 "-" "Mozilla/4.0 (compatible; MSIE 4.01; AOL 4.0; Windows 98; Compaq)"
129.1.190.239 - - [22/Oct/1999:00:56:14 -0400] "GET /PRESIDENT/anecdote.gif HTTP/1.1" 200 6898 "http://www.selectsmart.com/PRESIDENT/" "Mozilla/4.0 (compatible; MSIE 4.01; Windows 98)"
129.1.190.239 - - [22/Oct/1999:00:56:16 -0400] "GET /PRESIDENT/campaigns.gif HTTP/1.1" 200 5835 "http://www.selectsmart.com/PRESIDENT/" "Mozilla/4.0 (compatible; MSIE 4.01; Windows 98)"
129.1.190.239 - - [22/Oct/1999:00:56:16 -0400] "GET /PRESIDENT/packaging.gif HTTP/1.1" 200 10663 "http://www.selectsmart.com/PRESIDENT/" "Mozilla/4.0 (compatible; MSIE 4.01; Windows 98)"
129.1.190.239 - - [22/Oct/1999:00:56:18 -0400] "GET /PRESIDENT/vidal.gif HTTP/1.1" 200 11342 "http://www.selectsmart.com/PRESIDENT/" "Mozilla/4.0 (compatible; MSIE 4.01; Windows 98)"
129.1.190.239 - - [22/Oct/1999:00:56:20 -0400] "GET /PRESIDENT/TR.gif HTTP/1.1" 200 5566 "http://www.selectsmart.com/PRESIDENT/" "Mozilla/4.0 (compatible; MSIE 4.01; Windows 98)"
207.251.201.123 - - [22/Oct/1999:00:56:21 -0400] "GET /PRESIDENT/camp2000.gif HTTP/1.0" 304 - "-" "Mozilla/3.01 (compatible;)"
129.1.190.239 - - [22/Oct/1999:00:56:22 -0400] "GET /PRESIDENT/camp2000.gif HTTP/1.1" 200 7449 "http://www.selectsmart.com/PRESIDENT/" "Mozilla/4.0 (compatible; MSIE 4.01; Windows 98)"
129.1.190.239 - - [22/Oct/1999:00:56:26 -0400] "GET /curt.jpg HTTP/1.1" 200 4228 "http://www.selectsmart.com/PRESIDENT/" "Mozilla/4.0 (compatible; MSIE 4.01; Windows 98)"
204.248.210.68 - - [22/Oct/1999:00:56:45 -0400] "GET /PRESIDENT/define16.htm HTTP/1.1" 200 229 "-" "Mozilla/4.0 (compatible; MSIE 4.01; Windows 98)"
129.116.78.130 - - [22/Oct/1999:00:56:47 -0400] "POST /PRESIDENT/results.php3 HTTP/1.0" 200 6625 "http://selectsmart.com/PRESIDENT/" "Mozilla/4.05 (Macintosh; I; PPC)"
129.1.190.239 - - [22/Oct/1999:00:57:00 -0400] "GET /PRESIDENT/define2.htm HTTP/1.1" 200 201 "-" "Mozilla/4.0 (compatible; MSIE 4.01; Windows 98)"
24.9.140.24 - - [22/Oct/1999:00:57:10 -0400] "GET /PRESIDENT/ HTTP/1.0" 200 29678 "http://www.FreeRepublic.com/forum/a380fd23a2489.htm" "Mozilla/4.05 [en]C-AtHome0404 (Win95; U)"
24.9.140.24 - - [22/Oct/1999:00:57:10 -0400] "GET /BUSINESS/drop_h.jpg HTTP/1.0" 200 2034 "http://www.selectsmart.com/PRESIDENT/" "Mozilla/4.05 [en]C-AtHome0404 (Win95; U)"
24.9.140.24 - - [22/Oct/1999:00:57:10 -0400] "GET /BUSINESS/drop_v.jpg HTTP/1.0" 200 1963 "http://www.selectsmart.com/PRESIDENT/" "Mozilla/4.05 [en]C-AtHome0404 (Win95; U)"
24.9.140.24 - - [22/Oct/1999:00:57:10 -0400] "GET /BUSINESS/16.gif HTTP/1.0" 200 6704 "http://www.selectsmart.com/PRESIDENT/" "Mozilla/4.05 [en]C-AtHome0404 (Win95; U)"
24.9.140.24 - - [22/Oct/1999:00:57:10 -0400] "GET /PRESIDENT/anecdote.gif HTTP/1.0" 200 6898 "http://www.selectsmart.com/PRESIDENT/" "Mozilla/4.05 [en]C-AtHome0404 (Win95; U)"
24.9.140.24 - - [22/Oct/1999:00:57:10 -0400] "GET /PRESIDENT/campaigns.gif HTTP/1.0" 200 5835 "http://www.selectsmart.com/PRESIDENT/" "Mozilla/4.05 [en]C-AtHome0404 (Win95; U)"
24.9.140.24 - - [22/Oct/1999:00:57:10 -0400] "GET /PRESIDENT/TR.gif HTTP/1.0" 200 5566 "http://www.selectsmart.com/PRESIDENT/" "Mozilla/4.05 [en]C-AtHome0404 (Win95; U)"
24.9.140.24 - - [22/Oct/1999:00:57:11 -0400] "GET /PRESIDENT/packaging.gif HTTP/1.0" 200 10663 "http://www.selectsmart.com/PRESIDENT/" "Mozilla/4.05 [en]C-AtHome0404 (Win95; U)"
24.9.140.24 - - [22/Oct/1999:00:57:11 -0400] "GET /PRESIDENT/vidal.gif HTTP/1.0" 200 11342 "http://www.selectsmart.com/PRESIDENT/" "Mozilla/4.05 [en]C-AtHome0404 (Win95; U)"
24.9.140.24 - - [22/Oct/1999:00:57:11 -0400] "GET /PRESIDENT/camp2000.gif HTTP/1.0" 200 7449 "http://www.selectsmart.com/PRESIDENT/" "Mozilla/4.05 [en]C-AtHome0404 (Win95; U)"
24.9.140.24 - - [22/Oct/1999:00:57:11 -0400] "GET /curt.jpg HTTP/1.0" 200 4228 "http://www.selectsmart.com/PRESIDENT/" "Mozilla/4.05 [en]C-AtHome0404 (Win95; U)"
129.1.190.239 - - [22/Oct/1999:00:57:15 -0400] "GET /PRESIDENT/define3.htm HTTP/1.1" 200 270 "-" "Mozilla/4.0 (compatible; MSIE 4.01; Windows 98)"
152.163.189.129 - - [22/Oct/1999:00:57:16 -0400] "GET /PRESIDENT/ HTTP/1.0" 304 - "-" "Mozilla/4.0 (compatible; MSIE 5.0; AOL 5.0; Windows 98; DigExt)"
63.14.146.149 - - [22/Oct/1999:00:57:21 -0400] "GET /BUSINESS/16.gif HTTP/1.1" 200 6704 "http://www.selectsmart.com/PRESIDENT/" "Mozilla/4.0 (compatible; MSIE 4.01; Windows 98)"
63.14.146.149 - - [22/Oct/1999:00:57:21 -0400] "GET /BUSINESS/drop_v.jpg HTTP/1.1" 200 1963 "http://www.selectsmart.com/PRESIDENT/" "Mozilla/4.0 (compatible; MSIE 4.01; Windows 98)"
63.14.146.149 - - [22/Oct/1999:00:57:21 -0400] "GET /PRESIDENT/ HTTP/1.1" 200 29678 "http://www.freerepublic.com/forum/a380fd23a2489.htm" "Mozilla/4.0 (compatible; MSIE 4.01; Windows 98)"
152.163.189.162 - - [22/Oct/1999:00:57:23 -0400] "GET /PRESIDENT/packaging.gif HTTP/1.0" 200 10663 "http://www.selectsmart.com/PRESIDENT/" "Mozilla/4.0 (compatible; MSIE 5.0; AOL 5.0; Windows 98; DigExt)"
63.14.146.149 - - [22/Oct/1999:00:57:23 -0400] "GET /BUSINESS/drop_h.jpg HTTP/1.1" 200 2034 "http://www.selectsmart.com/PRESIDENT/" "Mozilla/4.0 (compatible; MSIE 4.01; Windows 98)"
63.14.146.149 - - [22/Oct/1999:00:57:23 -0400] "GET /PRESIDENT/anecdote.gif HTTP/1.1" 200 6898 "http://www.selectsmart.com/PRESIDENT/" "Mozilla/4.0 (compatible; MSIE 4.01; Windows 98)"
63.14.146.149 - - [22/Oct/1999:00:57:23 -0400] "GET /PRESIDENT/campaigns.gif HTTP/1.1" 200 5835 "http://www.selectsmart.com/PRESIDENT/" "Mozilla/4.0 (compatible; MSIE 4.01; Windows 98)"
152.163.189.162 - - [22/Oct/1999:00:57:24 -0400] "GET /PRESIDENT/TR.gif HTTP/1.0" 200 5566 "http://www.selectsmart.com/PRESIDENT/" "Mozilla/4.0 (compatible; MSIE 5.0; AOL 5.0; Windows 98; DigExt)"
152.163.232.23 - - [22/Oct/1999:00:57:24 -0400] "POST /PRESIDENT/results.php3 HTTP/1.0" 200 6625 "http://www.selectsmart.com/PRESIDENT/" "Mozilla/4.0 (compatible; MSIE 4.01; AOL 4.0; Windows 98; Compaq)"
38.164.18.9 - - [22/Oct/1999:00:57:25 -0400] "POST /PRESIDENT/results.php3 HTTP/1.1" 200 6640 "http://www.selectsmart.com/PRESIDENT/" "Mozilla/4.0 (compatible; MSIE 4.01; Windows 95)"
63.14.146.149 - - [22/Oct/1999:00:57:26 -0400] "GET /PRESIDENT/vidal.gif HTTP/1.1" 200 11342 "http://www.selectsmart.com/PRESIDENT/" "Mozilla/4.0 (compatible; MSIE 4.01; Windows 98)"
152.163.189.129 - - [22/Oct/1999:00:57:26 -0400] "GET /PRESIDENT/camp2000.gif HTTP/1.0" 200 7449 "http://www.selectsmart.com/PRESIDENT/" "Mozilla/4.0 (compatible; MSIE 5.0; AOL 5.0; Windows 98; DigExt)"
63.14.146.149 - - [22/Oct/1999:00:57:29 -0400] "GET /PRESIDENT/TR.gif HTTP/1.1" 200 5566 "http://www.selectsmart.com/PRESIDENT/" "Mozilla/4.0 (compatible; MSIE 4.01; Windows 98)"
63.14.146.149 - - [22/Oct/1999:00:57:29 -0400] "GET /PRESIDENT/packaging.gif HTTP/1.1" 200 10663 "http://www.selectsmart.com/PRESIDENT/" "Mozilla/4.0 (compatible; MSIE 4.01; Windows 98)"
63.14.146.149 - - [22/Oct/1999:00:57:31 -0400] "GET /PRESIDENT/camp2000.gif HTTP/1.1" 200 7449 "http://www.selectsmart.com/PRESIDENT/" "Mozilla/4.0 (compatible; MSIE 4.01; Windows 98)"
63.14.146.149 - - [22/Oct/1999:00:57:33 -0400] "GET /curt.jpg HTTP/1.1" 200 4228 "http://www.selectsmart.com/PRESIDENT/" "Mozilla/4.0 (compatible; MSIE 4.01; Windows 98)"
198.97.155.248 - - [22/Oct/1999:00:57:38 -0400] "POST /PRESIDENT/results.php3 HTTP/1.1" 200 6638 "http://www.selectsmart.com/PRESIDENT/" "Mozilla/4.0 (compatible; MSIE 5.0; Windows NT; DigExt)"
205.188.199.34 - - [22/Oct/1999:00:57:43 -0400] "POST /PRESIDENT/results.php3 HTTP/1.0" 200 6627 "http://www.selectsmart.com/PRESIDENT/" "Mozilla/4.0 (compatible; MSIE 4.01; AOL 4.0; Windows 98)"
129.116.78.130 - - [22/Oct/1999:00:57:49 -0400] "POST /PRESIDENT/results.php3 HTTP/1.0" 200 12930 "http://www.selectsmart.com/PRESIDENT/results.php3" "Mozilla/4.05 (Macintosh; I; PPC)"
129.116.78.130 - - [22/Oct/1999:00:57:49 -0400] "GET /PRESIDENT/images/bradley.jpg HTTP/1.0" 200 2294 "-" "Mozilla/3.01 (compatible;)"
129.116.78.130 - - [22/Oct/1999:00:57:49 -0400] "GET /PRESIDENT/images/gore.jpg HTTP/1.0" 200 2930 "-" "Mozilla/3.01 (compatible;)"
38.164.18.9 - - [22/Oct/1999:00:57:53 -0400] "POST /PRESIDENT/results.php3 HTTP/1.1" 200 6640 "http://www.selectsmart.com/PRESIDENT/" "Mozilla/4.0 (compatible; MSIE 4.01; Windows 95)"
209.214.105.94 - - [22/Oct/1999:00:58:07 -0400] "GET /PRESIDENT/results.php3?more=now&mid=13 HTTP/1.0" 200 2980 "http://www.selectsmart.com/PRESIDENT/results.php3" "Mozilla/4.04 [en]C-bls40 (Win95; U)"
209.214.105.94 - - [22/Oct/1999:00:58:08 -0400] "GET /PRESIDENT/larouche.gif HTTP/1.0" 200 7990 "http://www.selectsmart.com/PRESIDENT/results.php3?more=now&mid=13" "Mozilla/4.04 [en]C-bls40 (Win95; U)"
38.164.18.9 - - [22/Oct/1999:00:58:17 -0400] "POST /PRESIDENT/results.php3 HTTP/1.1" 200 23188 "http://www.selectsmart.com/PRESIDENT/results.php3" "Mozilla/4.0 (compatible; MSIE 4.01; Windows 95)"
38.164.18.9 - - [22/Oct/1999:00:58:17 -0400] "GET /PRESIDENT/images/bradley.jpg HTTP/1.1" 200 2294 "http://www.selectsmart.com/PRESIDENT/results.php3" "Mozilla/4.0 (compatible; MSIE 4.01; Windows 95)"
38.164.18.9 - - [22/Oct/1999:00:58:21 -0400] "GET /PRESIDENT/images/bush.jpg HTTP/1.1" 200 2977 "http://www.selectsmart.com/PRESIDENT/results.php3" "Mozilla/4.0 (compatible; MSIE 4.01; Windows 95)"
38.164.18.9 - - [22/Oct/1999:00:58:23 -0400] "GET /PRESIDENT/images/gore.jpg HTTP/1.1" 200 2930 "http://www.selectsmart.com/PRESIDENT/results.php3" "Mozilla/4.0 (compatible; MSIE 4.01; Windows 95)"
38.164.18.9 - - [22/Oct/1999:00:58:24 -0400] "GET /PRESIDENT/images/mccain.jpg HTTP/1.1" 200 2299 "http://www.selectsmart.com/PRESIDENT/results.php3" "Mozilla/4.0 (compatible; MSIE 4.01; Windows 95)"
204.248.210.68 - - [22/Oct/1999:00:58:28 -0400] "POST /PRESIDENT/results.php3 HTTP/1.1" 200 6641 "http://www.selectsmart.com/PRESIDENT/" "Mozilla/4.0 (compatible; MSIE 4.01; Windows 98)"
165.91.65.182 - - [22/Oct/1999:00:58:30 -0400] "POST /PRESIDENT/results.php3 HTTP/1.0" 200 6626 "http://www.selectsmart.com/PRESIDENT/" "Mozilla/3.0 (Win95; I)"
205.188.199.34 - - [22/Oct/1999:00:58:33 -0400] "POST /PRESIDENT/results.php3 HTTP/1.0" 200 12582 "http://www.selectsmart.com/PRESIDENT/results.php3" "Mozilla/4.0 (compatible; MSIE 4.01; AOL 4.0; Windows 98)"
205.188.209.73 - - [22/Oct/1999:00:58:36 -0400] "GET /PRESIDENT/forbes.gif HTTP/1.0" 200 6324 "http://www.selectsmart.com/PRESIDENT/results.php3" "Mozilla/4.0 (compatible; MSIE 4.01; AOL 4.0; Windows 98)"
205.188.209.71 - - [22/Oct/1999:00:58:37 -0400] "GET /PRESIDENT/images/mccain.jpg HTTP/1.0" 304 - "http://www.selectsmart.com/PRESIDENT/results.php3" "Mozilla/4.0 (compatible; MSIE 4.01; AOL 4.0; Windows 98)"
129.1.190.239 - - [22/Oct/1999:00:58:44 -0400] "GET /PRESIDENT/define8.htm HTTP/1.1" 200 322 "-" "Mozilla/4.0 (compatible; MSIE 4.01; Windows 98)"
209.214.105.94 - - [22/Oct/1999:00:58:56 -0400] "GET /PRESIDENT/results.php3?more=now&mid=15 HTTP/1.0" 200 2783 "http://www.selectsmart.com/PRESIDENT/results.php3" "Mozilla/4.04 [en]C-bls40 (Win95; U)"
209.214.105.94 - - [22/Oct/1999:00:58:58 -0400] "GET /PRESIDENT/images/nader.jpg HTTP/1.0" 200 2686 "http://www.selectsmart.com/PRESIDENT/results.php3?more=now&mid=15" "Mozilla/4.04 [en]C-bls40 (Win95; U)"
129.1.190.239 - - [22/Oct/1999:00:59:31 -0400] "GET /PRESIDENT/define.htm HTTP/1.1" 200 151 "-" "Mozilla/4.0 (compatible; MSIE 4.01; Windows 98)"
24.9.140.24 - - [22/Oct/1999:00:59:41 -0400] "POST /PRESIDENT/results.php3 HTTP/1.0" 200 6625 "http://www.selectsmart.com/PRESIDENT/" "Mozilla/4.05 [en]C-AtHome0404 (Win95; U)"
129.1.190.239 - - [22/Oct/1999:00:59:42 -0400] "GET /PRESIDENT/define1.htm HTTP/1.1" 200 144 "-" "Mozilla/4.0 (compatible; MSIE 4.01; Windows 98)"
204.248.210.68 - - [22/Oct/1999:00:59:50 -0400] "GET /PRESIDENT/ HTTP/1.1" 304 - "-" "Mozilla/4.0 (compatible; MSIE 4.01; Windows 98)"
204.248.210.68 - - [22/Oct/1999:00:59:51 -0400] "GET /PRESIDENT/anecdote.gif HTTP/1.1" 304 - "http://www.selectsmart.com/PRESIDENT/" "Mozilla/4.0 (compatible; MSIE 4.01; Windows 98)"
204.248.210.68 - - [22/Oct/1999:00:59:51 -0400] "GET /BUSINESS/16.gif HTTP/1.1" 304 - "http://www.selectsmart.com/PRESIDENT/" "Mozilla/4.0 (compatible; MSIE 4.01; Windows 98)"
204.248.210.68 - - [22/Oct/1999:00:59:51 -0400] "GET /BUSINESS/drop_v.jpg HTTP/1.1" 304 - "http://www.selectsmart.com/PRESIDENT/" "Mozilla/4.0 (compatible; MSIE 4.01; Windows 98)"
204.248.210.68 - - [22/Oct/1999:00:59:51 -0400] "GET /PRESIDENT/campaigns.gif HTTP/1.1" 304 - "http://www.selectsmart.com/PRESIDENT/" "Mozilla/4.0 (compatible; MSIE 4.01; Windows 98)"
204.248.210.68 - - [22/Oct/1999:00:59:51 -0400] "GET /PRESIDENT/packaging.gif HTTP/1.1" 304 - "http://www.selectsmart.com/PRESIDENT/" "Mozilla/4.0 (compatible; MSIE 4.01; Windows 98)"
204.248.210.68 - - [22/Oct/1999:00:59:51 -0400] "GET /BUSINESS/drop_h.jpg HTTP/1.1" 304 - "http://www.selectsmart.com/PRESIDENT/" "Mozilla/4.0 (compatible; MSIE 4.01; Windows 98)"
204.248.210.68 - - [22/Oct/1999:00:59:52 -0400] "GET /PRESIDENT/vidal.gif HTTP/1.1" 304 - "http://www.selectsmart.com/PRESIDENT/" "Mozilla/4.0 (compatible; MSIE 4.01; Windows 98)"
204.248.210.68 - - [22/Oct/1999:00:59:52 -0400] "GET /PRESIDENT/TR.gif HTTP/1.1" 304 - "http://www.selectsmart.com/PRESIDENT/" "Mozilla/4.0 (compatible; MSIE 4.01; Windows 98)"
204.248.210.68 - - [22/Oct/1999:00:59:52 -0400] "GET /PRESIDENT/camp2000.gif HTTP/1.1" 304 - "http://www.selectsmart.com/PRESIDENT/" "Mozilla/4.0 (compatible; MSIE 4.01; Windows 98)"
204.248.210.68 - - [22/Oct/1999:00:59:52 -0400] "GET /curt.jpg HTTP/1.1" 304 - "http://www.selectsmart.com/PRESIDENT/" "Mozilla/4.0 (compatible; MSIE 4.01; Windows 98)"
63.21.114.138 - - [22/Oct/1999:00:59:56 -0400] "GET /BUSINESS/16.gif HTTP/1.1" 200 6704 "http://www.selectsmart.com/PRESIDENT/" "Mozilla/4.0 (compatible; MSIE 4.01; Windows 98)"
63.21.114.138 - - [22/Oct/1999:00:59:56 -0400] "GET /BUSINESS/drop_v.jpg HTTP/1.1" 200 1963 "http://www.selectsmart.com/PRESIDENT/" "Mozilla/4.0 (compatible; MSIE 4.01; Windows 98)"
63.21.114.138 - - [22/Oct/1999:00:59:57 -0400] "GET /PRESIDENT/ HTTP/1.1" 200 29678 "http://www.freerepublic.com/forum/a380fd23a2489.htm" "Mozilla/4.0 (compatible; MSIE 4.01; Windows 98)"
206.208.132.18 - - [22/Oct/1999:00:59:58 -0400] "GET / HTTP/1.1" 200 1839 "-" "Mozilla/4.0 (compatible; MSIE 5.0; Windows NT; DigExt)"
206.208.132.18 - - [22/Oct/1999:00:59:58 -0400] "GET /sidepanel.html HTTP/1.1" 200 3890 "http://www.selectsmart.com/" "Mozilla/4.0 (compatible; MSIE 5.0; Windows NT; DigExt)"
206.208.132.18 - - [22/Oct/1999:00:59:58 -0400] "GET /solid52.gif HTTP/1.1" 200 980 "http://www.selectsmart.com/sidepanel.html" "Mozilla/4.0 (compatible; MSIE 5.0; Windows NT; DigExt)"
206.208.132.18 - - [22/Oct/1999:00:59:58 -0400] "GET /AMAZON/amzn-buy.gif HTTP/1.1" 200 3051 "http://www.selectsmart.com/sidepanel.html" "Mozilla/4.0 (compatible; MSIE 5.0; Windows NT; DigExt)"
206.208.132.18 - - [22/Oct/1999:00:59:58 -0400] "GET /thnkyell.jpg HTTP/1.1" 200 23337 "http://www.selectsmart.com/sidepanel.html" "Mozilla/4.0 (compatible; MSIE 5.0; Windows NT; DigExt)"
206.208.132.18 - - [22/Oct/1999:00:59:58 -0400] "GET /indexa.html HTTP/1.1" 200 20372 "http://www.selectsmart.com/" "Mozilla/4.0 (compatible; MSIE 5.0; Windows NT; DigExt)"
206.208.132.18 - - [22/Oct/1999:00:59:58 -0400] "GET /solid59.gif HTTP/1.1" 200 977 "http://www.selectsmart.com/sidepanel.html" "Mozilla/4.0 (compatible; MSIE 5.0; Windows NT; DigExt)"
206.208.132.18 - - [22/Oct/1999:00:59:58 -0400] "GET /solid17.gif HTTP/1.1" 200 988 "http://www.selectsmart.com/sidepanel.html" "Mozilla/4.0 (compatible; MSIE 5.0; Windows NT; DigExt)"
206.208.132.18 - - [22/Oct/1999:00:59:58 -0400] "GET /solid48.gif HTTP/1.1" 200 987 "http://www.selectsmart.com/sidepanel.html" "Mozilla/4.0 (compatible; MSIE 5.0; Windows NT; DigExt)"
206.208.132.18 - - [22/Oct/1999:00:59:59 -0400] "GET /solid41.gif HTTP/1.1" 200 987 "http://www.selectsmart.com/sidepanel.html" "Mozilla/4.0 (compatible; MSIE 5.0; Windows NT; DigExt)"
206.208.132.18 - - [22/Oct/1999:00:59:59 -0400] "GET /solid17.gif HTTP/1.1" 200 988 "http://www.selectsmart.com/sidepanel.html" "Mozilla/4.0 (compatible; MSIE 5.0; Windows NT; DigExt)"
206.208.132.18 - - [22/Oct/1999:00:59:59 -0400] "GET /BUSINESS/14.gif HTTP/1.1" 200 6644 "http://www.selectsmart.com/indexa.html" "Mozilla/4.0 (compatible; MSIE 5.0; Windows NT; DigExt)"
206.208.132.18 - - [22/Oct/1999:00:59:59 -0400] "GET /up.jpg HTTP/1.1" 200 2511 "http://www.selectsmart.com/sidepanel.html" "Mozilla/4.0 (compatible; MSIE 5.0; Windows NT; DigExt)"
206.208.132.18 - - [22/Oct/1999:00:59:59 -0400] "GET /BUSINESS/drop_v.jpg HTTP/1.1" 200 1963 "http://www.selectsmart.com/indexa.html" "Mozilla/4.0 (compatible; MSIE 5.0; Windows NT; DigExt)"
206.208.132.18 - - [22/Oct/1999:00:59:59 -0400] "GET /curt.jpg HTTP/1.1" 200 4228 "http://www.selectsmart.com/sidepanel.html" "Mozilla/4.0 (compatible; MSIE 5.0; Windows NT; DigExt)"
206.208.132.18 - - [22/Oct/1999:00:59:59 -0400] "GET /BUSINESS/drop_h.jpg HTTP/1.1" 200 2034 "http://www.selectsmart.com/indexa.html" "Mozilla/4.0 (compatible; MSIE 5.0; Windows NT; DigExt)"
206.208.132.18 - - [22/Oct/1999:00:59:59 -0400] "GET /planetclick.gif HTTP/1.1" 200 4949 "http://www.selectsmart.com/indexa.html" "Mozilla/4.0 (compatible; MSIE 5.0; Windows NT; DigExt)"
206.208.132.18 - - [22/Oct/1999:00:59:59 -0400] "GET /solid6.gif HTTP/1.1" 200 993 "http://www.selectsmart.com/indexa.html" "Mozilla/4.0 (compatible; MSIE 5.0; Windows NT; DigExt)"
206.208.132.18 - - [22/Oct/1999:00:59:59 -0400] "GET /sltrib.gif HTTP/1.1" 200 5673 "http://www.selectsmart.com/indexa.html" "Mozilla/4.0 (compatible; MSIE 5.0; Windows NT; DigExt)"
206.208.132.18 - - [22/Oct/1999:00:59:59 -0400] "GET /solid11.gif HTTP/1.1" 200 1006 "http://www.selectsmart.com/indexa.html" "Mozilla/4.0 (compatible; MSIE 5.0; Windows NT; DigExt)"
206.208.132.18 - - [22/Oct/1999:00:59:59 -0400] "GET /cooltools.gif HTTP/1.1" 200 3810 "http://www.selectsmart.com/indexa.html" "Mozilla/4.0 (compatible; MSIE 5.0; Windows NT; DigExt)"
206.208.132.18 - - [22/Oct/1999:00:59:59 -0400] "GET /solid28.gif HTTP/1.1" 200 972 "http://www.selectsmart.com/indexa.html" "Mozilla/4.0 (compatible; MSIE 5.0; Windows NT; DigExt)"
206.208.132.18 - - [22/Oct/1999:00:59:59 -0400] "GET /cooldogsiteselected.gif HTTP/1.1" 200 2982 "http://www.selectsmart.com/indexa.html" "Mozilla/4.0 (compatible; MSIE 5.0; Windows NT; DigExt)"
63.21.114.138 - - [22/Oct/1999:00:59:59 -0400] "GET /BUSINESS/drop_h.jpg HTTP/1.1" 200 2034 "http://www.selectsmart.com/PRESIDENT/" "Mozilla/4.0 (compatible; MSIE 4.01; Windows 98)"
206.208.132.18 - - [22/Oct/1999:00:59:59 -0400] "GET /carolin2.gif HTTP/1.1" 200 3241 "http://www.selectsmart.com/indexa.html" "Mozilla/4.0 (compatible; MSIE 5.0; Windows NT; DigExt)"
206.208.132.18 - - [22/Oct/1999:01:00:00 -0400] "GET /CoolAward2.gif HTTP/1.1" 200 5548 "http://www.selectsmart.com/indexa.html" "Mozilla/4.0 (compatible; MSIE 5.0; Windows NT; DigExt)"
206.208.132.18 - - [22/Oct/1999:01:00:00 -0400] "GET /solid48.gif HTTP/1.1" 200 987 "http://www.selectsmart.com/indexa.html" "Mozilla/4.0 (compatible; MSIE 5.0; Windows NT; DigExt)"
206.208.132.18 - - [22/Oct/1999:01:00:00 -0400] "GET /sitename60_mining.gif HTTP/1.1" 200 2015 "http://www.selectsmart.com/indexa.html" "Mozilla/4.0 (compatible; MSIE 5.0; Windows NT; DigExt)"
206.208.132.18 - - [22/Oct/1999:01:00:00 -0400] "GET /exclaim.jpg HTTP/1.1" 200 7859 "http://www.selectsmart.com/indexa.html" "Mozilla/4.0 (compatible; MSIE 5.0; Windows NT; DigExt)"
206.208.132.18 - - [22/Oct/1999:01:00:00 -0400] "GET /cpetsitm.gif HTTP/1.1" 200 6269 "http://www.selectsmart.com/indexa.html" "Mozilla/4.0 (compatible; MSIE 5.0; Windows NT; DigExt)"
206.208.132.18 - - [22/Oct/1999:01:00:00 -0400] "GET /blkpaw.gif HTTP/1.1" 200 936 "http://www.selectsmart.com/indexa.html" "Mozilla/4.0 (compatible; MSIE 5.0; Windows NT; DigExt)"
63.21.114.138 - - [22/Oct/1999:01:00:00 -0400] "GET /PRESIDENT/anecdote.gif HTTP/1.1" 200 6898 "http://www.selectsmart.com/PRESIDENT/" "Mozilla/4.0 (compatible; MSIE 4.01; Windows 98)"
63.21.114.138 - - [22/Oct/1999:01:00:00 -0400] "GET /PRESIDENT/campaigns.gif HTTP/1.1" 200 5835 "http://www.selectsmart.com/PRESIDENT/" "Mozilla/4.0 (compatible; MSIE 4.01; Windows 98)"
152.163.204.204 - - [22/Oct/1999:01:00:04 -0400] "POST /PRESIDENT/results.php3 HTTP/1.0" 200 6625 "http://www.selectsmart.com/PRESIDENT/" "Mozilla/4.0 (compatible; MSIE 5.0; AOL 5.0; Windows 98; DigExt)"
