209.21.213.146 - - [22/Oct/1999:09:03:47 -0400] "GET /PRESIDENT/anecdote.gif HTTP/1.0" 200 6898 "http://www.selectsmart.com/PRESIDENT/" "Mozilla/4.61 (Macintosh; I; PPC)"
209.21.213.146 - - [22/Oct/1999:09:03:47 -0400] "GET /PRESIDENT/packaging.gif HTTP/1.0" 200 10663 "http://www.selectsmart.com/PRESIDENT/" "Mozilla/4.61 (Macintosh; I; PPC)"
209.21.213.146 - - [22/Oct/1999:09:03:48 -0400] "GET /PRESIDENT/campaigns.gif HTTP/1.0" 200 5835 "http://www.selectsmart.com/PRESIDENT/" "Mozilla/4.61 (Macintosh; I; PPC)"
208.241.56.86 - - [22/Oct/1999:09:03:48 -0400] "POST /PRESIDENT/results.php3 HTTP/1.1" 200 1388 "http://www.selectsmart.com/PRESIDENT/results.php3" "Mozilla/4.0 (compatible; MSIE 4.01; Windows 95)"
209.21.213.146 - - [22/Oct/1999:09:03:48 -0400] "GET /curt.jpg HTTP/1.0" 200 4228 "http://www.selectsmart.com/PRESIDENT/" "Mozilla/4.61 (Macintosh; I; PPC)"
209.21.213.146 - - [22/Oct/1999:09:03:48 -0400] "GET /PRESIDENT/TR.gif HTTP/1.0" 200 5566 "http://www.selectsmart.com/PRESIDENT/" "Mozilla/4.61 (Macintosh; I; PPC)"
209.21.213.146 - - [22/Oct/1999:09:03:48 -0400] "GET /PRESIDENT/camp2000.gif HTTP/1.0" 200 7449 "http://www.selectsmart.com/PRESIDENT/" "Mozilla/4.61 (Macintosh; I; PPC)"
209.21.213.146 - - [22/Oct/1999:09:03:49 -0400] "GET /PRESIDENT/vidal.gif HTTP/1.0" 200 11342 "http://www.selectsmart.com/PRESIDENT/" "Mozilla/4.61 (Macintosh; I; PPC)"
207.233.189.68 - - [22/Oct/1999:09:03:49 -0400] "GET /PRESIDENT/ HTTP/1.1" 200 29678 "-" "Mozilla/4.0 (compatible; MSIE 4.0; Windows 95)"
216.44.98.194 - - [22/Oct/1999:09:03:50 -0400] "GET /PRESIDENT/ HTTP/1.1" 200 29678 "-" "Mozilla/4.0 (compatible; MSIE 4.01; Windows 98)"
209.64.200.66 - - [22/Oct/1999:09:03:51 -0400] "GET /PRESIDENT/define3.htm HTTP/1.0" 200 270 "-" "Mozilla/4.0 (compatible; MSIE 4.01; Windows 95; CITGO Petroleum)"
216.44.98.194 - - [22/Oct/1999:09:03:51 -0400] "GET /PRESIDENT/anecdote.gif HTTP/1.1" 200 6898 "http://www.selectsmart.com/PRESIDENT/" "Mozilla/4.0 (compatible; MSIE 4.01; Windows 98)"
216.44.98.194 - - [22/Oct/1999:09:03:51 -0400] "GET /BUSINESS/16.gif HTTP/1.1" 200 6704 "http://www.selectsmart.com/PRESIDENT/" "Mozilla/4.0 (compatible; MSIE 4.01; Windows 98)"
216.44.98.194 - - [22/Oct/1999:09:03:51 -0400] "GET /BUSINESS/drop_v.jpg HTTP/1.1" 200 1963 "http://www.selectsmart.com/PRESIDENT/" "Mozilla/4.0 (compatible; MSIE 4.01; Windows 98)"
216.44.98.194 - - [22/Oct/1999:09:03:51 -0400] "GET /PRESIDENT/campaigns.gif HTTP/1.1" 200 5835 "http://www.selectsmart.com/PRESIDENT/" "Mozilla/4.0 (compatible; MSIE 4.01; Windows 98)"
216.44.98.194 - - [22/Oct/1999:09:03:51 -0400] "GET /PRESIDENT/packaging.gif HTTP/1.1" 200 10663 "http://www.selectsmart.com/PRESIDENT/" "Mozilla/4.0 (compatible; MSIE 4.01; Windows 98)"
209.64.200.66 - - [22/Oct/1999:09:03:51 -0400] "GET / HTTP/1.0" 200 1839 "-" "Mozilla/4.0 (compatible; MSIE 4.01; Windows 95; CITGO Petroleum)"
216.44.98.194 - - [22/Oct/1999:09:03:52 -0400] "GET /PRESIDENT/TR.gif HTTP/1.1" 200 5566 "http://www.selectsmart.com/PRESIDENT/" "Mozilla/4.0 (compatible; MSIE 4.01; Windows 98)"
216.44.98.194 - - [22/Oct/1999:09:03:52 -0400] "GET /PRESIDENT/vidal.gif HTTP/1.1" 200 11342 "http://www.selectsmart.com/PRESIDENT/" "Mozilla/4.0 (compatible; MSIE 4.01; Windows 98)"
216.44.98.194 - - [22/Oct/1999:09:03:52 -0400] "GET /PRESIDENT/camp2000.gif HTTP/1.1" 200 7449 "http://www.selectsmart.com/PRESIDENT/" "Mozilla/4.0 (compatible; MSIE 4.01; Windows 98)"
216.44.98.194 - - [22/Oct/1999:09:03:52 -0400] "GET /curt.jpg HTTP/1.1" 200 4228 "http://www.selectsmart.com/PRESIDENT/" "Mozilla/4.0 (compatible; MSIE 4.01; Windows 98)"
216.44.98.194 - - [22/Oct/1999:09:03:53 -0400] "GET /BUSINESS/drop_h.jpg HTTP/1.1" 200 2034 "http://www.selectsmart.com/PRESIDENT/" "Mozilla/4.0 (compatible; MSIE 4.01; Windows 98)"
207.233.189.68 - - [22/Oct/1999:09:03:53 -0400] "GET /PRESIDENT/anecdote.gif HTTP/1.1" 200 6898 "http://www.selectsmart.com/PRESIDENT/" "Mozilla/4.0 (compatible; MSIE 4.0; Windows 95)"
207.233.189.68 - - [22/Oct/1999:09:03:53 -0400] "GET /BUSINESS/16.gif HTTP/1.1" 200 6704 "http://www.selectsmart.com/PRESIDENT/" "Mozilla/4.0 (compatible; MSIE 4.0; Windows 95)"
207.233.189.68 - - [22/Oct/1999:09:03:53 -0400] "GET /BUSINESS/drop_v.jpg HTTP/1.1" 200 1963 "http://www.selectsmart.com/PRESIDENT/" "Mozilla/4.0 (compatible; MSIE 4.0; Windows 95)"
207.233.189.68 - - [22/Oct/1999:09:03:53 -0400] "GET /PRESIDENT/campaigns.gif HTTP/1.1" 200 5835 "http://www.selectsmart.com/PRESIDENT/" "Mozilla/4.0 (compatible; MSIE 4.0; Windows 95)"
207.233.189.68 - - [22/Oct/1999:09:03:53 -0400] "GET /BUSINESS/drop_h.jpg HTTP/1.1" 200 2034 "http://www.selectsmart.com/PRESIDENT/" "Mozilla/4.0 (compatible; MSIE 4.0; Windows 95)"
207.233.189.68 - - [22/Oct/1999:09:03:54 -0400] "GET /PRESIDENT/packaging.gif HTTP/1.1" 200 10663 "http://www.selectsmart.com/PRESIDENT/" "Mozilla/4.0 (compatible; MSIE 4.0; Windows 95)"
207.233.189.68 - - [22/Oct/1999:09:03:54 -0400] "GET /PRESIDENT/vidal.gif HTTP/1.1" 200 11342 "http://www.selectsmart.com/PRESIDENT/" "Mozilla/4.0 (compatible; MSIE 4.0; Windows 95)"
207.233.189.68 - - [22/Oct/1999:09:03:54 -0400] "GET /PRESIDENT/TR.gif HTTP/1.1" 200 5566 "http://www.selectsmart.com/PRESIDENT/" "Mozilla/4.0 (compatible; MSIE 4.0; Windows 95)"
207.233.189.68 - - [22/Oct/1999:09:03:54 -0400] "GET /PRESIDENT/camp2000.gif HTTP/1.1" 200 7449 "http://www.selectsmart.com/PRESIDENT/" "Mozilla/4.0 (compatible; MSIE 4.0; Windows 95)"
207.233.189.68 - - [22/Oct/1999:09:03:54 -0400] "GET /curt.jpg HTTP/1.1" 200 4228 "http://www.selectsmart.com/PRESIDENT/" "Mozilla/4.0 (compatible; MSIE 4.0; Windows 95)"
152.163.188.101 - - [22/Oct/1999:09:03:54 -0400] "GET /PRESIDENT HTTP/1.0" 301 241 "-" "Mozilla/4.0 (compatible; MSIE 5.0; AOL 5.0; Windows 98; DigExt)"
38.180.46.2 - - [22/Oct/1999:09:03:56 -0400] "POST /PRESIDENT/results.php3 HTTP/1.0" 200 7159 "http://www.selectsmart.com/PRESIDENT/results.php3" "Mozilla/4.61 [en] (Win95; I)"
158.72.77.149 - - [22/Oct/1999:09:03:57 -0400] "GET /PRESIDENT/ HTTP/1.0" 200 29678 "-" "Mozilla/4.5 [en] (Win98; U)"
38.180.46.2 - - [22/Oct/1999:09:03:57 -0400] "GET /PRESIDENT/forbes.gif HTTP/1.0" 200 6324 "http://www.selectsmart.com/PRESIDENT/results.php3" "Mozilla/4.61 [en] (Win95; I)"
158.72.77.149 - - [22/Oct/1999:09:03:57 -0400] "GET /BUSINESS/drop_h.jpg HTTP/1.0" 200 2034 "http://www.selectsmart.com/PRESIDENT/" "Mozilla/4.5 [en] (Win98; U)"
158.72.77.149 - - [22/Oct/1999:09:03:57 -0400] "GET /BUSINESS/16.gif HTTP/1.0" 200 6704 "http://www.selectsmart.com/PRESIDENT/" "Mozilla/4.5 [en] (Win98; U)"
158.72.77.149 - - [22/Oct/1999:09:03:57 -0400] "GET /BUSINESS/drop_v.jpg HTTP/1.0" 200 1963 "http://www.selectsmart.com/PRESIDENT/" "Mozilla/4.5 [en] (Win98; U)"
158.72.77.149 - - [22/Oct/1999:09:03:57 -0400] "GET /PRESIDENT/anecdote.gif HTTP/1.0" 200 6898 "http://www.selectsmart.com/PRESIDENT/" "Mozilla/4.5 [en] (Win98; U)"
158.72.77.149 - - [22/Oct/1999:09:03:57 -0400] "GET /PRESIDENT/campaigns.gif HTTP/1.0" 200 5835 "http://www.selectsmart.com/PRESIDENT/" "Mozilla/4.5 [en] (Win98; U)"
158.72.77.149 - - [22/Oct/1999:09:03:57 -0400] "GET /PRESIDENT/packaging.gif HTTP/1.0" 200 10663 "http://www.selectsmart.com/PRESIDENT/" "Mozilla/4.5 [en] (Win98; U)"
158.72.77.149 - - [22/Oct/1999:09:03:57 -0400] "GET /PRESIDENT/vidal.gif HTTP/1.0" 200 11342 "http://www.selectsmart.com/PRESIDENT/" "Mozilla/4.5 [en] (Win98; U)"
158.72.77.149 - - [22/Oct/1999:09:03:57 -0400] "GET /PRESIDENT/camp2000.gif HTTP/1.0" 200 7449 "http://www.selectsmart.com/PRESIDENT/" "Mozilla/4.5 [en] (Win98; U)"
158.72.77.149 - - [22/Oct/1999:09:03:57 -0400] "GET /PRESIDENT/TR.gif HTTP/1.0" 200 5566 "http://www.selectsmart.com/PRESIDENT/" "Mozilla/4.5 [en] (Win98; U)"
158.72.77.149 - - [22/Oct/1999:09:03:57 -0400] "GET /curt.jpg HTTP/1.0" 200 4228 "http://www.selectsmart.com/PRESIDENT/" "Mozilla/4.5 [en] (Win98; U)"
152.163.188.100 - - [22/Oct/1999:09:03:57 -0400] "GET /BUSINESS/drop_v.jpg HTTP/1.0" 200 1963 "http://www.selectsmart.com/PRESIDENT/" "Mozilla/4.0 (compatible; MSIE 5.0; AOL 5.0; Windows 98; DigExt)"
143.231.211.70 - - [22/Oct/1999:09:03:59 -0400] "GET /PRESIDENT/ HTTP/1.1" 200 29678 "-" "Mozilla/4.0 (compatible; MSIE 4.01; Windows NT)"
143.231.211.70 - - [22/Oct/1999:09:04:00 -0400] "GET /PRESIDENT/anecdote.gif HTTP/1.1" 200 6898 "http://www.selectsmart.com/PRESIDENT/" "Mozilla/4.0 (compatible; MSIE 4.01; Windows NT)"
143.231.211.70 - - [22/Oct/1999:09:04:00 -0400] "GET /PRESIDENT/campaigns.gif HTTP/1.1" 200 5835 "http://www.selectsmart.com/PRESIDENT/" "Mozilla/4.0 (compatible; MSIE 4.01; Windows NT)"
143.231.211.70 - - [22/Oct/1999:09:04:00 -0400] "GET /BUSINESS/16.gif HTTP/1.1" 200 6704 "http://www.selectsmart.com/PRESIDENT/" "Mozilla/4.0 (compatible; MSIE 4.01; Windows NT)"
143.231.211.70 - - [22/Oct/1999:09:04:00 -0400] "GET /BUSINESS/drop_v.jpg HTTP/1.1" 200 1963 "http://www.selectsmart.com/PRESIDENT/" "Mozilla/4.0 (compatible; MSIE 4.01; Windows NT)"
143.231.211.70 - - [22/Oct/1999:09:04:00 -0400] "GET /PRESIDENT/packaging.gif HTTP/1.1" 200 10663 "http://www.selectsmart.com/PRESIDENT/" "Mozilla/4.0 (compatible; MSIE 4.01; Windows NT)"
143.231.211.70 - - [22/Oct/1999:09:04:00 -0400] "GET /PRESIDENT/vidal.gif HTTP/1.1" 200 11342 "http://www.selectsmart.com/PRESIDENT/" "Mozilla/4.0 (compatible; MSIE 4.01; Windows NT)"
143.231.211.70 - - [22/Oct/1999:09:04:00 -0400] "GET /PRESIDENT/TR.gif HTTP/1.1" 200 5566 "http://www.selectsmart.com/PRESIDENT/" "Mozilla/4.0 (compatible; MSIE 4.01; Windows NT)"
143.231.211.70 - - [22/Oct/1999:09:04:00 -0400] "GET /BUSINESS/drop_h.jpg HTTP/1.1" 200 2034 "http://www.selectsmart.com/PRESIDENT/" "Mozilla/4.0 (compatible; MSIE 4.01; Windows NT)"
143.231.211.70 - - [22/Oct/1999:09:04:00 -0400] "GET /PRESIDENT/camp2000.gif HTTP/1.1" 200 7449 "http://www.selectsmart.com/PRESIDENT/" "Mozilla/4.0 (compatible; MSIE 4.01; Windows NT)"
143.231.211.70 - - [22/Oct/1999:09:04:00 -0400] "GET /curt.jpg HTTP/1.1" 200 4228 "http://www.selectsmart.com/PRESIDENT/" "Mozilla/4.0 (compatible; MSIE 4.01; Windows NT)"
208.226.49.87 - - [22/Oct/1999:09:04:02 -0400] "POST /PRESIDENT/results.php3 HTTP/1.0" 200 6626 "http://www.selectsmart.com/PRESIDENT/" "Mozilla/4.05 [en] (Win95; I ;Nav)"
207.91.127.100 - - [22/Oct/1999:09:04:06 -0400] "GET /PRESIDENT/results.php3?more=now&mid=18 HTTP/1.1" 200 3774 "http://www.selectsmart.com/PRESIDENT/results.php3" "Mozilla/4.0 (compatible; MSIE 5.0; Windows 98; DigExt)"
207.91.127.100 - - [22/Oct/1999:09:04:06 -0400] "GET /PRESIDENT/images/mcreynolds.jpg HTTP/1.1" 200 4631 "http://www.selectsmart.com/PRESIDENT/results.php3?more=now&mid=18" "Mozilla/4.0 (compatible; MSIE 5.0; Windows 98; DigExt)"
152.163.188.35 - - [22/Oct/1999:09:04:09 -0400] "GET /PRESIDENT/camp2000.gif HTTP/1.0" 304 - "http://www.selectsmart.com/PRESIDENT/" "Mozilla/4.0 (compatible; MSIE 5.0; AOL 5.0; Windows 98; DigExt)"
206.161.26.28 - - [22/Oct/1999:09:04:10 -0400] "POST /PRESIDENT/results.php3 HTTP/1.1" 200 6639 "http://www.selectsmart.com/PRESIDENT/" "Mozilla/4.0 (compatible; MSIE 4.01; Windows 98)"
208.241.56.86 - - [22/Oct/1999:09:04:11 -0400] "POST /PRESIDENT/results.php3 HTTP/1.1" 200 17624 "http://www.selectsmart.com/PRESIDENT/results.php3" "Mozilla/4.0 (compatible; MSIE 4.01; Windows 95)"
208.241.56.86 - - [22/Oct/1999:09:04:11 -0400] "GET /PRESIDENT/images/bauer.jpg HTTP/1.1" 200 2154 "http://www.selectsmart.com/PRESIDENT/results.php3" "Mozilla/4.0 (compatible; MSIE 4.01; Windows 95)"
208.241.56.86 - - [22/Oct/1999:09:04:11 -0400] "GET /PRESIDENT/images/bush.jpg HTTP/1.1" 200 2977 "http://www.selectsmart.com/PRESIDENT/results.php3" "Mozilla/4.0 (compatible; MSIE 4.01; Windows 95)"
208.241.56.86 - - [22/Oct/1999:09:04:11 -0400] "GET /PRESIDENT/images/mccain.jpg HTTP/1.1" 200 2299 "http://www.selectsmart.com/PRESIDENT/results.php3" "Mozilla/4.0 (compatible; MSIE 4.01; Windows 95)"
143.231.240.67 - - [22/Oct/1999:09:04:11 -0400] "POST /PRESIDENT/results.php3 HTTP/1.0" 200 6628 "http://www.selectsmart.com/PRESIDENT/" "Mozilla/4.61 [en] (Win95; I)"
209.21.213.146 - - [22/Oct/1999:09:04:13 -0400] "GET /PRESIDENT/define2.htm HTTP/1.0" 200 201 "http://www.selectsmart.com/PRESIDENT/" "Mozilla/4.61 (Macintosh; I; PPC)"
198.153.151.2 - - [22/Oct/1999:09:04:15 -0400] "GET / HTTP/1.0" 200 1839 "-" "Mozilla/4.7 [en] (Win95; I)"
157.91.35.47 - - [22/Oct/1999:09:04:15 -0400] "POST /PRESIDENT/results.php3 HTTP/1.1" 200 6639 "http://www.selectsmart.com/PRESIDENT/" "Mozilla/4.0 (compatible; MSIE 5.0; Windows NT; DigExt)"
198.153.151.2 - - [22/Oct/1999:09:04:16 -0400] "GET /sidepanel.html HTTP/1.0" 200 3890 "-" "Mozilla/4.7 [en] (Win95; I)"
198.153.151.2 - - [22/Oct/1999:09:04:16 -0400] "GET /indexa.html HTTP/1.0" 200 20372 "-" "Mozilla/4.7 [en] (Win95; I)"
198.153.151.2 - - [22/Oct/1999:09:04:16 -0400] "GET /solid52.gif HTTP/1.0" 200 980 "http://www.selectsmart.com/sidepanel.html" "Mozilla/4.7 [en] (Win95; I)"
198.153.151.2 - - [22/Oct/1999:09:04:16 -0400] "GET /solid59.gif HTTP/1.0" 200 977 "http://www.selectsmart.com/sidepanel.html" "Mozilla/4.7 [en] (Win95; I)"
198.153.151.2 - - [22/Oct/1999:09:04:16 -0400] "GET /AMAZON/amzn-buy.gif HTTP/1.0" 200 3051 "http://www.selectsmart.com/sidepanel.html" "Mozilla/4.7 [en] (Win95; I)"
198.153.151.2 - - [22/Oct/1999:09:04:17 -0400] "GET /thnkyell.jpg HTTP/1.0" 200 23337 "http://www.selectsmart.com/sidepanel.html" "Mozilla/4.7 [en] (Win95; I)"
198.153.151.2 - - [22/Oct/1999:09:04:17 -0400] "GET /BUSINESS/14.gif HTTP/1.0" 200 6644 "http://www.selectsmart.com/indexa.html" "Mozilla/4.7 [en] (Win95; I)"
198.153.151.2 - - [22/Oct/1999:09:04:17 -0400] "GET /BUSINESS/drop_v.jpg HTTP/1.0" 200 1963 "http://www.selectsmart.com/indexa.html" "Mozilla/4.7 [en] (Win95; I)"
198.153.151.2 - - [22/Oct/1999:09:04:17 -0400] "GET /BUSINESS/drop_h.jpg HTTP/1.0" 200 2034 "http://www.selectsmart.com/indexa.html" "Mozilla/4.7 [en] (Win95; I)"
198.153.151.2 - - [22/Oct/1999:09:04:18 -0400] "GET /solid17.gif HTTP/1.0" 200 988 "http://www.selectsmart.com/sidepanel.html" "Mozilla/4.7 [en] (Win95; I)"
198.153.151.2 - - [22/Oct/1999:09:04:18 -0400] "GET /curt.jpg HTTP/1.0" 200 4228 "http://www.selectsmart.com/sidepanel.html" "Mozilla/4.7 [en] (Win95; I)"
198.153.151.2 - - [22/Oct/1999:09:04:18 -0400] "GET /solid6.gif HTTP/1.0" 200 993 "http://www.selectsmart.com/indexa.html" "Mozilla/4.7 [en] (Win95; I)"
198.153.151.2 - - [22/Oct/1999:09:04:18 -0400] "GET /up.jpg HTTP/1.0" 200 2511 "http://www.selectsmart.com/sidepanel.html" "Mozilla/4.7 [en] (Win95; I)"
198.153.151.2 - - [22/Oct/1999:09:04:18 -0400] "GET /planetclick.gif HTTP/1.0" 200 4949 "http://www.selectsmart.com/indexa.html" "Mozilla/4.7 [en] (Win95; I)"
198.153.151.2 - - [22/Oct/1999:09:04:18 -0400] "GET /exclaim.jpg HTTP/1.0" 200 7859 "http://www.selectsmart.com/indexa.html" "Mozilla/4.7 [en] (Win95; I)"
198.153.151.2 - - [22/Oct/1999:09:04:18 -0400] "GET /cooltools.gif HTTP/1.0" 200 3810 "http://www.selectsmart.com/indexa.html" "Mozilla/4.7 [en] (Win95; I)"
198.153.151.2 - - [22/Oct/1999:09:04:18 -0400] "GET /sitename60_mining.gif HTTP/1.0" 200 2015 "http://www.selectsmart.com/indexa.html" "Mozilla/4.7 [en] (Win95; I)"
198.153.151.2 - - [22/Oct/1999:09:04:18 -0400] "GET /solid48.gif HTTP/1.0" 200 987 "http://www.selectsmart.com/sidepanel.html" "Mozilla/4.7 [en] (Win95; I)"
198.153.151.2 - - [22/Oct/1999:09:04:19 -0400] "GET /solid28.gif HTTP/1.0" 200 972 "http://www.selectsmart.com/indexa.html" "Mozilla/4.7 [en] (Win95; I)"
198.153.151.2 - - [22/Oct/1999:09:04:19 -0400] "GET /solid17.gif HTTP/1.0" 200 988 "http://www.selectsmart.com/sidepanel.html" "Mozilla/4.7 [en] (Win95; I)"
198.153.151.2 - - [22/Oct/1999:09:04:19 -0400] "GET /solid41.gif HTTP/1.0" 200 987 "http://www.selectsmart.com/sidepanel.html" "Mozilla/4.7 [en] (Win95; I)"
198.153.151.2 - - [22/Oct/1999:09:04:19 -0400] "GET /solid11.gif HTTP/1.0" 200 1006 "http://www.selectsmart.com/indexa.html" "Mozilla/4.7 [en] (Win95; I)"
207.96.54.159 - - [22/Oct/1999:09:04:19 -0400] "POST /PRESIDENT/results.php3 HTTP/1.1" 200 6637 "http://www.selectsmart.com/PRESIDENT/" "Mozilla/4.0 (compatible; MSIE 4.01; Windows 95)"
198.153.151.2 - - [22/Oct/1999:09:04:19 -0400] "GET /sltrib.gif HTTP/1.0" 200 5673 "http://www.selectsmart.com/indexa.html" "Mozilla/4.7 [en] (Win95; I)"
198.153.151.2 - - [22/Oct/1999:09:04:19 -0400] "GET /cpetsitm.gif HTTP/1.0" 200 6269 "http://www.selectsmart.com/indexa.html" "Mozilla/4.7 [en] (Win95; I)"
204.211.19.155 - - [22/Oct/1999:09:04:19 -0400] "GET /PRESIDENT/ HTTP/1.0" 200 29678 "http://www.selectsmart.com/indexa.html" "Mozilla/4.61 [en] (Win95; I)"
198.153.151.2 - - [22/Oct/1999:09:04:20 -0400] "GET /cooldogsiteselected.gif HTTP/1.0" 200 2982 "http://www.selectsmart.com/indexa.html" "Mozilla/4.7 [en] (Win95; I)"
198.153.151.2 - - [22/Oct/1999:09:04:20 -0400] "GET /CoolAward2.gif HTTP/1.0" 200 5548 "http://www.selectsmart.com/indexa.html" "Mozilla/4.7 [en] (Win95; I)"
198.153.151.2 - - [22/Oct/1999:09:04:20 -0400] "GET /solid48.gif HTTP/1.0" 200 987 "http://www.selectsmart.com/indexa.html" "Mozilla/4.7 [en] (Win95; I)"
198.153.151.2 - - [22/Oct/1999:09:04:20 -0400] "GET /blkpaw.gif HTTP/1.0" 200 936 "http://www.selectsmart.com/indexa.html" "Mozilla/4.7 [en] (Win95; I)"
198.153.151.2 - - [22/Oct/1999:09:04:20 -0400] "GET /carolin2.gif HTTP/1.0" 200 3241 "http://www.selectsmart.com/indexa.html" "Mozilla/4.7 [en] (Win95; I)"
204.211.19.155 - - [22/Oct/1999:09:04:20 -0400] "GET /BUSINESS/16.gif HTTP/1.0" 200 6704 "http://www.selectsmart.com/PRESIDENT/" "Mozilla/4.61 [en] (Win95; I)"
216.164.135.22 - - [22/Oct/1999:09:04:22 -0400] "POST /PRESIDENT/results.php3 HTTP/1.1" 200 6638 "http://www.selectsmart.com/PRESIDENT/" "Mozilla/4.0 (compatible; MSIE 5.0; Windows 98; DigExt; STAR040199)"
204.211.19.155 - - [22/Oct/1999:09:04:22 -0400] "GET /PRESIDENT/anecdote.gif HTTP/1.0" 200 6898 "http://www.selectsmart.com/PRESIDENT/" "Mozilla/4.61 [en] (Win95; I)"
204.211.19.155 - - [22/Oct/1999:09:04:22 -0400] "GET /PRESIDENT/campaigns.gif HTTP/1.0" 200 5835 "http://www.selectsmart.com/PRESIDENT/" "Mozilla/4.61 [en] (Win95; I)"
204.211.19.155 - - [22/Oct/1999:09:04:23 -0400] "GET /PRESIDENT/packaging.gif HTTP/1.0" 200 10663 "http://www.selectsmart.com/PRESIDENT/" "Mozilla/4.61 [en] (Win95; I)"
209.21.213.146 - - [22/Oct/1999:09:04:23 -0400] "GET /PRESIDENT/define3.htm HTTP/1.0" 200 270 "http://www.selectsmart.com/PRESIDENT/" "Mozilla/4.61 (Macintosh; I; PPC)"
204.211.19.155 - - [22/Oct/1999:09:04:23 -0400] "GET /PRESIDENT/TR.gif HTTP/1.0" 200 5566 "http://www.selectsmart.com/PRESIDENT/" "Mozilla/4.61 [en] (Win95; I)"
204.211.19.155 - - [22/Oct/1999:09:04:23 -0400] "GET /PRESIDENT/vidal.gif HTTP/1.0" 200 11342 "http://www.selectsmart.com/PRESIDENT/" "Mozilla/4.61 [en] (Win95; I)"
204.211.19.155 - - [22/Oct/1999:09:04:23 -0400] "GET /PRESIDENT/camp2000.gif HTTP/1.0" 200 7449 "http://www.selectsmart.com/PRESIDENT/" "Mozilla/4.61 [en] (Win95; I)"
38.179.56.93 - - [22/Oct/1999:09:04:23 -0400] "GET /PRESIDENT/define.htm HTTP/1.0" 200 151 "http://www.selectsmart.com/PRESIDENT/" "Mozilla/4.61 [en] (WinNT; I)"
157.91.35.47 - - [22/Oct/1999:09:04:30 -0400] "GET /PRESIDENT/results.php3?more=now&mid=18 HTTP/1.1" 200 3774 "http://www.selectsmart.com/PRESIDENT/results.php3" "Mozilla/4.0 (compatible; MSIE 5.0; Windows NT; DigExt)"
157.91.35.47 - - [22/Oct/1999:09:04:31 -0400] "GET /PRESIDENT/images/mcreynolds.jpg HTTP/1.1" 200 4631 "http://www.selectsmart.com/PRESIDENT/results.php3?more=now&mid=18" "Mozilla/4.0 (compatible; MSIE 5.0; Windows NT; DigExt)"
143.231.64.77 - - [22/Oct/1999:09:04:31 -0400] "GET /PRESIDENT/ HTTP/1.0" 200 29678 "-" "Mozilla/4.05 [en] (Win95; I)"
143.231.64.77 - - [22/Oct/1999:09:04:33 -0400] "GET /BUSINESS/drop_v.jpg HTTP/1.0" 200 1963 "http://www.selectsmart.com/PRESIDENT/" "Mozilla/4.05 [en] (Win95; I)"
143.231.64.77 - - [22/Oct/1999:09:04:33 -0400] "GET /BUSINESS/drop_h.jpg HTTP/1.0" 200 2034 "http://www.selectsmart.com/PRESIDENT/" "Mozilla/4.05 [en] (Win95; I)"
143.231.64.77 - - [22/Oct/1999:09:04:33 -0400] "GET /BUSINESS/16.gif HTTP/1.0" 200 6704 "http://www.selectsmart.com/PRESIDENT/" "Mozilla/4.05 [en] (Win95; I)"
143.231.64.77 - - [22/Oct/1999:09:04:33 -0400] "GET /PRESIDENT/anecdote.gif HTTP/1.0" 200 6898 "http://www.selectsmart.com/PRESIDENT/" "Mozilla/4.05 [en] (Win95; I)"
143.231.64.77 - - [22/Oct/1999:09:04:33 -0400] "GET /PRESIDENT/packaging.gif HTTP/1.0" 200 10663 "http://www.selectsmart.com/PRESIDENT/" "Mozilla/4.05 [en] (Win95; I)"
143.231.64.77 - - [22/Oct/1999:09:04:33 -0400] "GET /PRESIDENT/TR.gif HTTP/1.0" 200 5566 "http://www.selectsmart.com/PRESIDENT/" "Mozilla/4.05 [en] (Win95; I)"
143.231.64.77 - - [22/Oct/1999:09:04:33 -0400] "GET /PRESIDENT/vidal.gif HTTP/1.0" 200 11342 "http://www.selectsmart.com/PRESIDENT/" "Mozilla/4.05 [en] (Win95; I)"
143.231.64.77 - - [22/Oct/1999:09:04:33 -0400] "GET /curt.jpg HTTP/1.0" 200 4228 "http://www.selectsmart.com/PRESIDENT/" "Mozilla/4.05 [en] (Win95; I)"
143.231.64.77 - - [22/Oct/1999:09:04:33 -0400] "GET /PRESIDENT/campaigns.gif HTTP/1.0" 200 5835 "http://www.selectsmart.com/PRESIDENT/" "Mozilla/4.05 [en] (Win95; I)"
143.231.64.77 - - [22/Oct/1999:09:04:33 -0400] "GET /PRESIDENT/camp2000.gif HTTP/1.0" 200 7449 "http://www.selectsmart.com/PRESIDENT/" "Mozilla/4.05 [en] (Win95; I)"
143.231.64.77 - - [22/Oct/1999:09:04:34 -0400] "GET /PRESIDENT/TR.gif HTTP/1.0" 304 - "http://www.selectsmart.com/PRESIDENT/" "Mozilla/4.05 [en] (Win95; I)"
143.231.64.77 - - [22/Oct/1999:09:04:35 -0400] "GET /PRESIDENT/TR.gif HTTP/1.0" 206 3796 "http://www.selectsmart.com/PRESIDENT/" "Mozilla/4.05 [en] (Win95; I)"
198.78.181.203 - - [22/Oct/1999:09:04:36 -0400] "GET /PRESIDENT/define8.htm HTTP/1.0" 200 322 "http://www.selectsmart.com/PRESIDENT/" "Mozilla/4.5 [en] (Win98; U)"
143.231.222.8 - - [22/Oct/1999:09:04:37 -0400] "GET /PRESIDENT/ HTTP/1.0" 200 0 "-" "Mozilla/4.51 [en] (WinNT; U)"
143.231.222.8 - - [22/Oct/1999:09:04:37 -0400] "GET /PRESIDENT/ HTTP/1.0" 200 29678 "-" "Mozilla/4.51 [en] (WinNT; U)"
38.179.56.93 - - [22/Oct/1999:09:04:37 -0400] "GET /PRESIDENT/define1.htm HTTP/1.0" 200 144 "http://www.selectsmart.com/PRESIDENT/" "Mozilla/4.61 [en] (WinNT; I)"
143.231.222.8 - - [22/Oct/1999:09:04:37 -0400] "GET /BUSINESS/16.gif HTTP/1.0" 200 6704 "http://www.selectsmart.com/PRESIDENT/" "Mozilla/4.51 [en] (WinNT; U)"
143.231.222.8 - - [22/Oct/1999:09:04:37 -0400] "GET /BUSINESS/drop_v.jpg HTTP/1.0" 200 1963 "http://www.selectsmart.com/PRESIDENT/" "Mozilla/4.51 [en] (WinNT; U)"
143.231.222.8 - - [22/Oct/1999:09:04:37 -0400] "GET /BUSINESS/drop_h.jpg HTTP/1.0" 200 2034 "http://www.selectsmart.com/PRESIDENT/" "Mozilla/4.51 [en] (WinNT; U)"
169.144.135.120 - - [22/Oct/1999:09:04:38 -0400] "GET /PRESIDENT/ HTTP/1.0" 200 29678 "-" "Mozilla/4.05 [en] (Win95; I)"
169.144.135.120 - - [22/Oct/1999:09:04:38 -0400] "GET /BUSINESS/16.gif HTTP/1.0" 200 6704 "http://www.selectsmart.com/PRESIDENT/" "Mozilla/4.05 [en] (Win95; I)"
169.144.135.120 - - [22/Oct/1999:09:04:38 -0400] "GET /BUSINESS/drop_h.jpg HTTP/1.0" 200 2034 "http://www.selectsmart.com/PRESIDENT/" "Mozilla/4.05 [en] (Win95; I)"
169.144.135.120 - - [22/Oct/1999:09:04:38 -0400] "GET /BUSINESS/drop_v.jpg HTTP/1.0" 200 1963 "http://www.selectsmart.com/PRESIDENT/" "Mozilla/4.05 [en] (Win95; I)"
169.144.135.120 - - [22/Oct/1999:09:04:38 -0400] "GET /PRESIDENT/anecdote.gif HTTP/1.0" 200 6898 "http://www.selectsmart.com/PRESIDENT/" "Mozilla/4.05 [en] (Win95; I)"
169.144.135.120 - - [22/Oct/1999:09:04:38 -0400] "GET /curt.jpg HTTP/1.0" 200 4228 "http://www.selectsmart.com/PRESIDENT/" "Mozilla/4.05 [en] (Win95; I)"
169.144.135.120 - - [22/Oct/1999:09:04:38 -0400] "GET /PRESIDENT/packaging.gif HTTP/1.0" 200 10663 "http://www.selectsmart.com/PRESIDENT/" "Mozilla/4.05 [en] (Win95; I)"
169.144.135.120 - - [22/Oct/1999:09:04:38 -0400] "GET /PRESIDENT/TR.gif HTTP/1.0" 200 5566 "http://www.selectsmart.com/PRESIDENT/" "Mozilla/4.05 [en] (Win95; I)"
169.144.135.120 - - [22/Oct/1999:09:04:38 -0400] "GET /PRESIDENT/vidal.gif HTTP/1.0" 200 11342 "http://www.selectsmart.com/PRESIDENT/" "Mozilla/4.05 [en] (Win95; I)"
169.144.135.120 - - [22/Oct/1999:09:04:38 -0400] "GET /PRESIDENT/campaigns.gif HTTP/1.0" 200 5835 "http://www.selectsmart.com/PRESIDENT/" "Mozilla/4.05 [en] (Win95; I)"
169.144.135.120 - - [22/Oct/1999:09:04:38 -0400] "GET /PRESIDENT/camp2000.gif HTTP/1.0" 200 7449 "http://www.selectsmart.com/PRESIDENT/" "Mozilla/4.05 [en] (Win95; I)"
143.231.222.8 - - [22/Oct/1999:09:04:39 -0400] "GET /PRESIDENT/packaging.gif HTTP/1.0" 200 10663 "http://www.selectsmart.com/PRESIDENT/" "Mozilla/4.51 [en] (WinNT; U)"
143.231.222.8 - - [22/Oct/1999:09:04:39 -0400] "GET /PRESIDENT/anecdote.gif HTTP/1.0" 200 6898 "http://www.selectsmart.com/PRESIDENT/" "Mozilla/4.51 [en] (WinNT; U)"
143.231.222.8 - - [22/Oct/1999:09:04:39 -0400] "GET /PRESIDENT/TR.gif HTTP/1.0" 200 5566 "http://www.selectsmart.com/PRESIDENT/" "Mozilla/4.51 [en] (WinNT; U)"
143.231.222.8 - - [22/Oct/1999:09:04:39 -0400] "GET /PRESIDENT/campaigns.gif HTTP/1.0" 200 5835 "http://www.selectsmart.com/PRESIDENT/" "Mozilla/4.51 [en] (WinNT; U)"
143.231.222.8 - - [22/Oct/1999:09:04:39 -0400] "GET /PRESIDENT/vidal.gif HTTP/1.0" 200 11342 "http://www.selectsmart.com/PRESIDENT/" "Mozilla/4.51 [en] (WinNT; U)"
198.187.214.202 - - [22/Oct/1999:09:04:39 -0400] "POST /PRESIDENT/results.php3 HTTP/1.1" 200 12951 "http://www.selectsmart.com/PRESIDENT/results.php3" "Mozilla/4.0 (compatible; MSIE 4.01; Windows 95)"
143.231.222.8 - - [22/Oct/1999:09:04:40 -0400] "GET /curt.jpg HTTP/1.0" 200 4228 "http://www.selectsmart.com/PRESIDENT/" "Mozilla/4.51 [en] (WinNT; U)"
143.231.222.8 - - [22/Oct/1999:09:04:40 -0400] "GET /PRESIDENT/camp2000.gif HTTP/1.0" 200 7449 "http://www.selectsmart.com/PRESIDENT/" "Mozilla/4.51 [en] (WinNT; U)"
198.187.214.202 - - [22/Oct/1999:09:04:42 -0400] "GET /PRESIDENT/images/bradley.jpg HTTP/1.1" 200 2294 "http://www.selectsmart.com/PRESIDENT/results.php3" "Mozilla/4.0 (compatible; MSIE 4.01; Windows 95)"
198.153.151.2 - - [22/Oct/1999:09:04:42 -0400] "GET /PRESIDENT/ HTTP/1.0" 200 29678 "http://www.selectsmart.com/indexa.html" "Mozilla/4.7 [en] (Win95; I)"
198.153.151.2 - - [22/Oct/1999:09:04:43 -0400] "GET /PRESIDENT/anecdote.gif HTTP/1.0" 200 6898 "http://www.selectsmart.com/PRESIDENT/" "Mozilla/4.7 [en] (Win95; I)"
198.153.151.2 - - [22/Oct/1999:09:04:43 -0400] "GET /PRESIDENT/campaigns.gif HTTP/1.0" 200 5835 "http://www.selectsmart.com/PRESIDENT/" "Mozilla/4.7 [en] (Win95; I)"
198.153.151.2 - - [22/Oct/1999:09:04:43 -0400] "GET /PRESIDENT/packaging.gif HTTP/1.0" 200 10663 "http://www.selectsmart.com/PRESIDENT/" "Mozilla/4.7 [en] (Win95; I)"
198.187.214.202 - - [22/Oct/1999:09:04:43 -0400] "GET /PRESIDENT/images/gore.jpg HTTP/1.1" 200 2930 "http://www.selectsmart.com/PRESIDENT/results.php3" "Mozilla/4.0 (compatible; MSIE 4.01; Windows 95)"
198.153.151.2 - - [22/Oct/1999:09:04:45 -0400] "GET /PRESIDENT/TR.gif HTTP/1.0" 200 5566 "http://www.selectsmart.com/PRESIDENT/" "Mozilla/4.7 [en] (Win95; I)"
198.153.151.2 - - [22/Oct/1999:09:04:45 -0400] "GET /PRESIDENT/vidal.gif HTTP/1.0" 200 11342 "http://www.selectsmart.com/PRESIDENT/" "Mozilla/4.7 [en] (Win95; I)"
198.153.151.2 - - [22/Oct/1999:09:04:45 -0400] "GET /BUSINESS/16.gif HTTP/1.0" 200 6704 "http://www.selectsmart.com/PRESIDENT/" "Mozilla/4.7 [en] (Win95; I)"
198.153.151.2 - - [22/Oct/1999:09:04:46 -0400] "GET /PRESIDENT/camp2000.gif HTTP/1.0" 200 7449 "http://www.selectsmart.com/PRESIDENT/" "Mozilla/4.7 [en] (Win95; I)"
209.64.200.66 - - [22/Oct/1999:09:04:46 -0400] "GET /PRESIDENT/ HTTP/1.0" 200 29678 "-" "Mozilla/4.0 (compatible; MSIE 4.01; Windows 95; CITGO Petroleum)"
24.4.252.128 - - [22/Oct/1999:09:04:47 -0400] "GET /DOG HTTP/1.0" 301 235 "http://www.selectsmart.com/indexa.html" "Mozilla/4.5 [en]C-AtHome0405 (Win98; U)"
209.64.200.66 - - [22/Oct/1999:09:04:47 -0400] "GET / HTTP/1.0" 200 1839 "-" "Mozilla/4.0 (compatible; MSIE 4.01; Windows 95; CITGO Petroleum)"
24.4.252.129 - - [22/Oct/1999:09:04:48 -0400] "GET /DOG/ HTTP/1.0" 200 26494 "http://www.selectsmart.com/indexa.html" "Mozilla/4.5 [en]C-AtHome0405 (Win98; U)"
24.4.252.129 - - [22/Oct/1999:09:04:48 -0400] "GET /DOG/compet.gif HTTP/1.0" 200 15373 "http://www.selectsmart.com/DOG/" "Mozilla/4.5 [en]C-AtHome0405 (Win98; U)"
24.4.252.129 - - [22/Oct/1999:09:04:48 -0400] "GET /DOG/toydog.gif HTTP/1.0" 200 11205 "http://www.selectsmart.com/DOG/" "Mozilla/4.5 [en]C-AtHome0405 (Win98; U)"
24.4.252.128 - - [22/Oct/1999:09:04:48 -0400] "GET /DOG/purinadog.gif HTTP/1.0" 200 11906 "http://www.selectsmart.com/DOG/" "Mozilla/4.5 [en]C-AtHome0405 (Win98; U)"
24.4.252.129 - - [22/Oct/1999:09:04:48 -0400] "GET /DOG/gettingthemost.gif HTTP/1.0" 200 7267 "http://www.selectsmart.com/DOG/" "Mozilla/4.5 [en]C-AtHome0405 (Win98; U)"
24.4.252.128 - - [22/Oct/1999:09:04:48 -0400] "GET /DOG/trickisin.gif HTTP/1.0" 200 13603 "http://www.selectsmart.com/DOG/" "Mozilla/4.5 [en]C-AtHome0405 (Win98; U)"
24.4.252.128 - - [22/Oct/1999:09:04:48 -0400] "GET /DOG/pudgy.gif HTTP/1.0" 200 14675 "http://www.selectsmart.com/DOG/" "Mozilla/4.5 [en]C-AtHome0405 (Win98; U)"
208.226.49.87 - - [22/Oct/1999:09:04:49 -0400] "GET /PRESIDENT/poll.htm HTTP/1.0" 200 4489 "http://www.selectsmart.com/PRESIDENT/" "Mozilla/4.05 [en] (Win95; I ;Nav)"
209.64.200.66 - - [22/Oct/1999:09:04:49 -0400] "GET /BUSINESS/drop_v.jpg HTTP/1.0" 200 1963 "http://www.selectsmart.com/PRESIDENT/" "Mozilla/4.0 (compatible; MSIE 4.01; Windows 95; CITGO Petroleum)"
209.64.200.66 - - [22/Oct/1999:09:04:49 -0400] "GET /BUSINESS/16.gif HTTP/1.0" 200 6704 "http://www.selectsmart.com/PRESIDENT/" "Mozilla/4.0 (compatible; MSIE 4.01; Windows 95; CITGO Petroleum)"
209.64.200.66 - - [22/Oct/1999:09:04:49 -0400] "GET /BUSINESS/drop_h.jpg HTTP/1.0" 200 2034 "http://www.selectsmart.com/PRESIDENT/" "Mozilla/4.0 (compatible; MSIE 4.01; Windows 95; CITGO Petroleum)"
209.64.200.66 - - [22/Oct/1999:09:04:50 -0400] "GET /PRESIDENT/anecdote.gif HTTP/1.0" 200 6898 "http://www.selectsmart.com/PRESIDENT/" "Mozilla/4.0 (compatible; MSIE 4.01; Windows 95; CITGO Petroleum)"
209.64.200.66 - - [22/Oct/1999:09:04:50 -0400] "GET /PRESIDENT/packaging.gif HTTP/1.0" 200 10663 "http://www.selectsmart.com/PRESIDENT/" "Mozilla/4.0 (compatible; MSIE 4.01; Windows 95; CITGO Petroleum)"
209.64.200.66 - - [22/Oct/1999:09:04:50 -0400] "GET /PRESIDENT/campaigns.gif HTTP/1.0" 200 5835 "http://www.selectsmart.com/PRESIDENT/" "Mozilla/4.0 (compatible; MSIE 4.01; Windows 95; CITGO Petroleum)"
209.64.200.66 - - [22/Oct/1999:09:04:50 -0400] "GET /PRESIDENT/vidal.gif HTTP/1.0" 200 11342 "http://www.selectsmart.com/PRESIDENT/" "Mozilla/4.0 (compatible; MSIE 4.01; Windows 95; CITGO Petroleum)"
209.64.200.66 - - [22/Oct/1999:09:04:51 -0400] "GET /PRESIDENT/TR.gif HTTP/1.0" 200 5566 "http://www.selectsmart.com/PRESIDENT/" "Mozilla/4.0 (compatible; MSIE 4.01; Windows 95; CITGO Petroleum)"
209.64.200.66 - - [22/Oct/1999:09:04:51 -0400] "GET /PRESIDENT/camp2000.gif HTTP/1.0" 200 7449 "http://www.selectsmart.com/PRESIDENT/" "Mozilla/4.0 (compatible; MSIE 4.01; Windows 95; CITGO Petroleum)"
209.64.200.66 - - [22/Oct/1999:09:04:51 -0400] "GET /curt.jpg HTTP/1.0" 200 4228 "http://www.selectsmart.com/PRESIDENT/" "Mozilla/4.0 (compatible; MSIE 4.01; Windows 95; CITGO Petroleum)"
208.134.156.2 - - [22/Oct/1999:09:04:54 -0400] "POST /PRESIDENT/results.php3 HTTP/1.1" 200 6639 "http://www.selectsmart.com/PRESIDENT/" "Mozilla/4.0 (compatible; MSIE 5.0; Windows NT; DigExt)"
143.231.149.47 - - [22/Oct/1999:09:04:54 -0400] "GET /PRESIDENT/ HTTP/1.0" 200 29678 "-" "Mozilla/4.6 [en] (WinNT; U)"
38.219.129.106 - - [22/Oct/1999:09:04:55 -0400] "GET /PRESIDENT/ HTTP/1.0" 200 29678 "-" "Mozilla/4.61 [en] (Win95; I)"
143.231.149.47 - - [22/Oct/1999:09:04:56 -0400] "GET /PRESIDENT/anecdote.gif HTTP/1.0" 200 6898 "http://www.selectsmart.com/PRESIDENT/" "Mozilla/4.6 [en] (WinNT; U)"
38.219.129.106 - - [22/Oct/1999:09:04:57 -0400] "GET /BUSINESS/16.gif HTTP/1.0" 200 6704 "http://www.selectsmart.com/PRESIDENT/" "Mozilla/4.61 [en] (Win95; I)"
38.219.129.106 - - [22/Oct/1999:09:04:57 -0400] "GET /BUSINESS/drop_h.jpg HTTP/1.0" 200 2034 "http://www.selectsmart.com/PRESIDENT/" "Mozilla/4.61 [en] (Win95; I)"
38.219.129.106 - - [22/Oct/1999:09:04:57 -0400] "GET /BUSINESS/drop_v.jpg HTTP/1.0" 200 1963 "http://www.selectsmart.com/PRESIDENT/" "Mozilla/4.61 [en] (Win95; I)"
143.231.149.47 - - [22/Oct/1999:09:04:57 -0400] "GET /BUSINESS/16.gif HTTP/1.0" 200 6704 "http://www.selectsmart.com/PRESIDENT/" "Mozilla/4.6 [en] (WinNT; U)"
143.231.149.47 - - [22/Oct/1999:09:04:57 -0400] "GET /BUSINESS/drop_v.jpg HTTP/1.0" 200 1963 "http://www.selectsmart.com/PRESIDENT/" "Mozilla/4.6 [en] (WinNT; U)"
143.231.149.47 - - [22/Oct/1999:09:04:57 -0400] "GET /BUSINESS/drop_h.jpg HTTP/1.0" 200 2034 "http://www.selectsmart.com/PRESIDENT/" "Mozilla/4.6 [en] (WinNT; U)"
143.231.149.47 - - [22/Oct/1999:09:04:57 -0400] "GET /PRESIDENT/anecdote.gif HTTP/1.0" 200 6898 "http://www.selectsmart.com/PRESIDENT/" "Mozilla/4.6 [en] (WinNT; U)"
143.231.149.47 - - [22/Oct/1999:09:04:57 -0400] "GET /PRESIDENT/campaigns.gif HTTP/1.0" 200 5835 "http://www.selectsmart.com/PRESIDENT/" "Mozilla/4.6 [en] (WinNT; U)"
143.231.149.47 - - [22/Oct/1999:09:04:58 -0400] "GET /PRESIDENT/TR.gif HTTP/1.0" 200 5566 "http://www.selectsmart.com/PRESIDENT/" "Mozilla/4.6 [en] (WinNT; U)"
143.231.149.47 - - [22/Oct/1999:09:04:58 -0400] "GET /PRESIDENT/vidal.gif HTTP/1.0" 200 11342 "http://www.selectsmart.com/PRESIDENT/" "Mozilla/4.6 [en] (WinNT; U)"
143.231.149.47 - - [22/Oct/1999:09:04:58 -0400] "GET /PRESIDENT/packaging.gif HTTP/1.0" 200 10663 "http://www.selectsmart.com/PRESIDENT/" "Mozilla/4.6 [en] (WinNT; U)"
143.231.149.47 - - [22/Oct/1999:09:04:58 -0400] "GET /PRESIDENT/camp2000.gif HTTP/1.0" 200 7449 "http://www.selectsmart.com/PRESIDENT/" "Mozilla/4.6 [en] (WinNT; U)"
143.231.149.47 - - [22/Oct/1999:09:04:58 -0400] "GET /curt.jpg HTTP/1.0" 200 4228 "http://www.selectsmart.com/PRESIDENT/" "Mozilla/4.6 [en] (WinNT; U)"
38.219.129.106 - - [22/Oct/1999:09:04:59 -0400] "GET /PRESIDENT/anecdote.gif HTTP/1.0" 200 6898 "http://www.selectsmart.com/PRESIDENT/" "Mozilla/4.61 [en] (Win95; I)"
38.219.129.106 - - [22/Oct/1999:09:04:59 -0400] "GET /PRESIDENT/campaigns.gif HTTP/1.0" 200 5835 "http://www.selectsmart.com/PRESIDENT/" "Mozilla/4.61 [en] (Win95; I)"
38.219.129.106 - - [22/Oct/1999:09:04:59 -0400] "GET /PRESIDENT/packaging.gif HTTP/1.0" 200 10663 "http://www.selectsmart.com/PRESIDENT/" "Mozilla/4.61 [en] (Win95; I)"
161.80.12.106 - - [22/Oct/1999:09:04:59 -0400] "GET /PRESIDENT/define16.htm HTTP/1.0" 200 229 "http://www.selectsmart.com/PRESIDENT/" "Mozilla/4.05 [en] (Win95; U)"
38.219.129.106 - - [22/Oct/1999:09:04:59 -0400] "GET /PRESIDENT/vidal.gif HTTP/1.0" 200 11342 "http://www.selectsmart.com/PRESIDENT/" "Mozilla/4.61 [en] (Win95; I)"
38.219.129.106 - - [22/Oct/1999:09:04:59 -0400] "GET /PRESIDENT/camp2000.gif HTTP/1.0" 200 7449 "http://www.selectsmart.com/PRESIDENT/" "Mozilla/4.61 [en] (Win95; I)"
38.219.129.106 - - [22/Oct/1999:09:04:59 -0400] "GET /curt.jpg HTTP/1.0" 200 4228 "http://www.selectsmart.com/PRESIDENT/" "Mozilla/4.61 [en] (Win95; I)"
38.219.129.106 - - [22/Oct/1999:09:05:01 -0400] "GET /PRESIDENT/packaging.gif HTTP/1.0" 304 - "http://www.selectsmart.com/PRESIDENT/" "Mozilla/4.61 [en] (Win95; I)"
38.219.129.106 - - [22/Oct/1999:09:05:01 -0400] "GET /PRESIDENT/vidal.gif HTTP/1.0" 200 11342 "http://www.selectsmart.com/PRESIDENT/" "Mozilla/4.61 [en] (Win95; I)"
38.219.129.106 - - [22/Oct/1999:09:05:01 -0400] "GET /PRESIDENT/TR.gif HTTP/1.0" 200 5566 "http://www.selectsmart.com/PRESIDENT/" "Mozilla/4.61 [en] (Win95; I)"
38.219.129.106 - - [22/Oct/1999:09:05:01 -0400] "GET /PRESIDENT/packaging.gif HTTP/1.0" 206 8894 "http://www.selectsmart.com/PRESIDENT/" "Mozilla/4.61 [en] (Win95; I)"
38.219.129.106 - - [22/Oct/1999:09:05:01 -0400] "GET /PRESIDENT/camp2000.gif HTTP/1.0" 200 7449 "http://www.selectsmart.com/PRESIDENT/" "Mozilla/4.61 [en] (Win95; I)"
38.219.129.106 - - [22/Oct/1999:09:05:01 -0400] "GET /curt.jpg HTTP/1.0" 200 4228 "http://www.selectsmart.com/PRESIDENT/" "Mozilla/4.61 [en] (Win95; I)"
198.146.254.11 - - [22/Oct/1999:09:05:05 -0400] "GET /PRESIDENT HTTP/1.0" 301 241 "-" "Mozilla/4.5 [en] (WinNT; I)"
198.146.254.11 - - [22/Oct/1999:09:05:06 -0400] "GET /PRESIDENT/ HTTP/1.0" 200 29678 "-" "Mozilla/4.5 [en] (WinNT; I)"
192.216.141.179 - - [22/Oct/1999:09:05:07 -0400] "GET / HTTP/1.0" 200 1839 "-" "Mozilla/3.01 (Win95; U; 16bit)"
192.216.141.179 - - [22/Oct/1999:09:05:08 -0400] "GET /sidepanel.html HTTP/1.0" 200 3890 "-" "Mozilla/3.01 (Win95; U; 16bit)"
192.216.141.179 - - [22/Oct/1999:09:05:08 -0400] "GET /indexa.html HTTP/1.0" 200 20372 "-" "Mozilla/3.01 (Win95; U; 16bit)"
192.216.141.179 - - [22/Oct/1999:09:05:08 -0400] "GET /thnkyell.jpg HTTP/1.0" 200 23337 "http://www.selectsmart.com/sidepanel.html" "Mozilla/3.01 (Win95; U; 16bit)"
192.216.141.179 - - [22/Oct/1999:09:05:09 -0400] "GET /BUSINESS/drop_h.jpg HTTP/1.0" 200 2034 "http://www.selectsmart.com/indexa.html" "Mozilla/3.01 (Win95; U; 16bit)"
192.216.141.179 - - [22/Oct/1999:09:05:09 -0400] "GET /solid59.gif HTTP/1.0" 200 977 "http://www.selectsmart.com/sidepanel.html" "Mozilla/3.01 (Win95; U; 16bit)"
192.216.141.179 - - [22/Oct/1999:09:05:09 -0400] "GET /solid52.gif HTTP/1.0" 200 980 "http://www.selectsmart.com/sidepanel.html" "Mozilla/3.01 (Win95; U; 16bit)"
192.216.141.179 - - [22/Oct/1999:09:05:09 -0400] "GET /AMAZON/amzn-buy.gif HTTP/1.0" 200 3051 "http://www.selectsmart.com/sidepanel.html" "Mozilla/3.01 (Win95; U; 16bit)"
192.216.141.179 - - [22/Oct/1999:09:05:09 -0400] "GET /BUSINESS/14.gif HTTP/1.0" 200 6644 "http://www.selectsmart.com/indexa.html" "Mozilla/3.01 (Win95; U; 16bit)"
192.216.141.179 - - [22/Oct/1999:09:05:09 -0400] "GET /BUSINESS/drop_v.jpg HTTP/1.0" 200 1963 "http://www.selectsmart.com/indexa.html" "Mozilla/3.01 (Win95; U; 16bit)"
192.216.141.179 - - [22/Oct/1999:09:05:09 -0400] "GET /curt.jpg HTTP/1.0" 200 4228 "http://www.selectsmart.com/sidepanel.html" "Mozilla/3.01 (Win95; U; 16bit)"
192.216.141.179 - - [22/Oct/1999:09:05:09 -0400] "GET /solid17.gif HTTP/1.0" 200 988 "http://www.selectsmart.com/sidepanel.html" "Mozilla/3.01 (Win95; U; 16bit)"
192.216.141.179 - - [22/Oct/1999:09:05:09 -0400] "GET /cooltools.gif HTTP/1.0" 200 3810 "http://www.selectsmart.com/indexa.html" "Mozilla/3.01 (Win95; U; 16bit)"
192.216.141.179 - - [22/Oct/1999:09:05:10 -0400] "GET /solid41.gif HTTP/1.0" 200 987 "http://www.selectsmart.com/sidepanel.html" "Mozilla/3.01 (Win95; U; 16bit)"
192.216.141.179 - - [22/Oct/1999:09:05:10 -0400] "GET /CoolAward2.gif HTTP/1.0" 200 5548 "http://www.selectsmart.com/indexa.html" "Mozilla/3.01 (Win95; U; 16bit)"
192.216.141.179 - - [22/Oct/1999:09:05:10 -0400] "GET /cooldogsiteselected.gif HTTP/1.0" 200 2982 "http://www.selectsmart.com/indexa.html" "Mozilla/3.01 (Win95; U; 16bit)"
192.216.141.179 - - [22/Oct/1999:09:05:10 -0400] "GET /cpetsitm.gif HTTP/1.0" 200 6269 "http://www.selectsmart.com/indexa.html" "Mozilla/3.01 (Win95; U; 16bit)"
192.216.141.179 - - [22/Oct/1999:09:05:10 -0400] "GET /carolin2.gif HTTP/1.0" 200 3241 "http://www.selectsmart.com/indexa.html" "Mozilla/3.01 (Win95; U; 16bit)"
192.216.141.179 - - [22/Oct/1999:09:05:10 -0400] "GET /solid17.gif HTTP/1.0" 200 988 "http://www.selectsmart.com/sidepanel.html" "Mozilla/3.01 (Win95; U; 16bit)"
192.216.141.179 - - [22/Oct/1999:09:05:10 -0400] "GET /up.jpg HTTP/1.0" 200 2511 "http://www.selectsmart.com/sidepanel.html" "Mozilla/3.01 (Win95; U; 16bit)"
192.216.141.179 - - [22/Oct/1999:09:05:11 -0400] "GET /sitename60_mining.gif HTTP/1.0" 200 2015 "http://www.selectsmart.com/indexa.html" "Mozilla/3.01 (Win95; U; 16bit)"
192.216.141.179 - - [22/Oct/1999:09:05:11 -0400] "GET /solid6.gif HTTP/1.0" 200 993 "http://www.selectsmart.com/indexa.html" "Mozilla/3.01 (Win95; U; 16bit)"
198.146.254.11 - - [22/Oct/1999:09:05:11 -0400] "GET /BUSINESS/16.gif HTTP/1.0" 200 6704 "http://www.selectsmart.com/PRESIDENT/" "Mozilla/4.5 [en] (WinNT; I)"
198.146.254.11 - - [22/Oct/1999:09:05:11 -0400] "GET /BUSINESS/drop_v.jpg HTTP/1.0" 200 1963 "http://www.selectsmart.com/PRESIDENT/" "Mozilla/4.5 [en] (WinNT; I)"
198.146.254.11 - - [22/Oct/1999:09:05:11 -0400] "GET /BUSINESS/drop_h.jpg HTTP/1.0" 200 2034 "http://www.selectsmart.com/PRESIDENT/" "Mozilla/4.5 [en] (WinNT; I)"
192.216.141.179 - - [22/Oct/1999:09:05:11 -0400] "GET /solid48.gif HTTP/1.0" 200 987 "http://www.selectsmart.com/sidepanel.html" "Mozilla/3.01 (Win95; U; 16bit)"
192.216.141.179 - - [22/Oct/1999:09:05:11 -0400] "GET /solid28.gif HTTP/1.0" 200 972 "http://www.selectsmart.com/indexa.html" "Mozilla/3.01 (Win95; U; 16bit)"
192.216.141.179 - - [22/Oct/1999:09:05:11 -0400] "GET /solid11.gif HTTP/1.0" 200 1006 "http://www.selectsmart.com/indexa.html" "Mozilla/3.01 (Win95; U; 16bit)"
192.216.141.179 - - [22/Oct/1999:09:05:11 -0400] "GET /solid48.gif HTTP/1.0" 200 987 "http://www.selectsmart.com/indexa.html" "Mozilla/3.01 (Win95; U; 16bit)"
192.216.141.179 - - [22/Oct/1999:09:05:11 -0400] "GET /blkpaw.gif HTTP/1.0" 200 936 "http://www.selectsmart.com/indexa.html" "Mozilla/3.01 (Win95; U; 16bit)"
143.231.78.84 - - [22/Oct/1999:09:05:11 -0400] "GET /PRESIDENT/ HTTP/1.1" 200 29678 "-" "Mozilla/4.0 (compatible; MSIE 4.01; Windows NT; ACS_IQ)"
192.216.141.179 - - [22/Oct/1999:09:05:12 -0400] "GET /sltrib.gif HTTP/1.0" 200 5673 "http://www.selectsmart.com/indexa.html" "Mozilla/3.01 (Win95; U; 16bit)"
192.216.141.179 - - [22/Oct/1999:09:05:12 -0400] "GET /exclaim.jpg HTTP/1.0" 200 7859 "http://www.selectsmart.com/indexa.html" "Mozilla/3.01 (Win95; U; 16bit)"
192.216.141.179 - - [22/Oct/1999:09:05:12 -0400] "GET /planetclick.gif HTTP/1.0" 200 4949 "http://www.selectsmart.com/indexa.html" "Mozilla/3.01 (Win95; U; 16bit)"
198.146.254.11 - - [22/Oct/1999:09:05:13 -0400] "GET /PRESIDENT/anecdote.gif HTTP/1.0" 200 6898 "http://www.selectsmart.com/PRESIDENT/" "Mozilla/4.5 [en] (WinNT; I)"
198.146.254.11 - - [22/Oct/1999:09:05:13 -0400] "GET /PRESIDENT/campaigns.gif HTTP/1.0" 200 5835 "http://www.selectsmart.com/PRESIDENT/" "Mozilla/4.5 [en] (WinNT; I)"
198.146.254.11 - - [22/Oct/1999:09:05:13 -0400] "GET /PRESIDENT/packaging.gif HTTP/1.0" 200 10663 "http://www.selectsmart.com/PRESIDENT/" "Mozilla/4.5 [en] (WinNT; I)"
192.216.141.179 - - [22/Oct/1999:09:05:13 -0400] "GET /BUSINESS/16.gif HTTP/1.0" 200 6704 "http://www.selectsmart.com/PRESIDENT/" "Mozilla/3.01 (Win95; U; 16bit)"
192.216.141.179 - - [22/Oct/1999:09:05:13 -0400] "GET /PRESIDENT/ HTTP/1.0" 200 29678 "http://www.selectsmart.com/indexa.html" "Mozilla/3.01 (Win95; U; 16bit)"
192.216.141.179 - - [22/Oct/1999:09:05:13 -0400] "GET /PRESIDENT/anecdote.gif HTTP/1.0" 200 6898 "http://www.selectsmart.com/PRESIDENT/" "Mozilla/3.01 (Win95; U; 16bit)"
192.216.141.179 - - [22/Oct/1999:09:05:13 -0400] "GET /PRESIDENT/campaigns.gif HTTP/1.0" 200 5835 "http://www.selectsmart.com/PRESIDENT/" "Mozilla/3.01 (Win95; U; 16bit)"
192.216.141.179 - - [22/Oct/1999:09:05:14 -0400] "GET /PRESIDENT/camp2000.gif HTTP/1.0" 200 7449 "http://www.selectsmart.com/PRESIDENT/" "Mozilla/3.01 (Win95; U; 16bit)"
198.146.254.11 - - [22/Oct/1999:09:05:14 -0400] "GET /PRESIDENT/vidal.gif HTTP/1.0" 200 11342 "http://www.selectsmart.com/PRESIDENT/" "Mozilla/4.5 [en] (WinNT; I)"
198.146.254.11 - - [22/Oct/1999:09:05:14 -0400] "GET /PRESIDENT/camp2000.gif HTTP/1.0" 200 7449 "http://www.selectsmart.com/PRESIDENT/" "Mozilla/4.5 [en] (WinNT; I)"
198.146.254.11 - - [22/Oct/1999:09:05:14 -0400] "GET /curt.jpg HTTP/1.0" 200 4228 "http://www.selectsmart.com/PRESIDENT/" "Mozilla/4.5 [en] (WinNT; I)"
192.216.141.179 - - [22/Oct/1999:09:05:14 -0400] "GET /PRESIDENT/vidal.gif HTTP/1.0" 200 11342 "http://www.selectsmart.com/PRESIDENT/" "Mozilla/3.01 (Win95; U; 16bit)"
198.146.254.11 - - [22/Oct/1999:09:05:14 -0400] "GET /PRESIDENT/TR.gif HTTP/1.0" 200 5566 "http://www.selectsmart.com/PRESIDENT/" "Mozilla/4.5 [en] (WinNT; I)"
208.134.156.2 - - [22/Oct/1999:09:05:14 -0400] "GET /PRESIDENT/results.php3?more=now&mid=6 HTTP/1.1" 200 6002 "http://www.selectsmart.com/PRESIDENT/results.php3" "Mozilla/4.0 (compatible; MSIE 5.0; Windows NT; DigExt)"
208.134.156.2 - - [22/Oct/1999:09:05:14 -0400] "GET /PRESIDENT/images/bush.jpg HTTP/1.1" 200 2977 "http://www.selectsmart.com/PRESIDENT/results.php3?more=now&mid=6" "Mozilla/4.0 (compatible; MSIE 5.0; Windows NT; DigExt)"
143.231.78.84 - - [22/Oct/1999:09:05:15 -0400] "GET /PRESIDENT/anecdote.gif HTTP/1.1" 200 6898 "http://www.selectsmart.com/PRESIDENT/" "Mozilla/4.0 (compatible; MSIE 4.01; Windows NT; ACS_IQ)"
143.231.78.84 - - [22/Oct/1999:09:05:15 -0400] "GET /BUSINESS/16.gif HTTP/1.1" 200 6704 "http://www.selectsmart.com/PRESIDENT/" "Mozilla/4.0 (compatible; MSIE 4.01; Windows NT; ACS_IQ)"
143.231.78.84 - - [22/Oct/1999:09:05:15 -0400] "GET /BUSINESS/drop_v.jpg HTTP/1.1" 200 1963 "http://www.selectsmart.com/PRESIDENT/" "Mozilla/4.0 (compatible; MSIE 4.01; Windows NT; ACS_IQ)"
143.231.78.84 - - [22/Oct/1999:09:05:15 -0400] "GET /PRESIDENT/campaigns.gif HTTP/1.1" 200 5835 "http://www.selectsmart.com/PRESIDENT/" "Mozilla/4.0 (compatible; MSIE 4.01; Windows NT; ACS_IQ)"
143.231.78.84 - - [22/Oct/1999:09:05:15 -0400] "GET /BUSINESS/drop_h.jpg HTTP/1.1" 200 2034 "http://www.selectsmart.com/PRESIDENT/" "Mozilla/4.0 (compatible; MSIE 4.01; Windows NT; ACS_IQ)"
143.231.78.84 - - [22/Oct/1999:09:05:16 -0400] "GET /PRESIDENT/packaging.gif HTTP/1.1" 200 10663 "http://www.selectsmart.com/PRESIDENT/" "Mozilla/4.0 (compatible; MSIE 4.01; Windows NT; ACS_IQ)"
143.231.78.84 - - [22/Oct/1999:09:05:16 -0400] "GET /PRESIDENT/vidal.gif HTTP/1.1" 200 11342 "http://www.selectsmart.com/PRESIDENT/" "Mozilla/4.0 (compatible; MSIE 4.01; Windows NT; ACS_IQ)"
143.231.78.84 - - [22/Oct/1999:09:05:16 -0400] "GET /PRESIDENT/TR.gif HTTP/1.1" 200 5566 "http://www.selectsmart.com/PRESIDENT/" "Mozilla/4.0 (compatible; MSIE 4.01; Windows NT; ACS_IQ)"
143.231.78.84 - - [22/Oct/1999:09:05:16 -0400] "GET /PRESIDENT/camp2000.gif HTTP/1.1" 200 7449 "http://www.selectsmart.com/PRESIDENT/" "Mozilla/4.0 (compatible; MSIE 4.01; Windows NT; ACS_IQ)"
143.231.78.84 - - [22/Oct/1999:09:05:16 -0400] "GET /curt.jpg HTTP/1.1" 200 4228 "http://www.selectsmart.com/PRESIDENT/" "Mozilla/4.0 (compatible; MSIE 4.01; Windows NT; ACS_IQ)"
192.216.141.179 - - [22/Oct/1999:09:05:17 -0400] "GET /PRESIDENT/TR.gif HTTP/1.0" 200 5566 "http://www.selectsmart.com/PRESIDENT/" "Mozilla/3.01 (Win95; U; 16bit)"
192.216.141.179 - - [22/Oct/1999:09:05:17 -0400] "GET /PRESIDENT/packaging.gif HTTP/1.0" 200 10663 "http://www.selectsmart.com/PRESIDENT/" "Mozilla/3.01 (Win95; U; 16bit)"
205.173.93.35 - - [22/Oct/1999:09:05:17 -0400] "GET /PRESIDENT/ HTTP/1.0" 200 29678 "http://mail.alumni.union.edu:8383/X0b1f9d9acecfcc9a936707f788/rmail.24809.cgi?mbx=Main&msg=4&msgsort=43" "Mozilla/4.0 (compatible; MSIE 4.01; Windows 95)"
209.64.200.66 - - [22/Oct/1999:09:05:20 -0400] "GET /PRESIDENT/ HTTP/1.0" 200 29678 "-" "Mozilla/4.0 (compatible; MSIE 4.01; Windows NT)"
209.64.200.66 - - [22/Oct/1999:09:05:21 -0400] "GET / HTTP/1.0" 200 1839 "-" "Mozilla/4.0 (compatible; MSIE 4.01; Windows NT)"
205.173.93.34 - - [22/Oct/1999:09:05:22 -0400] "GET /BUSINESS/drop_v.jpg HTTP/1.0" 200 1963 "http://www.selectsmart.com/PRESIDENT/" "Mozilla/4.0 (compatible; MSIE 4.01; Windows 95)"
205.173.93.35 - - [22/Oct/1999:09:05:22 -0400] "GET /BUSINESS/drop_h.jpg HTTP/1.0" 200 2034 "http://www.selectsmart.com/PRESIDENT/" "Mozilla/4.0 (compatible; MSIE 4.01; Windows 95)"
205.173.93.35 - - [22/Oct/1999:09:05:22 -0400] "GET /BUSINESS/16.gif HTTP/1.0" 200 6704 "http://www.selectsmart.com/PRESIDENT/" "Mozilla/4.0 (compatible; MSIE 4.01; Windows 95)"
205.173.93.35 - - [22/Oct/1999:09:05:23 -0400] "GET /PRESIDENT/anecdote.gif HTTP/1.0" 200 6898 "http://www.selectsmart.com/PRESIDENT/" "Mozilla/4.0 (compatible; MSIE 4.01; Windows 95)"
205.173.93.35 - - [22/Oct/1999:09:05:23 -0400] "GET /PRESIDENT/campaigns.gif HTTP/1.0" 200 5835 "http://www.selectsmart.com/PRESIDENT/" "Mozilla/4.0 (compatible; MSIE 4.01; Windows 95)"
209.64.200.66 - - [22/Oct/1999:09:05:23 -0400] "GET /BUSINESS/16.gif HTTP/1.0" 200 6704 "http://www.selectsmart.com/PRESIDENT/" "Mozilla/4.0 (compatible; MSIE 4.01; Windows NT)"
205.173.93.34 - - [22/Oct/1999:09:05:23 -0400] "GET /PRESIDENT/packaging.gif HTTP/1.0" 200 10663 "http://www.selectsmart.com/PRESIDENT/" "Mozilla/4.0 (compatible; MSIE 4.01; Windows 95)"
209.64.200.66 - - [22/Oct/1999:09:05:23 -0400] "GET /BUSINESS/drop_v.jpg HTTP/1.0" 200 1963 "http://www.selectsmart.com/PRESIDENT/" "Mozilla/4.0 (compatible; MSIE 4.01; Windows NT)"
209.64.200.66 - - [22/Oct/1999:09:05:23 -0400] "GET /BUSINESS/drop_h.jpg HTTP/1.0" 200 2034 "http://www.selectsmart.com/PRESIDENT/" "Mozilla/4.0 (compatible; MSIE 4.01; Windows NT)"
209.64.200.66 - - [22/Oct/1999:09:05:23 -0400] "GET /PRESIDENT/anecdote.gif HTTP/1.0" 200 6898 "http://www.selectsmart.com/PRESIDENT/" "Mozilla/4.0 (compatible; MSIE 4.01; Windows NT)"
205.173.93.35 - - [22/Oct/1999:09:05:24 -0400] "GET /PRESIDENT/vidal.gif HTTP/1.0" 200 11342 "http://www.selectsmart.com/PRESIDENT/" "Mozilla/4.0 (compatible; MSIE 4.01; Windows 95)"
209.64.200.66 - - [22/Oct/1999:09:05:24 -0400] "GET /PRESIDENT/campaigns.gif HTTP/1.0" 200 5835 "http://www.selectsmart.com/PRESIDENT/" "Mozilla/4.0 (compatible; MSIE 4.01; Windows NT)"
209.64.200.66 - - [22/Oct/1999:09:05:24 -0400] "GET /PRESIDENT/packaging.gif HTTP/1.0" 200 10663 "http://www.selectsmart.com/PRESIDENT/" "Mozilla/4.0 (compatible; MSIE 4.01; Windows NT)"
209.64.200.66 - - [22/Oct/1999:09:05:24 -0400] "GET /PRESIDENT/vidal.gif HTTP/1.0" 200 11342 "http://www.selectsmart.com/PRESIDENT/" "Mozilla/4.0 (compatible; MSIE 4.01; Windows NT)"
209.64.200.66 - - [22/Oct/1999:09:05:24 -0400] "GET /PRESIDENT/TR.gif HTTP/1.0" 200 5566 "http://www.selectsmart.com/PRESIDENT/" "Mozilla/4.0 (compatible; MSIE 4.01; Windows NT)"
209.64.200.66 - - [22/Oct/1999:09:05:24 -0400] "GET /PRESIDENT/camp2000.gif HTTP/1.0" 200 7449 "http://www.selectsmart.com/PRESIDENT/" "Mozilla/4.0 (compatible; MSIE 4.01; Windows NT)"
