38.232.74.21 - - [22/Oct/1999:08:59:16 -0400] "POST /PRESIDENT/results.php3 HTTP/1.0" 200 6624 "http://www.selectsmart.com/PRESIDENT/" "Lotus-Notes/4.5 ( Windows-NT )"
198.187.214.202 - - [22/Oct/1999:08:59:19 -0400] "GET /PRESIDENT/TR.gif HTTP/1.1" 200 5566 "http://www.selectsmart.com/PRESIDENT/" "Mozilla/4.0 (compatible; MSIE 4.01; Windows 95)"
206.42.12.226 - - [22/Oct/1999:08:59:19 -0400] "GET /PRESIDENT/results.php3?more=now&mid=14 HTTP/1.1" 200 6619 "http://www.selectsmart.com/PRESIDENT/results.php3" "Mozilla/4.0 (compatible; MSIE 5.0; Windows 95; DigExt)"
206.42.12.226 - - [22/Oct/1999:08:59:19 -0400] "GET /PRESIDENT/images/mccain.jpg HTTP/1.1" 200 2299 "http://www.selectsmart.com/PRESIDENT/results.php3?more=now&mid=14" "Mozilla/4.0 (compatible; MSIE 5.0; Windows 95; DigExt)"
216.85.180.44 - - [22/Oct/1999:08:59:25 -0400] "GET /PRESIDENT/ HTTP/1.1" 200 29678 "-" "Mozilla/4.0 (compatible; MSIE 4.01; Windows 98)"
216.85.180.44 - - [22/Oct/1999:08:59:25 -0400] "GET /BUSINESS/16.gif HTTP/1.1" 200 6704 "http://www.selectsmart.com/PRESIDENT/" "Mozilla/4.0 (compatible; MSIE 4.01; Windows 98)"
216.85.180.44 - - [22/Oct/1999:08:59:26 -0400] "GET /BUSINESS/drop_v.jpg HTTP/1.1" 200 1963 "http://www.selectsmart.com/PRESIDENT/" "Mozilla/4.0 (compatible; MSIE 4.01; Windows 98)"
216.85.180.44 - - [22/Oct/1999:08:59:26 -0400] "GET /PRESIDENT/anecdote.gif HTTP/1.1" 200 6898 "http://www.selectsmart.com/PRESIDENT/" "Mozilla/4.0 (compatible; MSIE 4.01; Windows 98)"
216.85.180.44 - - [22/Oct/1999:08:59:27 -0400] "GET /BUSINESS/drop_h.jpg HTTP/1.1" 200 2034 "http://www.selectsmart.com/PRESIDENT/" "Mozilla/4.0 (compatible; MSIE 4.01; Windows 98)"
216.85.180.44 - - [22/Oct/1999:08:59:27 -0400] "GET /PRESIDENT/campaigns.gif HTTP/1.1" 200 5835 "http://www.selectsmart.com/PRESIDENT/" "Mozilla/4.0 (compatible; MSIE 4.01; Windows 98)"
206.42.12.226 - - [22/Oct/1999:08:59:27 -0400] "GET /PRESIDENT/results.php3?more=now&mid=6 HTTP/1.1" 200 6002 "http://www.selectsmart.com/PRESIDENT/results.php3" "Mozilla/4.0 (compatible; MSIE 5.0; Windows 95; DigExt)"
206.42.12.226 - - [22/Oct/1999:08:59:28 -0400] "GET /PRESIDENT/images/bush.jpg HTTP/1.1" 200 2977 "http://www.selectsmart.com/PRESIDENT/results.php3?more=now&mid=6" "Mozilla/4.0 (compatible; MSIE 5.0; Windows 95; DigExt)"
216.85.180.44 - - [22/Oct/1999:08:59:29 -0400] "GET /PRESIDENT/packaging.gif HTTP/1.1" 200 10663 "http://www.selectsmart.com/PRESIDENT/" "Mozilla/4.0 (compatible; MSIE 4.01; Windows 98)"
216.85.180.44 - - [22/Oct/1999:08:59:29 -0400] "GET /PRESIDENT/vidal.gif HTTP/1.1" 200 11342 "http://www.selectsmart.com/PRESIDENT/" "Mozilla/4.0 (compatible; MSIE 4.01; Windows 98)"
143.166.99.242 - - [22/Oct/1999:08:59:29 -0400] "POST /PRESIDENT/results.php3 HTTP/1.0" 200 6627 "http://www.selectsmart.com/PRESIDENT/" "Mozilla/4.0 (compatible; MSIE 4.01; Windows NT)"
216.85.180.44 - - [22/Oct/1999:08:59:33 -0400] "GET /PRESIDENT/TR.gif HTTP/1.1" 200 5566 "http://www.selectsmart.com/PRESIDENT/" "Mozilla/4.0 (compatible; MSIE 4.01; Windows 98)"
207.207.243.67 - - [22/Oct/1999:08:59:33 -0400] "POST /PRESIDENT/results.php3 HTTP/1.1" 200 6639 "http://www.selectsmart.com/PRESIDENT/" "Mozilla/4.0 (compatible; MSIE 5.0; Windows 95; DigExt)"
216.85.180.44 - - [22/Oct/1999:08:59:34 -0400] "GET /PRESIDENT/camp2000.gif HTTP/1.1" 200 7449 "http://www.selectsmart.com/PRESIDENT/" "Mozilla/4.0 (compatible; MSIE 4.01; Windows 98)"
208.226.49.87 - - [22/Oct/1999:08:59:34 -0400] "GET /PRESIDENT/ HTTP/1.0" 200 29678 "-" "Mozilla/4.05 [en] (Win95; I ;Nav)"
208.226.49.87 - - [22/Oct/1999:08:59:34 -0400] "GET /BUSINESS/drop_h.jpg HTTP/1.0" 200 2034 "http://www.selectsmart.com/PRESIDENT/" "Mozilla/4.05 [en] (Win95; I ;Nav)"
208.226.49.87 - - [22/Oct/1999:08:59:35 -0400] "GET /PRESIDENT/anecdote.gif HTTP/1.0" 200 6898 "http://www.selectsmart.com/PRESIDENT/" "Mozilla/4.05 [en] (Win95; I ;Nav)"
216.85.180.44 - - [22/Oct/1999:08:59:35 -0400] "GET /curt.jpg HTTP/1.1" 200 4228 "http://www.selectsmart.com/PRESIDENT/" "Mozilla/4.0 (compatible; MSIE 4.01; Windows 98)"
208.226.49.87 - - [22/Oct/1999:08:59:35 -0400] "GET /PRESIDENT/TR.gif HTTP/1.0" 200 5566 "http://www.selectsmart.com/PRESIDENT/" "Mozilla/4.05 [en] (Win95; I ;Nav)"
208.226.49.87 - - [22/Oct/1999:08:59:35 -0400] "GET /PRESIDENT/packaging.gif HTTP/1.0" 200 10663 "http://www.selectsmart.com/PRESIDENT/" "Mozilla/4.05 [en] (Win95; I ;Nav)"
208.226.49.87 - - [22/Oct/1999:08:59:36 -0400] "GET /curt.jpg HTTP/1.0" 200 4228 "http://www.selectsmart.com/PRESIDENT/" "Mozilla/4.05 [en] (Win95; I ;Nav)"
161.80.12.106 - - [22/Oct/1999:08:59:37 -0400] "GET /PRESIDENT/ HTTP/1.0" 200 29678 "-" "Mozilla/4.05 [en] (Win95; U)"
208.226.49.87 - - [22/Oct/1999:08:59:37 -0400] "GET /PRESIDENT/vidal.gif HTTP/1.0" 200 11342 "http://www.selectsmart.com/PRESIDENT/" "Mozilla/4.05 [en] (Win95; I ;Nav)"
208.226.49.87 - - [22/Oct/1999:08:59:37 -0400] "GET /BUSINESS/16.gif HTTP/1.0" 200 6704 "http://www.selectsmart.com/PRESIDENT/" "Mozilla/4.05 [en] (Win95; I ;Nav)"
208.226.49.87 - - [22/Oct/1999:08:59:37 -0400] "GET /BUSINESS/drop_v.jpg HTTP/1.0" 200 1963 "http://www.selectsmart.com/PRESIDENT/" "Mozilla/4.05 [en] (Win95; I ;Nav)"
161.80.12.106 - - [22/Oct/1999:08:59:38 -0400] "GET /BUSINESS/16.gif HTTP/1.0" 200 6704 "http://www.selectsmart.com/PRESIDENT/" "Mozilla/4.05 [en] (Win95; U)"
161.80.12.106 - - [22/Oct/1999:08:59:38 -0400] "GET /BUSINESS/drop_h.jpg HTTP/1.0" 200 2034 "http://www.selectsmart.com/PRESIDENT/" "Mozilla/4.05 [en] (Win95; U)"
161.80.12.106 - - [22/Oct/1999:08:59:38 -0400] "GET /BUSINESS/drop_v.jpg HTTP/1.0" 200 1963 "http://www.selectsmart.com/PRESIDENT/" "Mozilla/4.05 [en] (Win95; U)"
208.226.49.87 - - [22/Oct/1999:08:59:39 -0400] "GET /PRESIDENT/campaigns.gif HTTP/1.0" 200 5835 "http://www.selectsmart.com/PRESIDENT/" "Mozilla/4.05 [en] (Win95; I ;Nav)"
143.231.14.249 - - [22/Oct/1999:08:59:40 -0400] "POST /PRESIDENT/results.php3 HTTP/1.1" 200 6639 "http://www.selectsmart.com/PRESIDENT/" "Mozilla/4.0 (compatible; MSIE 4.01; Windows NT)"
161.80.12.106 - - [22/Oct/1999:08:59:40 -0400] "GET /PRESIDENT/anecdote.gif HTTP/1.0" 200 6898 "http://www.selectsmart.com/PRESIDENT/" "Mozilla/4.05 [en] (Win95; U)"
161.80.12.106 - - [22/Oct/1999:08:59:40 -0400] "GET /PRESIDENT/campaigns.gif HTTP/1.0" 200 5835 "http://www.selectsmart.com/PRESIDENT/" "Mozilla/4.05 [en] (Win95; U)"
161.80.12.106 - - [22/Oct/1999:08:59:40 -0400] "GET /PRESIDENT/packaging.gif HTTP/1.0" 200 10663 "http://www.selectsmart.com/PRESIDENT/" "Mozilla/4.05 [en] (Win95; U)"
161.80.12.106 - - [22/Oct/1999:08:59:41 -0400] "GET /PRESIDENT/vidal.gif HTTP/1.0" 200 11342 "http://www.selectsmart.com/PRESIDENT/" "Mozilla/4.05 [en] (Win95; U)"
161.80.12.106 - - [22/Oct/1999:08:59:41 -0400] "GET /PRESIDENT/camp2000.gif HTTP/1.0" 200 7449 "http://www.selectsmart.com/PRESIDENT/" "Mozilla/4.05 [en] (Win95; U)"
208.226.49.87 - - [22/Oct/1999:08:59:41 -0400] "GET /PRESIDENT/camp2000.gif HTTP/1.0" 200 7449 "http://www.selectsmart.com/PRESIDENT/" "Mozilla/4.05 [en] (Win95; I ;Nav)"
161.80.12.106 - - [22/Oct/1999:08:59:41 -0400] "GET /curt.jpg HTTP/1.0" 200 4228 "http://www.selectsmart.com/PRESIDENT/" "Mozilla/4.05 [en] (Win95; U)"
161.80.12.106 - - [22/Oct/1999:08:59:41 -0400] "GET /PRESIDENT/TR.gif HTTP/1.0" 200 5566 "http://www.selectsmart.com/PRESIDENT/" "Mozilla/4.05 [en] (Win95; U)"
216.164.135.22 - - [22/Oct/1999:08:59:45 -0400] "GET /PRESIDENT/ HTTP/1.1" 200 29678 "http://www.selectsmart.com/PRESIDENT/" "Mozilla/4.0 (compatible; MSIE 5.0; Windows 98; DigExt; STAR040199)"
216.164.135.22 - - [22/Oct/1999:08:59:46 -0400] "GET /BUSINESS/16.gif HTTP/1.1" 200 6704 "http://www.selectsmart.com/PRESIDENT/" "Mozilla/4.0 (compatible; MSIE 5.0; Windows 98; DigExt; STAR040199)"
216.164.135.22 - - [22/Oct/1999:08:59:46 -0400] "GET /BUSINESS/drop_v.jpg HTTP/1.1" 200 1963 "http://www.selectsmart.com/PRESIDENT/" "Mozilla/4.0 (compatible; MSIE 5.0; Windows 98; DigExt; STAR040199)"
166.32.108.20 - - [22/Oct/1999:08:59:47 -0400] "POST /PRESIDENT/results.php3 HTTP/1.1" 200 8033 "http://www.selectsmart.com/PRESIDENT/results.php3" "Mozilla/4.0 (compatible; MSIE 4.01; Windows 98)"
166.32.108.20 - - [22/Oct/1999:08:59:47 -0400] "GET /PRESIDENT/images/bradley.jpg HTTP/1.1" 200 2294 "http://www.selectsmart.com/PRESIDENT/results.php3" "Mozilla/4.0 (compatible; MSIE 4.01; Windows 98)"
216.164.135.22 - - [22/Oct/1999:08:59:47 -0400] "GET /PRESIDENT/anecdote.gif HTTP/1.1" 200 6898 "http://www.selectsmart.com/PRESIDENT/" "Mozilla/4.0 (compatible; MSIE 5.0; Windows 98; DigExt; STAR040199)"
216.164.135.22 - - [22/Oct/1999:08:59:47 -0400] "GET /PRESIDENT/campaigns.gif HTTP/1.1" 200 5835 "http://www.selectsmart.com/PRESIDENT/" "Mozilla/4.0 (compatible; MSIE 5.0; Windows 98; DigExt; STAR040199)"
216.164.135.22 - - [22/Oct/1999:08:59:48 -0400] "GET /BUSINESS/drop_h.jpg HTTP/1.1" 200 2034 "http://www.selectsmart.com/PRESIDENT/" "Mozilla/4.0 (compatible; MSIE 5.0; Windows 98; DigExt; STAR040199)"
216.164.135.22 - - [22/Oct/1999:08:59:50 -0400] "GET /PRESIDENT/packaging.gif HTTP/1.1" 200 10663 "http://www.selectsmart.com/PRESIDENT/" "Mozilla/4.0 (compatible; MSIE 5.0; Windows 98; DigExt; STAR040199)"
216.164.135.22 - - [22/Oct/1999:08:59:52 -0400] "GET /PRESIDENT/vidal.gif HTTP/1.1" 200 11342 "http://www.selectsmart.com/PRESIDENT/" "Mozilla/4.0 (compatible; MSIE 5.0; Windows 98; DigExt; STAR040199)"
216.164.135.22 - - [22/Oct/1999:08:59:56 -0400] "GET /PRESIDENT/TR.gif HTTP/1.1" 200 5566 "http://www.selectsmart.com/PRESIDENT/" "Mozilla/4.0 (compatible; MSIE 5.0; Windows 98; DigExt; STAR040199)"
216.164.135.22 - - [22/Oct/1999:08:59:56 -0400] "GET /PRESIDENT/camp2000.gif HTTP/1.1" 200 7449 "http://www.selectsmart.com/PRESIDENT/" "Mozilla/4.0 (compatible; MSIE 5.0; Windows 98; DigExt; STAR040199)"
207.207.243.67 - - [22/Oct/1999:08:59:56 -0400] "GET /PRESIDENT/results.php3?more=now&mid=9 HTTP/1.1" 200 6106 "http://www.selectsmart.com/PRESIDENT/results.php3" "Mozilla/4.0 (compatible; MSIE 5.0; Windows 95; DigExt)"
207.207.243.67 - - [22/Oct/1999:08:59:58 -0400] "GET /PRESIDENT/images/gore.jpg HTTP/1.1" 200 2930 "http://www.selectsmart.com/PRESIDENT/results.php3?more=now&mid=9" "Mozilla/4.0 (compatible; MSIE 5.0; Windows 95; DigExt)"
216.164.135.22 - - [22/Oct/1999:08:59:59 -0400] "GET /curt.jpg HTTP/1.1" 200 4228 "http://www.selectsmart.com/PRESIDENT/" "Mozilla/4.0 (compatible; MSIE 5.0; Windows 98; DigExt; STAR040199)"
207.69.29.153 - - [22/Oct/1999:09:00:02 -0400] "POST /PRESIDENT/results.php3 HTTP/1.1" 200 6640 "http://www.selectsmart.com/PRESIDENT/" "Mozilla/4.0 (compatible; MSIE 5.0; Windows 98; DigExt)"
199.75.225.94 - - [22/Oct/1999:09:00:06 -0400] "POST /PRESIDENT/results.php3 HTTP/1.0" 200 6625 "http://www.selectsmart.com/PRESIDENT/" "Mozilla/4.61 [en] (Win98; U)"
199.73.128.82 - - [22/Oct/1999:09:00:14 -0400] "POST /PRESIDENT/results.php3 HTTP/1.0" 200 6626 "http://www.selectsmart.com/PRESIDENT/" "Mozilla/4.0 (compatible; MSIE 5.0; Windows 95; DigExt)"
209.91.8.134 - - [22/Oct/1999:09:00:18 -0400] "POST /PRESIDENT/results.php3 HTTP/1.0" 200 6626 "http://www.selectsmart.com/PRESIDENT/" "Mozilla/4.0 (compatible; MSIE 4.01; Windows 98)"
166.36.176.120 - - [22/Oct/1999:09:00:21 -0400] "POST /PRESIDENT/results.php3 HTTP/1.1" 200 6641 "http://www.selectsmart.com/PRESIDENT/" "Mozilla/4.0 (compatible; MSIE 4.01; Windows 98)"
207.22.92.18 - - [22/Oct/1999:09:00:23 -0400] "GET /PRESIDENT/results.php3?more=now&mid=8 HTTP/1.0" 200 6966 "http://www.selectsmart.com/PRESIDENT/results.php3" "Mozilla/4.5 [en] (Win95; U)"
143.166.99.242 - - [22/Oct/1999:09:00:25 -0400] "POST /PRESIDENT/results.php3 HTTP/1.0" 200 12930 "http://www.selectsmart.com/PRESIDENT/results.php3" "Mozilla/4.0 (compatible; MSIE 4.01; Windows NT)"
143.166.99.242 - - [22/Oct/1999:09:00:27 -0400] "GET /PRESIDENT/images/bradley.jpg HTTP/1.0" 200 2294 "http://www.selectsmart.com/PRESIDENT/results.php3" "Mozilla/4.0 (compatible; MSIE 4.01; Windows NT)"
143.166.99.242 - - [22/Oct/1999:09:00:27 -0400] "GET /PRESIDENT/images/gore.jpg HTTP/1.0" 200 2930 "http://www.selectsmart.com/PRESIDENT/results.php3" "Mozilla/4.0 (compatible; MSIE 4.01; Windows NT)"
143.231.14.249 - - [22/Oct/1999:09:00:28 -0400] "POST /PRESIDENT/results.php3 HTTP/1.1" 200 6638 "http://www.selectsmart.com/PRESIDENT/" "Mozilla/4.0 (compatible; MSIE 4.01; Windows NT)"
207.69.29.153 - - [22/Oct/1999:09:00:29 -0400] "GET /PRESIDENT/results.php3?more=now&mid=18 HTTP/1.1" 200 3774 "http://www.selectsmart.com/PRESIDENT/results.php3" "Mozilla/4.0 (compatible; MSIE 5.0; Windows 98; DigExt)"
207.69.29.153 - - [22/Oct/1999:09:00:30 -0400] "GET /PRESIDENT/images/mcreynolds.jpg HTTP/1.1" 200 4631 "http://www.selectsmart.com/PRESIDENT/results.php3?more=now&mid=18" "Mozilla/4.0 (compatible; MSIE 5.0; Windows 98; DigExt)"
205.183.232.69 - - [22/Oct/1999:09:00:33 -0400] "GET /PRESIDENT/ HTTP/1.0" 200 29678 "-" "Mozilla/4.0 (compatible; MSIE 4.01; Windows 95)"
143.231.230.67 - - [22/Oct/1999:09:00:36 -0400] "POST /PRESIDENT/results.php3 HTTP/1.0" 200 6625 "http://www.selectsmart.com/PRESIDENT/" "Mozilla/4.51 [en] (Win95; I)"
129.7.28.13 - - [22/Oct/1999:09:00:38 -0400] "GET /PRESIDENT HTTP/1.0" 301 241 "-" "Mozilla/4.04 [en] (Win95; I)"
129.7.28.13 - - [22/Oct/1999:09:00:38 -0400] "GET /PRESIDENT/ HTTP/1.0" 200 29678 "-" "Mozilla/4.04 [en] (Win95; I)"
198.70.148.65 - - [22/Oct/1999:09:00:39 -0400] "POST /PRESIDENT/results.php3 HTTP/1.1" 200 6195 "http://www.selectsmart.com/PRESIDENT/results.php3" "Mozilla/4.0 (compatible; MSIE 4.01; Windows 95)"
198.70.148.65 - - [22/Oct/1999:09:00:39 -0400] "GET /PRESIDENT/images/bush.jpg HTTP/1.1" 200 2977 "http://www.selectsmart.com/PRESIDENT/results.php3" "Mozilla/4.0 (compatible; MSIE 4.01; Windows 95)"
129.7.28.13 - - [22/Oct/1999:09:00:40 -0400] "GET /BUSINESS/drop_h.jpg HTTP/1.0" 200 2034 "http://www.selectsmart.com/PRESIDENT/" "Mozilla/4.04 [en] (Win95; I)"
129.7.28.13 - - [22/Oct/1999:09:00:40 -0400] "GET /BUSINESS/drop_v.jpg HTTP/1.0" 200 1963 "http://www.selectsmart.com/PRESIDENT/" "Mozilla/4.04 [en] (Win95; I)"
129.7.28.13 - - [22/Oct/1999:09:00:40 -0400] "GET /BUSINESS/16.gif HTTP/1.0" 200 6704 "http://www.selectsmart.com/PRESIDENT/" "Mozilla/4.04 [en] (Win95; I)"
129.7.28.13 - - [22/Oct/1999:09:00:41 -0400] "GET /PRESIDENT/anecdote.gif HTTP/1.0" 200 6898 "http://www.selectsmart.com/PRESIDENT/" "Mozilla/4.04 [en] (Win95; I)"
129.7.28.13 - - [22/Oct/1999:09:00:41 -0400] "GET /PRESIDENT/packaging.gif HTTP/1.0" 200 10663 "http://www.selectsmart.com/PRESIDENT/" "Mozilla/4.04 [en] (Win95; I)"
129.7.28.13 - - [22/Oct/1999:09:00:41 -0400] "GET /PRESIDENT/TR.gif HTTP/1.0" 200 5566 "http://www.selectsmart.com/PRESIDENT/" "Mozilla/4.04 [en] (Win95; I)"
129.7.28.13 - - [22/Oct/1999:09:00:41 -0400] "GET /PRESIDENT/vidal.gif HTTP/1.0" 200 11342 "http://www.selectsmart.com/PRESIDENT/" "Mozilla/4.04 [en] (Win95; I)"
205.183.232.69 - - [22/Oct/1999:09:00:41 -0400] "GET /BUSINESS/drop_v.jpg HTTP/1.0" 200 1963 "http://www.selectsmart.com/PRESIDENT/" "Mozilla/4.0 (compatible; MSIE 4.01; Windows 95)"
205.183.232.69 - - [22/Oct/1999:09:00:41 -0400] "GET /BUSINESS/drop_h.jpg HTTP/1.0" 200 2034 "http://www.selectsmart.com/PRESIDENT/" "Mozilla/4.0 (compatible; MSIE 4.01; Windows 95)"
205.183.232.69 - - [22/Oct/1999:09:00:41 -0400] "GET /PRESIDENT/anecdote.gif HTTP/1.0" 200 6898 "http://www.selectsmart.com/PRESIDENT/" "Mozilla/4.0 (compatible; MSIE 4.01; Windows 95)"
205.183.232.69 - - [22/Oct/1999:09:00:42 -0400] "GET /BUSINESS/16.gif HTTP/1.0" 200 6704 "http://www.selectsmart.com/PRESIDENT/" "Mozilla/4.0 (compatible; MSIE 4.01; Windows 95)"
129.7.28.13 - - [22/Oct/1999:09:00:42 -0400] "GET /PRESIDENT/campaigns.gif HTTP/1.0" 200 5835 "http://www.selectsmart.com/PRESIDENT/" "Mozilla/4.04 [en] (Win95; I)"
129.7.28.13 - - [22/Oct/1999:09:00:42 -0400] "GET /PRESIDENT/camp2000.gif HTTP/1.0" 200 7449 "http://www.selectsmart.com/PRESIDENT/" "Mozilla/4.04 [en] (Win95; I)"
129.7.28.13 - - [22/Oct/1999:09:00:42 -0400] "GET /curt.jpg HTTP/1.0" 200 4228 "http://www.selectsmart.com/PRESIDENT/" "Mozilla/4.04 [en] (Win95; I)"
205.183.232.69 - - [22/Oct/1999:09:00:43 -0400] "GET /PRESIDENT/campaigns.gif HTTP/1.0" 200 5835 "http://www.selectsmart.com/PRESIDENT/" "Mozilla/4.0 (compatible; MSIE 4.01; Windows 95)"
205.183.232.69 - - [22/Oct/1999:09:00:43 -0400] "GET /PRESIDENT/packaging.gif HTTP/1.0" 200 10663 "http://www.selectsmart.com/PRESIDENT/" "Mozilla/4.0 (compatible; MSIE 4.01; Windows 95)"
205.183.232.69 - - [22/Oct/1999:09:00:44 -0400] "GET /PRESIDENT/vidal.gif HTTP/1.0" 200 11342 "http://www.selectsmart.com/PRESIDENT/" "Mozilla/4.0 (compatible; MSIE 4.01; Windows 95)"
205.183.232.69 - - [22/Oct/1999:09:00:44 -0400] "GET /PRESIDENT/TR.gif HTTP/1.0" 200 5566 "http://www.selectsmart.com/PRESIDENT/" "Mozilla/4.0 (compatible; MSIE 4.01; Windows 95)"
205.183.232.69 - - [22/Oct/1999:09:00:44 -0400] "GET /PRESIDENT/camp2000.gif HTTP/1.0" 200 7449 "http://www.selectsmart.com/PRESIDENT/" "Mozilla/4.0 (compatible; MSIE 4.01; Windows 95)"
205.183.232.69 - - [22/Oct/1999:09:00:45 -0400] "GET /curt.jpg HTTP/1.0" 200 4228 "http://www.selectsmart.com/PRESIDENT/" "Mozilla/4.0 (compatible; MSIE 4.01; Windows 95)"
209.91.8.134 - - [22/Oct/1999:09:00:46 -0400] "POST /PRESIDENT/results.php3 HTTP/1.0" 200 1376 "http://www.selectsmart.com/PRESIDENT/results.php3" "Mozilla/4.0 (compatible; MSIE 4.01; Windows 98)"
207.22.92.18 - - [22/Oct/1999:09:00:48 -0400] "GET /PRESIDENT/results.php3?more=now&mid=16 HTTP/1.0" 200 5945 "http://www.selectsmart.com/PRESIDENT/results.php3" "Mozilla/4.5 [en] (Win95; U)"
207.22.92.18 - - [22/Oct/1999:09:00:49 -0400] "GET /PRESIDENT/images/smith.jpg HTTP/1.0" 200 2103 "http://www.selectsmart.com/PRESIDENT/results.php3?more=now&mid=16" "Mozilla/4.5 [en] (Win95; U)"
165.89.84.249 - - [22/Oct/1999:09:00:55 -0400] "GET /PRESIDENT/define10b.htm HTTP/1.0" 200 160 "http://www.selectsmart.com/PRESIDENT/" "Mozilla/4.5 [en]C-BMY (WinNT; U)"
206.0.182.160 - - [22/Oct/1999:09:00:56 -0400] "GET /PRESIDENT/ HTTP/1.0" 200 29678 "-" "Mozilla/4.6 [en] (Win95; U)"
206.0.182.160 - - [22/Oct/1999:09:00:58 -0400] "GET /BUSINESS/16.gif HTTP/1.0" 200 6704 "http://www.selectsmart.com/PRESIDENT/" "Mozilla/4.6 [en] (Win95; U)"
206.0.182.160 - - [22/Oct/1999:09:00:58 -0400] "GET /BUSINESS/drop_v.jpg HTTP/1.0" 200 1963 "http://www.selectsmart.com/PRESIDENT/" "Mozilla/4.6 [en] (Win95; U)"
206.0.182.160 - - [22/Oct/1999:09:00:58 -0400] "GET /BUSINESS/drop_h.jpg HTTP/1.0" 200 2034 "http://www.selectsmart.com/PRESIDENT/" "Mozilla/4.6 [en] (Win95; U)"
206.0.182.160 - - [22/Oct/1999:09:00:59 -0400] "GET /PRESIDENT/ HTTP/1.0" 304 - "-" "Mozilla/4.6 [en] (Win95; U)"
143.231.73.197 - - [22/Oct/1999:09:00:59 -0400] "POST /PRESIDENT/results.php3 HTTP/1.1" 200 6638 "http://www.selectsmart.com/PRESIDENT/" "Mozilla/4.0 (compatible; MSIE 4.01; Windows 95)"
207.22.92.18 - - [22/Oct/1999:09:00:59 -0400] "GET /PRESIDENT/results.php3?more=now&mid=5 HTTP/1.0" 200 6124 "http://www.selectsmart.com/PRESIDENT/results.php3" "Mozilla/4.5 [en] (Win95; U)"
206.0.182.160 - - [22/Oct/1999:09:00:59 -0400] "GET /PRESIDENT/ HTTP/1.0" 206 24540 "-" "Mozilla/4.6 [en] (Win95; U)"
207.22.92.18 - - [22/Oct/1999:09:00:59 -0400] "GET /PRESIDENT/buchanan.jpg HTTP/1.0" 200 8053 "http://www.selectsmart.com/PRESIDENT/results.php3?more=now&mid=5" "Mozilla/4.5 [en] (Win95; U)"
206.0.182.160 - - [22/Oct/1999:09:00:59 -0400] "GET /BUSINESS/16.gif HTTP/1.0" 200 6704 "http://www.selectsmart.com/PRESIDENT/" "Mozilla/4.6 [en] (Win95; U)"
206.0.182.160 - - [22/Oct/1999:09:00:59 -0400] "GET /BUSINESS/drop_v.jpg HTTP/1.0" 200 1963 "http://www.selectsmart.com/PRESIDENT/" "Mozilla/4.6 [en] (Win95; U)"
206.0.182.160 - - [22/Oct/1999:09:00:59 -0400] "GET /BUSINESS/drop_h.jpg HTTP/1.0" 200 2034 "http://www.selectsmart.com/PRESIDENT/" "Mozilla/4.6 [en] (Win95; U)"
209.91.8.134 - - [22/Oct/1999:09:01:00 -0400] "GET /PRESIDENT/index.html HTTP/1.0" 200 29678 "http://www.selectsmart.com/PRESIDENT/results.php3" "Mozilla/4.0 (compatible; MSIE 4.01; Windows 98)"
206.0.182.160 - - [22/Oct/1999:09:01:02 -0400] "GET /PRESIDENT/anecdote.gif HTTP/1.0" 200 6898 "http://www.selectsmart.com/PRESIDENT/" "Mozilla/4.6 [en] (Win95; U)"
206.0.182.160 - - [22/Oct/1999:09:01:02 -0400] "GET /PRESIDENT/campaigns.gif HTTP/1.0" 200 5835 "http://www.selectsmart.com/PRESIDENT/" "Mozilla/4.6 [en] (Win95; U)"
206.0.182.160 - - [22/Oct/1999:09:01:02 -0400] "GET /PRESIDENT/packaging.gif HTTP/1.0" 200 10663 "http://www.selectsmart.com/PRESIDENT/" "Mozilla/4.6 [en] (Win95; U)"
206.0.182.160 - - [22/Oct/1999:09:01:02 -0400] "GET /PRESIDENT/vidal.gif HTTP/1.0" 200 11342 "http://www.selectsmart.com/PRESIDENT/" "Mozilla/4.6 [en] (Win95; U)"
206.0.182.160 - - [22/Oct/1999:09:01:02 -0400] "GET /PRESIDENT/camp2000.gif HTTP/1.0" 200 7449 "http://www.selectsmart.com/PRESIDENT/" "Mozilla/4.6 [en] (Win95; U)"
206.0.182.160 - - [22/Oct/1999:09:01:06 -0400] "GET /curt.jpg HTTP/1.0" 200 4228 "http://www.selectsmart.com/PRESIDENT/" "Mozilla/4.6 [en] (Win95; U)"
206.0.182.160 - - [22/Oct/1999:09:01:07 -0400] "GET /PRESIDENT/TR.gif HTTP/1.0" 200 5566 "http://www.selectsmart.com/PRESIDENT/" "Mozilla/4.6 [en] (Win95; U)"
165.89.84.249 - - [22/Oct/1999:09:01:10 -0400] "GET /PRESIDENT/define8.htm HTTP/1.0" 200 322 "http://www.selectsmart.com/PRESIDENT/" "Mozilla/4.5 [en]C-BMY (WinNT; U)"
208.241.56.86 - - [22/Oct/1999:09:01:15 -0400] "POST /PRESIDENT/results.php3 HTTP/1.1" 200 6640 "http://www.selectsmart.com/PRESIDENT/" "Mozilla/4.0 (compatible; MSIE 4.01; Windows 95)"
199.73.128.82 - - [22/Oct/1999:09:01:16 -0400] "GET /PRESIDENT/results.php3?more=now&mid=1 HTTP/1.0" 200 7174 "http://www.selectsmart.com/PRESIDENT/results.php3" "Mozilla/4.0 (compatible; MSIE 5.0; Windows 95; DigExt)"
199.73.128.82 - - [22/Oct/1999:09:01:16 -0400] "GET /PRESIDENT/images/bauer.jpg HTTP/1.0" 200 2154 "http://www.selectsmart.com/PRESIDENT/results.php3?more=now&mid=1" "Mozilla/4.0 (compatible; MSIE 5.0; Windows 95; DigExt)"
209.91.8.134 - - [22/Oct/1999:09:01:17 -0400] "GET /PRESIDENT/results.php3?more=now&mid=3 HTTP/1.0" 200 7827 "http://www.selectsmart.com/PRESIDENT/results.php3" "Mozilla/4.0 (compatible; MSIE 4.01; Windows 98)"
208.134.156.2 - - [22/Oct/1999:09:01:18 -0400] "GET /PRESIDENT/ HTTP/1.1" 200 29678 "-" "Mozilla/4.0 (compatible; MSIE 5.0; Windows NT; DigExt)"
208.134.156.2 - - [22/Oct/1999:09:01:20 -0400] "GET /PRESIDENT/anecdote.gif HTTP/1.1" 200 6898 "http://www.selectsmart.com/PRESIDENT/" "Mozilla/4.0 (compatible; MSIE 5.0; Windows NT; DigExt)"
208.134.156.2 - - [22/Oct/1999:09:01:20 -0400] "GET /PRESIDENT/packaging.gif HTTP/1.1" 200 10663 "http://www.selectsmart.com/PRESIDENT/" "Mozilla/4.0 (compatible; MSIE 5.0; Windows NT; DigExt)"
208.134.156.2 - - [22/Oct/1999:09:01:20 -0400] "GET /BUSINESS/16.gif HTTP/1.1" 200 6704 "http://www.selectsmart.com/PRESIDENT/" "Mozilla/4.0 (compatible; MSIE 5.0; Windows NT; DigExt)"
208.134.156.2 - - [22/Oct/1999:09:01:20 -0400] "GET /BUSINESS/drop_v.jpg HTTP/1.1" 200 1963 "http://www.selectsmart.com/PRESIDENT/" "Mozilla/4.0 (compatible; MSIE 5.0; Windows NT; DigExt)"
208.134.156.2 - - [22/Oct/1999:09:01:20 -0400] "GET /PRESIDENT/campaigns.gif HTTP/1.1" 200 5835 "http://www.selectsmart.com/PRESIDENT/" "Mozilla/4.0 (compatible; MSIE 5.0; Windows NT; DigExt)"
208.134.156.2 - - [22/Oct/1999:09:01:20 -0400] "GET /BUSINESS/drop_h.jpg HTTP/1.1" 200 2034 "http://www.selectsmart.com/PRESIDENT/" "Mozilla/4.0 (compatible; MSIE 5.0; Windows NT; DigExt)"
208.134.156.2 - - [22/Oct/1999:09:01:21 -0400] "GET /PRESIDENT/vidal.gif HTTP/1.1" 200 11342 "http://www.selectsmart.com/PRESIDENT/" "Mozilla/4.0 (compatible; MSIE 5.0; Windows NT; DigExt)"
208.134.156.2 - - [22/Oct/1999:09:01:21 -0400] "GET /PRESIDENT/TR.gif HTTP/1.1" 200 5566 "http://www.selectsmart.com/PRESIDENT/" "Mozilla/4.0 (compatible; MSIE 5.0; Windows NT; DigExt)"
208.134.156.2 - - [22/Oct/1999:09:01:21 -0400] "GET /PRESIDENT/camp2000.gif HTTP/1.1" 200 7449 "http://www.selectsmart.com/PRESIDENT/" "Mozilla/4.0 (compatible; MSIE 5.0; Windows NT; DigExt)"
208.134.156.2 - - [22/Oct/1999:09:01:21 -0400] "GET /curt.jpg HTTP/1.1" 200 4228 "http://www.selectsmart.com/PRESIDENT/" "Mozilla/4.0 (compatible; MSIE 5.0; Windows NT; DigExt)"
206.68.130.30 - - [22/Oct/1999:09:01:23 -0400] "POST /cgi-bin/dog/rdog.cgi HTTP/1.0" 200 14689 "http://www.selectsmart.com/DOG/" "Mozilla/4.0 (compatible; MSIE 5.0; Windows 95; DigExt)"
165.89.84.249 - - [22/Oct/1999:09:01:24 -0400] "GET /PRESIDENT/define.htm HTTP/1.0" 200 151 "http://www.selectsmart.com/PRESIDENT/" "Mozilla/4.5 [en]C-BMY (WinNT; U)"
165.89.84.249 - - [22/Oct/1999:09:01:29 -0400] "GET /PRESIDENT/define1.htm HTTP/1.0" 200 144 "http://www.selectsmart.com/PRESIDENT/" "Mozilla/4.5 [en]C-BMY (WinNT; U)"
206.161.26.28 - - [22/Oct/1999:09:01:31 -0400] "GET /PRESIDENT/ HTTP/1.1" 200 29678 "-" "Mozilla/4.0 (compatible; MSIE 4.01; Windows 98)"
165.199.3.53 - - [22/Oct/1999:09:01:33 -0400] "POST /PRESIDENT/results.php3 HTTP/1.0" 200 6625 "http://www.selectsmart.com/PRESIDENT/" "Mozilla/4.61 [en] (Win95; U)"
206.161.26.28 - - [22/Oct/1999:09:01:36 -0400] "GET /BUSINESS/16.gif HTTP/1.1" 200 6704 "http://www.selectsmart.com/PRESIDENT/" "Mozilla/4.0 (compatible; MSIE 4.01; Windows 98)"
206.161.26.28 - - [22/Oct/1999:09:01:36 -0400] "GET /BUSINESS/drop_v.jpg HTTP/1.1" 200 1963 "http://www.selectsmart.com/PRESIDENT/" "Mozilla/4.0 (compatible; MSIE 4.01; Windows 98)"
206.161.26.28 - - [22/Oct/1999:09:01:36 -0400] "GET /BUSINESS/drop_h.jpg HTTP/1.1" 200 2034 "http://www.selectsmart.com/PRESIDENT/" "Mozilla/4.0 (compatible; MSIE 4.01; Windows 98)"
206.161.26.28 - - [22/Oct/1999:09:01:36 -0400] "GET /PRESIDENT/anecdote.gif HTTP/1.1" 200 6898 "http://www.selectsmart.com/PRESIDENT/" "Mozilla/4.0 (compatible; MSIE 4.01; Windows 98)"
206.161.26.28 - - [22/Oct/1999:09:01:36 -0400] "GET /PRESIDENT/campaigns.gif HTTP/1.1" 200 5835 "http://www.selectsmart.com/PRESIDENT/" "Mozilla/4.0 (compatible; MSIE 4.01; Windows 98)"
206.161.26.28 - - [22/Oct/1999:09:01:36 -0400] "GET /PRESIDENT/packaging.gif HTTP/1.1" 200 10663 "http://www.selectsmart.com/PRESIDENT/" "Mozilla/4.0 (compatible; MSIE 4.01; Windows 98)"
206.161.26.28 - - [22/Oct/1999:09:01:36 -0400] "GET /PRESIDENT/vidal.gif HTTP/1.1" 200 11342 "http://www.selectsmart.com/PRESIDENT/" "Mozilla/4.0 (compatible; MSIE 4.01; Windows 98)"
206.161.26.28 - - [22/Oct/1999:09:01:36 -0400] "GET /PRESIDENT/TR.gif HTTP/1.1" 200 5566 "http://www.selectsmart.com/PRESIDENT/" "Mozilla/4.0 (compatible; MSIE 4.01; Windows 98)"
206.161.26.28 - - [22/Oct/1999:09:01:37 -0400] "GET /PRESIDENT/camp2000.gif HTTP/1.1" 200 7449 "http://www.selectsmart.com/PRESIDENT/" "Mozilla/4.0 (compatible; MSIE 4.01; Windows 98)"
206.161.26.28 - - [22/Oct/1999:09:01:37 -0400] "GET /curt.jpg HTTP/1.1" 200 4228 "http://www.selectsmart.com/PRESIDENT/" "Mozilla/4.0 (compatible; MSIE 4.01; Windows 98)"
24.4.252.129 - - [22/Oct/1999:09:01:39 -0400] "GET / HTTP/1.0" 200 1839 "-" "Mozilla/4.5 [en]C-AtHome0405 (Win98; U)"
24.4.252.129 - - [22/Oct/1999:09:01:40 -0400] "GET /sidepanel.html HTTP/1.0" 200 3890 "-" "Mozilla/4.5 [en]C-AtHome0405 (Win98; U)"
24.4.252.128 - - [22/Oct/1999:09:01:40 -0400] "GET /indexa.html HTTP/1.0" 200 20372 "-" "Mozilla/4.5 [en]C-AtHome0405 (Win98; U)"
24.4.252.128 - - [22/Oct/1999:09:01:40 -0400] "GET /solid48.gif HTTP/1.0" 200 987 "http://www.selectsmart.com/sidepanel.html" "Mozilla/4.5 [en]C-AtHome0405 (Win98; U)"
24.4.252.128 - - [22/Oct/1999:09:01:40 -0400] "GET /solid59.gif HTTP/1.0" 200 977 "http://www.selectsmart.com/sidepanel.html" "Mozilla/4.5 [en]C-AtHome0405 (Win98; U)"
24.4.252.128 - - [22/Oct/1999:09:01:40 -0400] "GET /AMAZON/amzn-buy.gif HTTP/1.0" 200 3051 "http://www.selectsmart.com/sidepanel.html" "Mozilla/4.5 [en]C-AtHome0405 (Win98; U)"
24.4.252.128 - - [22/Oct/1999:09:01:40 -0400] "GET /solid52.gif HTTP/1.0" 200 980 "http://www.selectsmart.com/sidepanel.html" "Mozilla/4.5 [en]C-AtHome0405 (Win98; U)"
24.4.252.128 - - [22/Oct/1999:09:01:40 -0400] "GET /solid17.gif HTTP/1.0" 200 988 "http://www.selectsmart.com/sidepanel.html" "Mozilla/4.5 [en]C-AtHome0405 (Win98; U)"
24.4.252.128 - - [22/Oct/1999:09:01:40 -0400] "GET /BUSINESS/14.gif HTTP/1.0" 200 6644 "http://www.selectsmart.com/indexa.html" "Mozilla/4.5 [en]C-AtHome0405 (Win98; U)"
24.4.252.128 - - [22/Oct/1999:09:01:40 -0400] "GET /BUSINESS/drop_v.jpg HTTP/1.0" 200 1963 "http://www.selectsmart.com/indexa.html" "Mozilla/4.5 [en]C-AtHome0405 (Win98; U)"
24.4.252.128 - - [22/Oct/1999:09:01:40 -0400] "GET /BUSINESS/drop_h.jpg HTTP/1.0" 200 2034 "http://www.selectsmart.com/indexa.html" "Mozilla/4.5 [en]C-AtHome0405 (Win98; U)"
24.4.252.129 - - [22/Oct/1999:09:01:40 -0400] "GET /thnkyell.jpg HTTP/1.0" 200 23337 "http://www.selectsmart.com/sidepanel.html" "Mozilla/4.5 [en]C-AtHome0405 (Win98; U)"
24.4.252.128 - - [22/Oct/1999:09:01:40 -0400] "GET /solid11.gif HTTP/1.0" 200 1006 "http://www.selectsmart.com/indexa.html" "Mozilla/4.5 [en]C-AtHome0405 (Win98; U)"
24.4.252.128 - - [22/Oct/1999:09:01:40 -0400] "GET /solid17.gif HTTP/1.0" 200 988 "http://www.selectsmart.com/sidepanel.html" "Mozilla/4.5 [en]C-AtHome0405 (Win98; U)"
24.4.252.128 - - [22/Oct/1999:09:01:41 -0400] "GET /solid28.gif HTTP/1.0" 200 972 "http://www.selectsmart.com/indexa.html" "Mozilla/4.5 [en]C-AtHome0405 (Win98; U)"
24.4.252.129 - - [22/Oct/1999:09:01:41 -0400] "GET /solid6.gif HTTP/1.0" 200 993 "http://www.selectsmart.com/indexa.html" "Mozilla/4.5 [en]C-AtHome0405 (Win98; U)"
24.4.252.129 - - [22/Oct/1999:09:01:41 -0400] "GET /curt.jpg HTTP/1.0" 200 4228 "http://www.selectsmart.com/sidepanel.html" "Mozilla/4.5 [en]C-AtHome0405 (Win98; U)"
24.4.252.128 - - [22/Oct/1999:09:01:41 -0400] "GET /solid41.gif HTTP/1.0" 200 987 "http://www.selectsmart.com/sidepanel.html" "Mozilla/4.5 [en]C-AtHome0405 (Win98; U)"
24.4.252.128 - - [22/Oct/1999:09:01:41 -0400] "GET /cooldogsiteselected.gif HTTP/1.0" 200 2982 "http://www.selectsmart.com/indexa.html" "Mozilla/4.5 [en]C-AtHome0405 (Win98; U)"
24.4.252.129 - - [22/Oct/1999:09:01:41 -0400] "GET /sltrib.gif HTTP/1.0" 200 5673 "http://www.selectsmart.com/indexa.html" "Mozilla/4.5 [en]C-AtHome0405 (Win98; U)"
24.4.252.129 - - [22/Oct/1999:09:01:41 -0400] "GET /CoolAward2.gif HTTP/1.0" 200 5548 "http://www.selectsmart.com/indexa.html" "Mozilla/4.5 [en]C-AtHome0405 (Win98; U)"
24.4.252.129 - - [22/Oct/1999:09:01:41 -0400] "GET /up.jpg HTTP/1.0" 200 2511 "http://www.selectsmart.com/sidepanel.html" "Mozilla/4.5 [en]C-AtHome0405 (Win98; U)"
24.4.252.129 - - [22/Oct/1999:09:01:41 -0400] "GET /carolin2.gif HTTP/1.0" 200 3241 "http://www.selectsmart.com/indexa.html" "Mozilla/4.5 [en]C-AtHome0405 (Win98; U)"
24.4.252.128 - - [22/Oct/1999:09:01:41 -0400] "GET /planetclick.gif HTTP/1.0" 200 4949 "http://www.selectsmart.com/indexa.html" "Mozilla/4.5 [en]C-AtHome0405 (Win98; U)"
24.4.252.129 - - [22/Oct/1999:09:01:41 -0400] "GET /cpetsitm.gif HTTP/1.0" 200 6269 "http://www.selectsmart.com/indexa.html" "Mozilla/4.5 [en]C-AtHome0405 (Win98; U)"
24.4.252.129 - - [22/Oct/1999:09:01:41 -0400] "GET /blkpaw.gif HTTP/1.0" 200 936 "http://www.selectsmart.com/indexa.html" "Mozilla/4.5 [en]C-AtHome0405 (Win98; U)"
24.4.252.128 - - [22/Oct/1999:09:01:41 -0400] "GET /exclaim.jpg HTTP/1.0" 200 7859 "http://www.selectsmart.com/indexa.html" "Mozilla/4.5 [en]C-AtHome0405 (Win98; U)"
24.4.252.128 - - [22/Oct/1999:09:01:41 -0400] "GET /sitename60_mining.gif HTTP/1.0" 200 2015 "http://www.selectsmart.com/indexa.html" "Mozilla/4.5 [en]C-AtHome0405 (Win98; U)"
24.4.252.128 - - [22/Oct/1999:09:01:42 -0400] "GET /cooltools.gif HTTP/1.0" 200 3810 "http://www.selectsmart.com/indexa.html" "Mozilla/4.5 [en]C-AtHome0405 (Win98; U)"
24.4.252.128 - - [22/Oct/1999:09:01:42 -0400] "GET /solid48.gif HTTP/1.0" 200 987 "http://www.selectsmart.com/indexa.html" "Mozilla/4.5 [en]C-AtHome0405 (Win98; U)"
38.219.129.27 - - [22/Oct/1999:09:01:42 -0400] "POST /PRESIDENT/results.php3 HTTP/1.0" 200 17736 "http://www.selectsmart.com/PRESIDENT/results.php3" "Mozilla/4.61 [en] (WinNT; I)"
38.219.129.27 - - [22/Oct/1999:09:01:43 -0400] "GET /PRESIDENT/images/bradley.jpg HTTP/1.0" 200 2294 "http://www.selectsmart.com/PRESIDENT/results.php3" "Mozilla/4.61 [en] (WinNT; I)"
38.219.129.27 - - [22/Oct/1999:09:01:43 -0400] "GET /PRESIDENT/images/bush.jpg HTTP/1.0" 200 2977 "http://www.selectsmart.com/PRESIDENT/results.php3" "Mozilla/4.61 [en] (WinNT; I)"
207.198.13.173 - - [22/Oct/1999:09:01:43 -0400] "GET /BUSINESS/16.gif HTTP/1.0" 200 6704 "http://www.selectsmart.com/PRESIDENT/" "Mozilla/2.0 (compatible; MSIE 3.01; AK; Windows 95)"
207.198.13.173 - - [22/Oct/1999:09:01:43 -0400] "GET /BUSINESS/drop_v.jpg HTTP/1.0" 200 1963 "http://www.selectsmart.com/PRESIDENT/" "Mozilla/2.0 (compatible; MSIE 3.01; AK; Windows 95)"
38.219.129.27 - - [22/Oct/1999:09:01:43 -0400] "GET /PRESIDENT/images/gore.jpg HTTP/1.0" 200 2930 "http://www.selectsmart.com/PRESIDENT/results.php3" "Mozilla/4.61 [en] (WinNT; I)"
207.198.13.173 - - [22/Oct/1999:09:01:43 -0400] "GET /PRESIDENT/ HTTP/1.0" 200 29678 "-" "Mozilla/2.0 (compatible; MSIE 3.01; AK; Windows 95)"
207.198.13.173 - - [22/Oct/1999:09:01:44 -0400] "GET /BUSINESS/drop_h.jpg HTTP/1.0" 200 2034 "http://www.selectsmart.com/PRESIDENT/" "Mozilla/2.0 (compatible; MSIE 3.01; AK; Windows 95)"
207.174.108.17 - - [22/Oct/1999:09:01:48 -0400] "GET /PRESIDENT/ HTTP/1.0" 200 29678 "-" "Mozilla/3.0 (Win95; U)"
143.231.99.131 - - [22/Oct/1999:09:01:49 -0400] "GET /PRESIDENT/ HTTP/1.1" 200 29678 "-" "Mozilla/4.0 (compatible; MSIE 4.01; Windows NT; iq_r1)"
207.198.13.173 - - [22/Oct/1999:09:01:49 -0400] "GET /PRESIDENT/anecdote.gif HTTP/1.0" 200 6898 "http://www.selectsmart.com/PRESIDENT/" "Mozilla/2.0 (compatible; MSIE 3.01; AK; Windows 95)"
207.174.108.17 - - [22/Oct/1999:09:01:50 -0400] "GET /PRESIDENT/camp2000.gif HTTP/1.0" 200 7449 "http://www.selectsmart.com/PRESIDENT/" "Mozilla/3.0 (Win95; U)"
207.174.108.17 - - [22/Oct/1999:09:01:50 -0400] "GET /BUSINESS/drop_h.jpg HTTP/1.0" 200 2034 "http://www.selectsmart.com/PRESIDENT/" "Mozilla/3.0 (Win95; U)"
207.174.108.17 - - [22/Oct/1999:09:01:50 -0400] "GET /BUSINESS/drop_v.jpg HTTP/1.0" 200 1963 "http://www.selectsmart.com/PRESIDENT/" "Mozilla/3.0 (Win95; U)"
207.174.108.17 - - [22/Oct/1999:09:01:51 -0400] "GET /BUSINESS/16.gif HTTP/1.0" 200 6704 "http://www.selectsmart.com/PRESIDENT/" "Mozilla/3.0 (Win95; U)"
206.68.130.30 - - [22/Oct/1999:09:01:51 -0400] "GET /DOG/description1A.htm HTTP/1.0" 200 23586 "http://www.selectsmart.com/cgi-bin/dog/rdog.cgi" "Mozilla/4.0 (compatible; MSIE 5.0; Windows 95; DigExt)"
207.198.13.173 - - [22/Oct/1999:09:01:51 -0400] "GET /PRESIDENT/campaigns.gif HTTP/1.0" 200 5835 "http://www.selectsmart.com/PRESIDENT/" "Mozilla/2.0 (compatible; MSIE 3.01; AK; Windows 95)"
206.68.130.30 - - [22/Oct/1999:09:01:51 -0400] "GET /dogtoys/dtlogo.gif HTTP/1.0" 200 2778 "http://www.selectsmart.com/DOG/description1A.htm" "Mozilla/4.0 (compatible; MSIE 5.0; Windows 95; DigExt)"
206.68.130.30 - - [22/Oct/1999:09:01:51 -0400] "GET /DOG/englishsetter.jpg HTTP/1.0" 200 2290 "http://www.selectsmart.com/DOG/description1A.htm" "Mozilla/4.0 (compatible; MSIE 5.0; Windows 95; DigExt)"
206.68.130.30 - - [22/Oct/1999:09:01:52 -0400] "GET /DOG/jet.jpg HTTP/1.0" 200 4146 "http://www.selectsmart.com/DOG/description1A.htm" "Mozilla/4.0 (compatible; MSIE 5.0; Windows 95; DigExt)"
206.68.130.30 - - [22/Oct/1999:09:01:52 -0400] "GET /DOG/espringer.jpg HTTP/1.0" 200 20220 "http://www.selectsmart.com/DOG/description1A.htm" "Mozilla/4.0 (compatible; MSIE 5.0; Windows 95; DigExt)"
143.231.99.131 - - [22/Oct/1999:09:01:52 -0400] "GET /PRESIDENT/anecdote.gif HTTP/1.1" 200 6898 "http://www.selectsmart.com/PRESIDENT/" "Mozilla/4.0 (compatible; MSIE 4.01; Windows NT; iq_r1)"
143.231.99.131 - - [22/Oct/1999:09:01:52 -0400] "GET /PRESIDENT/packaging.gif HTTP/1.1" 200 10663 "http://www.selectsmart.com/PRESIDENT/" "Mozilla/4.0 (compatible; MSIE 4.01; Windows NT; iq_r1)"
206.68.130.30 - - [22/Oct/1999:09:01:52 -0400] "GET /DOG/frenchbull.gif HTTP/1.0" 200 2273 "http://www.selectsmart.com/DOG/description1A.htm" "Mozilla/4.0 (compatible; MSIE 5.0; Windows 95; DigExt)"
143.231.99.131 - - [22/Oct/1999:09:01:52 -0400] "GET /BUSINESS/16.gif HTTP/1.1" 200 6704 "http://www.selectsmart.com/PRESIDENT/" "Mozilla/4.0 (compatible; MSIE 4.01; Windows NT; iq_r1)"
143.231.99.131 - - [22/Oct/1999:09:01:52 -0400] "GET /PRESIDENT/campaigns.gif HTTP/1.1" 200 5835 "http://www.selectsmart.com/PRESIDENT/" "Mozilla/4.0 (compatible; MSIE 4.01; Windows NT; iq_r1)"
143.231.99.131 - - [22/Oct/1999:09:01:52 -0400] "GET /BUSINESS/drop_v.jpg HTTP/1.1" 200 1963 "http://www.selectsmart.com/PRESIDENT/" "Mozilla/4.0 (compatible; MSIE 4.01; Windows NT; iq_r1)"
143.231.99.131 - - [22/Oct/1999:09:01:52 -0400] "GET /BUSINESS/drop_h.jpg HTTP/1.1" 200 2034 "http://www.selectsmart.com/PRESIDENT/" "Mozilla/4.0 (compatible; MSIE 4.01; Windows NT; iq_r1)"
206.68.130.30 - - [22/Oct/1999:09:01:53 -0400] "GET /DOG/germanshort.jpg HTTP/1.0" 200 2396 "http://www.selectsmart.com/DOG/description1A.htm" "Mozilla/4.0 (compatible; MSIE 5.0; Windows 95; DigExt)"
143.231.99.131 - - [22/Oct/1999:09:01:53 -0400] "GET /PRESIDENT/vidal.gif HTTP/1.1" 200 11342 "http://www.selectsmart.com/PRESIDENT/" "Mozilla/4.0 (compatible; MSIE 4.01; Windows NT; iq_r1)"
143.231.99.131 - - [22/Oct/1999:09:01:53 -0400] "GET /PRESIDENT/camp2000.gif HTTP/1.1" 200 7449 "http://www.selectsmart.com/PRESIDENT/" "Mozilla/4.0 (compatible; MSIE 4.01; Windows NT; iq_r1)"
143.231.99.131 - - [22/Oct/1999:09:01:53 -0400] "GET /PRESIDENT/TR.gif HTTP/1.1" 200 5566 "http://www.selectsmart.com/PRESIDENT/" "Mozilla/4.0 (compatible; MSIE 4.01; Windows NT; iq_r1)"
206.68.130.30 - - [22/Oct/1999:09:01:53 -0400] "GET /DOG/german1.jpg HTTP/1.0" 200 24778 "http://www.selectsmart.com/DOG/description1A.htm" "Mozilla/4.0 (compatible; MSIE 5.0; Windows 95; DigExt)"
207.96.54.159 - - [22/Oct/1999:09:01:53 -0400] "GET /PRESIDENT/ HTTP/1.1" 200 29678 "-" "Mozilla/4.0 (compatible; MSIE 4.01; Windows 95)"
143.231.99.131 - - [22/Oct/1999:09:01:53 -0400] "GET /curt.jpg HTTP/1.1" 200 4228 "http://www.selectsmart.com/PRESIDENT/" "Mozilla/4.0 (compatible; MSIE 4.01; Windows NT; iq_r1)"
207.198.13.173 - - [22/Oct/1999:09:01:53 -0400] "GET /PRESIDENT/packaging.gif HTTP/1.0" 200 10663 "http://www.selectsmart.com/PRESIDENT/" "Mozilla/2.0 (compatible; MSIE 3.01; AK; Windows 95)"
207.174.108.17 - - [22/Oct/1999:09:01:53 -0400] "GET /PRESIDENT/campaigns.gif HTTP/1.0" 200 5835 "http://www.selectsmart.com/PRESIDENT/" "Mozilla/3.0 (Win95; U)"
206.68.130.30 - - [22/Oct/1999:09:01:53 -0400] "GET /DOG/golden.jpg HTTP/1.0" 200 2257 "http://www.selectsmart.com/DOG/description1A.htm" "Mozilla/4.0 (compatible; MSIE 5.0; Windows 95; DigExt)"
206.68.130.30 - - [22/Oct/1999:09:01:53 -0400] "GET /DOG/greatpyr.jpg HTTP/1.0" 200 1197 "http://www.selectsmart.com/DOG/description1A.htm" "Mozilla/4.0 (compatible; MSIE 5.0; Windows 95; DigExt)"
207.96.54.159 - - [22/Oct/1999:09:01:55 -0400] "GET /BUSINESS/16.gif HTTP/1.1" 200 6704 "http://www.selectsmart.com/PRESIDENT/" "Mozilla/4.0 (compatible; MSIE 4.01; Windows 95)"
207.96.54.159 - - [22/Oct/1999:09:01:55 -0400] "GET /BUSINESS/drop_v.jpg HTTP/1.1" 200 1963 "http://www.selectsmart.com/PRESIDENT/" "Mozilla/4.0 (compatible; MSIE 4.01; Windows 95)"
207.96.54.159 - - [22/Oct/1999:09:01:55 -0400] "GET /PRESIDENT/anecdote.gif HTTP/1.1" 200 6898 "http://www.selectsmart.com/PRESIDENT/" "Mozilla/4.0 (compatible; MSIE 4.01; Windows 95)"
207.96.54.159 - - [22/Oct/1999:09:01:55 -0400] "GET /BUSINESS/drop_h.jpg HTTP/1.1" 200 2034 "http://www.selectsmart.com/PRESIDENT/" "Mozilla/4.0 (compatible; MSIE 4.01; Windows 95)"
207.96.54.159 - - [22/Oct/1999:09:01:56 -0400] "GET /PRESIDENT/campaigns.gif HTTP/1.1" 200 5835 "http://www.selectsmart.com/PRESIDENT/" "Mozilla/4.0 (compatible; MSIE 4.01; Windows 95)"
207.96.54.159 - - [22/Oct/1999:09:01:56 -0400] "GET /PRESIDENT/packaging.gif HTTP/1.1" 200 10663 "http://www.selectsmart.com/PRESIDENT/" "Mozilla/4.0 (compatible; MSIE 4.01; Windows 95)"
207.96.54.159 - - [22/Oct/1999:09:01:56 -0400] "GET /PRESIDENT/vidal.gif HTTP/1.1" 200 11342 "http://www.selectsmart.com/PRESIDENT/" "Mozilla/4.0 (compatible; MSIE 4.01; Windows 95)"
207.96.54.159 - - [22/Oct/1999:09:01:57 -0400] "GET /PRESIDENT/TR.gif HTTP/1.1" 200 5566 "http://www.selectsmart.com/PRESIDENT/" "Mozilla/4.0 (compatible; MSIE 4.01; Windows 95)"
207.96.54.159 - - [22/Oct/1999:09:01:57 -0400] "GET /PRESIDENT/camp2000.gif HTTP/1.1" 200 7449 "http://www.selectsmart.com/PRESIDENT/" "Mozilla/4.0 (compatible; MSIE 4.01; Windows 95)"
207.96.54.159 - - [22/Oct/1999:09:01:57 -0400] "GET /curt.jpg HTTP/1.1" 200 4228 "http://www.selectsmart.com/PRESIDENT/" "Mozilla/4.0 (compatible; MSIE 4.01; Windows 95)"
161.80.12.106 - - [22/Oct/1999:09:01:57 -0400] "GET /PRESIDENT/define8.htm HTTP/1.0" 200 322 "http://www.selectsmart.com/PRESIDENT/" "Mozilla/4.05 [en] (Win95; U)"
207.198.13.173 - - [22/Oct/1999:09:01:57 -0400] "GET /PRESIDENT/vidal.gif HTTP/1.0" 200 11342 "http://www.selectsmart.com/PRESIDENT/" "Mozilla/2.0 (compatible; MSIE 3.01; AK; Windows 95)"
205.188.192.44 - - [22/Oct/1999:09:02:01 -0400] "POST /PRESIDENT/results.php3 HTTP/1.0" 200 6626 "http://www.selectsmart.com/PRESIDENT/" "Mozilla/4.0 (compatible; MSIE 5.0; AOL 4.0; Windows 98; DigExt)"
207.174.108.17 - - [22/Oct/1999:09:02:02 -0400] "GET /PRESIDENT/packaging.gif HTTP/1.0" 200 10663 "http://www.selectsmart.com/PRESIDENT/" "Mozilla/3.0 (Win95; U)"
207.174.108.17 - - [22/Oct/1999:09:02:02 -0400] "GET /PRESIDENT/vidal.gif HTTP/1.0" 200 11342 "http://www.selectsmart.com/PRESIDENT/" "Mozilla/3.0 (Win95; U)"
207.198.13.173 - - [22/Oct/1999:09:02:03 -0400] "GET /PRESIDENT/TR.gif HTTP/1.0" 200 5566 "http://www.selectsmart.com/PRESIDENT/" "Mozilla/2.0 (compatible; MSIE 3.01; AK; Windows 95)"
207.174.108.17 - - [22/Oct/1999:09:02:03 -0400] "GET /PRESIDENT/TR.gif HTTP/1.0" 200 5566 "http://www.selectsmart.com/PRESIDENT/" "Mozilla/3.0 (Win95; U)"
207.174.108.17 - - [22/Oct/1999:09:02:03 -0400] "GET /curt.jpg HTTP/1.0" 200 4228 "http://www.selectsmart.com/PRESIDENT/" "Mozilla/3.0 (Win95; U)"
207.198.13.173 - - [22/Oct/1999:09:02:07 -0400] "GET /PRESIDENT/camp2000.gif HTTP/1.0" 200 7449 "http://www.selectsmart.com/PRESIDENT/" "Mozilla/2.0 (compatible; MSIE 3.01; AK; Windows 95)"
207.198.13.173 - - [22/Oct/1999:09:02:08 -0400] "GET /curt.jpg HTTP/1.0" 200 4228 "http://www.selectsmart.com/PRESIDENT/" "Mozilla/2.0 (compatible; MSIE 3.01; AK; Windows 95)"
207.174.108.17 - - [22/Oct/1999:09:02:08 -0400] "GET /PRESIDENT/anecdote.gif HTTP/1.0" 200 6898 "http://www.selectsmart.com/PRESIDENT/" "Mozilla/3.0 (Win95; U)"
165.199.3.53 - - [22/Oct/1999:09:02:10 -0400] "POST /PRESIDENT/results.php3 HTTP/1.0" 200 7367 "http://www.selectsmart.com/PRESIDENT/results.php3" "Mozilla/4.61 [en] (Win95; U)"
165.199.3.53 - - [22/Oct/1999:09:02:11 -0400] "GET /PRESIDENT/images/bauer.jpg HTTP/1.0" 200 2154 "http://www.selectsmart.com/PRESIDENT/results.php3" "Mozilla/4.61 [en] (Win95; U)"
161.80.12.106 - - [22/Oct/1999:09:02:12 -0400] "GET /PRESIDENT/define8a.htm HTTP/1.0" 200 193 "http://www.selectsmart.com/PRESIDENT/" "Mozilla/4.05 [en] (Win95; U)"
206.68.130.30 - - [22/Oct/1999:09:02:13 -0400] "GET /DOG/description2.htm HTTP/1.0" 200 30884 "http://www.selectsmart.com/cgi-bin/dog/rdog.cgi" "Mozilla/4.0 (compatible; MSIE 5.0; Windows 95; DigExt)"
206.68.130.30 - - [22/Oct/1999:09:02:13 -0400] "GET /DOG/purinadog.jpg HTTP/1.0" 200 3418 "http://www.selectsmart.com/DOG/description2.htm" "Mozilla/4.0 (compatible; MSIE 5.0; Windows 95; DigExt)"
206.68.130.30 - - [22/Oct/1999:09:02:13 -0400] "GET /DOG/toydog.jpg HTTP/1.0" 200 2061 "http://www.selectsmart.com/DOG/description2.htm" "Mozilla/4.0 (compatible; MSIE 5.0; Windows 95; DigExt)"
206.68.130.30 - - [22/Oct/1999:09:02:13 -0400] "GET /DOG/gettingthemost.jpg HTTP/1.0" 200 3605 "http://www.selectsmart.com/DOG/description2.htm" "Mozilla/4.0 (compatible; MSIE 5.0; Windows 95; DigExt)"
206.68.130.30 - - [22/Oct/1999:09:02:14 -0400] "GET /DOG/compet.jpg HTTP/1.0" 200 3155 "http://www.selectsmart.com/DOG/description2.htm" "Mozilla/4.0 (compatible; MSIE 5.0; Windows 95; DigExt)"
206.68.130.30 - - [22/Oct/1999:09:02:14 -0400] "GET /DOG/trickisin.jpg HTTP/1.0" 200 3388 "http://www.selectsmart.com/DOG/description2.htm" "Mozilla/4.0 (compatible; MSIE 5.0; Windows 95; DigExt)"
206.68.130.30 - - [22/Oct/1999:09:02:14 -0400] "GET /DOG/pudgy.jpg HTTP/1.0" 200 3777 "http://www.selectsmart.com/DOG/description2.htm" "Mozilla/4.0 (compatible; MSIE 5.0; Windows 95; DigExt)"
206.68.130.30 - - [22/Oct/1999:09:02:14 -0400] "GET /DOG/images/havahead.gif HTTP/1.0" 200 1864 "http://www.selectsmart.com/DOG/description2.htm" "Mozilla/4.0 (compatible; MSIE 5.0; Windows 95; DigExt)"
206.68.130.30 - - [22/Oct/1999:09:02:14 -0400] "GET /DOG/images/IWS.jpg HTTP/1.0" 200 1593 "http://www.selectsmart.com/DOG/description2.htm" "Mozilla/4.0 (compatible; MSIE 5.0; Windows 95; DigExt)"
206.68.130.30 - - [22/Oct/1999:09:02:14 -0400] "GET /DOG/images/spinoni.jpg HTTP/1.0" 200 1272 "http://www.selectsmart.com/DOG/description2.htm" "Mozilla/4.0 (compatible; MSIE 5.0; Windows 95; DigExt)"
157.91.35.47 - - [22/Oct/1999:09:02:14 -0400] "GET /PRESIDENT/ HTTP/1.1" 200 29678 "-" "Mozilla/4.0 (compatible; MSIE 5.0; Windows NT; DigExt)"
206.68.130.30 - - [22/Oct/1999:09:02:15 -0400] "GET /DOG/images/JACKruss.jpg HTTP/1.0" 200 1448 "http://www.selectsmart.com/DOG/description2.htm" "Mozilla/4.0 (compatible; MSIE 5.0; Windows 95; DigExt)"
206.68.130.30 - - [22/Oct/1999:09:02:15 -0400] "GET /DOG/images/keeshond.jpg HTTP/1.0" 200 1516 "http://www.selectsmart.com/DOG/description2.htm" "Mozilla/4.0 (compatible; MSIE 5.0; Windows 95; DigExt)"
206.68.130.30 - - [22/Oct/1999:09:02:15 -0400] "GET /DOG/images/kira.jpg HTTP/1.0" 200 1337 "http://www.selectsmart.com/DOG/description2.htm" "Mozilla/4.0 (compatible; MSIE 5.0; Windows 95; DigExt)"
206.68.130.30 - - [22/Oct/1999:09:02:15 -0400] "GET /DOG/images/lab1.jpg HTTP/1.0" 200 1467 "http://www.selectsmart.com/DOG/description2.htm" "Mozilla/4.0 (compatible; MSIE 5.0; Windows 95; DigExt)"
206.68.130.30 - - [22/Oct/1999:09:02:15 -0400] "GET /DOG/images/lab3.jpg HTTP/1.0" 200 1396 "http://www.selectsmart.com/DOG/description2.htm" "Mozilla/4.0 (compatible; MSIE 5.0; Windows 95; DigExt)"
206.68.130.30 - - [22/Oct/1999:09:02:15 -0400] "GET /DOG/images/mastiff.jpg HTTP/1.0" 200 1403 "http://www.selectsmart.com/DOG/description2.htm" "Mozilla/4.0 (compatible; MSIE 5.0; Windows 95; DigExt)"
206.68.130.30 - - [22/Oct/1999:09:02:15 -0400] "GET /DOG/images/minpin.jpg HTTP/1.0" 200 1849 "http://www.selectsmart.com/DOG/description2.htm" "Mozilla/4.0 (compatible; MSIE 5.0; Windows 95; DigExt)"
206.68.130.30 - - [22/Oct/1999:09:02:15 -0400] "GET /DOG/images/minschnauz.jpg HTTP/1.0" 200 1305 "http://www.selectsmart.com/DOG/description2.htm" "Mozilla/4.0 (compatible; MSIE 5.0; Windows 95; DigExt)"
206.68.130.30 - - [22/Oct/1999:09:02:16 -0400] "GET /DOG/images/elkhound.jpg HTTP/1.0" 200 1687 "http://www.selectsmart.com/DOG/description2.htm" "Mozilla/4.0 (compatible; MSIE 5.0; Windows 95; DigExt)"
157.91.35.47 - - [22/Oct/1999:09:02:16 -0400] "GET /PRESIDENT/anecdote.gif HTTP/1.1" 200 6898 "http://www.selectsmart.com/PRESIDENT/" "Mozilla/4.0 (compatible; MSIE 5.0; Windows NT; DigExt)"
206.68.130.30 - - [22/Oct/1999:09:02:16 -0400] "GET /DOG/images/otter.jpg HTTP/1.0" 200 1206 "http://www.selectsmart.com/DOG/description2.htm" "Mozilla/4.0 (compatible; MSIE 5.0; Windows 95; DigExt)"
157.91.35.47 - - [22/Oct/1999:09:02:16 -0400] "GET /BUSINESS/16.gif HTTP/1.1" 200 6704 "http://www.selectsmart.com/PRESIDENT/" "Mozilla/4.0 (compatible; MSIE 5.0; Windows NT; DigExt)"
157.91.35.47 - - [22/Oct/1999:09:02:16 -0400] "GET /BUSINESS/drop_v.jpg HTTP/1.1" 200 1963 "http://www.selectsmart.com/PRESIDENT/" "Mozilla/4.0 (compatible; MSIE 5.0; Windows NT; DigExt)"
157.91.35.47 - - [22/Oct/1999:09:02:16 -0400] "GET /PRESIDENT/campaigns.gif HTTP/1.1" 200 5835 "http://www.selectsmart.com/PRESIDENT/" "Mozilla/4.0 (compatible; MSIE 5.0; Windows NT; DigExt)"
157.91.35.47 - - [22/Oct/1999:09:02:16 -0400] "GET /BUSINESS/drop_h.jpg HTTP/1.1" 200 2034 "http://www.selectsmart.com/PRESIDENT/" "Mozilla/4.0 (compatible; MSIE 5.0; Windows NT; DigExt)"
157.91.35.47 - - [22/Oct/1999:09:02:16 -0400] "GET /PRESIDENT/vidal.gif HTTP/1.1" 200 11342 "http://www.selectsmart.com/PRESIDENT/" "Mozilla/4.0 (compatible; MSIE 5.0; Windows NT; DigExt)"
157.91.35.47 - - [22/Oct/1999:09:02:16 -0400] "GET /PRESIDENT/packaging.gif HTTP/1.1" 200 10663 "http://www.selectsmart.com/PRESIDENT/" "Mozilla/4.0 (compatible; MSIE 5.0; Windows NT; DigExt)"
157.91.35.47 - - [22/Oct/1999:09:02:16 -0400] "GET /PRESIDENT/TR.gif HTTP/1.1" 200 5566 "http://www.selectsmart.com/PRESIDENT/" "Mozilla/4.0 (compatible; MSIE 5.0; Windows NT; DigExt)"
157.91.35.47 - - [22/Oct/1999:09:02:16 -0400] "GET /PRESIDENT/camp2000.gif HTTP/1.1" 200 7449 "http://www.selectsmart.com/PRESIDENT/" "Mozilla/4.0 (compatible; MSIE 5.0; Windows NT; DigExt)"
157.91.35.47 - - [22/Oct/1999:09:02:16 -0400] "GET /curt.jpg HTTP/1.1" 200 4228 "http://www.selectsmart.com/PRESIDENT/" "Mozilla/4.0 (compatible; MSIE 5.0; Windows NT; DigExt)"
143.231.240.67 - - [22/Oct/1999:09:02:17 -0400] "POST /PRESIDENT/results.php3 HTTP/1.0" 200 6625 "http://www.selectsmart.com/PRESIDENT/" "Mozilla/4.61 [en] (Win95; I)"
208.226.49.87 - - [22/Oct/1999:09:02:19 -0400] "GET /PRESIDENT/define.htm HTTP/1.0" 200 151 "http://www.selectsmart.com/PRESIDENT/" "Mozilla/4.05 [en] (Win95; I ;Nav)"
209.64.200.66 - - [22/Oct/1999:09:02:19 -0400] "GET /PRESIDENT/ HTTP/1.0" 200 29678 "-" "Mozilla/4.0 (compatible; MSIE 4.01; Windows 95; CITGO Petroleum)"
209.64.200.66 - - [22/Oct/1999:09:02:19 -0400] "GET / HTTP/1.0" 200 1839 "-" "Mozilla/4.0 (compatible; MSIE 4.01; Windows 95; CITGO Petroleum)"
209.64.200.66 - - [22/Oct/1999:09:02:19 -0400] "GET /PRESIDENT/ HTTP/1.0" 200 29678 "-" "Mozilla/4.0 (compatible; MSIE 4.01; Windows 95; CITGO Petroleum)"
209.64.200.66 - - [22/Oct/1999:09:02:20 -0400] "GET /BUSINESS/16.gif HTTP/1.0" 200 6704 "http://www.selectsmart.com/PRESIDENT/" "Mozilla/4.0 (compatible; MSIE 4.01; Windows 95; CITGO Petroleum)"
