216.86.68.89 - - [22/Oct/1999:03:10:24 -0400] "GET /BUSINESS/drop_h.jpg HTTP/1.0" 200 2034 "http://www.selectsmart.com/PRESIDENT/" "Mozilla/4.6 [en] (Win98; I)"
216.86.68.89 - - [22/Oct/1999:03:10:24 -0400] "GET /BUSINESS/drop_v.jpg HTTP/1.0" 200 1963 "http://www.selectsmart.com/PRESIDENT/" "Mozilla/4.6 [en] (Win98; I)"
216.86.68.89 - - [22/Oct/1999:03:10:24 -0400] "GET /BUSINESS/16.gif HTTP/1.0" 200 6704 "http://www.selectsmart.com/PRESIDENT/" "Mozilla/4.6 [en] (Win98; I)"
216.86.68.89 - - [22/Oct/1999:03:10:26 -0400] "GET /PRESIDENT/ HTTP/1.0" 200 29678 "-" "Mozilla/4.6 [en] (Win98; I)"
216.86.68.89 - - [22/Oct/1999:03:10:41 -0400] "GET /PRESIDENT/anecdote.gif HTTP/1.0" 200 6898 "http://www.selectsmart.com/PRESIDENT/" "Mozilla/4.6 [en] (Win98; I)"
216.86.68.89 - - [22/Oct/1999:03:10:43 -0400] "GET /PRESIDENT/campaigns.gif HTTP/1.0" 200 5835 "http://www.selectsmart.com/PRESIDENT/" "Mozilla/4.6 [en] (Win98; I)"
216.86.68.89 - - [22/Oct/1999:03:10:43 -0400] "GET /PRESIDENT/vidal.gif HTTP/1.0" 200 11342 "http://www.selectsmart.com/PRESIDENT/" "Mozilla/4.6 [en] (Win98; I)"
203.46.29.15 - - [22/Oct/1999:03:10:57 -0400] "POST /cgi-bin/dog/rdog.cgi HTTP/1.0" 200 14689 "http://www.selectsmart.com/DOG/" "Mozilla/4.0 (compatible; MSIE 4.01; Windows 98)"
216.86.68.89 - - [22/Oct/1999:03:11:03 -0400] "GET /PRESIDENT/TR.gif HTTP/1.0" 200 5566 "http://www.selectsmart.com/PRESIDENT/" "Mozilla/4.6 [en] (Win98; I)"
166.93.211.245 - - [22/Oct/1999:03:11:04 -0400] "HEAD / HTTP/1.0" 200 0 "-" "-"
216.86.68.89 - - [22/Oct/1999:03:11:19 -0400] "GET /PRESIDENT/packaging.gif HTTP/1.0" 200 10663 "http://www.selectsmart.com/PRESIDENT/" "Mozilla/4.6 [en] (Win98; I)"
216.86.68.89 - - [22/Oct/1999:03:11:23 -0400] "GET /curt.jpg HTTP/1.0" 200 4228 "http://www.selectsmart.com/PRESIDENT/" "Mozilla/4.6 [en] (Win98; I)"
205.188.208.69 - - [22/Oct/1999:03:11:26 -0400] "GET /PRESIDENT/ HTTP/1.0" 200 29678 "-" "Mozilla/4.0 (compatible; MSIE 5.0; MSN 2.5; AOL 4.0; Windows 98; DigExt)"
216.86.68.89 - - [22/Oct/1999:03:11:46 -0400] "GET /PRESIDENT/camp2000.gif HTTP/1.0" 200 7449 "http://www.selectsmart.com/PRESIDENT/" "Mozilla/4.6 [en] (Win98; I)"
207.194.197.134 - - [22/Oct/1999:03:12:16 -0400] "GET /PRESIDENT/images/bauer.jpg HTTP/1.1" 200 2154 "http://www.selectsmart.com/PRESIDENT/results.php3" "Mozilla/4.0 (compatible; MSIE 4.01; Windows 95; tmoeng)"
203.46.29.15 - - [22/Oct/1999:03:12:16 -0400] "GET /DOG/description1A.htm HTTP/1.0" 200 23586 "http://www.selectsmart.com/cgi-bin/dog/rdog.cgi" "Mozilla/4.0 (compatible; MSIE 4.01; Windows 98)"
207.194.197.134 - - [22/Oct/1999:03:12:17 -0400] "GET /PRESIDENT/buchanan.jpg HTTP/1.1" 200 8053 "http://www.selectsmart.com/PRESIDENT/results.php3" "Mozilla/4.0 (compatible; MSIE 4.01; Windows 95; tmoeng)"
207.194.197.134 - - [22/Oct/1999:03:12:18 -0400] "POST /PRESIDENT/results.php3 HTTP/1.1" 200 36779 "http://www.selectsmart.com/PRESIDENT/results.php3" "Mozilla/4.0 (compatible; MSIE 4.01; Windows 95; tmoeng)"
203.46.29.15 - - [22/Oct/1999:03:12:19 -0400] "GET /dogtoys/dtlogo.gif HTTP/1.0" 200 2778 "http://www.selectsmart.com/DOG/description1A.htm" "Mozilla/4.0 (compatible; MSIE 4.01; Windows 98)"
203.46.29.15 - - [22/Oct/1999:03:12:22 -0400] "GET /DOG/englishsetter.jpg HTTP/1.0" 200 2290 "http://www.selectsmart.com/DOG/description1A.htm" "Mozilla/4.0 (compatible; MSIE 4.01; Windows 98)"
207.194.197.134 - - [22/Oct/1999:03:12:22 -0400] "GET /PRESIDENT/images/bush.jpg HTTP/1.1" 200 2977 "http://www.selectsmart.com/PRESIDENT/results.php3" "Mozilla/4.0 (compatible; MSIE 4.01; Windows 95; tmoeng)"
207.194.197.134 - - [22/Oct/1999:03:12:22 -0400] "GET /PRESIDENT/forbes.gif HTTP/1.1" 200 6324 "http://www.selectsmart.com/PRESIDENT/results.php3" "Mozilla/4.0 (compatible; MSIE 4.01; Windows 95; tmoeng)"
203.46.29.15 - - [22/Oct/1999:03:12:23 -0400] "GET /DOG/espringer.jpg HTTP/1.0" 200 20220 "http://www.selectsmart.com/DOG/description1A.htm" "Mozilla/4.0 (compatible; MSIE 4.01; Windows 98)"
207.194.197.134 - - [22/Oct/1999:03:12:23 -0400] "GET /PRESIDENT/hatch.gif HTTP/1.1" 200 6423 "http://www.selectsmart.com/PRESIDENT/results.php3" "Mozilla/4.0 (compatible; MSIE 4.01; Windows 95; tmoeng)"
203.46.29.15 - - [22/Oct/1999:03:12:23 -0400] "GET /DOG/jet.jpg HTTP/1.0" 200 4146 "http://www.selectsmart.com/DOG/description1A.htm" "Mozilla/4.0 (compatible; MSIE 4.01; Windows 98)"
207.194.197.134 - - [22/Oct/1999:03:12:25 -0400] "GET /PRESIDENT/images/keyes.jpg HTTP/1.1" 200 2466 "http://www.selectsmart.com/PRESIDENT/results.php3" "Mozilla/4.0 (compatible; MSIE 4.01; Windows 95; tmoeng)"
203.46.29.15 - - [22/Oct/1999:03:12:26 -0400] "GET /DOG/frenchbull.gif HTTP/1.0" 200 2273 "http://www.selectsmart.com/DOG/description1A.htm" "Mozilla/4.0 (compatible; MSIE 4.01; Windows 98)"
207.194.197.134 - - [22/Oct/1999:03:12:27 -0400] "GET /PRESIDENT/images/smith.jpg HTTP/1.1" 200 2103 "http://www.selectsmart.com/PRESIDENT/results.php3" "Mozilla/4.0 (compatible; MSIE 4.01; Windows 95; tmoeng)"
203.46.29.15 - - [22/Oct/1999:03:12:28 -0400] "GET /DOG/germanshort.jpg HTTP/1.0" 200 2396 "http://www.selectsmart.com/DOG/description1A.htm" "Mozilla/4.0 (compatible; MSIE 4.01; Windows 98)"
205.188.208.39 - - [22/Oct/1999:03:12:29 -0400] "GET /PRESIDENT/define2.htm HTTP/1.0" 200 201 "-" "Mozilla/4.0 (compatible; MSIE 5.0; MSN 2.5; AOL 4.0; Windows 98; DigExt)"
203.46.29.15 - - [22/Oct/1999:03:12:30 -0400] "GET /DOG/german1.jpg HTTP/1.0" 200 24778 "http://www.selectsmart.com/DOG/description1A.htm" "Mozilla/4.0 (compatible; MSIE 4.01; Windows 98)"
203.46.29.15 - - [22/Oct/1999:03:12:31 -0400] "GET /DOG/golden.jpg HTTP/1.0" 200 2257 "http://www.selectsmart.com/DOG/description1A.htm" "Mozilla/4.0 (compatible; MSIE 4.01; Windows 98)"
203.46.29.15 - - [22/Oct/1999:03:12:33 -0400] "GET /DOG/greatpyr.jpg HTTP/1.0" 200 1197 "http://www.selectsmart.com/DOG/description1A.htm" "Mozilla/4.0 (compatible; MSIE 4.01; Windows 98)"
203.46.29.15 - - [22/Oct/1999:03:13:10 -0400] "GET /DOG/purinadog.jpg HTTP/1.0" 200 3418 "http://www.selectsmart.com/DOG/description3A.htm" "Mozilla/4.0 (compatible; MSIE 4.01; Windows 98)"
203.46.29.15 - - [22/Oct/1999:03:13:10 -0400] "GET /DOG/description3A.htm HTTP/1.0" 200 27358 "http://www.selectsmart.com/cgi-bin/dog/rdog.cgi" "Mozilla/4.0 (compatible; MSIE 4.01; Windows 98)"
203.46.29.15 - - [22/Oct/1999:03:13:13 -0400] "GET /DOG/compet.jpg HTTP/1.0" 200 3155 "http://www.selectsmart.com/DOG/description3A.htm" "Mozilla/4.0 (compatible; MSIE 4.01; Windows 98)"
203.46.29.15 - - [22/Oct/1999:03:13:13 -0400] "GET /DOG/toydog.jpg HTTP/1.0" 200 2061 "http://www.selectsmart.com/DOG/description3A.htm" "Mozilla/4.0 (compatible; MSIE 4.01; Windows 98)"
203.46.29.15 - - [22/Oct/1999:03:13:14 -0400] "GET /DOG/gettingthemost.jpg HTTP/1.0" 200 3605 "http://www.selectsmart.com/DOG/description3A.htm" "Mozilla/4.0 (compatible; MSIE 4.01; Windows 98)"
203.46.29.15 - - [22/Oct/1999:03:13:15 -0400] "GET /DOG/trickisin.jpg HTTP/1.0" 200 3388 "http://www.selectsmart.com/DOG/description3A.htm" "Mozilla/4.0 (compatible; MSIE 4.01; Windows 98)"
203.46.29.15 - - [22/Oct/1999:03:13:16 -0400] "GET /DOG/pudgy.jpg HTTP/1.0" 200 3777 "http://www.selectsmart.com/DOG/description3A.htm" "Mozilla/4.0 (compatible; MSIE 4.01; Windows 98)"
203.46.29.15 - - [22/Oct/1999:03:13:17 -0400] "GET /DOG/images/schipperke.jpg HTTP/1.0" 200 1429 "http://www.selectsmart.com/DOG/description3A.htm" "Mozilla/4.0 (compatible; MSIE 4.01; Windows 98)"
203.46.29.15 - - [22/Oct/1999:03:13:18 -0400] "GET /DOG/images/sheltie.jpg HTTP/1.0" 200 1210 "http://www.selectsmart.com/DOG/description3A.htm" "Mozilla/4.0 (compatible; MSIE 4.01; Windows 98)"
203.46.29.15 - - [22/Oct/1999:03:13:18 -0400] "GET /DOG/images/shiba.jpg HTTP/1.0" 200 1285 "http://www.selectsmart.com/DOG/description3A.htm" "Mozilla/4.0 (compatible; MSIE 4.01; Windows 98)"
203.46.29.15 - - [22/Oct/1999:03:13:19 -0400] "GET /DOG/images/husky.jpg HTTP/1.0" 200 1215 "http://www.selectsmart.com/DOG/description3A.htm" "Mozilla/4.0 (compatible; MSIE 4.01; Windows 98)"
203.46.29.15 - - [22/Oct/1999:03:13:19 -0400] "GET /DOG/images/scwt.jpg HTTP/1.0" 200 1553 "http://www.selectsmart.com/DOG/description3A.htm" "Mozilla/4.0 (compatible; MSIE 4.01; Windows 98)"
203.46.29.15 - - [22/Oct/1999:03:13:20 -0400] "GET /DOG/images/staffy2.jpg HTTP/1.0" 200 1663 "http://www.selectsmart.com/DOG/description3A.htm" "Mozilla/4.0 (compatible; MSIE 4.01; Windows 98)"
203.46.29.15 - - [22/Oct/1999:03:13:21 -0400] "GET /DOG/images/sschnauz.jpg HTTP/1.0" 200 1439 "http://www.selectsmart.com/DOG/description3A.htm" "Mozilla/4.0 (compatible; MSIE 4.01; Windows 98)"
203.46.29.15 - - [22/Oct/1999:03:13:21 -0400] "GET /DOG/images/vizsla.jpg HTTP/1.0" 200 2508 "http://www.selectsmart.com/DOG/description3A.htm" "Mozilla/4.0 (compatible; MSIE 4.01; Windows 98)"
203.46.29.15 - - [22/Oct/1999:03:13:22 -0400] "GET /DOG/images/weim.jpg HTTP/1.0" 200 1637 "http://www.selectsmart.com/DOG/description3A.htm" "Mozilla/4.0 (compatible; MSIE 4.01; Windows 98)"
205.188.208.39 - - [22/Oct/1999:03:13:22 -0400] "GET /PRESIDENT/define3.htm HTTP/1.0" 200 270 "-" "Mozilla/4.0 (compatible; MSIE 5.0; MSN 2.5; AOL 4.0; Windows 98; DigExt)"
203.46.29.15 - - [22/Oct/1999:03:13:23 -0400] "GET /DOG/images/cardigan.jpg HTTP/1.0" 200 1808 "http://www.selectsmart.com/DOG/description3A.htm" "Mozilla/4.0 (compatible; MSIE 4.01; Windows 98)"
203.46.29.15 - - [22/Oct/1999:03:13:23 -0400] "GET /DOG/images/pcorgi.jpg HTTP/1.0" 200 1333 "http://www.selectsmart.com/DOG/description3A.htm" "Mozilla/4.0 (compatible; MSIE 4.01; Windows 98)"
203.46.29.15 - - [22/Oct/1999:03:13:25 -0400] "GET /DOG/images/whippet.jpg HTTP/1.0" 200 1462 "http://www.selectsmart.com/DOG/description3A.htm" "Mozilla/4.0 (compatible; MSIE 4.01; Windows 98)"
203.46.29.15 - - [22/Oct/1999:03:13:25 -0400] "GET /DOG/images/wpg.jpg HTTP/1.0" 200 1579 "http://www.selectsmart.com/DOG/description3A.htm" "Mozilla/4.0 (compatible; MSIE 4.01; Windows 98)"
203.46.29.15 - - [22/Oct/1999:03:13:26 -0400] "GET /DOG/images/yorkie.jpg HTTP/1.0" 200 1059 "http://www.selectsmart.com/DOG/description3A.htm" "Mozilla/4.0 (compatible; MSIE 4.01; Windows 98)"
209.86.219.74 - - [22/Oct/1999:03:14:05 -0400] "GET /BUSINESS/16.gif HTTP/1.1" 200 6704 "http://www.selectsmart.com/PRESIDENT/" "Mozilla/4.0 (compatible; MSIE 4.01; Windows 98)"
209.86.219.74 - - [22/Oct/1999:03:14:05 -0400] "GET /BUSINESS/drop_v.jpg HTTP/1.1" 200 1963 "http://www.selectsmart.com/PRESIDENT/" "Mozilla/4.0 (compatible; MSIE 4.01; Windows 98)"
209.86.219.74 - - [22/Oct/1999:03:14:06 -0400] "GET /PRESIDENT/ HTTP/1.1" 200 29678 "http://f20.mail.yahoo.com/ym/us/ShowLetter?MsgId=6217_2146261_1524_3908_281_0&YY=95584&inc=25&order=down&sort=date&pos=0&box=Inbox" "Mozilla/4.0 (compatible; MSIE 4.01; Windows 98)"
209.86.219.74 - - [22/Oct/1999:03:14:08 -0400] "GET /PRESIDENT/anecdote.gif HTTP/1.1" 200 6898 "http://www.selectsmart.com/PRESIDENT/" "Mozilla/4.0 (compatible; MSIE 4.01; Windows 98)"
209.86.219.74 - - [22/Oct/1999:03:14:10 -0400] "GET /PRESIDENT/campaigns.gif HTTP/1.1" 200 5835 "http://www.selectsmart.com/PRESIDENT/" "Mozilla/4.0 (compatible; MSIE 4.01; Windows 98)"
209.86.219.74 - - [22/Oct/1999:03:14:10 -0400] "GET /BUSINESS/drop_h.jpg HTTP/1.1" 200 2034 "http://www.selectsmart.com/PRESIDENT/" "Mozilla/4.0 (compatible; MSIE 4.01; Windows 98)"
209.86.219.74 - - [22/Oct/1999:03:14:12 -0400] "GET /PRESIDENT/packaging.gif HTTP/1.1" 200 10663 "http://www.selectsmart.com/PRESIDENT/" "Mozilla/4.0 (compatible; MSIE 4.01; Windows 98)"
209.86.219.74 - - [22/Oct/1999:03:14:15 -0400] "GET /PRESIDENT/vidal.gif HTTP/1.1" 200 11342 "http://www.selectsmart.com/PRESIDENT/" "Mozilla/4.0 (compatible; MSIE 4.01; Windows 98)"
209.86.219.74 - - [22/Oct/1999:03:14:19 -0400] "GET /PRESIDENT/camp2000.gif HTTP/1.1" 200 7449 "http://www.selectsmart.com/PRESIDENT/" "Mozilla/4.0 (compatible; MSIE 4.01; Windows 98)"
209.86.219.74 - - [22/Oct/1999:03:14:19 -0400] "GET /PRESIDENT/TR.gif HTTP/1.1" 200 5566 "http://www.selectsmart.com/PRESIDENT/" "Mozilla/4.0 (compatible; MSIE 4.01; Windows 98)"
209.86.219.74 - - [22/Oct/1999:03:14:20 -0400] "GET /curt.jpg HTTP/1.1" 200 4228 "http://www.selectsmart.com/PRESIDENT/" "Mozilla/4.0 (compatible; MSIE 4.01; Windows 98)"
208.142.129.214 - - [22/Oct/1999:03:14:49 -0400] "GET /PRESIDENT/ HTTP/1.0" 304 - "-" "MSProxy/2.0"
205.188.208.5 - - [22/Oct/1999:03:15:47 -0400] "GET /PRESIDENT/define8.htm HTTP/1.0" 200 322 "-" "Mozilla/4.0 (compatible; MSIE 5.0; MSN 2.5; AOL 4.0; Windows 98; DigExt)"
203.46.29.15 - - [22/Oct/1999:03:16:02 -0400] "GET /DOG/description2.htm HTTP/1.0" 200 30884 "http://www.selectsmart.com/cgi-bin/dog/rdog.cgi" "Mozilla/4.0 (compatible; MSIE 4.01; Windows 98)"
203.46.29.15 - - [22/Oct/1999:03:16:04 -0400] "GET /DOG/images/havahead.gif HTTP/1.0" 200 1864 "http://www.selectsmart.com/DOG/description2.htm" "Mozilla/4.0 (compatible; MSIE 4.01; Windows 98)"
203.46.29.15 - - [22/Oct/1999:03:16:05 -0400] "GET /DOG/images/IWS.jpg HTTP/1.0" 200 1593 "http://www.selectsmart.com/DOG/description2.htm" "Mozilla/4.0 (compatible; MSIE 4.01; Windows 98)"
203.46.29.15 - - [22/Oct/1999:03:16:06 -0400] "GET /DOG/images/spinoni.jpg HTTP/1.0" 200 1272 "http://www.selectsmart.com/DOG/description2.htm" "Mozilla/4.0 (compatible; MSIE 4.01; Windows 98)"
203.46.29.15 - - [22/Oct/1999:03:16:06 -0400] "GET /DOG/images/JACKruss.jpg HTTP/1.0" 200 1448 "http://www.selectsmart.com/DOG/description2.htm" "Mozilla/4.0 (compatible; MSIE 4.01; Windows 98)"
203.46.29.15 - - [22/Oct/1999:03:16:07 -0400] "GET /DOG/images/keeshond.jpg HTTP/1.0" 200 1516 "http://www.selectsmart.com/DOG/description2.htm" "Mozilla/4.0 (compatible; MSIE 4.01; Windows 98)"
203.46.29.15 - - [22/Oct/1999:03:16:08 -0400] "GET /DOG/images/kira.jpg HTTP/1.0" 200 1337 "http://www.selectsmart.com/DOG/description2.htm" "Mozilla/4.0 (compatible; MSIE 4.01; Windows 98)"
203.46.29.15 - - [22/Oct/1999:03:16:09 -0400] "GET /DOG/images/lab1.jpg HTTP/1.0" 200 1467 "http://www.selectsmart.com/DOG/description2.htm" "Mozilla/4.0 (compatible; MSIE 4.01; Windows 98)"
203.46.29.15 - - [22/Oct/1999:03:16:10 -0400] "GET /DOG/images/lab3.jpg HTTP/1.0" 200 1396 "http://www.selectsmart.com/DOG/description2.htm" "Mozilla/4.0 (compatible; MSIE 4.01; Windows 98)"
203.46.29.15 - - [22/Oct/1999:03:16:11 -0400] "GET /DOG/images/mastiff.jpg HTTP/1.0" 200 1403 "http://www.selectsmart.com/DOG/description2.htm" "Mozilla/4.0 (compatible; MSIE 4.01; Windows 98)"
203.46.29.15 - - [22/Oct/1999:03:16:12 -0400] "GET /DOG/images/minpin.jpg HTTP/1.0" 200 1849 "http://www.selectsmart.com/DOG/description2.htm" "Mozilla/4.0 (compatible; MSIE 4.01; Windows 98)"
203.46.29.15 - - [22/Oct/1999:03:16:13 -0400] "GET /DOG/images/minschnauz.jpg HTTP/1.0" 200 1305 "http://www.selectsmart.com/DOG/description2.htm" "Mozilla/4.0 (compatible; MSIE 4.01; Windows 98)"
203.46.29.15 - - [22/Oct/1999:03:16:13 -0400] "GET /DOG/images/elkhound.jpg HTTP/1.0" 200 1687 "http://www.selectsmart.com/DOG/description2.htm" "Mozilla/4.0 (compatible; MSIE 4.01; Windows 98)"
203.46.29.15 - - [22/Oct/1999:03:16:14 -0400] "GET /DOG/images/otter.jpg HTTP/1.0" 200 1206 "http://www.selectsmart.com/DOG/description2.htm" "Mozilla/4.0 (compatible; MSIE 4.01; Windows 98)"
207.251.201.123 - - [22/Oct/1999:03:16:36 -0400] "GET /indexa.html HTTP/1.0" 304 - "-" "Mozilla/3.01 (compatible;)"
205.188.208.38 - - [22/Oct/1999:03:16:57 -0400] "GET /PRESIDENT/define.htm HTTP/1.0" 200 151 "-" "Mozilla/4.0 (compatible; MSIE 5.0; MSN 2.5; AOL 4.0; Windows 98; DigExt)"
205.188.208.37 - - [22/Oct/1999:03:17:10 -0400] "GET /PRESIDENT/define1.htm HTTP/1.0" 200 144 "-" "Mozilla/4.0 (compatible; MSIE 5.0; MSN 2.5; AOL 4.0; Windows 98; DigExt)"
209.67.247.202 - - [22/Oct/1999:03:18:35 -0400] "GET /dog/empire@mind.net HTTP/1.0" 404 213 "-" "FAST-WebCrawler/0.5 (crawler@fast.no; http://www.fast.no/faq/faqfastwebsearch/faqfastwebcrawler.html)"
203.46.29.15 - - [22/Oct/1999:03:18:44 -0400] "POST /cgi-bin/dog/rdog.cgi HTTP/1.0" 200 14688 "http://www.selectsmart.com/DOG/" "Mozilla/4.0 (compatible; MSIE 4.01; Windows 98)"
205.188.208.6 - - [22/Oct/1999:03:18:56 -0400] "GET /PRESIDENT/define16.htm HTTP/1.0" 200 229 "-" "Mozilla/4.0 (compatible; MSIE 5.0; MSN 2.5; AOL 4.0; Windows 98; DigExt)"
203.46.29.15 - - [22/Oct/1999:03:19:34 -0400] "POST /cgi-bin/dog/rdog.cgi HTTP/1.0" 200 14689 "http://www.selectsmart.com/DOG/" "Mozilla/4.0 (compatible; MSIE 4.01; Windows 98)"
213.240.4.10 - - [22/Oct/1999:03:20:13 -0400] "GET /BUSINESS/drop_h.jpg HTTP/1.0" 200 2034 "http://www.selectsmart.com/PRESIDENT/" "Mozilla/4.02 [en] (Win95; I)"
213.240.4.10 - - [22/Oct/1999:03:20:13 -0400] "GET /BUSINESS/drop_v.jpg HTTP/1.0" 200 1963 "http://www.selectsmart.com/PRESIDENT/" "Mozilla/4.02 [en] (Win95; I)"
213.240.4.10 - - [22/Oct/1999:03:20:13 -0400] "GET /PRESIDENT/ HTTP/1.0" 200 29678 "-" "Mozilla/4.02 [en] (Win95; I)"
213.240.4.10 - - [22/Oct/1999:03:20:13 -0400] "GET /BUSINESS/16.gif HTTP/1.0" 200 6704 "http://www.selectsmart.com/PRESIDENT/" "Mozilla/4.02 [en] (Win95; I)"
213.240.4.10 - - [22/Oct/1999:03:20:16 -0400] "GET /PRESIDENT/anecdote.gif HTTP/1.0" 200 6898 "http://www.selectsmart.com/PRESIDENT/" "Mozilla/4.02 [en] (Win95; I)"
213.240.4.10 - - [22/Oct/1999:03:20:16 -0400] "GET /PRESIDENT/packaging.gif HTTP/1.0" 200 10663 "http://www.selectsmart.com/PRESIDENT/" "Mozilla/4.02 [en] (Win95; I)"
213.240.4.10 - - [22/Oct/1999:03:20:16 -0400] "GET /PRESIDENT/TR.gif HTTP/1.0" 200 5566 "http://www.selectsmart.com/PRESIDENT/" "Mozilla/4.02 [en] (Win95; I)"
205.188.193.37 - - [22/Oct/1999:03:20:18 -0400] "POST /PRESIDENT/results.php3 HTTP/1.0" 200 6627 "http://www.selectsmart.com/PRESIDENT/" "Mozilla/4.0 (compatible; MSIE 5.0; MSN 2.5; AOL 4.0; Windows 98; DigExt)"
213.240.4.10 - - [22/Oct/1999:03:20:20 -0400] "GET /PRESIDENT/vidal.gif HTTP/1.0" 200 11342 "http://www.selectsmart.com/PRESIDENT/" "Mozilla/4.02 [en] (Win95; I)"
209.86.219.74 - - [22/Oct/1999:03:20:24 -0400] "POST /PRESIDENT/results.php3 HTTP/1.1" 200 6640 "http://www.selectsmart.com/PRESIDENT/" "Mozilla/4.0 (compatible; MSIE 4.01; Windows 98)"
213.240.4.10 - - [22/Oct/1999:03:20:26 -0400] "GET /curt.jpg HTTP/1.0" 200 4228 "http://www.selectsmart.com/PRESIDENT/" "Mozilla/4.02 [en] (Win95; I)"
213.240.4.10 - - [22/Oct/1999:03:20:31 -0400] "GET /PRESIDENT/campaigns.gif HTTP/1.0" 200 5835 "http://www.selectsmart.com/PRESIDENT/" "Mozilla/4.02 [en] (Win95; I)"
213.240.4.10 - - [22/Oct/1999:03:20:31 -0400] "GET /PRESIDENT/camp2000.gif HTTP/1.0" 200 7449 "http://www.selectsmart.com/PRESIDENT/" "Mozilla/4.02 [en] (Win95; I)"
209.86.219.74 - - [22/Oct/1999:03:21:32 -0400] "GET /PRESIDENT/results.php3?more=now&mid=14 HTTP/1.1" 200 6619 "http://www.selectsmart.com/PRESIDENT/results.php3" "Mozilla/4.0 (compatible; MSIE 4.01; Windows 98)"
209.86.219.74 - - [22/Oct/1999:03:21:34 -0400] "GET /PRESIDENT/images/mccain.jpg HTTP/1.1" 200 2299 "http://www.selectsmart.com/PRESIDENT/results.php3?more=now&mid=14" "Mozilla/4.0 (compatible; MSIE 4.01; Windows 98)"
205.188.193.37 - - [22/Oct/1999:03:21:51 -0400] "POST /PRESIDENT/results.php3 HTTP/1.0" 200 3955 "http://www.selectsmart.com/PRESIDENT/results.php3" "Mozilla/4.0 (compatible; MSIE 5.0; MSN 2.5; AOL 4.0; Windows 98; DigExt)"
205.188.193.37 - - [22/Oct/1999:03:22:38 -0400] "POST /PRESIDENT/results.php3 HTTP/1.0" 200 9378 "http://www.selectsmart.com/PRESIDENT/results.php3" "Mozilla/4.0 (compatible; MSIE 5.0; MSN 2.5; AOL 4.0; Windows 98; DigExt)"
152.163.213.74 - - [22/Oct/1999:03:22:45 -0400] "GET /PRESIDENT/ HTTP/1.0" 200 29678 "-" "Mozilla/4.0 (compatible; MSIE 4.01; AOL 4.0; Windows 98)"
152.163.213.74 - - [22/Oct/1999:03:22:53 -0400] "GET /BUSINESS/drop_v.jpg HTTP/1.0" 200 1963 "http://www.selectsmart.com/PRESIDENT/" "Mozilla/4.0 (compatible; MSIE 4.01; AOL 4.0; Windows 98)"
152.163.213.74 - - [22/Oct/1999:03:22:54 -0400] "GET /PRESIDENT/anecdote.gif HTTP/1.0" 200 6898 "http://www.selectsmart.com/PRESIDENT/" "Mozilla/4.0 (compatible; MSIE 4.01; AOL 4.0; Windows 98)"
203.46.29.15 - - [22/Oct/1999:03:23:20 -0400] "POST /cgi-bin/dog/rdog.cgi HTTP/1.0" 200 14689 "http://www.selectsmart.com/DOG/" "Mozilla/4.0 (compatible; MSIE 4.01; Windows 98)"
203.46.29.15 - - [22/Oct/1999:03:23:47 -0400] "GET /DOG/description1.htm HTTP/1.0" 200 19423 "http://www.selectsmart.com/cgi-bin/dog/rdog.cgi" "Mozilla/4.0 (compatible; MSIE 4.01; Windows 98)"
203.46.29.15 - - [22/Oct/1999:03:23:49 -0400] "GET /DOG/images/cairn.jpg HTTP/1.0" 200 1264 "http://www.selectsmart.com/DOG/description1.htm" "Mozilla/4.0 (compatible; MSIE 4.01; Windows 98)"
203.46.29.15 - - [22/Oct/1999:03:23:49 -0400] "GET /DOG/images/chesa.jpg HTTP/1.0" 200 1631 "http://www.selectsmart.com/DOG/description1.htm" "Mozilla/4.0 (compatible; MSIE 4.01; Windows 98)"
203.46.29.15 - - [22/Oct/1999:03:23:50 -0400] "GET /DOG/images/chihuahua.jpg HTTP/1.0" 200 1165 "http://www.selectsmart.com/DOG/description1.htm" "Mozilla/4.0 (compatible; MSIE 4.01; Windows 98)"
203.46.29.15 - - [22/Oct/1999:03:23:51 -0400] "GET /DOG/images/crested.jpg HTTP/1.0" 200 1393 "http://www.selectsmart.com/DOG/description1.htm" "Mozilla/4.0 (compatible; MSIE 4.01; Windows 98)"
203.46.29.15 - - [22/Oct/1999:03:23:52 -0400] "GET /DOG/images/sharpei.jpg HTTP/1.0" 200 1205 "http://www.selectsmart.com/DOG/description1.htm" "Mozilla/4.0 (compatible; MSIE 4.01; Windows 98)"
203.46.29.15 - - [22/Oct/1999:03:23:52 -0400] "GET /DOG/images/chow.jpg HTTP/1.0" 200 1296 "http://www.selectsmart.com/DOG/description1.htm" "Mozilla/4.0 (compatible; MSIE 4.01; Windows 98)"
203.46.29.15 - - [22/Oct/1999:03:23:53 -0400] "GET /DOG/images/cocker.jpg HTTP/1.0" 200 1625 "http://www.selectsmart.com/DOG/description1.htm" "Mozilla/4.0 (compatible; MSIE 4.01; Windows 98)"
203.46.29.15 - - [22/Oct/1999:03:23:53 -0400] "GET /DOG/images/dachs.jpg HTTP/1.0" 200 1476 "http://www.selectsmart.com/DOG/description1.htm" "Mozilla/4.0 (compatible; MSIE 4.01; Windows 98)"
203.46.29.15 - - [22/Oct/1999:03:23:54 -0400] "GET /DOG/images/dal.gif HTTP/1.0" 200 1908 "http://www.selectsmart.com/DOG/description1.htm" "Mozilla/4.0 (compatible; MSIE 4.01; Windows 98)"
203.46.29.15 - - [22/Oct/1999:03:23:54 -0400] "GET /DOG/images/dandie.jpg HTTP/1.0" 200 1531 "http://www.selectsmart.com/DOG/description1.htm" "Mozilla/4.0 (compatible; MSIE 4.01; Windows 98)"
203.46.29.15 - - [22/Oct/1999:03:23:55 -0400] "GET /DOG/images/dobie.jpg HTTP/1.0" 200 1600 "http://www.selectsmart.com/DOG/description1.htm" "Mozilla/4.0 (compatible; MSIE 4.01; Windows 98)"
216.86.68.89 - - [22/Oct/1999:03:24:16 -0400] "GET /PRESIDENT/define3.htm HTTP/1.0" 200 270 "http://www.selectsmart.com/PRESIDENT/" "Mozilla/4.6 [en] (Win98; I)"
156.153.255.126 - - [22/Oct/1999:03:25:13 -0400] "GET /PRESIDENT/ HTTP/1.0" 200 29678 "-" "Mozilla/3.01 (compatible;)"
207.113.55.101 - - [22/Oct/1999:03:25:22 -0400] "GET /PRESIDENT/ HTTP/1.1" 200 29678 "http://www.selectsmart.com/PRESIDENT/" "Mozilla/4.0 (compatible; MSIE 5.0; Windows 98; DigExt)"
207.113.55.101 - - [22/Oct/1999:03:25:23 -0400] "GET /BUSINESS/16.gif HTTP/1.1" 200 6704 "http://www.selectsmart.com/PRESIDENT/" "Mozilla/4.0 (compatible; MSIE 5.0; Windows 98; DigExt)"
207.113.55.101 - - [22/Oct/1999:03:25:23 -0400] "GET /BUSINESS/drop_v.jpg HTTP/1.1" 200 1963 "http://www.selectsmart.com/PRESIDENT/" "Mozilla/4.0 (compatible; MSIE 5.0; Windows 98; DigExt)"
207.113.55.101 - - [22/Oct/1999:03:25:23 -0400] "GET /PRESIDENT/anecdote.gif HTTP/1.1" 200 6898 "http://www.selectsmart.com/PRESIDENT/" "Mozilla/4.0 (compatible; MSIE 5.0; Windows 98; DigExt)"
207.113.55.101 - - [22/Oct/1999:03:25:23 -0400] "GET /PRESIDENT/campaigns.gif HTTP/1.1" 200 5835 "http://www.selectsmart.com/PRESIDENT/" "Mozilla/4.0 (compatible; MSIE 5.0; Windows 98; DigExt)"
207.113.55.101 - - [22/Oct/1999:03:25:25 -0400] "GET /PRESIDENT/packaging.gif HTTP/1.1" 200 10663 "http://www.selectsmart.com/PRESIDENT/" "Mozilla/4.0 (compatible; MSIE 5.0; Windows 98; DigExt)"
207.113.55.101 - - [22/Oct/1999:03:25:26 -0400] "GET /BUSINESS/drop_h.jpg HTTP/1.1" 200 2034 "http://www.selectsmart.com/PRESIDENT/" "Mozilla/4.0 (compatible; MSIE 5.0; Windows 98; DigExt)"
205.188.193.37 - - [22/Oct/1999:03:25:29 -0400] "POST /PRESIDENT/results.php3 HTTP/1.0" 200 14288 "http://www.selectsmart.com/PRESIDENT/results.php3" "Mozilla/4.0 (compatible; MSIE 5.0; MSN 2.5; AOL 4.0; Windows 98; DigExt)"
207.113.55.101 - - [22/Oct/1999:03:25:56 -0400] "GET /PRESIDENT/TR.gif HTTP/1.1" 200 5566 "http://www.selectsmart.com/PRESIDENT/" "Mozilla/4.0 (compatible; MSIE 5.0; Windows 98; DigExt)"
207.113.55.101 - - [22/Oct/1999:03:25:56 -0400] "GET /PRESIDENT/vidal.gif HTTP/1.1" 200 11342 "http://www.selectsmart.com/PRESIDENT/" "Mozilla/4.0 (compatible; MSIE 5.0; Windows 98; DigExt)"
207.113.55.101 - - [22/Oct/1999:03:25:58 -0400] "GET /PRESIDENT/camp2000.gif HTTP/1.1" 200 7449 "http://www.selectsmart.com/PRESIDENT/" "Mozilla/4.0 (compatible; MSIE 5.0; Windows 98; DigExt)"
207.113.55.101 - - [22/Oct/1999:03:26:01 -0400] "GET /curt.jpg HTTP/1.1" 200 4228 "http://www.selectsmart.com/PRESIDENT/" "Mozilla/4.0 (compatible; MSIE 5.0; Windows 98; DigExt)"
205.188.193.37 - - [22/Oct/1999:03:26:33 -0400] "POST /PRESIDENT/results.php3 HTTP/1.0" 200 20932 "http://www.selectsmart.com/PRESIDENT/results.php3" "Mozilla/4.0 (compatible; MSIE 5.0; MSN 2.5; AOL 4.0; Windows 98; DigExt)"
205.188.208.73 - - [22/Oct/1999:03:26:34 -0400] "GET /PRESIDENT/images/bradley.jpg HTTP/1.0" 200 2294 "http://www.selectsmart.com/PRESIDENT/results.php3" "Mozilla/4.0 (compatible; MSIE 5.0; MSN 2.5; AOL 4.0; Windows 98; DigExt)"
216.86.68.89 - - [22/Oct/1999:03:26:37 -0400] "GET /PRESIDENT/define.htm HTTP/1.0" 200 151 "http://www.selectsmart.com/PRESIDENT/" "Mozilla/4.6 [en] (Win98; I)"
207.252.21.194 - - [22/Oct/1999:03:27:09 -0400] "GET /PRESIDENT/ HTTP/1.0" 200 29678 "http://www.FreeRepublic.com/forum/a380fd23a2489.htm" "Mozilla/4.08 [en] (WinNT; I)"
207.252.21.194 - - [22/Oct/1999:03:27:12 -0400] "GET /BUSINESS/drop_h.jpg HTTP/1.0" 200 2034 "http://www.selectsmart.com/PRESIDENT/" "Mozilla/4.08 [en] (WinNT; I)"
207.252.21.194 - - [22/Oct/1999:03:27:12 -0400] "GET /BUSINESS/drop_v.jpg HTTP/1.0" 200 1963 "http://www.selectsmart.com/PRESIDENT/" "Mozilla/4.08 [en] (WinNT; I)"
207.252.21.194 - - [22/Oct/1999:03:27:12 -0400] "GET /BUSINESS/16.gif HTTP/1.0" 200 6704 "http://www.selectsmart.com/PRESIDENT/" "Mozilla/4.08 [en] (WinNT; I)"
207.252.21.194 - - [22/Oct/1999:03:27:12 -0400] "GET /PRESIDENT/anecdote.gif HTTP/1.0" 200 6898 "http://www.selectsmart.com/PRESIDENT/" "Mozilla/4.08 [en] (WinNT; I)"
207.252.21.194 - - [22/Oct/1999:03:27:13 -0400] "GET /PRESIDENT/packaging.gif HTTP/1.0" 200 10663 "http://www.selectsmart.com/PRESIDENT/" "Mozilla/4.08 [en] (WinNT; I)"
207.252.21.194 - - [22/Oct/1999:03:27:13 -0400] "GET /PRESIDENT/TR.gif HTTP/1.0" 200 5566 "http://www.selectsmart.com/PRESIDENT/" "Mozilla/4.08 [en] (WinNT; I)"
207.252.21.194 - - [22/Oct/1999:03:27:13 -0400] "GET /curt.jpg HTTP/1.0" 200 4228 "http://www.selectsmart.com/PRESIDENT/" "Mozilla/4.08 [en] (WinNT; I)"
207.252.21.194 - - [22/Oct/1999:03:27:13 -0400] "GET /PRESIDENT/vidal.gif HTTP/1.0" 200 11342 "http://www.selectsmart.com/PRESIDENT/" "Mozilla/4.08 [en] (WinNT; I)"
207.252.21.194 - - [22/Oct/1999:03:27:14 -0400] "GET /PRESIDENT/campaigns.gif HTTP/1.0" 200 5835 "http://www.selectsmart.com/PRESIDENT/" "Mozilla/4.08 [en] (WinNT; I)"
207.252.21.194 - - [22/Oct/1999:03:27:14 -0400] "GET /PRESIDENT/camp2000.gif HTTP/1.0" 200 7449 "http://www.selectsmart.com/PRESIDENT/" "Mozilla/4.08 [en] (WinNT; I)"
205.188.193.37 - - [22/Oct/1999:03:27:25 -0400] "POST /PRESIDENT/results.php3 HTTP/1.0" 200 25873 "http://www.selectsmart.com/PRESIDENT/results.php3" "Mozilla/4.0 (compatible; MSIE 5.0; MSN 2.5; AOL 4.0; Windows 98; DigExt)"
205.188.208.6 - - [22/Oct/1999:03:27:27 -0400] "GET /PRESIDENT/buchanan.jpg HTTP/1.0" 200 8053 "http://www.selectsmart.com/PRESIDENT/results.php3" "Mozilla/4.0 (compatible; MSIE 5.0; MSN 2.5; AOL 4.0; Windows 98; DigExt)"
216.86.68.89 - - [22/Oct/1999:03:28:07 -0400] "GET /PRESIDENT/define16.htm HTTP/1.0" 200 229 "http://www.selectsmart.com/PRESIDENT/" "Mozilla/4.6 [en] (Win98; I)"
205.188.193.37 - - [22/Oct/1999:03:28:43 -0400] "POST /PRESIDENT/results.php3 HTTP/1.0" 200 7367 "http://www.selectsmart.com/PRESIDENT/results.php3" "Mozilla/4.0 (compatible; MSIE 5.0; MSN 2.5; AOL 4.0; Windows 98; DigExt)"
205.188.208.6 - - [22/Oct/1999:03:28:45 -0400] "GET /PRESIDENT/images/bauer.jpg HTTP/1.0" 200 2154 "http://www.selectsmart.com/PRESIDENT/results.php3" "Mozilla/4.0 (compatible; MSIE 5.0; MSN 2.5; AOL 4.0; Windows 98; DigExt)"
216.86.68.89 - - [22/Oct/1999:03:29:04 -0400] "POST /PRESIDENT/results.php3 HTTP/1.0" 200 6625 "http://www.selectsmart.com/PRESIDENT/" "Mozilla/4.6 [en] (Win98; I)"
207.113.55.101 - - [22/Oct/1999:03:29:22 -0400] "POST /PRESIDENT/results.php3 HTTP/1.1" 200 6640 "http://www.selectsmart.com/PRESIDENT/" "Mozilla/4.0 (compatible; MSIE 5.0; Windows 98; DigExt)"
216.86.68.89 - - [22/Oct/1999:03:29:46 -0400] "GET / HTTP/1.0" 200 1839 "-" "Mozilla/4.6 [en] (Win98; I)"
216.86.68.89 - - [22/Oct/1999:03:29:48 -0400] "GET /sidepanel.html HTTP/1.0" 200 3890 "-" "Mozilla/4.6 [en] (Win98; I)"
216.86.68.89 - - [22/Oct/1999:03:29:53 -0400] "GET /AMAZON/amzn-buy.gif HTTP/1.0" 200 3051 "http://www.selectsmart.com/sidepanel.html" "Mozilla/4.6 [en] (Win98; I)"
216.86.68.89 - - [22/Oct/1999:03:30:02 -0400] "GET /solid52.gif HTTP/1.0" 200 980 "http://www.selectsmart.com/sidepanel.html" "Mozilla/4.6 [en] (Win98; I)"
207.113.55.101 - - [22/Oct/1999:03:30:08 -0400] "GET /PRESIDENT/results.php3?more=now&mid=1 HTTP/1.1" 200 7187 "http://www.selectsmart.com/PRESIDENT/results.php3" "Mozilla/4.0 (compatible; MSIE 5.0; Windows 98; DigExt)"
207.113.55.101 - - [22/Oct/1999:03:30:09 -0400] "GET /PRESIDENT/images/bauer.jpg HTTP/1.1" 200 2154 "http://www.selectsmart.com/PRESIDENT/results.php3?more=now&mid=1" "Mozilla/4.0 (compatible; MSIE 5.0; Windows 98; DigExt)"
216.86.68.89 - - [22/Oct/1999:03:30:10 -0400] "GET /indexa.html HTTP/1.0" 200 0 "-" "Mozilla/4.6 [en] (Win98; I)"
216.86.68.89 - - [22/Oct/1999:03:30:18 -0400] "GET /thnkyell.jpg HTTP/1.0" 200 0 "http://www.selectsmart.com/sidepanel.html" "Mozilla/4.6 [en] (Win98; I)"
205.188.193.37 - - [22/Oct/1999:03:30:30 -0400] "POST /PRESIDENT/results.php3 HTTP/1.0" 200 12173 "http://www.selectsmart.com/PRESIDENT/results.php3" "Mozilla/4.0 (compatible; MSIE 5.0; MSN 2.5; AOL 4.0; Windows 98; DigExt)"
216.86.68.89 - - [22/Oct/1999:03:30:47 -0400] "GET /sidepanel.html HTTP/1.0" 304 - "-" "Mozilla/4.6 [en] (Win98; I)"
216.86.68.89 - - [22/Oct/1999:03:30:47 -0400] "GET /indexa.html HTTP/1.0" 304 - "-" "Mozilla/4.6 [en] (Win98; I)"
216.86.68.89 - - [22/Oct/1999:03:30:49 -0400] "GET /thnkyell.jpg HTTP/1.0" 304 - "http://www.selectsmart.com/sidepanel.html" "Mozilla/4.6 [en] (Win98; I)"
216.86.68.89 - - [22/Oct/1999:03:30:52 -0400] "GET /AMAZON/amzn-buy.gif HTTP/1.0" 304 - "http://www.selectsmart.com/sidepanel.html" "Mozilla/4.6 [en] (Win98; I)"
216.86.68.89 - - [22/Oct/1999:03:30:52 -0400] "GET /solid52.gif HTTP/1.0" 200 980 "http://www.selectsmart.com/sidepanel.html" "Mozilla/4.6 [en] (Win98; I)"
216.86.68.89 - - [22/Oct/1999:03:30:52 -0400] "GET /solid59.gif HTTP/1.0" 200 977 "http://www.selectsmart.com/sidepanel.html" "Mozilla/4.6 [en] (Win98; I)"
216.86.68.89 - - [22/Oct/1999:03:30:52 -0400] "GET /BUSINESS/14.gif HTTP/1.0" 200 6644 "http://www.selectsmart.com/indexa.html" "Mozilla/4.6 [en] (Win98; I)"
216.86.68.89 - - [22/Oct/1999:03:30:52 -0400] "GET /AMAZON/amzn-buy.gif HTTP/1.0" 206 2256 "http://www.selectsmart.com/sidepanel.html" "Mozilla/4.6 [en] (Win98; I)"
216.86.68.89 - - [22/Oct/1999:03:30:55 -0400] "GET /indexa.html HTTP/1.0" 206 17934 "-" "Mozilla/4.6 [en] (Win98; I)"
216.86.68.89 - - [22/Oct/1999:03:30:58 -0400] "GET /solid17.gif HTTP/1.0" 200 988 "http://www.selectsmart.com/sidepanel.html" "Mozilla/4.6 [en] (Win98; I)"
216.86.68.89 - - [22/Oct/1999:03:31:01 -0400] "GET /thnkyell.jpg HTTP/1.0" 206 19864 "http://www.selectsmart.com/sidepanel.html" "Mozilla/4.6 [en] (Win98; I)"
207.113.55.101 - - [22/Oct/1999:03:31:02 -0400] "POST /PRESIDENT/results.php3 HTTP/1.1" 200 6640 "http://www.selectsmart.com/PRESIDENT/" "Mozilla/4.0 (compatible; MSIE 5.0; Windows 98; DigExt)"
207.113.55.101 - - [22/Oct/1999:03:31:11 -0400] "GET /PRESIDENT/results.php3?more=now&mid=14 HTTP/1.1" 200 6619 "http://www.selectsmart.com/PRESIDENT/results.php3" "Mozilla/4.0 (compatible; MSIE 5.0; Windows 98; DigExt)"
207.113.55.101 - - [22/Oct/1999:03:31:13 -0400] "GET /PRESIDENT/images/mccain.jpg HTTP/1.1" 200 2299 "http://www.selectsmart.com/PRESIDENT/results.php3?more=now&mid=14" "Mozilla/4.0 (compatible; MSIE 5.0; Windows 98; DigExt)"
207.251.201.123 - - [22/Oct/1999:03:31:13 -0400] "GET /planetclick.gif HTTP/1.0" 304 - "-" "Mozilla/3.01 (compatible;)"
216.86.68.89 - - [22/Oct/1999:03:31:15 -0400] "GET /solid17.gif HTTP/1.0" 200 988 "http://www.selectsmart.com/sidepanel.html" "Mozilla/4.6 [en] (Win98; I)"
24.4.254.107 - - [22/Oct/1999:03:31:15 -0400] "GET /PRESIDENT/ HTTP/1.0" 200 29678 "http://forums.ar15.com/Forum3/HTML/004287.html" "Mozilla/4.0 (compatible; MSIE 5.0; Windows 98)"
24.4.254.106 - - [22/Oct/1999:03:31:16 -0400] "GET /BUSINESS/drop_v.jpg HTTP/1.0" 304 - "http://www.selectsmart.com/PRESIDENT/" "Mozilla/4.0 (compatible; MSIE 5.0; Windows 98)"
24.4.254.107 - - [22/Oct/1999:03:31:16 -0400] "GET /PRESIDENT/campaigns.gif HTTP/1.0" 200 5835 "http://www.selectsmart.com/PRESIDENT/" "Mozilla/4.0 (compatible; MSIE 5.0; Windows 98)"
24.4.254.107 - - [22/Oct/1999:03:31:16 -0400] "GET /PRESIDENT/anecdote.gif HTTP/1.0" 200 6898 "http://www.selectsmart.com/PRESIDENT/" "Mozilla/4.0 (compatible; MSIE 5.0; Windows 98)"
24.4.254.107 - - [22/Oct/1999:03:31:16 -0400] "GET /PRESIDENT/packaging.gif HTTP/1.0" 200 10663 "http://www.selectsmart.com/PRESIDENT/" "Mozilla/4.0 (compatible; MSIE 5.0; Windows 98)"
24.4.254.107 - - [22/Oct/1999:03:31:16 -0400] "GET /PRESIDENT/vidal.gif HTTP/1.0" 200 11342 "http://www.selectsmart.com/PRESIDENT/" "Mozilla/4.0 (compatible; MSIE 5.0; Windows 98)"
24.4.254.107 - - [22/Oct/1999:03:31:17 -0400] "GET /curt.jpg HTTP/1.0" 304 - "http://www.selectsmart.com/PRESIDENT/" "Mozilla/4.0 (compatible; MSIE 5.0; Windows 98)"
205.188.193.37 - - [22/Oct/1999:03:31:27 -0400] "POST /PRESIDENT/results.php3 HTTP/1.0" 200 3540 "http://www.selectsmart.com/PRESIDENT/results.php3" "Mozilla/4.0 (compatible; MSIE 5.0; MSN 2.5; AOL 4.0; Windows 98; DigExt)"
216.86.68.89 - - [22/Oct/1999:03:31:40 -0400] "GET /solid48.gif HTTP/1.0" 200 987 "http://www.selectsmart.com/sidepanel.html" "Mozilla/4.6 [en] (Win98; I)"
216.86.68.89 - - [22/Oct/1999:03:31:48 -0400] "GET /solid41.gif HTTP/1.0" 200 987 "http://www.selectsmart.com/sidepanel.html" "Mozilla/4.6 [en] (Win98; I)"
216.86.68.89 - - [22/Oct/1999:03:31:57 -0400] "GET /sandbox/dog/images/title_sel.gif HTTP/1.0" 200 3153 "http://www.selectsmart.com/beta_dog/" "Mozilla/4.6 [en] (Win98; I)"
216.86.68.89 - - [22/Oct/1999:03:31:57 -0400] "GET /up.jpg HTTP/1.0" 200 2511 "http://www.selectsmart.com/sidepanel.html" "Mozilla/4.6 [en] (Win98; I)"
216.86.68.89 - - [22/Oct/1999:03:31:58 -0400] "GET /sandbox/dog/images/cbegin.gif HTTP/1.0" 200 713 "http://www.selectsmart.com/beta_dog/" "Mozilla/4.6 [en] (Win98; I)"
216.86.68.89 - - [22/Oct/1999:03:32:20 -0400] "GET /beta_dog/ HTTP/1.0" 200 24154 "http://www.selectsmart.com/indexa.html" "Mozilla/4.6 [en] (Win98; I)"
216.86.68.89 - - [22/Oct/1999:03:32:22 -0400] "GET /sandbox/dog/images/home.gif HTTP/1.0" 200 167 "http://www.selectsmart.com/beta_dog/" "Mozilla/4.6 [en] (Win98; I)"
216.86.68.89 - - [22/Oct/1999:03:32:31 -0400] "GET /sandbox/dog/images/results.gif HTTP/1.0" 200 201 "http://www.selectsmart.com/beta_dog/" "Mozilla/4.6 [en] (Win98; I)"
216.86.68.89 - - [22/Oct/1999:03:32:31 -0400] "GET /sandbox/dog/images/g_men.gif HTTP/1.0" 200 296 "http://www.selectsmart.com/beta_dog/" "Mozilla/4.6 [en] (Win98; I)"
216.86.68.89 - - [22/Oct/1999:03:32:36 -0400] "GET /sandbox/dog/images/g_cc.gif HTTP/1.0" 200 324 "http://www.selectsmart.com/beta_dog/" "Mozilla/4.6 [en] (Win98; I)"
216.86.68.89 - - [22/Oct/1999:03:32:39 -0400] "GET /sandbox/dog/images/g_com.gif HTTP/1.0" 200 298 "http://www.selectsmart.com/beta_dog/" "Mozilla/4.6 [en] (Win98; I)"
216.86.68.89 - - [22/Oct/1999:03:32:39 -0400] "GET /sandbox/dog/images/c_app.gif HTTP/1.0" 200 256 "http://www.selectsmart.com/beta_dog/" "Mozilla/4.6 [en] (Win98; I)"
205.188.193.37 - - [22/Oct/1999:03:32:40 -0400] "POST /PRESIDENT/results.php3 HTTP/1.0" 200 3480 "http://www.selectsmart.com/PRESIDENT/results.php3" "Mozilla/4.0 (compatible; MSIE 5.0; MSN 2.5; AOL 4.0; Windows 98; DigExt)"
216.86.68.89 - - [22/Oct/1999:03:32:42 -0400] "GET /sandbox/dog/images/g_app.gif HTTP/1.0" 200 266 "http://www.selectsmart.com/beta_dog/" "Mozilla/4.6 [en] (Win98; I)"
216.86.68.89 - - [22/Oct/1999:03:32:45 -0400] "GET /sandbox/dog/images/next.gif HTTP/1.0" 200 171 "http://www.selectsmart.com/beta_dog/" "Mozilla/4.6 [en] (Win98; I)"
216.86.68.89 - - [22/Oct/1999:03:32:45 -0400] "GET /sandbox/dog/images/c_men.gif HTTP/1.0" 200 289 "http://www.selectsmart.com/beta_dog/" "Mozilla/4.6 [en] (Win98; I)"
216.86.68.89 - - [22/Oct/1999:03:32:45 -0400] "GET /sandbox/dog/images/c_cc.gif HTTP/1.0" 200 315 "http://www.selectsmart.com/beta_dog/" "Mozilla/4.6 [en] (Win98; I)"
216.86.68.89 - - [22/Oct/1999:03:32:45 -0400] "GET /sandbox/dog/images/c_tem.gif HTTP/1.0" 200 271 "http://www.selectsmart.com/beta_dog/" "Mozilla/4.6 [en] (Win98; I)"
216.86.68.89 - - [22/Oct/1999:03:32:46 -0400] "GET /sandbox/dog/images/g_tem.gif HTTP/1.0" 200 281 "http://www.selectsmart.com/beta_dog/" "Mozilla/4.6 [en] (Win98; I)"
216.86.68.89 - - [22/Oct/1999:03:32:47 -0400] "GET /sandbox/dog/images/back.gif HTTP/1.0" 200 171 "http://www.selectsmart.com/beta_dog/" "Mozilla/4.6 [en] (Win98; I)"
216.86.68.89 - - [22/Oct/1999:03:32:47 -0400] "GET /sandbox/dog/images/c_com.gif HTTP/1.0" 200 292 "http://www.selectsmart.com/beta_dog/" "Mozilla/4.6 [en] (Win98; I)"
209.67.247.202 - - [22/Oct/1999:03:33:39 -0400] "GET /dog/gallery.htm HTTP/1.0" 404 209 "-" "FAST-WebCrawler/0.5 (crawler@fast.no; http://www.fast.no/faq/faqfastwebsearch/faqfastwebcrawler.html)"
205.188.193.37 - - [22/Oct/1999:03:33:46 -0400] "POST /PRESIDENT/results.php3 HTTP/1.0" 200 6627 "http://www.selectsmart.com/PRESIDENT/" "Mozilla/4.0 (compatible; MSIE 5.0; MSN 2.5; AOL 4.0; Windows 98; DigExt)"
205.188.193.37 - - [22/Oct/1999:03:34:03 -0400] "POST /PRESIDENT/results.php3 HTTP/1.0" 200 6627 "http://www.selectsmart.com/PRESIDENT/" "Mozilla/4.0 (compatible; MSIE 5.0; MSN 2.5; AOL 4.0; Windows 98; DigExt)"
205.188.193.37 - - [22/Oct/1999:03:34:23 -0400] "POST /PRESIDENT/results.php3 HTTP/1.0" 200 6236 "http://www.selectsmart.com/PRESIDENT/results.php3" "Mozilla/4.0 (compatible; MSIE 5.0; MSN 2.5; AOL 4.0; Windows 98; DigExt)"
205.188.208.69 - - [22/Oct/1999:03:34:25 -0400] "GET /PRESIDENT/images/browne.jpg HTTP/1.0" 200 2199 "http://www.selectsmart.com/PRESIDENT/results.php3" "Mozilla/4.0 (compatible; MSIE 5.0; MSN 2.5; AOL 4.0; Windows 98; DigExt)"
24.4.254.107 - - [22/Oct/1999:03:34:40 -0400] "GET /PRESIDENT/define.htm HTTP/1.0" 200 151 "-" "Mozilla/4.0 (compatible; MSIE 5.0; Windows 98)"
24.4.254.107 - - [22/Oct/1999:03:34:48 -0400] "GET /PRESIDENT/define1.htm HTTP/1.0" 200 144 "-" "Mozilla/4.0 (compatible; MSIE 5.0; Windows 98)"
207.113.55.101 - - [22/Oct/1999:03:35:06 -0400] "GET /PRESIDENT/results.php3?more=now&mid=1 HTTP/1.1" 200 7187 "http://www.selectsmart.com/PRESIDENT/results.php3" "Mozilla/4.0 (compatible; MSIE 5.0; Windows 98; DigExt)"
4.20.74.50 - - [22/Oct/1999:03:35:11 -0400] "GET /PRESIDENT/ HTTP/1.0" 304 - "-" "Mozilla/3.01 (compatible;)"
216.86.68.89 - - [22/Oct/1999:03:35:24 -0400] "POST /beta_dog/results.php3 HTTP/1.0" 200 25037 "http://www.selectsmart.com/beta_dog/#results" "Mozilla/4.6 [en] (Win98; I)"
216.86.68.89 - - [22/Oct/1999:03:35:24 -0400] "GET /sandbox/dog/images/title_res.gif HTTP/1.0" 200 3281 "http://www.selectsmart.com/beta_dog/results.php3" "Mozilla/4.6 [en] (Win98; I)"
216.86.68.89 - - [22/Oct/1999:03:36:05 -0400] "GET /DOG/description1.htm HTTP/1.0" 200 19423 "http://www.selectsmart.com/beta_dog/results.php3" "Mozilla/4.6 [en] (Win98; I)"
24.4.254.107 - - [22/Oct/1999:03:36:07 -0400] "POST /PRESIDENT/results.php3 HTTP/1.0" 200 6627 "http://www.selectsmart.com/PRESIDENT/" "Mozilla/4.0 (compatible; MSIE 5.0; Windows 98)"
216.86.68.89 - - [22/Oct/1999:03:36:08 -0400] "GET /solid11.gif HTTP/1.0" 200 1006 "http://www.selectsmart.com/DOG/description1.htm#CockerSpaniel" "Mozilla/4.6 [en] (Win98; I)"
216.86.68.89 - - [22/Oct/1999:03:36:08 -0400] "GET /DOG/purinadog.jpg HTTP/1.0" 200 3418 "http://www.selectsmart.com/DOG/description1.htm#CockerSpaniel" "Mozilla/4.6 [en] (Win98; I)"
216.86.68.89 - - [22/Oct/1999:03:36:08 -0400] "GET /DOG/compet.jpg HTTP/1.0" 200 3155 "http://www.selectsmart.com/DOG/description1.htm#CockerSpaniel" "Mozilla/4.6 [en] (Win98; I)"
216.86.68.89 - - [22/Oct/1999:03:36:26 -0400] "GET /DOG/toydog.jpg HTTP/1.0" 200 2061 "http://www.selectsmart.com/DOG/description1.htm#CockerSpaniel" "Mozilla/4.6 [en] (Win98; I)"
24.4.254.107 - - [22/Oct/1999:03:36:35 -0400] "GET /PRESIDENT/results.php3?more=now&mid=4 HTTP/1.0" 200 6043 "http://www.selectsmart.com/PRESIDENT/results.php3" "Mozilla/4.0 (compatible; MSIE 5.0; Windows 98)"
24.4.254.107 - - [22/Oct/1999:03:36:36 -0400] "GET /PRESIDENT/images/browne.jpg HTTP/1.0" 200 2199 "http://www.selectsmart.com/PRESIDENT/results.php3?more=now&mid=4" "Mozilla/4.0 (compatible; MSIE 5.0; Windows 98)"
216.86.68.89 - - [22/Oct/1999:03:36:39 -0400] "GET /DOG/trickisin.jpg HTTP/1.0" 200 3388 "http://www.selectsmart.com/DOG/description1.htm#CockerSpaniel" "Mozilla/4.6 [en] (Win98; I)"
216.86.68.89 - - [22/Oct/1999:03:37:12 -0400] "GET /dogtoys/dtlogo.gif HTTP/1.0" 200 2778 "http://www.selectsmart.com/DOG/description1.htm#CockerSpaniel" "Mozilla/4.6 [en] (Win98; I)"
216.86.68.89 - - [22/Oct/1999:03:37:13 -0400] "GET /DOG/images/chesa.jpg HTTP/1.0" 200 1631 "http://www.selectsmart.com/DOG/description1.htm#CockerSpaniel" "Mozilla/4.6 [en] (Win98; I)"
216.86.68.89 - - [22/Oct/1999:03:37:30 -0400] "GET /DOG/images/crested.jpg HTTP/1.0" 200 1393 "http://www.selectsmart.com/DOG/description1.htm#CockerSpaniel" "Mozilla/4.6 [en] (Win98; I)"
216.86.68.89 - - [22/Oct/1999:03:37:41 -0400] "GET /DOG/images/cairn.jpg HTTP/1.0" 200 1264 "http://www.selectsmart.com/DOG/description1.htm#CockerSpaniel" "Mozilla/4.6 [en] (Win98; I)"
216.86.68.89 - - [22/Oct/1999:03:37:45 -0400] "GET /DOG/images/dachs.jpg HTTP/1.0" 200 1476 "http://www.selectsmart.com/DOG/description1.htm#CockerSpaniel" "Mozilla/4.6 [en] (Win98; I)"
216.86.68.89 - - [22/Oct/1999:03:37:45 -0400] "GET /DOG/images/dandie.jpg HTTP/1.0" 200 1531 "http://www.selectsmart.com/DOG/description1.htm#CockerSpaniel" "Mozilla/4.6 [en] (Win98; I)"
205.188.208.6 - - [22/Oct/1999:03:37:46 -0400] "GET /PRESIDENTo HTTP/1.0" 404 204 "-" "Mozilla/4.0 (compatible; MSIE 4.01; AOL 4.0; Mac_PPC)"
216.86.68.89 - - [22/Oct/1999:03:37:48 -0400] "GET /DOG/gettingthemost.jpg HTTP/1.0" 200 3605 "http://www.selectsmart.com/DOG/description1.htm#CockerSpaniel" "Mozilla/4.6 [en] (Win98; I)"
207.251.201.123 - - [22/Oct/1999:03:39:16 -0400] "GET /indexa.html HTTP/1.0" 304 - "-" "Mozilla/3.01 (compatible;)"
207.113.55.101 - - [22/Oct/1999:03:40:59 -0400] "GET /PRESIDENT/results.php3?more=now&mid=9 HTTP/1.1" 200 6106 "http://www.selectsmart.com/PRESIDENT/results.php3" "Mozilla/4.0 (compatible; MSIE 5.0; Windows 98; DigExt)"
207.113.55.101 - - [22/Oct/1999:03:41:00 -0400] "GET /PRESIDENT/images/gore.jpg HTTP/1.1" 200 2930 "http://www.selectsmart.com/PRESIDENT/results.php3?more=now&mid=9" "Mozilla/4.0 (compatible; MSIE 5.0; Windows 98; DigExt)"
129.1.221.231 - - [22/Oct/1999:03:42:44 -0400] "GET /PRESIDENT HTTP/1.1" 301 253 "-" "Mozilla/4.0 (compatible; MSIE 5.0; Windows 95)"
129.1.221.231 - - [22/Oct/1999:03:42:45 -0400] "GET /PRESIDENT/ HTTP/1.1" 200 29678 "-" "Mozilla/4.0 (compatible; MSIE 5.0; Windows 95)"
129.1.221.231 - - [22/Oct/1999:03:42:46 -0400] "GET /BUSINESS/16.gif HTTP/1.1" 200 6704 "http://www.selectsmart.com/PRESIDENT/" "Mozilla/4.0 (compatible; MSIE 5.0; Windows 95)"
129.1.221.231 - - [22/Oct/1999:03:42:46 -0400] "GET /BUSINESS/drop_v.jpg HTTP/1.1" 200 1963 "http://www.selectsmart.com/PRESIDENT/" "Mozilla/4.0 (compatible; MSIE 5.0; Windows 95)"
129.1.221.231 - - [22/Oct/1999:03:42:46 -0400] "GET /BUSINESS/drop_h.jpg HTTP/1.1" 200 2034 "http://www.selectsmart.com/PRESIDENT/" "Mozilla/4.0 (compatible; MSIE 5.0; Windows 95)"
129.1.221.231 - - [22/Oct/1999:03:42:48 -0400] "GET /PRESIDENT/anecdote.gif HTTP/1.1" 200 6898 "http://www.selectsmart.com/PRESIDENT/" "Mozilla/4.0 (compatible; MSIE 5.0; Windows 95)"
129.1.221.231 - - [22/Oct/1999:03:42:49 -0400] "GET /PRESIDENT/campaigns.gif HTTP/1.1" 200 5835 "http://www.selectsmart.com/PRESIDENT/" "Mozilla/4.0 (compatible; MSIE 5.0; Windows 95)"
129.1.221.231 - - [22/Oct/1999:03:42:49 -0400] "GET /PRESIDENT/packaging.gif HTTP/1.1" 200 10663 "http://www.selectsmart.com/PRESIDENT/" "Mozilla/4.0 (compatible; MSIE 5.0; Windows 95)"
129.1.221.231 - - [22/Oct/1999:03:42:50 -0400] "GET /PRESIDENT/vidal.gif HTTP/1.1" 200 11342 "http://www.selectsmart.com/PRESIDENT/" "Mozilla/4.0 (compatible; MSIE 5.0; Windows 95)"
129.1.221.231 - - [22/Oct/1999:03:42:50 -0400] "GET /PRESIDENT/TR.gif HTTP/1.1" 200 5566 "http://www.selectsmart.com/PRESIDENT/" "Mozilla/4.0 (compatible; MSIE 5.0; Windows 95)"
129.1.221.231 - - [22/Oct/1999:03:42:52 -0400] "GET /PRESIDENT/camp2000.gif HTTP/1.1" 200 7449 "http://www.selectsmart.com/PRESIDENT/" "Mozilla/4.0 (compatible; MSIE 5.0; Windows 95)"
129.1.221.231 - - [22/Oct/1999:03:42:52 -0400] "GET /curt.jpg HTTP/1.1" 200 4228 "http://www.selectsmart.com/PRESIDENT/" "Mozilla/4.0 (compatible; MSIE 5.0; Windows 95)"
207.113.55.101 - - [22/Oct/1999:03:43:26 -0400] "GET /PRESIDENT/results.php3?more=now&mid=3 HTTP/1.1" 200 7840 "http://www.selectsmart.com/PRESIDENT/results.php3" "Mozilla/4.0 (compatible; MSIE 5.0; Windows 98; DigExt)"
207.113.55.101 - - [22/Oct/1999:03:43:27 -0400] "GET /PRESIDENT/images/bradley.jpg HTTP/1.1" 200 2294 "http://www.selectsmart.com/PRESIDENT/results.php3?more=now&mid=3" "Mozilla/4.0 (compatible; MSIE 5.0; Windows 98; DigExt)"
129.1.221.231 - - [22/Oct/1999:03:46:02 -0400] "POST /PRESIDENT/results.php3 HTTP/1.1" 200 6639 "http://www.selectsmart.com/PRESIDENT/" "Mozilla/4.0 (compatible; MSIE 5.0; Windows 95)"
207.252.21.194 - - [22/Oct/1999:03:47:58 -0400] "POST /PRESIDENT/results.php3 HTTP/1.0" 200 6624 "http://www.selectsmart.com/PRESIDENT/" "Mozilla/4.08 [en] (WinNT; I)"
209.67.247.202 - - [22/Oct/1999:03:48:01 -0400] "GET /software/search.html HTTP/1.0" 404 214 "-" "FAST-WebCrawler/0.5 (crawler@fast.no; http://www.fast.no/faq/faqfastwebsearch/faqfastwebcrawler.html)"
207.113.55.101 - - [22/Oct/1999:03:48:24 -0400] "POST /PRESIDENT/results.php3 HTTP/1.1" 200 18277 "http://www.selectsmart.com/PRESIDENT/results.php3" "Mozilla/4.0 (compatible; MSIE 5.0; Windows 98; DigExt)"
207.113.55.101 - - [22/Oct/1999:03:48:26 -0400] "GET /PRESIDENT/images/bush.jpg HTTP/1.1" 200 2977 "http://www.selectsmart.com/PRESIDENT/results.php3" "Mozilla/4.0 (compatible; MSIE 5.0; Windows 98; DigExt)"
24.4.254.142 - - [22/Oct/1999:03:49:24 -0400] "GET /use HTTP/1.0" 301 235 "-" "Mozilla/4.5 [en]C-AtHome0405 (Win98; U)"
24.4.254.143 - - [22/Oct/1999:03:49:25 -0400] "GET /use/ HTTP/1.0" 304 - "-" "Mozilla/4.5 [en]C-AtHome0405 (Win98; U)"
24.4.254.143 - - [22/Oct/1999:03:49:36 -0400] "GET /use/log.details.html HTTP/1.0" 200 283251 "http://www.selectsmart.com/use/" "Mozilla/4.5 [en]C-AtHome0405 (Win98; U)"
194.148.43.200 - - [22/Oct/1999:03:49:57 -0400] "GET /PRESIDENT/ HTTP/1.0" 200 29678 "http://216.32.180.250/cgi-bin/linkrd?_lang=&lah=43f787ab7cef04bf0057604b88b66d1f&lat=940578553&hm___action=http%3a%2f%2fwww%2eselectsmart%2ecom%2fPRESIDENT%2f" "Mozilla/4.0 (compatible; MSIE 4.01; Windows NT)"
194.148.43.200 - - [22/Oct/1999:03:50:01 -0400] "GET /BUSINESS/16.gif HTTP/1.0" 200 6704 "http://www.selectsmart.com/PRESIDENT/" "Mozilla/4.0 (compatible; MSIE 4.01; Windows NT)"
194.148.43.200 - - [22/Oct/1999:03:50:02 -0400] "GET /BUSINESS/drop_h.jpg HTTP/1.0" 200 2034 "http://www.selectsmart.com/PRESIDENT/" "Mozilla/4.0 (compatible; MSIE 4.01; Windows NT)"
194.148.43.200 - - [22/Oct/1999:03:50:02 -0400] "GET /BUSINESS/drop_v.jpg HTTP/1.0" 200 1963 "http://www.selectsmart.com/PRESIDENT/" "Mozilla/4.0 (compatible; MSIE 4.01; Windows NT)"
194.148.43.200 - - [22/Oct/1999:03:50:02 -0400] "GET /PRESIDENT/anecdote.gif HTTP/1.0" 200 6898 "http://www.selectsmart.com/PRESIDENT/" "Mozilla/4.0 (compatible; MSIE 4.01; Windows NT)"
194.148.43.200 - - [22/Oct/1999:03:50:04 -0400] "GET /PRESIDENT/campaigns.gif HTTP/1.0" 200 5835 "http://www.selectsmart.com/PRESIDENT/" "Mozilla/4.0 (compatible; MSIE 4.01; Windows NT)"
194.148.43.200 - - [22/Oct/1999:03:50:04 -0400] "GET /PRESIDENT/packaging.gif HTTP/1.0" 200 10663 "http://www.selectsmart.com/PRESIDENT/" "Mozilla/4.0 (compatible; MSIE 4.01; Windows NT)"
194.148.43.200 - - [22/Oct/1999:03:50:06 -0400] "GET /PRESIDENT/TR.gif HTTP/1.0" 200 5566 "http://www.selectsmart.com/PRESIDENT/" "Mozilla/4.0 (compatible; MSIE 4.01; Windows NT)"
194.148.43.200 - - [22/Oct/1999:03:50:08 -0400] "GET /curt.jpg HTTP/1.0" 200 4228 "http://www.selectsmart.com/PRESIDENT/" "Mozilla/4.0 (compatible; MSIE 4.01; Windows NT)"
194.148.43.200 - - [22/Oct/1999:03:50:08 -0400] "GET /PRESIDENT/vidal.gif HTTP/1.0" 200 11342 "http://www.selectsmart.com/PRESIDENT/" "Mozilla/4.0 (compatible; MSIE 4.01; Windows NT)"
194.148.43.200 - - [22/Oct/1999:03:50:10 -0400] "GET /PRESIDENT/camp2000.gif HTTP/1.0" 200 7449 "http://www.selectsmart.com/PRESIDENT/" "Mozilla/4.0 (compatible; MSIE 4.01; Windows NT)"
132.19.232.101 - - [22/Oct/1999:03:51:24 -0400] "GET /BUSINESS/drop_h.jpg HTTP/1.0" 200 2034 "http://www.selectsmart.com/PRESIDENT/" "Mozilla/4.0 (compatible; MSIE 5.0; Windows 98; DigExt)"
